[INFO] cloning repository https://github.com/tbsaunde/toy-lisp
[INFO] running `Command { std: "git" "-c" "credential.helper=" "-c" "credential.helper=/workspace/cargo-home/bin/git-credential-null" "clone" "--bare" "https://github.com/tbsaunde/toy-lisp" "/workspace/cache/git-repos/https%3A%2F%2Fgithub.com%2Ftbsaunde%2Ftoy-lisp", kill_on_drop: false }`
[INFO] [stderr] Cloning into bare repository '/workspace/cache/git-repos/https%3A%2F%2Fgithub.com%2Ftbsaunde%2Ftoy-lisp'...
[INFO] running `Command { std: "git" "rev-parse" "HEAD", kill_on_drop: false }`
[INFO] [stdout] 03352905001fc3ba09267c86497a238db4ec8aab
[INFO] testing tbsaunde/toy-lisp against beta-2021-08-01 for beta-1.55-1
[INFO] running `Command { std: "git" "clone" "/workspace/cache/git-repos/https%3A%2F%2Fgithub.com%2Ftbsaunde%2Ftoy-lisp" "/workspace/builds/worker-18/source", kill_on_drop: false }`
[INFO] [stderr] Cloning into '/workspace/builds/worker-18/source'...
[INFO] [stderr] done.
[INFO] validating manifest of git repo https://github.com/tbsaunde/toy-lisp on toolchain beta-2021-08-01
[INFO] running `Command { std: "/workspace/cargo-home/bin/cargo" "+beta-2021-08-01" "metadata" "--manifest-path" "Cargo.toml" "--no-deps", kill_on_drop: false }`
[INFO] started tweaking git repo https://github.com/tbsaunde/toy-lisp
[INFO] finished tweaking git repo https://github.com/tbsaunde/toy-lisp
[INFO] tweaked toml for git repo https://github.com/tbsaunde/toy-lisp written to /workspace/builds/worker-18/source/Cargo.toml
[INFO] crate git repo https://github.com/tbsaunde/toy-lisp already has a lockfile, it will not be regenerated
[INFO] running `Command { std: "/workspace/cargo-home/bin/cargo" "+beta-2021-08-01" "fetch" "--manifest-path" "Cargo.toml", kill_on_drop: false }`
[INFO] [stderr]  Downloading crates ...
[INFO] [stderr]   Downloaded diff v0.1.10
[INFO] [stderr]   Downloaded itertools v0.5.10
[INFO] [stderr]   Downloaded ena v0.5.0
[INFO] [stderr]   Downloaded bit-set v0.4.0
[INFO] [stderr]   Downloaded fixedbitset v0.1.6
[INFO] [stderr]   Downloaded bit-vec v0.4.3
[INFO] [stderr]   Downloaded ordermap v0.2.10
[INFO] [stderr]   Downloaded term v0.4.5
[INFO] [stderr]   Downloaded regex-syntax v0.2.6
[INFO] [stderr]   Downloaded lalrpop-intern v0.13.0
[INFO] [stderr]   Downloaded atty v0.1.2
[INFO] [stderr]   Downloaded lalrpop-util v0.13.0
[INFO] [stderr]   Downloaded lalrpop-snap v0.13.0
[INFO] [stderr]   Downloaded petgraph v0.3.2
[INFO] [stderr]   Downloaded lalrpop v0.13.0
[INFO] running `Command { std: "docker" "create" "-v" "/var/lib/crater-agent-workspace/builds/worker-18/target:/opt/rustwide/target:rw,Z" "-v" "/var/lib/crater-agent-workspace/builds/worker-18/source:/opt/rustwide/workdir:ro,Z" "-v" "/var/lib/crater-agent-workspace/cargo-home:/opt/rustwide/cargo-home:ro,Z" "-v" "/var/lib/crater-agent-workspace/rustup-home:/opt/rustwide/rustup-home:ro,Z" "-e" "SOURCE_DIR=/opt/rustwide/workdir" "-e" "CARGO_TARGET_DIR=/opt/rustwide/target" "-e" "CARGO_HOME=/opt/rustwide/cargo-home" "-e" "RUSTUP_HOME=/opt/rustwide/rustup-home" "-w" "/opt/rustwide/workdir" "-m" "1610612736" "--user" "0:0" "--network" "none" "ghcr.io/rust-lang/crates-build-env/linux@sha256:34b6a614d2c27851fe6cbf88fbd1137609cefab8b10d0615aaeb6fd47975d74e" "/opt/rustwide/cargo-home/bin/cargo" "+beta-2021-08-01" "metadata" "--no-deps" "--format-version=1", kill_on_drop: false }`
[INFO] [stdout] 7a360e8084102807aaa182d192e8f14a6b328b628e314240ba3dcc51caf774ff
[INFO] running `Command { std: "docker" "start" "-a" "7a360e8084102807aaa182d192e8f14a6b328b628e314240ba3dcc51caf774ff", kill_on_drop: false }`
[INFO] running `Command { std: "docker" "inspect" "7a360e8084102807aaa182d192e8f14a6b328b628e314240ba3dcc51caf774ff", kill_on_drop: false }`
[INFO] running `Command { std: "docker" "rm" "-f" "7a360e8084102807aaa182d192e8f14a6b328b628e314240ba3dcc51caf774ff", kill_on_drop: false }`
[INFO] [stdout] 7a360e8084102807aaa182d192e8f14a6b328b628e314240ba3dcc51caf774ff
[INFO] running `Command { std: "docker" "create" "-v" "/var/lib/crater-agent-workspace/builds/worker-18/target:/opt/rustwide/target:rw,Z" "-v" "/var/lib/crater-agent-workspace/builds/worker-18/source:/opt/rustwide/workdir:ro,Z" "-v" "/var/lib/crater-agent-workspace/cargo-home:/opt/rustwide/cargo-home:ro,Z" "-v" "/var/lib/crater-agent-workspace/rustup-home:/opt/rustwide/rustup-home:ro,Z" "-e" "SOURCE_DIR=/opt/rustwide/workdir" "-e" "CARGO_TARGET_DIR=/opt/rustwide/target" "-e" "CARGO_INCREMENTAL=0" "-e" "RUST_BACKTRACE=full" "-e" "RUSTFLAGS=--cap-lints=warn" "-e" "CARGO_HOME=/opt/rustwide/cargo-home" "-e" "RUSTUP_HOME=/opt/rustwide/rustup-home" "-w" "/opt/rustwide/workdir" "-m" "1610612736" "--user" "0:0" "--network" "none" "ghcr.io/rust-lang/crates-build-env/linux@sha256:34b6a614d2c27851fe6cbf88fbd1137609cefab8b10d0615aaeb6fd47975d74e" "/opt/rustwide/cargo-home/bin/cargo" "+beta-2021-08-01" "build" "--frozen" "--message-format=json", kill_on_drop: false }`
[INFO] [stdout] ec65d14094073c54491db677f72b4a2b1636e02c5ba748ede50db656ffeb9978
[INFO] running `Command { std: "docker" "start" "-a" "ec65d14094073c54491db677f72b4a2b1636e02c5ba748ede50db656ffeb9978", kill_on_drop: false }`
[INFO] [stderr]     Blocking waiting for file lock on package cache
[INFO] [stderr]    Compiling libc v0.2.22
[INFO] [stderr]    Compiling void v1.0.2
[INFO] [stderr]    Compiling winapi-build v0.1.1
[INFO] [stderr]    Compiling utf8-ranges v1.0.0
[INFO] [stderr]    Compiling winapi v0.2.8
[INFO] [stderr]    Compiling regex-syntax v0.4.0
[INFO] [stderr]    Compiling bit-vec v0.4.3
[INFO] [stderr]    Compiling either v1.1.0
[INFO] [stderr]    Compiling ordermap v0.2.10
[INFO] [stderr]    Compiling strsim v0.6.0
[INFO] [stderr]    Compiling fixedbitset v0.1.6
[INFO] [stderr]    Compiling lazy_static v0.2.8
[INFO] [stderr]    Compiling term v0.4.5
[INFO] [stderr]    Compiling unicode-xid v0.0.4
[INFO] [stderr]    Compiling regex-syntax v0.2.6
[INFO] [stderr]    Compiling bitflags v0.8.2
[INFO] [stderr]    Compiling lalrpop-intern v0.13.0
[INFO] [stderr]    Compiling diff v0.1.10
[INFO] [stderr]    Compiling lalrpop-util v0.13.0
[INFO] [stderr]    Compiling ena v0.5.0
[INFO] [stderr]    Compiling unreachable v0.1.1
[INFO] [stderr]    Compiling memchr v1.0.1
[INFO] [stderr]    Compiling thread-id v3.0.0
[INFO] [stderr]    Compiling itertools v0.5.10
[INFO] [stderr]    Compiling bit-set v0.4.0
[INFO] [stderr]    Compiling kernel32-sys v0.2.2
[INFO] [stderr]    Compiling petgraph v0.3.2
[INFO] [stderr]    Compiling ascii-canvas v1.0.0
[INFO] [stdout] error[E0034]: multiple applicable items in scope
[INFO] [stdout]    --> /opt/rustwide/cargo-home/registry/src/github.com-1ecc6299db9ec823/petgraph-0.3.2/src/graph.rs:479:21
[INFO] [stdout]     |
[INFO] [stdout] 479 |         assert!(Ix::max().index() == !0 || NodeIndex::end() != node_idx);
[INFO] [stdout]     |                     ^^^ multiple `max` found
[INFO] [stdout]     |
[INFO] [stdout] note: candidate #1 is defined in the trait `IndexType`
[INFO] [stdout]    --> /opt/rustwide/cargo-home/registry/src/github.com-1ecc6299db9ec823/petgraph-0.3.2/src/graph.rs:39:5
[INFO] [stdout]     |
[INFO] [stdout] 39  |     fn max() -> Self;
[INFO] [stdout]     |     ^^^^^^^^^^^^^^^^^
[INFO] [stdout] note: candidate #2 is defined in the trait `Ord`
[INFO] [stdout] help: disambiguate the associated function for candidate #1
[INFO] [stdout]     |
[INFO] [stdout] 479 |         assert!(IndexType::max().index() == !0 || NodeIndex::end() != node_idx);
[INFO] [stdout]     |                 ^^^^^^^^^^^^^^
[INFO] [stdout] help: disambiguate the associated function for candidate #2
[INFO] [stdout]     |
[INFO] [stdout] 479 |         assert!(Ord::max().index() == !0 || NodeIndex::end() != node_idx);
[INFO] [stdout]     |                 ^^^^^^^^
[INFO] [stdout] 
[INFO] [stdout] 
[INFO] [stdout] error[E0308]: mismatched types
[INFO] [stdout]    --> /opt/rustwide/cargo-home/registry/src/github.com-1ecc6299db9ec823/petgraph-0.3.2/src/graph.rs:479:38
[INFO] [stdout]     |
[INFO] [stdout] 432 | impl<N, E, Ty, Ix> Graph<N, E, Ty, Ix>
[INFO] [stdout]     |                -- this type parameter
[INFO] [stdout] ...
[INFO] [stdout] 479 |         assert!(Ix::max().index() == !0 || NodeIndex::end() != node_idx);
[INFO] [stdout]     |                                      ^^ expected type parameter `Ix`, found integer
[INFO] [stdout]     |
[INFO] [stdout]     = note: expected type parameter `Ix`
[INFO] [stdout]                          found type `{integer}`
[INFO] [stdout] 
[INFO] [stdout] 
[INFO] [stdout] error[E0034]: multiple applicable items in scope
[INFO] [stdout]    --> /opt/rustwide/cargo-home/registry/src/github.com-1ecc6299db9ec823/petgraph-0.3.2/src/graph.rs:516:21
[INFO] [stdout]     |
[INFO] [stdout] 516 |         assert!(Ix::max().index() == !0 || EdgeIndex::end() != edge_idx);
[INFO] [stdout]     |                     ^^^ multiple `max` found
[INFO] [stdout]     |
[INFO] [stdout] note: candidate #1 is defined in the trait `IndexType`
[INFO] [stdout]    --> /opt/rustwide/cargo-home/registry/src/github.com-1ecc6299db9ec823/petgraph-0.3.2/src/graph.rs:39:5
[INFO] [stdout]     |
[INFO] [stdout] 39  |     fn max() -> Self;
[INFO] [stdout]     |     ^^^^^^^^^^^^^^^^^
[INFO] [stdout] note: candidate #2 is defined in the trait `Ord`
[INFO] [stdout] help: disambiguate the associated function for candidate #1
[INFO] [stdout]     |
[INFO] [stdout] 516 |         assert!(IndexType::max().index() == !0 || EdgeIndex::end() != edge_idx);
[INFO] [stdout]     |                 ^^^^^^^^^^^^^^
[INFO] [stdout] help: disambiguate the associated function for candidate #2
[INFO] [stdout]     |
[INFO] [stdout] 516 |         assert!(Ord::max().index() == !0 || EdgeIndex::end() != edge_idx);
[INFO] [stdout]     |                 ^^^^^^^^
[INFO] [stdout] 
[INFO] [stdout] 
[INFO] [stdout] error[E0308]: mismatched types
[INFO] [stdout]    --> /opt/rustwide/cargo-home/registry/src/github.com-1ecc6299db9ec823/petgraph-0.3.2/src/graph.rs:516:38
[INFO] [stdout]     |
[INFO] [stdout] 432 | impl<N, E, Ty, Ix> Graph<N, E, Ty, Ix>
[INFO] [stdout]     |                -- this type parameter
[INFO] [stdout] ...
[INFO] [stdout] 516 |         assert!(Ix::max().index() == !0 || EdgeIndex::end() != edge_idx);
[INFO] [stdout]     |                                      ^^ expected type parameter `Ix`, found integer
[INFO] [stdout]     |
[INFO] [stdout]     = note: expected type parameter `Ix`
[INFO] [stdout]                          found type `{integer}`
[INFO] [stdout] 
[INFO] [stdout] 
[INFO] [stdout] error: aborting due to 4 previous errors
[INFO] [stdout] 
[INFO] [stdout] 
[INFO] [stdout] Some errors have detailed explanations: E0034, E0308.
[INFO] [stdout] 
[INFO] [stdout] For more information about an error, try `rustc --explain E0034`.
[INFO] [stdout] 
[INFO] [stderr] error: could not compile `petgraph` due to 5 previous errors
[INFO] [stderr] warning: build failed, waiting for other jobs to finish...
[INFO] [stderr] error: build failed
[INFO] running `Command { std: "docker" "inspect" "ec65d14094073c54491db677f72b4a2b1636e02c5ba748ede50db656ffeb9978", kill_on_drop: false }`
[INFO] running `Command { std: "docker" "rm" "-f" "ec65d14094073c54491db677f72b4a2b1636e02c5ba748ede50db656ffeb9978", kill_on_drop: false }`
[INFO] [stdout] ec65d14094073c54491db677f72b4a2b1636e02c5ba748ede50db656ffeb9978
