[INFO] cloning repository https://github.com/tawashichan/untyped_lambda_calculus
[INFO] running `Command { std: "git" "-c" "credential.helper=" "-c" "credential.helper=/workspace/cargo-home/bin/git-credential-null" "clone" "--bare" "https://github.com/tawashichan/untyped_lambda_calculus" "/workspace/cache/git-repos/https%3A%2F%2Fgithub.com%2Ftawashichan%2Funtyped_lambda_calculus", kill_on_drop: false }`
[INFO] [stderr] Cloning into bare repository '/workspace/cache/git-repos/https%3A%2F%2Fgithub.com%2Ftawashichan%2Funtyped_lambda_calculus'...
[INFO] running `Command { std: "git" "rev-parse" "HEAD", kill_on_drop: false }`
[INFO] [stdout] 36470b89855464df2e4dbc53f58501fb55188d98
[INFO] testing tawashichan/untyped_lambda_calculus against beta-2021-08-01 for beta-1.55-1
[INFO] running `Command { std: "git" "clone" "/workspace/cache/git-repos/https%3A%2F%2Fgithub.com%2Ftawashichan%2Funtyped_lambda_calculus" "/workspace/builds/worker-73/source", kill_on_drop: false }`
[INFO] [stderr] Cloning into '/workspace/builds/worker-73/source'...
[INFO] [stderr] done.
[INFO] validating manifest of git repo https://github.com/tawashichan/untyped_lambda_calculus on toolchain beta-2021-08-01
[INFO] running `Command { std: "/workspace/cargo-home/bin/cargo" "+beta-2021-08-01" "metadata" "--manifest-path" "Cargo.toml" "--no-deps", kill_on_drop: false }`
[INFO] started tweaking git repo https://github.com/tawashichan/untyped_lambda_calculus
[INFO] finished tweaking git repo https://github.com/tawashichan/untyped_lambda_calculus
[INFO] tweaked toml for git repo https://github.com/tawashichan/untyped_lambda_calculus written to /workspace/builds/worker-73/source/Cargo.toml
[INFO] crate git repo https://github.com/tawashichan/untyped_lambda_calculus already has a lockfile, it will not be regenerated
[INFO] running `Command { std: "/workspace/cargo-home/bin/cargo" "+beta-2021-08-01" "fetch" "--manifest-path" "Cargo.toml", kill_on_drop: false }`
[INFO] [stderr]     Blocking waiting for file lock on package cache
[INFO] [stderr]     Blocking waiting for file lock on package cache
[INFO] running `Command { std: "docker" "create" "-v" "/var/lib/crater-agent-workspace/builds/worker-73/target:/opt/rustwide/target:rw,Z" "-v" "/var/lib/crater-agent-workspace/builds/worker-73/source:/opt/rustwide/workdir:ro,Z" "-v" "/var/lib/crater-agent-workspace/cargo-home:/opt/rustwide/cargo-home:ro,Z" "-v" "/var/lib/crater-agent-workspace/rustup-home:/opt/rustwide/rustup-home:ro,Z" "-e" "SOURCE_DIR=/opt/rustwide/workdir" "-e" "CARGO_TARGET_DIR=/opt/rustwide/target" "-e" "CARGO_HOME=/opt/rustwide/cargo-home" "-e" "RUSTUP_HOME=/opt/rustwide/rustup-home" "-w" "/opt/rustwide/workdir" "-m" "1610612736" "--user" "0:0" "--network" "none" "ghcr.io/rust-lang/crates-build-env/linux@sha256:34b6a614d2c27851fe6cbf88fbd1137609cefab8b10d0615aaeb6fd47975d74e" "/opt/rustwide/cargo-home/bin/cargo" "+beta-2021-08-01" "metadata" "--no-deps" "--format-version=1", kill_on_drop: false }`
[INFO] [stdout] 44a14fb14bf9b78a82da2851388575858906d9940495a29e46275e9953e7d157
[INFO] running `Command { std: "docker" "start" "-a" "44a14fb14bf9b78a82da2851388575858906d9940495a29e46275e9953e7d157", kill_on_drop: false }`
[INFO] running `Command { std: "docker" "inspect" "44a14fb14bf9b78a82da2851388575858906d9940495a29e46275e9953e7d157", kill_on_drop: false }`
[INFO] running `Command { std: "docker" "rm" "-f" "44a14fb14bf9b78a82da2851388575858906d9940495a29e46275e9953e7d157", kill_on_drop: false }`
[INFO] [stdout] 44a14fb14bf9b78a82da2851388575858906d9940495a29e46275e9953e7d157
[INFO] running `Command { std: "docker" "create" "-v" "/var/lib/crater-agent-workspace/builds/worker-73/target:/opt/rustwide/target:rw,Z" "-v" "/var/lib/crater-agent-workspace/builds/worker-73/source:/opt/rustwide/workdir:ro,Z" "-v" "/var/lib/crater-agent-workspace/cargo-home:/opt/rustwide/cargo-home:ro,Z" "-v" "/var/lib/crater-agent-workspace/rustup-home:/opt/rustwide/rustup-home:ro,Z" "-e" "SOURCE_DIR=/opt/rustwide/workdir" "-e" "CARGO_TARGET_DIR=/opt/rustwide/target" "-e" "CARGO_INCREMENTAL=0" "-e" "RUST_BACKTRACE=full" "-e" "RUSTFLAGS=--cap-lints=warn" "-e" "CARGO_HOME=/opt/rustwide/cargo-home" "-e" "RUSTUP_HOME=/opt/rustwide/rustup-home" "-w" "/opt/rustwide/workdir" "-m" "1610612736" "--user" "0:0" "--network" "none" "ghcr.io/rust-lang/crates-build-env/linux@sha256:34b6a614d2c27851fe6cbf88fbd1137609cefab8b10d0615aaeb6fd47975d74e" "/opt/rustwide/cargo-home/bin/cargo" "+beta-2021-08-01" "build" "--frozen" "--message-format=json", kill_on_drop: false }`
[INFO] [stdout] d0b7d08b2282982f1df0ee31843edfe746de9d1369d9aeea471535737635b9f9
[INFO] running `Command { std: "docker" "start" "-a" "d0b7d08b2282982f1df0ee31843edfe746de9d1369d9aeea471535737635b9f9", kill_on_drop: false }`
[INFO] [stderr]     Blocking waiting for file lock on package cache
[INFO] [stderr]    Compiling libc v0.2.62
[INFO] [stderr]    Compiling rand v0.4.6
[INFO] [stderr]    Compiling nanoid v0.1.3
[INFO] [stderr]    Compiling untyped_lambda v0.1.0 (/opt/rustwide/workdir)
[INFO] [stdout] error[E0554]: `#![feature]` may not be used on the beta release channel
[INFO] [stdout]  --> src/main.rs:2:1
[INFO] [stdout]   |
[INFO] [stdout] 2 | #![feature(slice_patterns)]
[INFO] [stdout]   | ^^^^^^^^^^^^^^^^^^^^^^^^^^^ help: remove the attribute
[INFO] [stdout]   |
[INFO] [stdout]   = help: the feature `slice_patterns` has been stable since 1.42.0 and no longer requires an attribute to enable
[INFO] [stdout] 
[INFO] [stdout] 
[INFO] [stdout] error[E0554]: `#![feature]` may not be used on the beta release channel
[INFO] [stdout]  --> src/main.rs:3:1
[INFO] [stdout]   |
[INFO] [stdout] 3 | #![feature(box_syntax, box_patterns)]
[INFO] [stdout]   | ^^^^^^^^^^^^^^^^^^^^^^^^^^^^^^^^^^^^^
[INFO] [stdout] 
[INFO] [stdout] 
[INFO] [stdout] error[E0554]: `#![feature]` may not be used on the beta release channel
[INFO] [stdout]  --> src/main.rs:4:1
[INFO] [stdout]   |
[INFO] [stdout] 4 | #![feature(vec_remove_item)]
[INFO] [stdout]   | ^^^^^^^^^^^^^^^^^^^^^^^^^^^^
[INFO] [stdout] 
[INFO] [stdout] 
[INFO] [stdout] error: aborting due to 3 previous errors
[INFO] [stdout] 
[INFO] [stdout] 
[INFO] [stdout] For more information about this error, try `rustc --explain E0554`.
[INFO] [stdout] 
[INFO] [stderr] error: could not compile `untyped_lambda` due to 4 previous errors
[INFO] running `Command { std: "docker" "inspect" "d0b7d08b2282982f1df0ee31843edfe746de9d1369d9aeea471535737635b9f9", kill_on_drop: false }`
[INFO] running `Command { std: "docker" "rm" "-f" "d0b7d08b2282982f1df0ee31843edfe746de9d1369d9aeea471535737635b9f9", kill_on_drop: false }`
[INFO] [stdout] d0b7d08b2282982f1df0ee31843edfe746de9d1369d9aeea471535737635b9f9
