[INFO] cloning repository https://github.com/tatref/adventofcode2017
[INFO] running `Command { std: "git" "-c" "credential.helper=" "-c" "credential.helper=/workspace/cargo-home/bin/git-credential-null" "clone" "--bare" "https://github.com/tatref/adventofcode2017" "/workspace/cache/git-repos/https%3A%2F%2Fgithub.com%2Ftatref%2Fadventofcode2017", kill_on_drop: false }`
[INFO] [stderr] Cloning into bare repository '/workspace/cache/git-repos/https%3A%2F%2Fgithub.com%2Ftatref%2Fadventofcode2017'...
[INFO] running `Command { std: "git" "rev-parse" "HEAD", kill_on_drop: false }`
[INFO] [stdout] 4a4bed16c7159e1047ae7abed7f2026cbdcf3752
[INFO] testing tatref/adventofcode2017 against 1.54.0 for beta-1.55-1
[INFO] running `Command { std: "git" "clone" "/workspace/cache/git-repos/https%3A%2F%2Fgithub.com%2Ftatref%2Fadventofcode2017" "/workspace/builds/worker-78/source", kill_on_drop: false }`
[INFO] [stderr] Cloning into '/workspace/builds/worker-78/source'...
[INFO] [stderr] done.
[INFO] validating manifest of git repo https://github.com/tatref/adventofcode2017 on toolchain 1.54.0
[INFO] running `Command { std: "/workspace/cargo-home/bin/cargo" "+1.54.0" "metadata" "--manifest-path" "Cargo.toml" "--no-deps", kill_on_drop: false }`
[INFO] started tweaking git repo https://github.com/tatref/adventofcode2017
[INFO] finished tweaking git repo https://github.com/tatref/adventofcode2017
[INFO] tweaked toml for git repo https://github.com/tatref/adventofcode2017 written to /workspace/builds/worker-78/source/Cargo.toml
[INFO] crate git repo https://github.com/tatref/adventofcode2017 already has a lockfile, it will not be regenerated
[INFO] running `Command { std: "/workspace/cargo-home/bin/cargo" "+1.54.0" "fetch" "--manifest-path" "Cargo.toml", kill_on_drop: false }`
[INFO] [stderr]     Blocking waiting for file lock on package cache
[INFO] running `Command { std: "docker" "create" "-v" "/var/lib/crater-agent-workspace/builds/worker-78/target:/opt/rustwide/target:rw,Z" "-v" "/var/lib/crater-agent-workspace/builds/worker-78/source:/opt/rustwide/workdir:ro,Z" "-v" "/var/lib/crater-agent-workspace/cargo-home:/opt/rustwide/cargo-home:ro,Z" "-v" "/var/lib/crater-agent-workspace/rustup-home:/opt/rustwide/rustup-home:ro,Z" "-e" "SOURCE_DIR=/opt/rustwide/workdir" "-e" "CARGO_TARGET_DIR=/opt/rustwide/target" "-e" "CARGO_HOME=/opt/rustwide/cargo-home" "-e" "RUSTUP_HOME=/opt/rustwide/rustup-home" "-w" "/opt/rustwide/workdir" "-m" "1610612736" "--user" "0:0" "--network" "none" "ghcr.io/rust-lang/crates-build-env/linux@sha256:34b6a614d2c27851fe6cbf88fbd1137609cefab8b10d0615aaeb6fd47975d74e" "/opt/rustwide/cargo-home/bin/cargo" "+1.54.0" "metadata" "--no-deps" "--format-version=1", kill_on_drop: false }`
[INFO] [stdout] 5cd5bc0361c6d15c7032c50c32eba758949e990aab1202d29c613a48baf4dc52
[INFO] running `Command { std: "docker" "start" "-a" "5cd5bc0361c6d15c7032c50c32eba758949e990aab1202d29c613a48baf4dc52", kill_on_drop: false }`
[INFO] running `Command { std: "docker" "inspect" "5cd5bc0361c6d15c7032c50c32eba758949e990aab1202d29c613a48baf4dc52", kill_on_drop: false }`
[INFO] running `Command { std: "docker" "rm" "-f" "5cd5bc0361c6d15c7032c50c32eba758949e990aab1202d29c613a48baf4dc52", kill_on_drop: false }`
[INFO] [stdout] 5cd5bc0361c6d15c7032c50c32eba758949e990aab1202d29c613a48baf4dc52
[INFO] running `Command { std: "docker" "create" "-v" "/var/lib/crater-agent-workspace/builds/worker-78/target:/opt/rustwide/target:rw,Z" "-v" "/var/lib/crater-agent-workspace/builds/worker-78/source:/opt/rustwide/workdir:ro,Z" "-v" "/var/lib/crater-agent-workspace/cargo-home:/opt/rustwide/cargo-home:ro,Z" "-v" "/var/lib/crater-agent-workspace/rustup-home:/opt/rustwide/rustup-home:ro,Z" "-e" "SOURCE_DIR=/opt/rustwide/workdir" "-e" "CARGO_TARGET_DIR=/opt/rustwide/target" "-e" "CARGO_INCREMENTAL=0" "-e" "RUST_BACKTRACE=full" "-e" "RUSTFLAGS=--cap-lints=warn" "-e" "CARGO_HOME=/opt/rustwide/cargo-home" "-e" "RUSTUP_HOME=/opt/rustwide/rustup-home" "-w" "/opt/rustwide/workdir" "-m" "1610612736" "--user" "0:0" "--network" "none" "ghcr.io/rust-lang/crates-build-env/linux@sha256:34b6a614d2c27851fe6cbf88fbd1137609cefab8b10d0615aaeb6fd47975d74e" "/opt/rustwide/cargo-home/bin/cargo" "+1.54.0" "build" "--frozen" "--message-format=json", kill_on_drop: false }`
[INFO] [stdout] 90f70f4eb0ea631dcd08ad28e8d9cb63bb70350848dd47b5bf6e0163d82aa57a
[INFO] running `Command { std: "docker" "start" "-a" "90f70f4eb0ea631dcd08ad28e8d9cb63bb70350848dd47b5bf6e0163d82aa57a", kill_on_drop: false }`
[INFO] [stderr]     Blocking waiting for file lock on package cache
[INFO] [stderr]    Compiling adventofcode-2017 v0.1.0 (/opt/rustwide/workdir)
[INFO] [stdout] error[E0554]: `#![feature]` may not be used on the stable release channel
[INFO] [stdout]  --> src/bin/06-1.rs:1:1
[INFO] [stdout]   |
[INFO] [stdout] 1 | #![feature(try_from)]
[INFO] [stdout]   | ^^^^^^^^^^^^^^^^^^^^^
[INFO] [stdout] 
[INFO] [stdout] 
[INFO] [stdout] error[E0601]: `main` function not found in crate `adventofcode`
[INFO] [stdout]   --> src/bin/adventofcode.rs:1:1
[INFO] [stdout]    |
[INFO] [stdout] 1  | / use std::fs::File;
[INFO] [stdout] 2  | | use std::io::prelude::*;
[INFO] [stdout] 3  | | use std::path::Path;
[INFO] [stdout] 4  | | use std::io::Result;
[INFO] [stdout] ...  |
[INFO] [stdout] 13 | |     Ok(contents)
[INFO] [stdout] 14 | | }
[INFO] [stdout]    | |_^ consider adding a `main` function to `src/bin/adventofcode.rs`
[INFO] [stdout] 
[INFO] [stdout] 
[INFO] [stdout] error[E0554]: `#![feature]` may not be used on the stable release channel
[INFO] [stdout]  --> src/bin/08-1.rs:1:1
[INFO] [stdout]   |
[INFO] [stdout] 1 | #![feature(try_from)]
[INFO] [stdout]   | ^^^^^^^^^^^^^^^^^^^^^
[INFO] [stdout] 
[INFO] [stdout] 
[INFO] [stdout] error: aborting due to previous error
[INFO] [stdout] 
[INFO] [stdout] 
[INFO] [stdout] For more information about this error, try `rustc --explain E0601`.
[INFO] [stdout] 
[INFO] [stdout] error[E0554]: `#![feature]` may not be used on the stable release channel
[INFO] [stdout]  --> src/bin/08-2.rs:1:1
[INFO] [stdout]   |
[INFO] [stdout] 1 | #![feature(try_from)]
[INFO] [stdout]   | ^^^^^^^^^^^^^^^^^^^^^
[INFO] [stdout] 
[INFO] [stdout] 
[INFO] [stderr] error: could not compile `adventofcode-2017`
[INFO] [stderr] 
[INFO] [stderr] To learn more, run the command again with --verbose.
[INFO] [stderr] warning: build failed, waiting for other jobs to finish...
[INFO] [stdout] error: aborting due to previous error
[INFO] [stdout] 
[INFO] [stdout] 
[INFO] [stdout] For more information about this error, try `rustc --explain E0554`.
[INFO] [stdout] 
[INFO] [stdout] error[E0554]: `#![feature]` may not be used on the stable release channel
[INFO] [stdout]  --> src/bin/06-2.rs:1:1
[INFO] [stdout]   |
[INFO] [stdout] 1 | #![feature(try_from)]
[INFO] [stdout]   | ^^^^^^^^^^^^^^^^^^^^^
[INFO] [stdout] 
[INFO] [stdout] 
[INFO] [stdout] error[E0554]: `#![feature]` may not be used on the stable release channel
[INFO] [stdout]  --> src/bin/05-1.rs:1:1
[INFO] [stdout]   |
[INFO] [stdout] 1 | #![feature(try_from)]
[INFO] [stdout]   | ^^^^^^^^^^^^^^^^^^^^^
[INFO] [stdout] 
[INFO] [stdout] 
[INFO] [stdout] error[E0554]: `#![feature]` may not be used on the stable release channel
[INFO] [stdout]  --> src/bin/05-2.rs:1:1
[INFO] [stdout]   |
[INFO] [stdout] 1 | #![feature(try_from)]
[INFO] [stdout]   | ^^^^^^^^^^^^^^^^^^^^^
[INFO] [stdout] 
[INFO] [stdout] 
[INFO] [stdout] warning: unused import: `std::convert::TryInto`
[INFO] [stdout]   --> src/bin/05-1.rs:86:9
[INFO] [stdout]    |
[INFO] [stdout] 86 |     use std::convert::TryInto;
[INFO] [stdout]    |         ^^^^^^^^^^^^^^^^^^^^^
[INFO] [stdout]    |
[INFO] [stdout]    = note: `#[warn(unused_imports)]` on by default
[INFO] [stdout] 
[INFO] [stdout] 
[INFO] [stdout] warning: unused import: `std::convert::TryFrom`
[INFO] [stdout]   --> src/bin/05-1.rs:87:9
[INFO] [stdout]    |
[INFO] [stdout] 87 |     use std::convert::TryFrom;
[INFO] [stdout]    |         ^^^^^^^^^^^^^^^^^^^^^
[INFO] [stdout] 
[INFO] [stdout] 
[INFO] [stdout] warning: unused import: `Cpu`
[INFO] [stdout]   --> src/bin/05-1.rs:89:9
[INFO] [stdout]    |
[INFO] [stdout] 89 |     use Cpu;
[INFO] [stdout]    |         ^^^
[INFO] [stdout] 
[INFO] [stdout] 
[INFO] [stdout] error: aborting due to previous error
[INFO] [stdout] 
[INFO] [stdout] 
[INFO] [stdout] For more information about this error, try `rustc --explain E0554`.
[INFO] [stdout] 
[INFO] [stdout] error: aborting due to previous error
[INFO] [stdout] 
[INFO] [stdout] 
[INFO] [stdout] For more information about this error, try `rustc --explain E0554`.
[INFO] [stdout] 
[INFO] [stdout] error: aborting due to previous error
[INFO] [stdout] 
[INFO] [stdout] 
[INFO] [stdout] For more information about this error, try `rustc --explain E0554`.
[INFO] [stdout] 
[INFO] [stdout] error: aborting due to previous error
[INFO] [stdout] 
[INFO] [stdout] 
[INFO] [stdout] For more information about this error, try `rustc --explain E0554`.
[INFO] [stdout] 
[INFO] [stdout] error: aborting due to previous error; 3 warnings emitted
[INFO] [stdout] 
[INFO] [stdout] 
[INFO] [stdout] For more information about this error, try `rustc --explain E0554`.
[INFO] [stdout] 
[INFO] [stderr] error: build failed
[INFO] running `Command { std: "docker" "inspect" "90f70f4eb0ea631dcd08ad28e8d9cb63bb70350848dd47b5bf6e0163d82aa57a", kill_on_drop: false }`
[INFO] running `Command { std: "docker" "rm" "-f" "90f70f4eb0ea631dcd08ad28e8d9cb63bb70350848dd47b5bf6e0163d82aa57a", kill_on_drop: false }`
[INFO] [stdout] 90f70f4eb0ea631dcd08ad28e8d9cb63bb70350848dd47b5bf6e0163d82aa57a
