[INFO] cloning repository https://github.com/system76/kicad-allegro
[INFO] running `Command { std: "git" "-c" "credential.helper=" "-c" "credential.helper=/workspace/cargo-home/bin/git-credential-null" "clone" "--bare" "https://github.com/system76/kicad-allegro" "/workspace/cache/git-repos/https%3A%2F%2Fgithub.com%2Fsystem76%2Fkicad-allegro", kill_on_drop: false }`
[INFO] [stderr] Cloning into bare repository '/workspace/cache/git-repos/https%3A%2F%2Fgithub.com%2Fsystem76%2Fkicad-allegro'...
[INFO] running `Command { std: "git" "rev-parse" "HEAD", kill_on_drop: false }`
[INFO] [stdout] 4968f1301a1ec189ee34135f528a7d7a27e76a7b
[INFO] testing system76/kicad-allegro against beta-2021-08-01 for beta-1.55-1
[INFO] running `Command { std: "git" "clone" "/workspace/cache/git-repos/https%3A%2F%2Fgithub.com%2Fsystem76%2Fkicad-allegro" "/workspace/builds/worker-88/source", kill_on_drop: false }`
[INFO] [stderr] Cloning into '/workspace/builds/worker-88/source'...
[INFO] [stderr] done.
[INFO] validating manifest of git repo https://github.com/system76/kicad-allegro on toolchain beta-2021-08-01
[INFO] running `Command { std: "/workspace/cargo-home/bin/cargo" "+beta-2021-08-01" "metadata" "--manifest-path" "Cargo.toml" "--no-deps", kill_on_drop: false }`
[INFO] started tweaking git repo https://github.com/system76/kicad-allegro
[INFO] finished tweaking git repo https://github.com/system76/kicad-allegro
[INFO] tweaked toml for git repo https://github.com/system76/kicad-allegro written to /workspace/builds/worker-88/source/Cargo.toml
[INFO] crate git repo https://github.com/system76/kicad-allegro already has a lockfile, it will not be regenerated
[INFO] running `Command { std: "/workspace/cargo-home/bin/cargo" "+beta-2021-08-01" "fetch" "--manifest-path" "Cargo.toml", kill_on_drop: false }`
[INFO] [stderr]     Blocking waiting for file lock on package cache
[INFO] [stderr]     Blocking waiting for file lock on package cache
[INFO] running `Command { std: "docker" "create" "-v" "/var/lib/crater-agent-workspace/builds/worker-88/target:/opt/rustwide/target:rw,Z" "-v" "/var/lib/crater-agent-workspace/builds/worker-88/source:/opt/rustwide/workdir:ro,Z" "-v" "/var/lib/crater-agent-workspace/cargo-home:/opt/rustwide/cargo-home:ro,Z" "-v" "/var/lib/crater-agent-workspace/rustup-home:/opt/rustwide/rustup-home:ro,Z" "-e" "SOURCE_DIR=/opt/rustwide/workdir" "-e" "CARGO_TARGET_DIR=/opt/rustwide/target" "-e" "CARGO_HOME=/opt/rustwide/cargo-home" "-e" "RUSTUP_HOME=/opt/rustwide/rustup-home" "-w" "/opt/rustwide/workdir" "-m" "1610612736" "--user" "0:0" "--network" "none" "ghcr.io/rust-lang/crates-build-env/linux@sha256:34b6a614d2c27851fe6cbf88fbd1137609cefab8b10d0615aaeb6fd47975d74e" "/opt/rustwide/cargo-home/bin/cargo" "+beta-2021-08-01" "metadata" "--no-deps" "--format-version=1", kill_on_drop: false }`
[INFO] [stdout] 839d24de35426e9ddb98be1cd3b067986587d2925c20752d21dc48a6892d57ee
[INFO] running `Command { std: "docker" "start" "-a" "839d24de35426e9ddb98be1cd3b067986587d2925c20752d21dc48a6892d57ee", kill_on_drop: false }`
[INFO] running `Command { std: "docker" "inspect" "839d24de35426e9ddb98be1cd3b067986587d2925c20752d21dc48a6892d57ee", kill_on_drop: false }`
[INFO] running `Command { std: "docker" "rm" "-f" "839d24de35426e9ddb98be1cd3b067986587d2925c20752d21dc48a6892d57ee", kill_on_drop: false }`
[INFO] [stdout] 839d24de35426e9ddb98be1cd3b067986587d2925c20752d21dc48a6892d57ee
[INFO] running `Command { std: "docker" "create" "-v" "/var/lib/crater-agent-workspace/builds/worker-88/target:/opt/rustwide/target:rw,Z" "-v" "/var/lib/crater-agent-workspace/builds/worker-88/source:/opt/rustwide/workdir:ro,Z" "-v" "/var/lib/crater-agent-workspace/cargo-home:/opt/rustwide/cargo-home:ro,Z" "-v" "/var/lib/crater-agent-workspace/rustup-home:/opt/rustwide/rustup-home:ro,Z" "-e" "SOURCE_DIR=/opt/rustwide/workdir" "-e" "CARGO_TARGET_DIR=/opt/rustwide/target" "-e" "CARGO_INCREMENTAL=0" "-e" "RUST_BACKTRACE=full" "-e" "RUSTFLAGS=--cap-lints=warn" "-e" "CARGO_HOME=/opt/rustwide/cargo-home" "-e" "RUSTUP_HOME=/opt/rustwide/rustup-home" "-w" "/opt/rustwide/workdir" "-m" "1610612736" "--user" "0:0" "--network" "none" "ghcr.io/rust-lang/crates-build-env/linux@sha256:34b6a614d2c27851fe6cbf88fbd1137609cefab8b10d0615aaeb6fd47975d74e" "/opt/rustwide/cargo-home/bin/cargo" "+beta-2021-08-01" "build" "--frozen" "--message-format=json", kill_on_drop: false }`
[INFO] [stdout] d69f841f9dea2864e8bc333ec228bfa9c3784e204b296d25cf047085caadf84b
[INFO] running `Command { std: "docker" "start" "-a" "d69f841f9dea2864e8bc333ec228bfa9c3784e204b296d25cf047085caadf84b", kill_on_drop: false }`
[INFO] [stderr]    Compiling autocfg v0.1.6
[INFO] [stderr]    Compiling libc v0.2.62
[INFO] [stderr]    Compiling xml-rs v0.8.0
[INFO] [stderr]    Compiling proc-macro2 v0.4.30
[INFO] [stderr]    Compiling cfg-if v0.1.9
[INFO] [stderr]    Compiling rand_core v0.4.2
[INFO] [stderr]    Compiling lazy_static v1.3.0
[INFO] [stderr]    Compiling byteorder v1.3.2
[INFO] [stderr]    Compiling cc v1.0.40
[INFO] [stderr]    Compiling bitflags v1.1.0
[INFO] [stderr]    Compiling proc-macro2 v1.0.1
[INFO] [stderr]    Compiling khronos_api v3.1.0
[INFO] [stderr]    Compiling nix v0.14.1
[INFO] [stderr]    Compiling arrayvec v0.4.11
[INFO] [stderr]    Compiling syn v1.0.3
[INFO] [stderr]    Compiling pkg-config v0.3.15
[INFO] [stderr]    Compiling same-file v1.0.5
[INFO] [stderr]    Compiling memchr v2.2.1
[INFO] [stderr]    Compiling downcast-rs v1.0.4
[INFO] [stderr]    Compiling smallvec v0.6.10
[INFO] [stderr]    Compiling serde v1.0.99
[INFO] [stderr]    Compiling ryu v1.0.0
[INFO] [stderr]    Compiling natord v1.0.9
[INFO] [stderr]    Compiling parking_lot_core v0.4.0
[INFO] [stderr]    Compiling log v0.4.8
[INFO] [stderr]    Compiling num-traits v0.2.8
[INFO] [stderr]    Compiling rand_chacha v0.1.1
[INFO] [stderr]    Compiling rand_pcg v0.1.2
[INFO] [stderr]    Compiling rand v0.6.5
[INFO] [stderr]    Compiling libloading v0.5.2
[INFO] [stderr]    Compiling walkdir v2.2.9
[INFO] [stderr]    Compiling rand_core v0.3.1
[INFO] [stderr]    Compiling rand_jitter v0.1.4
[INFO] [stderr]    Compiling x11-dl v2.18.4
[INFO] [stderr]    Compiling rand_os v0.1.3
[INFO] [stderr]    Compiling memmap v0.7.0
[INFO] [stderr]    Compiling shared_library v0.1.9
[INFO] [stderr]    Compiling stb_truetype v0.2.6
[INFO] [stderr]    Compiling regex-automata v0.1.8
[INFO] [stderr]    Compiling quote v1.0.2
[INFO] [stderr]    Compiling gl_generator v0.10.0
[INFO] [stderr]    Compiling quote v0.6.13
[INFO] [stderr]    Compiling ordered-float v1.0.2
[INFO] [stderr]    Compiling approx v0.3.2
[INFO] [stderr]    Compiling line_drawing v0.7.0
[INFO] [stderr]    Compiling dlib v0.4.1
[INFO] [stderr]    Compiling csv-core v0.1.6
[INFO] [stderr]    Compiling rand_hc v0.1.0
[INFO] [stderr]    Compiling rand_xorshift v0.1.1
[INFO] [stderr]    Compiling rand_isaac v0.1.1
[INFO] [stderr]    Compiling wayland-scanner v0.21.13
[INFO] [stderr]    Compiling osmesa-sys v0.1.2
[INFO] [stderr]    Compiling wayland-sys v0.21.13
[INFO] [stderr]    Compiling rusttype v0.7.7
[INFO] [stderr]    Compiling glutin v0.19.0
[INFO] [stderr]    Compiling kicad-allegro v0.1.0 (/opt/rustwide/workdir)
[INFO] [stderr]    Compiling andrew v0.2.1
[INFO] [stderr]    Compiling wayland-client v0.21.13
[INFO] [stderr]    Compiling wayland-protocols v0.21.13
[INFO] [stderr]    Compiling parking_lot v0.7.1
[INFO] [stderr]    Compiling serde_derive v1.0.99
[INFO] [stderr]    Compiling wayland-commons v0.21.13
[INFO] [stderr]    Compiling bstr v0.2.7
[INFO] [stderr]    Compiling csv v1.1.1
[INFO] [stderr]    Compiling smithay-client-toolkit v0.4.6
[INFO] [stderr]    Compiling winit v0.18.1
[INFO] [stdout] warning: trait objects without an explicit `dyn` are deprecated
[INFO] [stdout]     --> /opt/rustwide/target/debug/build/kicad-allegro-8f62f4cb1dcaac2a/out/test_gl_bindings.rs:1205:47
[INFO] [stdout]      |
[INFO] [stdout] 1205 |                 fn do_metaloadfn(loadfn: &mut FnMut(&'static str) -> *const __gl_imports::raw::c_void,
[INFO] [stdout]      |                                               ^^^^^^^^^^^^^^^^^^^^^^^^^^^^^^^^^^^^^^^^^^^^^^^^^^^^^^^ help: use `dyn`: `dyn FnMut(&'static str) -> *const __gl_imports::raw::c_void`
[INFO] [stdout]      |
[INFO] [stdout]      = note: `#[warn(bare_trait_objects)]` on by default
[INFO] [stdout]      = warning: this is accepted in the current edition (Rust 2018) but is a hard error in Rust 2021!
[INFO] [stdout]      = note: for more information, see issue #80165 <https://github.com/rust-lang/rust/issues/80165>
[INFO] [stdout] 
[INFO] [stdout] 
[INFO] [stdout] warning: use of deprecated function `std::mem::uninitialized`: use `mem::MaybeUninit` instead
[INFO] [stdout]   --> src/support/mod.rs:80:27
[INFO] [stdout]    |
[INFO] [stdout] 80 |         let mut vb = mem::uninitialized();
[INFO] [stdout]    |                           ^^^^^^^^^^^^^
[INFO] [stdout]    |
[INFO] [stdout]    = note: `#[warn(deprecated)]` on by default
[INFO] [stdout] 
[INFO] [stdout] 
[INFO] [stdout] warning: use of deprecated function `std::mem::uninitialized`: use `mem::MaybeUninit` instead
[INFO] [stdout]   --> src/support/mod.rs:85:32
[INFO] [stdout]    |
[INFO] [stdout] 85 |             let mut vao = mem::uninitialized();
[INFO] [stdout]    |                                ^^^^^^^^^^^^^
[INFO] [stdout] 
[INFO] [stdout] 
[INFO] [stdout] warning: unreachable statement
[INFO] [stdout]    --> src/main.rs:353:5
[INFO] [stdout]     |
[INFO] [stdout] 351 |     return Ok(());
[INFO] [stdout]     |     ------------- any code following this expression is unreachable
[INFO] [stdout] 352 | 
[INFO] [stdout] 353 |     let mut events_loop = glutin::EventsLoop::new();
[INFO] [stdout]     |     ^^^^^^^^^^^^^^^^^^^^^^^^^^^^^^^^^^^^^^^^^^^^^^^^ unreachable statement
[INFO] [stdout]     |
[INFO] [stdout]     = note: `#[warn(unreachable_code)]` on by default
[INFO] [stdout] 
[INFO] [stdout] 
[INFO] [stdout] warning: associated function is never used: `angle`
[INFO] [stdout]   --> src/vec.rs:15:12
[INFO] [stdout]    |
[INFO] [stdout] 15 |     pub fn angle(self) -> f64 {
[INFO] [stdout]    |            ^^^^^
[INFO] [stdout]    |
[INFO] [stdout]    = note: `#[warn(dead_code)]` on by default
[INFO] [stdout] 
[INFO] [stdout] 
[INFO] [stdout] warning: associated function is never used: `dot`
[INFO] [stdout]   --> src/vec.rs:20:12
[INFO] [stdout]    |
[INFO] [stdout] 20 |     pub fn dot(self, other: Self) -> f64 {
[INFO] [stdout]    |            ^^^
[INFO] [stdout] 
[INFO] [stdout] 
[INFO] [stdout] warning: associated function is never used: `length_squared`
[INFO] [stdout]   --> src/vec.rs:25:12
[INFO] [stdout]    |
[INFO] [stdout] 25 |     pub fn length_squared(self) -> f64 {
[INFO] [stdout]    |            ^^^^^^^^^^^^^^
[INFO] [stdout] 
[INFO] [stdout] 
[INFO] [stdout] warning: associated function is never used: `length`
[INFO] [stdout]   --> src/vec.rs:30:12
[INFO] [stdout]    |
[INFO] [stdout] 30 |     pub fn length(self) -> f64 {
[INFO] [stdout]    |            ^^^^^^
[INFO] [stdout] 
[INFO] [stdout] 
[INFO] [stdout] warning: associated function is never used: `norm`
[INFO] [stdout]   --> src/vec.rs:35:12
[INFO] [stdout]    |
[INFO] [stdout] 35 |     pub fn norm(self) -> Self {
[INFO] [stdout]    |            ^^^^
[INFO] [stdout] 
[INFO] [stdout] 
[INFO] [stdout] warning: 9 warnings emitted
[INFO] [stdout] 
[INFO] [stdout] 
[INFO] [stderr]     Finished dev [unoptimized + debuginfo] target(s) in 1m 30s
[INFO] running `Command { std: "docker" "inspect" "d69f841f9dea2864e8bc333ec228bfa9c3784e204b296d25cf047085caadf84b", kill_on_drop: false }`
[INFO] running `Command { std: "docker" "rm" "-f" "d69f841f9dea2864e8bc333ec228bfa9c3784e204b296d25cf047085caadf84b", kill_on_drop: false }`
[INFO] [stdout] d69f841f9dea2864e8bc333ec228bfa9c3784e204b296d25cf047085caadf84b
[INFO] running `Command { std: "docker" "create" "-v" "/var/lib/crater-agent-workspace/builds/worker-88/target:/opt/rustwide/target:rw,Z" "-v" "/var/lib/crater-agent-workspace/builds/worker-88/source:/opt/rustwide/workdir:ro,Z" "-v" "/var/lib/crater-agent-workspace/cargo-home:/opt/rustwide/cargo-home:ro,Z" "-v" "/var/lib/crater-agent-workspace/rustup-home:/opt/rustwide/rustup-home:ro,Z" "-e" "SOURCE_DIR=/opt/rustwide/workdir" "-e" "CARGO_TARGET_DIR=/opt/rustwide/target" "-e" "CARGO_INCREMENTAL=0" "-e" "RUST_BACKTRACE=full" "-e" "RUSTFLAGS=--cap-lints=warn" "-e" "CARGO_HOME=/opt/rustwide/cargo-home" "-e" "RUSTUP_HOME=/opt/rustwide/rustup-home" "-w" "/opt/rustwide/workdir" "-m" "1610612736" "--user" "0:0" "--network" "none" "ghcr.io/rust-lang/crates-build-env/linux@sha256:34b6a614d2c27851fe6cbf88fbd1137609cefab8b10d0615aaeb6fd47975d74e" "/opt/rustwide/cargo-home/bin/cargo" "+beta-2021-08-01" "test" "--frozen" "--no-run" "--message-format=json", kill_on_drop: false }`
[INFO] [stdout] c4dff422cc461242f4e00e17546c95a3bb45c67c02f60df19851e894c5d87490
[INFO] running `Command { std: "docker" "start" "-a" "c4dff422cc461242f4e00e17546c95a3bb45c67c02f60df19851e894c5d87490", kill_on_drop: false }`
[INFO] [stderr]    Compiling kicad-allegro v0.1.0 (/opt/rustwide/workdir)
[INFO] [stdout] error[E0583]: file not found for module `support`
[INFO] [stdout]  --> examples/glutin.rs:1:1
[INFO] [stdout]   |
[INFO] [stdout] 1 | mod support;
[INFO] [stdout]   | ^^^^^^^^^^^^
[INFO] [stdout]   |
[INFO] [stdout]   = help: to create the module `support`, create file "examples/support.rs" or "examples/support/mod.rs"
[INFO] [stdout] 
[INFO] [stdout] 
[INFO] [stdout] error[E0432]: unresolved imports `self::support::Vertex`, `self::support::Triangle`
[INFO] [stdout]  --> examples/glutin.rs:5:21
[INFO] [stdout]   |
[INFO] [stdout] 5 | use self::support::{Vertex, Triangle};
[INFO] [stdout]   |                     ^^^^^^  ^^^^^^^^ no `Triangle` in `support`
[INFO] [stdout]   |                     |
[INFO] [stdout]   |                     no `Vertex` in `support`
[INFO] [stdout] 
[INFO] [stdout] 
[INFO] [stdout] error[E0425]: cannot find function `load` in module `support`
[INFO] [stdout]   --> examples/glutin.rs:17:23
[INFO] [stdout]    |
[INFO] [stdout] 17 |     let gl = support::load(&gl_window.context());
[INFO] [stdout]    |                       ^^^^ not found in `support`
[INFO] [stdout] 
[INFO] [stdout] 
[INFO] [stdout] error[E0609]: no field `a` on type `&mut _`
[INFO] [stdout]   --> examples/glutin.rs:81:15
[INFO] [stdout]    |
[INFO] [stdout] 81 |             t.a.x += 0.001;
[INFO] [stdout]    |               ^
[INFO] [stdout] 
[INFO] [stdout] 
[INFO] [stdout] error: aborting due to 4 previous errors
[INFO] [stdout] 
[INFO] [stdout] 
[INFO] [stdout] Some errors have detailed explanations: E0425, E0432, E0583, E0609.
[INFO] [stdout] 
[INFO] [stdout] For more information about an error, try `rustc --explain E0425`.
[INFO] [stdout] 
[INFO] [stderr] error: could not compile `kicad-allegro` due to 5 previous errors
[INFO] [stderr] warning: build failed, waiting for other jobs to finish...
[INFO] [stdout] warning: trait objects without an explicit `dyn` are deprecated
[INFO] [stdout]     --> /opt/rustwide/target/debug/build/kicad-allegro-8f62f4cb1dcaac2a/out/test_gl_bindings.rs:1205:47
[INFO] [stdout]      |
[INFO] [stdout] 1205 |                 fn do_metaloadfn(loadfn: &mut FnMut(&'static str) -> *const __gl_imports::raw::c_void,
[INFO] [stdout]      |                                               ^^^^^^^^^^^^^^^^^^^^^^^^^^^^^^^^^^^^^^^^^^^^^^^^^^^^^^^ help: use `dyn`: `dyn FnMut(&'static str) -> *const __gl_imports::raw::c_void`
[INFO] [stdout]      |
[INFO] [stdout]      = note: `#[warn(bare_trait_objects)]` on by default
[INFO] [stdout]      = warning: this is accepted in the current edition (Rust 2018) but is a hard error in Rust 2021!
[INFO] [stdout]      = note: for more information, see issue #80165 <https://github.com/rust-lang/rust/issues/80165>
[INFO] [stdout] 
[INFO] [stdout] 
[INFO] [stdout] warning: use of deprecated function `std::mem::uninitialized`: use `mem::MaybeUninit` instead
[INFO] [stdout]   --> src/support/mod.rs:80:27
[INFO] [stdout]    |
[INFO] [stdout] 80 |         let mut vb = mem::uninitialized();
[INFO] [stdout]    |                           ^^^^^^^^^^^^^
[INFO] [stdout]    |
[INFO] [stdout]    = note: `#[warn(deprecated)]` on by default
[INFO] [stdout] 
[INFO] [stdout] 
[INFO] [stdout] warning: use of deprecated function `std::mem::uninitialized`: use `mem::MaybeUninit` instead
[INFO] [stdout]   --> src/support/mod.rs:85:32
[INFO] [stdout]    |
[INFO] [stdout] 85 |             let mut vao = mem::uninitialized();
[INFO] [stdout]    |                                ^^^^^^^^^^^^^
[INFO] [stdout] 
[INFO] [stdout] 
[INFO] [stdout] warning: unreachable statement
[INFO] [stdout]    --> src/main.rs:353:5
[INFO] [stdout]     |
[INFO] [stdout] 351 |     return Ok(());
[INFO] [stdout]     |     ------------- any code following this expression is unreachable
[INFO] [stdout] 352 | 
[INFO] [stdout] 353 |     let mut events_loop = glutin::EventsLoop::new();
[INFO] [stdout]     |     ^^^^^^^^^^^^^^^^^^^^^^^^^^^^^^^^^^^^^^^^^^^^^^^^ unreachable statement
[INFO] [stdout]     |
[INFO] [stdout]     = note: `#[warn(unreachable_code)]` on by default
[INFO] [stdout] 
[INFO] [stdout] 
[INFO] [stdout] warning: associated function is never used: `angle`
[INFO] [stdout]   --> src/vec.rs:15:12
[INFO] [stdout]    |
[INFO] [stdout] 15 |     pub fn angle(self) -> f64 {
[INFO] [stdout]    |            ^^^^^
[INFO] [stdout]    |
[INFO] [stdout]    = note: `#[warn(dead_code)]` on by default
[INFO] [stdout] 
[INFO] [stdout] 
[INFO] [stdout] warning: associated function is never used: `dot`
[INFO] [stdout]   --> src/vec.rs:20:12
[INFO] [stdout]    |
[INFO] [stdout] 20 |     pub fn dot(self, other: Self) -> f64 {
[INFO] [stdout]    |            ^^^
[INFO] [stdout] 
[INFO] [stdout] 
[INFO] [stdout] warning: associated function is never used: `length_squared`
[INFO] [stdout]   --> src/vec.rs:25:12
[INFO] [stdout]    |
[INFO] [stdout] 25 |     pub fn length_squared(self) -> f64 {
[INFO] [stdout]    |            ^^^^^^^^^^^^^^
[INFO] [stdout] 
[INFO] [stdout] 
[INFO] [stdout] warning: associated function is never used: `length`
[INFO] [stdout]   --> src/vec.rs:30:12
[INFO] [stdout]    |
[INFO] [stdout] 30 |     pub fn length(self) -> f64 {
[INFO] [stdout]    |            ^^^^^^
[INFO] [stdout] 
[INFO] [stdout] 
[INFO] [stdout] warning: associated function is never used: `norm`
[INFO] [stdout]   --> src/vec.rs:35:12
[INFO] [stdout]    |
[INFO] [stdout] 35 |     pub fn norm(self) -> Self {
[INFO] [stdout]    |            ^^^^
[INFO] [stdout] 
[INFO] [stdout] 
[INFO] [stdout] warning: 9 warnings emitted
[INFO] [stdout] 
[INFO] [stdout] 
[INFO] [stderr] error: build failed
[INFO] running `Command { std: "docker" "inspect" "c4dff422cc461242f4e00e17546c95a3bb45c67c02f60df19851e894c5d87490", kill_on_drop: false }`
[INFO] running `Command { std: "docker" "rm" "-f" "c4dff422cc461242f4e00e17546c95a3bb45c67c02f60df19851e894c5d87490", kill_on_drop: false }`
[INFO] [stdout] c4dff422cc461242f4e00e17546c95a3bb45c67c02f60df19851e894c5d87490
