[INFO] cloning repository https://github.com/svmk/fund-watch-bot
[INFO] running `Command { std: "git" "-c" "credential.helper=" "-c" "credential.helper=/workspace/cargo-home/bin/git-credential-null" "clone" "--bare" "https://github.com/svmk/fund-watch-bot" "/workspace/cache/git-repos/https%3A%2F%2Fgithub.com%2Fsvmk%2Ffund-watch-bot", kill_on_drop: false }`
[INFO] [stderr] Cloning into bare repository '/workspace/cache/git-repos/https%3A%2F%2Fgithub.com%2Fsvmk%2Ffund-watch-bot'...
[INFO] running `Command { std: "git" "rev-parse" "HEAD", kill_on_drop: false }`
[INFO] [stdout] 17c099ad4b0dae6def6de037aa6520f83d43fc90
[INFO] testing svmk/fund-watch-bot against beta-2021-08-01 for beta-1.55-1
[INFO] running `Command { std: "git" "clone" "/workspace/cache/git-repos/https%3A%2F%2Fgithub.com%2Fsvmk%2Ffund-watch-bot" "/workspace/builds/worker-11/source", kill_on_drop: false }`
[INFO] [stderr] Cloning into '/workspace/builds/worker-11/source'...
[INFO] [stderr] done.
[INFO] validating manifest of git repo https://github.com/svmk/fund-watch-bot on toolchain beta-2021-08-01
[INFO] running `Command { std: "/workspace/cargo-home/bin/cargo" "+beta-2021-08-01" "metadata" "--manifest-path" "Cargo.toml" "--no-deps", kill_on_drop: false }`
[INFO] started tweaking git repo https://github.com/svmk/fund-watch-bot
[INFO] finished tweaking git repo https://github.com/svmk/fund-watch-bot
[INFO] tweaked toml for git repo https://github.com/svmk/fund-watch-bot written to /workspace/builds/worker-11/source/Cargo.toml
[INFO] crate git repo https://github.com/svmk/fund-watch-bot already has a lockfile, it will not be regenerated
[INFO] running `Command { std: "/workspace/cargo-home/bin/cargo" "+beta-2021-08-01" "fetch" "--manifest-path" "Cargo.toml", kill_on_drop: false }`
[INFO] [stderr]     Updating git repository `https://github.com/svmk/derive_value_object`
[INFO] [stderr]     Updating git repository `https://gitlab.com/svmk/tbot`
[INFO] [stderr]     Updating git repository `https://github.com/svmk/typed-di`
[INFO] [stderr]  Downloading crates ...
[INFO] [stderr]   Downloaded yaml-rust v0.4.5
[INFO] [stderr]   Downloaded darling_macro v0.12.0
[INFO] [stderr]   Downloaded darling v0.12.0
[INFO] [stderr]   Downloaded sentry-anyhow v0.22.0
[INFO] [stderr]   Downloaded loom v0.4.0
[INFO] [stderr]   Downloaded sentry-backtrace v0.22.0
[INFO] [stderr]   Downloaded async-walkdir v0.2.0
[INFO] [stderr]   Downloaded sentry-types v0.22.0
[INFO] [stderr]   Downloaded derive-new v0.5.9
[INFO] [stderr]   Downloaded async-fs v1.5.0
[INFO] [stderr]   Downloaded uname v0.1.1
[INFO] [stderr]   Downloaded sentry-contexts v0.22.0
[INFO] [stderr]   Downloaded sentry-panic v0.22.0
[INFO] [stderr]   Downloaded crossbeam-utils v0.8.2
[INFO] [stderr]   Downloaded csv v1.1.5
[INFO] [stderr]   Downloaded serde-query-derive v0.1.3
[INFO] [stderr]   Downloaded sxd-xpath v0.4.2
[INFO] [stderr]   Downloaded is-macro v0.1.9
[INFO] [stderr]   Downloaded headers v0.3.4
[INFO] [stderr]   Downloaded serde-query v0.1.3
[INFO] [stderr]   Downloaded darling_core v0.12.0
[INFO] [stderr]   Downloaded itertools v0.10.0
[INFO] [stderr]   Downloaded pmutil v0.5.3
[INFO] [stderr]   Downloaded sentry-core v0.22.0
[INFO] [stderr]   Downloaded hyper-proxy v0.9.0
[INFO] [stderr]   Downloaded async-socks5 v0.5.0
[INFO] [stderr]   Downloaded tracing v0.1.24
[INFO] [stderr]   Downloaded paste v1.0.4
[INFO] [stderr]   Downloaded sxd-document v0.3.2
[INFO] [stderr]   Downloaded hyper-socks2 v0.6.0
[INFO] [stderr]   Downloaded debugid v0.7.2
[INFO] [stderr]   Downloaded peresil v0.3.0
[INFO] [stderr]   Downloaded serde_yaml v0.8.17
[INFO] [stderr]   Downloaded typed-arena v1.7.0
[INFO] [stderr]   Downloaded radix_fmt v1.0.0
[INFO] [stderr]   Downloaded sentry v0.22.0
[INFO] [stderr]   Downloaded mio v0.7.8
[INFO] running `Command { std: "docker" "create" "-v" "/var/lib/crater-agent-workspace/builds/worker-11/target:/opt/rustwide/target:rw,Z" "-v" "/var/lib/crater-agent-workspace/builds/worker-11/source:/opt/rustwide/workdir:ro,Z" "-v" "/var/lib/crater-agent-workspace/cargo-home:/opt/rustwide/cargo-home:ro,Z" "-v" "/var/lib/crater-agent-workspace/rustup-home:/opt/rustwide/rustup-home:ro,Z" "-e" "SOURCE_DIR=/opt/rustwide/workdir" "-e" "CARGO_TARGET_DIR=/opt/rustwide/target" "-e" "CARGO_HOME=/opt/rustwide/cargo-home" "-e" "RUSTUP_HOME=/opt/rustwide/rustup-home" "-w" "/opt/rustwide/workdir" "-m" "1610612736" "--user" "0:0" "--network" "none" "ghcr.io/rust-lang/crates-build-env/linux@sha256:34b6a614d2c27851fe6cbf88fbd1137609cefab8b10d0615aaeb6fd47975d74e" "/opt/rustwide/cargo-home/bin/cargo" "+beta-2021-08-01" "metadata" "--no-deps" "--format-version=1", kill_on_drop: false }`
[INFO] [stdout] 6ebbad5dea593fa586d5bbb1babd5561acb730396d7dbd16b386e268d1149387
[INFO] [stderr] WARNING: Your kernel does not support swap limit capabilities or the cgroup is not mounted. Memory limited without swap.
[INFO] running `Command { std: "docker" "start" "-a" "6ebbad5dea593fa586d5bbb1babd5561acb730396d7dbd16b386e268d1149387", kill_on_drop: false }`
[INFO] running `Command { std: "docker" "inspect" "6ebbad5dea593fa586d5bbb1babd5561acb730396d7dbd16b386e268d1149387", kill_on_drop: false }`
[INFO] running `Command { std: "docker" "rm" "-f" "6ebbad5dea593fa586d5bbb1babd5561acb730396d7dbd16b386e268d1149387", kill_on_drop: false }`
[INFO] [stdout] 6ebbad5dea593fa586d5bbb1babd5561acb730396d7dbd16b386e268d1149387
[INFO] running `Command { std: "docker" "create" "-v" "/var/lib/crater-agent-workspace/builds/worker-11/target:/opt/rustwide/target:rw,Z" "-v" "/var/lib/crater-agent-workspace/builds/worker-11/source:/opt/rustwide/workdir:ro,Z" "-v" "/var/lib/crater-agent-workspace/cargo-home:/opt/rustwide/cargo-home:ro,Z" "-v" "/var/lib/crater-agent-workspace/rustup-home:/opt/rustwide/rustup-home:ro,Z" "-e" "SOURCE_DIR=/opt/rustwide/workdir" "-e" "CARGO_TARGET_DIR=/opt/rustwide/target" "-e" "CARGO_INCREMENTAL=0" "-e" "RUST_BACKTRACE=full" "-e" "RUSTFLAGS=--cap-lints=warn" "-e" "CARGO_HOME=/opt/rustwide/cargo-home" "-e" "RUSTUP_HOME=/opt/rustwide/rustup-home" "-w" "/opt/rustwide/workdir" "-m" "1610612736" "--user" "0:0" "--network" "none" "ghcr.io/rust-lang/crates-build-env/linux@sha256:34b6a614d2c27851fe6cbf88fbd1137609cefab8b10d0615aaeb6fd47975d74e" "/opt/rustwide/cargo-home/bin/cargo" "+beta-2021-08-01" "build" "--frozen" "--message-format=json", kill_on_drop: false }`
[INFO] [stderr] WARNING: Your kernel does not support swap limit capabilities or the cgroup is not mounted. Memory limited without swap.
[INFO] [stdout] c77b90a5ee0362ae17c6dddcf957b3f7bda9802ccf57574a7106f9f34dc12b53
[INFO] running `Command { std: "docker" "start" "-a" "c77b90a5ee0362ae17c6dddcf957b3f7bda9802ccf57574a7106f9f34dc12b53", kill_on_drop: false }`
[INFO] [stderr]    Compiling syn v1.0.60
[INFO] [stderr]    Compiling value-bag v1.0.0-alpha.6
[INFO] [stderr]    Compiling log v0.4.14
[INFO] [stderr]    Compiling serde_json v1.0.62
[INFO] [stderr]    Compiling byteorder v1.4.2
[INFO] [stderr]    Compiling typed-arena v1.7.0
[INFO] [stderr]    Compiling peresil v0.3.0
[INFO] [stderr]    Compiling paste v1.0.4
[INFO] [stderr]    Compiling radix_fmt v1.0.0
[INFO] [stderr]    Compiling tokio v1.2.0
[INFO] [stderr]    Compiling crossbeam-utils v0.8.2
[INFO] [stderr]    Compiling async-lock v2.3.0
[INFO] [stderr]    Compiling openssl-sys v0.9.60
[INFO] [stderr]    Compiling headers-core v0.2.0
[INFO] [stderr]    Compiling async-channel v1.6.1
[INFO] [stderr]    Compiling num_cpus v1.13.0
[INFO] [stderr]    Compiling getrandom v0.2.2
[INFO] [stderr]    Compiling parking_lot_core v0.8.3
[INFO] [stderr]    Compiling signal-hook-registry v1.3.0
[INFO] [stderr]    Compiling socket2 v0.3.19
[INFO] [stderr]    Compiling time v0.1.43
[INFO] [stderr]    Compiling hostname v0.3.1
[INFO] [stderr]    Compiling uname v0.1.1
[INFO] [stderr]    Compiling atty v0.2.14
[INFO] [stderr]    Compiling csv-core v0.1.10
[INFO] [stderr]    Compiling idna v0.2.2
[INFO] [stderr]    Compiling proc-macro-error-attr v1.0.4
[INFO] [stderr]    Compiling sxd-document v0.3.2
[INFO] [stderr]    Compiling openssl v0.10.32
[INFO] [stderr]    Compiling native-tls v0.2.7
[INFO] [stderr]    Compiling blocking v1.0.2
[INFO] [stderr]    Compiling regex-automata v0.1.9
[INFO] [stderr]    Compiling rand_core v0.6.2
[INFO] [stderr]    Compiling backtrace v0.3.56
[INFO] [stderr]    Compiling clap v2.33.3
[INFO] [stderr]    Compiling parking_lot v0.11.1
[INFO] [stderr]    Compiling nb-connect v1.0.3
[INFO] [stderr]    Compiling rand_chacha v0.3.0
[INFO] [stderr]    Compiling sha-1 v0.9.4
[INFO] [stderr]    Compiling sentry-contexts v0.22.0
[INFO] [stderr]    Compiling async-fs v1.5.0
[INFO] [stderr]    Compiling rand v0.8.3
[INFO] [stderr]    Compiling headers v0.3.4
[INFO] [stderr]    Compiling async-walkdir v0.2.0
[INFO] [stderr]    Compiling sxd-xpath v0.4.2
[INFO] [stderr]    Compiling tempfile v3.2.0
[INFO] [stderr]    Compiling darling_core v0.12.0
[INFO] [stderr]    Compiling proc-macro-error v1.0.4
[INFO] [stderr]    Compiling pmutil v0.5.3
[INFO] [stderr]    Compiling ctor v0.1.19
[INFO] [stderr]    Compiling serde_derive v1.0.123
[INFO] [stderr]    Compiling tokio-macros v1.1.0
[INFO] [stderr]    Compiling futures-macro v0.3.12
[INFO] [stderr]    Compiling thiserror-impl v1.0.24
[INFO] [stderr]    Compiling tracing-attributes v0.1.13
[INFO] [stderr]    Compiling pin-project-internal v1.0.5
[INFO] [stderr]    Compiling async-trait v0.1.42
[INFO] [stderr]    Compiling is-macro v0.1.9
[INFO] [stderr]    Compiling structopt-derive v0.4.14
[INFO] [stderr]    Compiling serde-query-derive v0.1.3
[INFO] [stderr]    Compiling derive-new v0.5.9
[INFO] [stderr]    Compiling derive_more v0.99.11
[INFO] [stderr]    Compiling darling_macro v0.12.0
[INFO] [stderr]    Compiling futures-util v0.3.12
[INFO] [stderr]    Compiling mio v0.7.8
[INFO] [stderr]    Compiling want v0.3.0
[INFO] [stderr]    Compiling polling v2.0.2
[INFO] [stderr]    Compiling kv-log-macro v1.0.7
[INFO] [stderr]    Compiling thiserror v1.0.24
[INFO] [stderr]    Compiling darling v0.12.0
[INFO] [stderr]    Compiling async-io v1.3.1
[INFO] [stderr]    Compiling tracing v0.1.24
[INFO] [stderr]    Compiling structopt v0.3.21
[INFO] [stderr]    Compiling async-global-executor v2.0.2
[INFO] [stderr]    Compiling pin-project v1.0.5
[INFO] [stderr]    Compiling tracing-futures v0.2.5
[INFO] [stderr]    Compiling async-std v1.9.0
[INFO] [stderr]    Compiling futures-executor v0.3.12
[INFO] [stderr]    Compiling serde v1.0.123
[INFO] [stderr]    Compiling futures v0.3.12
[INFO] [stderr]    Compiling typed-di v0.1.0 (https://github.com/svmk/typed-di#cd1bedb3)
[INFO] [stdout] error[E0557]: feature has been removed
[INFO] [stdout]  --> /opt/rustwide/cargo-home/git/checkouts/typed-di-4ca067924af14fc7/cd1bedb/src/lib.rs:2:12
[INFO] [stdout]   |
[INFO] [stdout] 2 | #![feature(const_fn)]
[INFO] [stdout]   |            ^^^^^^^^ feature has been removed
[INFO] [stdout]   |
[INFO] [stdout]   = note: split into finer-grained feature gates
[INFO] [stdout] 
[INFO] [stdout] 
[INFO] [stdout] error[E0433]: failed to resolve: could not find `raw` in `std`
[INFO] [stdout]   --> /opt/rustwide/cargo-home/git/checkouts/typed-di-4ca067924af14fc7/cd1bedb/src/service/service.rs:50:39
[INFO] [stdout]    |
[INFO] [stdout] 50 |                 let reference: ::std::raw::TraitObject = unsafe {
[INFO] [stdout]    |                                       ^^^ could not find `raw` in `std`
[INFO] [stdout] 
[INFO] [stdout] 
[INFO] [stdout] error[E0554]: `#![feature]` may not be used on the beta release channel
[INFO] [stdout]  --> /opt/rustwide/cargo-home/git/checkouts/typed-di-4ca067924af14fc7/cd1bedb/src/lib.rs:1:1
[INFO] [stdout]   |
[INFO] [stdout] 1 | #![feature(const_type_name)]
[INFO] [stdout]   | ^^^^^^^^^^^^^^^^^^^^^^^^^^^^
[INFO] [stdout] 
[INFO] [stdout] 
[INFO] [stdout] error[E0554]: `#![feature]` may not be used on the beta release channel
[INFO] [stdout]  --> /opt/rustwide/cargo-home/git/checkouts/typed-di-4ca067924af14fc7/cd1bedb/src/lib.rs:2:1
[INFO] [stdout]   |
[INFO] [stdout] 2 | #![feature(const_fn)]
[INFO] [stdout]   | ^^^^^^^^^^^^^^^^^^^^^
[INFO] [stdout] 
[INFO] [stdout] 
[INFO] [stdout] error[E0554]: `#![feature]` may not be used on the beta release channel
[INFO] [stdout]  --> /opt/rustwide/cargo-home/git/checkouts/typed-di-4ca067924af14fc7/cd1bedb/src/lib.rs:3:1
[INFO] [stdout]   |
[INFO] [stdout] 3 | #![feature(raw)]
[INFO] [stdout]   | ^^^^^^^^^^^^^^^^
[INFO] [stdout] 
[INFO] [stdout] 
[INFO] [stdout] error: aborting due to 5 previous errors
[INFO] [stdout] 
[INFO] [stdout] 
[INFO] [stdout] Some errors have detailed explanations: E0433, E0554, E0557.
[INFO] [stdout] 
[INFO] [stdout] For more information about an error, try `rustc --explain E0433`.
[INFO] [stdout] 
[INFO] [stderr] error: could not compile `typed-di` due to 6 previous errors
[INFO] [stderr] warning: build failed, waiting for other jobs to finish...
[INFO] [stderr] error: build failed
[INFO] running `Command { std: "docker" "inspect" "c77b90a5ee0362ae17c6dddcf957b3f7bda9802ccf57574a7106f9f34dc12b53", kill_on_drop: false }`
[INFO] running `Command { std: "docker" "rm" "-f" "c77b90a5ee0362ae17c6dddcf957b3f7bda9802ccf57574a7106f9f34dc12b53", kill_on_drop: false }`
[INFO] [stdout] c77b90a5ee0362ae17c6dddcf957b3f7bda9802ccf57574a7106f9f34dc12b53
