[INFO] cloning repository https://github.com/sunsided/rust-arrayfire-experiments
[INFO] running `Command { std: "git" "-c" "credential.helper=" "-c" "credential.helper=/workspace/cargo-home/bin/git-credential-null" "clone" "--bare" "https://github.com/sunsided/rust-arrayfire-experiments" "/workspace/cache/git-repos/https%3A%2F%2Fgithub.com%2Fsunsided%2Frust-arrayfire-experiments", kill_on_drop: false }`
[INFO] [stderr] Cloning into bare repository '/workspace/cache/git-repos/https%3A%2F%2Fgithub.com%2Fsunsided%2Frust-arrayfire-experiments'...
[INFO] running `Command { std: "git" "rev-parse" "HEAD", kill_on_drop: false }`
[INFO] [stdout] d0bf15d6501523487b27779a8bce0b4aec76f44a
[INFO] testing sunsided/rust-arrayfire-experiments against beta-2021-08-01 for beta-1.55-1
[INFO] running `Command { std: "git" "clone" "/workspace/cache/git-repos/https%3A%2F%2Fgithub.com%2Fsunsided%2Frust-arrayfire-experiments" "/workspace/builds/worker-0/source", kill_on_drop: false }`
[INFO] [stderr] Cloning into '/workspace/builds/worker-0/source'...
[INFO] [stderr] done.
[INFO] validating manifest of git repo https://github.com/sunsided/rust-arrayfire-experiments on toolchain beta-2021-08-01
[INFO] running `Command { std: "/workspace/cargo-home/bin/cargo" "+beta-2021-08-01" "metadata" "--manifest-path" "Cargo.toml" "--no-deps", kill_on_drop: false }`
[INFO] started tweaking git repo https://github.com/sunsided/rust-arrayfire-experiments
[INFO] finished tweaking git repo https://github.com/sunsided/rust-arrayfire-experiments
[INFO] tweaked toml for git repo https://github.com/sunsided/rust-arrayfire-experiments written to /workspace/builds/worker-0/source/Cargo.toml
[INFO] crate git repo https://github.com/sunsided/rust-arrayfire-experiments already has a lockfile, it will not be regenerated
[INFO] running `Command { std: "/workspace/cargo-home/bin/cargo" "+beta-2021-08-01" "fetch" "--manifest-path" "Cargo.toml", kill_on_drop: false }`
[INFO] [stderr]  Downloading crates ...
[INFO] [stderr]   Downloaded arrayfire v3.7.0
[INFO] running `Command { std: "docker" "create" "-v" "/var/lib/crater-agent-workspace/builds/worker-0/target:/opt/rustwide/target:rw,Z" "-v" "/var/lib/crater-agent-workspace/builds/worker-0/source:/opt/rustwide/workdir:ro,Z" "-v" "/var/lib/crater-agent-workspace/cargo-home:/opt/rustwide/cargo-home:ro,Z" "-v" "/var/lib/crater-agent-workspace/rustup-home:/opt/rustwide/rustup-home:ro,Z" "-e" "SOURCE_DIR=/opt/rustwide/workdir" "-e" "CARGO_TARGET_DIR=/opt/rustwide/target" "-e" "CARGO_HOME=/opt/rustwide/cargo-home" "-e" "RUSTUP_HOME=/opt/rustwide/rustup-home" "-w" "/opt/rustwide/workdir" "-m" "1610612736" "--user" "0:0" "--network" "none" "ghcr.io/rust-lang/crates-build-env/linux@sha256:34b6a614d2c27851fe6cbf88fbd1137609cefab8b10d0615aaeb6fd47975d74e" "/opt/rustwide/cargo-home/bin/cargo" "+beta-2021-08-01" "metadata" "--no-deps" "--format-version=1", kill_on_drop: false }`
[INFO] [stdout] 0589ae884c6060c2f6f0e04a20190b1626de3f972de8a00cb2fb47b6696100c3
[INFO] [stderr] WARNING: Your kernel does not support swap limit capabilities or the cgroup is not mounted. Memory limited without swap.
[INFO] running `Command { std: "docker" "start" "-a" "0589ae884c6060c2f6f0e04a20190b1626de3f972de8a00cb2fb47b6696100c3", kill_on_drop: false }`
[INFO] running `Command { std: "docker" "inspect" "0589ae884c6060c2f6f0e04a20190b1626de3f972de8a00cb2fb47b6696100c3", kill_on_drop: false }`
[INFO] running `Command { std: "docker" "rm" "-f" "0589ae884c6060c2f6f0e04a20190b1626de3f972de8a00cb2fb47b6696100c3", kill_on_drop: false }`
[INFO] [stdout] 0589ae884c6060c2f6f0e04a20190b1626de3f972de8a00cb2fb47b6696100c3
[INFO] running `Command { std: "docker" "create" "-v" "/var/lib/crater-agent-workspace/builds/worker-0/target:/opt/rustwide/target:rw,Z" "-v" "/var/lib/crater-agent-workspace/builds/worker-0/source:/opt/rustwide/workdir:ro,Z" "-v" "/var/lib/crater-agent-workspace/cargo-home:/opt/rustwide/cargo-home:ro,Z" "-v" "/var/lib/crater-agent-workspace/rustup-home:/opt/rustwide/rustup-home:ro,Z" "-e" "SOURCE_DIR=/opt/rustwide/workdir" "-e" "CARGO_TARGET_DIR=/opt/rustwide/target" "-e" "CARGO_INCREMENTAL=0" "-e" "RUST_BACKTRACE=full" "-e" "RUSTFLAGS=--cap-lints=warn" "-e" "CARGO_HOME=/opt/rustwide/cargo-home" "-e" "RUSTUP_HOME=/opt/rustwide/rustup-home" "-w" "/opt/rustwide/workdir" "-m" "1610612736" "--user" "0:0" "--network" "none" "ghcr.io/rust-lang/crates-build-env/linux@sha256:34b6a614d2c27851fe6cbf88fbd1137609cefab8b10d0615aaeb6fd47975d74e" "/opt/rustwide/cargo-home/bin/cargo" "+beta-2021-08-01" "build" "--frozen" "--message-format=json", kill_on_drop: false }`
[INFO] [stderr] WARNING: Your kernel does not support swap limit capabilities or the cgroup is not mounted. Memory limited without swap.
[INFO] [stdout] 78668f2c16a041288b75768c9106f673879fde1745aed5bebc5ec68c4c42dc1c
[INFO] running `Command { std: "docker" "start" "-a" "78668f2c16a041288b75768c9106f673879fde1745aed5bebc5ec68c4c42dc1c", kill_on_drop: false }`
[INFO] [stderr]    Compiling proc-macro2 v1.0.20
[INFO] [stderr]    Compiling syn v1.0.39
[INFO] [stderr]    Compiling serde_derive v1.0.115
[INFO] [stderr]    Compiling num-traits v0.2.12
[INFO] [stderr]    Compiling num-integer v0.1.43
[INFO] [stderr]    Compiling num-iter v0.1.41
[INFO] [stderr]    Compiling serde v1.0.115
[INFO] [stderr]    Compiling quote v1.0.7
[INFO] [stderr]    Compiling num-complex v0.2.4
[INFO] [stderr]    Compiling num-bigint v0.2.6
[INFO] [stderr]    Compiling num-rational v0.2.4
[INFO] [stderr]    Compiling serde_json v1.0.57
[INFO] [stderr]    Compiling num v0.2.1
[INFO] [stderr]    Compiling arrayfire v3.7.0
[INFO] [stderr]    Compiling rust-arrayfire-experiments v0.1.0 (/opt/rustwide/workdir)
[INFO] [stdout] error: linking with `cc` failed: exit status: 1
[INFO] [stdout]   |
[INFO] [stdout]   = note: "cc" "-m64" "/opt/rustwide/target/debug/deps/trivial-9f7bcecfb2955a0f.trivial.dbef40f8-cgu.0.rcgu.o" "/opt/rustwide/target/debug/deps/trivial-9f7bcecfb2955a0f.trivial.dbef40f8-cgu.1.rcgu.o" "/opt/rustwide/target/debug/deps/trivial-9f7bcecfb2955a0f.trivial.dbef40f8-cgu.10.rcgu.o" "/opt/rustwide/target/debug/deps/trivial-9f7bcecfb2955a0f.trivial.dbef40f8-cgu.11.rcgu.o" "/opt/rustwide/target/debug/deps/trivial-9f7bcecfb2955a0f.trivial.dbef40f8-cgu.12.rcgu.o" "/opt/rustwide/target/debug/deps/trivial-9f7bcecfb2955a0f.trivial.dbef40f8-cgu.2.rcgu.o" "/opt/rustwide/target/debug/deps/trivial-9f7bcecfb2955a0f.trivial.dbef40f8-cgu.3.rcgu.o" "/opt/rustwide/target/debug/deps/trivial-9f7bcecfb2955a0f.trivial.dbef40f8-cgu.4.rcgu.o" "/opt/rustwide/target/debug/deps/trivial-9f7bcecfb2955a0f.trivial.dbef40f8-cgu.5.rcgu.o" "/opt/rustwide/target/debug/deps/trivial-9f7bcecfb2955a0f.trivial.dbef40f8-cgu.6.rcgu.o" "/opt/rustwide/target/debug/deps/trivial-9f7bcecfb2955a0f.trivial.dbef40f8-cgu.7.rcgu.o" "/opt/rustwide/target/debug/deps/trivial-9f7bcecfb2955a0f.trivial.dbef40f8-cgu.8.rcgu.o" "/opt/rustwide/target/debug/deps/trivial-9f7bcecfb2955a0f.trivial.dbef40f8-cgu.9.rcgu.o" "/opt/rustwide/target/debug/deps/trivial-9f7bcecfb2955a0f.4vbza32e60gjxp7v.rcgu.o" "-Wl,--as-needed" "-L" "/opt/rustwide/target/debug/deps" "-L" "/opt/arrayfire/lib" "-L" "/opt/arrayfire/lib64" "-L" "/usr/local/lib" "-L" "/usr/lib" "-L" "/opt/rustwide/rustup-home/toolchains/beta-2021-08-01-x86_64-unknown-linux-gnu/lib/rustlib/x86_64-unknown-linux-gnu/lib" "-Wl,-Bstatic" "/opt/rustwide/target/debug/deps/libarrayfire-273f483edb7604e2.rlib" "/opt/rustwide/target/debug/deps/libhalf-cd4355714e9cb362.rlib" "/opt/rustwide/target/debug/deps/libnum-881a67ce7a1ba512.rlib" "/opt/rustwide/target/debug/deps/libnum_rational-43da9acd90424c9e.rlib" "/opt/rustwide/target/debug/deps/libnum_iter-5ea272b0cc0c98fb.rlib" "/opt/rustwide/target/debug/deps/libnum_complex-5ae02d94af40d94f.rlib" "/opt/rustwide/target/debug/deps/libnum_bigint-abcd4d7ef40439b7.rlib" "/opt/rustwide/target/debug/deps/libnum_integer-8be1ac371feacd70.rlib" "/opt/rustwide/target/debug/deps/libnum_traits-3f4b4b60b932b140.rlib" "/opt/rustwide/target/debug/deps/liblibc-48b2b226549d01c2.rlib" "/opt/rustwide/target/debug/deps/liblazy_static-e92083d5a39a8b50.rlib" "-Wl,--start-group" "/opt/rustwide/rustup-home/toolchains/beta-2021-08-01-x86_64-unknown-linux-gnu/lib/rustlib/x86_64-unknown-linux-gnu/lib/libstd-197d933f09d9a590.rlib" "/opt/rustwide/rustup-home/toolchains/beta-2021-08-01-x86_64-unknown-linux-gnu/lib/rustlib/x86_64-unknown-linux-gnu/lib/libpanic_unwind-46a006cddfd334f0.rlib" "/opt/rustwide/rustup-home/toolchains/beta-2021-08-01-x86_64-unknown-linux-gnu/lib/rustlib/x86_64-unknown-linux-gnu/lib/libminiz_oxide-5b9870310e470b38.rlib" "/opt/rustwide/rustup-home/toolchains/beta-2021-08-01-x86_64-unknown-linux-gnu/lib/rustlib/x86_64-unknown-linux-gnu/lib/libadler-260022ba8f1ab4ee.rlib" "/opt/rustwide/rustup-home/toolchains/beta-2021-08-01-x86_64-unknown-linux-gnu/lib/rustlib/x86_64-unknown-linux-gnu/lib/libobject-71377435a799394f.rlib" "/opt/rustwide/rustup-home/toolchains/beta-2021-08-01-x86_64-unknown-linux-gnu/lib/rustlib/x86_64-unknown-linux-gnu/lib/libaddr2line-658ee5924fde57cd.rlib" "/opt/rustwide/rustup-home/toolchains/beta-2021-08-01-x86_64-unknown-linux-gnu/lib/rustlib/x86_64-unknown-linux-gnu/lib/libgimli-9e8627da6bd1b94a.rlib" "/opt/rustwide/rustup-home/toolchains/beta-2021-08-01-x86_64-unknown-linux-gnu/lib/rustlib/x86_64-unknown-linux-gnu/lib/libstd_detect-19fdaac49f59be84.rlib" "/opt/rustwide/rustup-home/toolchains/beta-2021-08-01-x86_64-unknown-linux-gnu/lib/rustlib/x86_64-unknown-linux-gnu/lib/librustc_demangle-cb00e2691ea45905.rlib" "/opt/rustwide/rustup-home/toolchains/beta-2021-08-01-x86_64-unknown-linux-gnu/lib/rustlib/x86_64-unknown-linux-gnu/lib/libhashbrown-50f6726defae5ae1.rlib" "/opt/rustwide/rustup-home/toolchains/beta-2021-08-01-x86_64-unknown-linux-gnu/lib/rustlib/x86_64-unknown-linux-gnu/lib/librustc_std_workspace_alloc-2afc16311deea26e.rlib" "/opt/rustwide/rustup-home/toolchains/beta-2021-08-01-x86_64-unknown-linux-gnu/lib/rustlib/x86_64-unknown-linux-gnu/lib/libunwind-bb5cb0fe086ee8cf.rlib" "/opt/rustwide/rustup-home/toolchains/beta-2021-08-01-x86_64-unknown-linux-gnu/lib/rustlib/x86_64-unknown-linux-gnu/lib/libcfg_if-896053247b5dfd0b.rlib" "/opt/rustwide/rustup-home/toolchains/beta-2021-08-01-x86_64-unknown-linux-gnu/lib/rustlib/x86_64-unknown-linux-gnu/lib/liblibc-735e1f2ac3cf23be.rlib" "/opt/rustwide/rustup-home/toolchains/beta-2021-08-01-x86_64-unknown-linux-gnu/lib/rustlib/x86_64-unknown-linux-gnu/lib/liballoc-9dfb6622644c732c.rlib" "/opt/rustwide/rustup-home/toolchains/beta-2021-08-01-x86_64-unknown-linux-gnu/lib/rustlib/x86_64-unknown-linux-gnu/lib/librustc_std_workspace_core-beea7d9617fe25c5.rlib" "/opt/rustwide/rustup-home/toolchains/beta-2021-08-01-x86_64-unknown-linux-gnu/lib/rustlib/x86_64-unknown-linux-gnu/lib/libcore-8ef7dd43fc671f88.rlib" "-Wl,--end-group" "/opt/rustwide/rustup-home/toolchains/beta-2021-08-01-x86_64-unknown-linux-gnu/lib/rustlib/x86_64-unknown-linux-gnu/lib/libcompiler_builtins-a9a3b2ad67977f47.rlib" "-Wl,-Bdynamic" "-lutil" "-ldl" "-lutil" "-lgcc_s" "-lutil" "-lrt" "-lpthread" "-lm" "-ldl" "-lc" "-Wl,--eh-frame-hdr" "-Wl,-znoexecstack" "-L" "/opt/rustwide/rustup-home/toolchains/beta-2021-08-01-x86_64-unknown-linux-gnu/lib/rustlib/x86_64-unknown-linux-gnu/lib" "-o" "/opt/rustwide/target/debug/deps/trivial-9f7bcecfb2955a0f" "-Wl,--gc-sections" "-pie" "-Wl,-zrelro" "-Wl,-znow" "-nodefaultlibs"
[INFO] [stdout]   = note: /usr/bin/ld: /opt/rustwide/target/debug/deps/trivial-9f7bcecfb2955a0f.trivial.dbef40f8-cgu.2.rcgu.o: in function `arrayfire::random::randu':
[INFO] [stdout]           /opt/rustwide/cargo-home/registry/src/github.com-1ecc6299db9ec823/arrayfire-3.7.0/src/random/mod.rs:82: undefined reference to `af_randu'
[INFO] [stdout]           /usr/bin/ld: /opt/rustwide/target/debug/deps/trivial-9f7bcecfb2955a0f.trivial.dbef40f8-cgu.3.rcgu.o: in function `arrayfire::array::print_gen':
[INFO] [stdout]           /opt/rustwide/cargo-home/registry/src/github.com-1ecc6299db9ec823/arrayfire-3.7.0/src/array.rs:648: undefined reference to `af_print_array_gen'
[INFO] [stdout]           /usr/bin/ld: /opt/rustwide/target/debug/deps/libarrayfire-273f483edb7604e2.rlib(arrayfire-273f483edb7604e2.arrayfire.e2acfd30-cgu.13.rcgu.o): in function `arrayfire::util::free_host':
[INFO] [stdout]           /opt/rustwide/cargo-home/registry/src/github.com-1ecc6299db9ec823/arrayfire-3.7.0/src/util.rs:71: undefined reference to `af_free_host'
[INFO] [stdout]           /usr/bin/ld: /opt/rustwide/target/debug/deps/libarrayfire-273f483edb7604e2.rlib(arrayfire-273f483edb7604e2.arrayfire.e2acfd30-cgu.14.rcgu.o): in function `arrayfire::error::get_last_error':
[INFO] [stdout]           /opt/rustwide/cargo-home/registry/src/github.com-1ecc6299db9ec823/arrayfire-3.7.0/src/error.rs:106: undefined reference to `af_get_last_error'
[INFO] [stdout]           /usr/bin/ld: /opt/rustwide/target/debug/deps/libarrayfire-273f483edb7604e2.rlib(arrayfire-273f483edb7604e2.arrayfire.e2acfd30-cgu.15.rcgu.o): in function `arrayfire::device::info':
[INFO] [stdout]           /opt/rustwide/cargo-home/registry/src/github.com-1ecc6299db9ec823/arrayfire-3.7.0/src/device/mod.rs:79: undefined reference to `af_info'
[INFO] [stdout]           /usr/bin/ld: /opt/rustwide/target/debug/deps/libarrayfire-273f483edb7604e2.rlib(arrayfire-273f483edb7604e2.arrayfire.e2acfd30-cgu.2.rcgu.o): in function `<arrayfire::array::Array<T> as core::ops::drop::Drop>::drop':
[INFO] [stdout]           /opt/rustwide/cargo-home/registry/src/github.com-1ecc6299db9ec823/arrayfire-3.7.0/src/array.rs:566: undefined reference to `af_release_array'
[INFO] [stdout]           collect2: error: ld returned 1 exit status
[INFO] [stdout]           
[INFO] [stdout]   = help: some `extern` functions couldn't be found; some native libraries may need to be installed or have their path specified
[INFO] [stdout]   = note: use the `-l` flag to specify native libraries to link
[INFO] [stdout]   = note: use the `cargo:rustc-link-lib` directive to specify the native libraries to link with Cargo (see https://doc.rust-lang.org/cargo/reference/build-scripts.html#cargorustc-link-libkindname)
[INFO] [stdout] 
[INFO] [stdout] 
[INFO] [stdout] error: aborting due to previous error
[INFO] [stdout] 
[INFO] [stdout] 
[INFO] [stderr] error: could not compile `rust-arrayfire-experiments` due to 2 previous errors
[INFO] [stderr] warning: build failed, waiting for other jobs to finish...
[INFO] [stdout] error: linking with `cc` failed: exit status: 1
[INFO] [stdout]   |
[INFO] [stdout]   = note: "cc" "-m64" "/opt/rustwide/target/debug/deps/conway-5d2c0e003eecfd54.conway.11657394-cgu.0.rcgu.o" "/opt/rustwide/target/debug/deps/conway-5d2c0e003eecfd54.conway.11657394-cgu.1.rcgu.o" "/opt/rustwide/target/debug/deps/conway-5d2c0e003eecfd54.conway.11657394-cgu.10.rcgu.o" "/opt/rustwide/target/debug/deps/conway-5d2c0e003eecfd54.conway.11657394-cgu.11.rcgu.o" "/opt/rustwide/target/debug/deps/conway-5d2c0e003eecfd54.conway.11657394-cgu.12.rcgu.o" "/opt/rustwide/target/debug/deps/conway-5d2c0e003eecfd54.conway.11657394-cgu.13.rcgu.o" "/opt/rustwide/target/debug/deps/conway-5d2c0e003eecfd54.conway.11657394-cgu.14.rcgu.o" "/opt/rustwide/target/debug/deps/conway-5d2c0e003eecfd54.conway.11657394-cgu.15.rcgu.o" "/opt/rustwide/target/debug/deps/conway-5d2c0e003eecfd54.conway.11657394-cgu.2.rcgu.o" "/opt/rustwide/target/debug/deps/conway-5d2c0e003eecfd54.conway.11657394-cgu.3.rcgu.o" "/opt/rustwide/target/debug/deps/conway-5d2c0e003eecfd54.conway.11657394-cgu.4.rcgu.o" "/opt/rustwide/target/debug/deps/conway-5d2c0e003eecfd54.conway.11657394-cgu.5.rcgu.o" "/opt/rustwide/target/debug/deps/conway-5d2c0e003eecfd54.conway.11657394-cgu.6.rcgu.o" "/opt/rustwide/target/debug/deps/conway-5d2c0e003eecfd54.conway.11657394-cgu.7.rcgu.o" "/opt/rustwide/target/debug/deps/conway-5d2c0e003eecfd54.conway.11657394-cgu.8.rcgu.o" "/opt/rustwide/target/debug/deps/conway-5d2c0e003eecfd54.conway.11657394-cgu.9.rcgu.o" "/opt/rustwide/target/debug/deps/conway-5d2c0e003eecfd54.3aau51m399smbrje.rcgu.o" "-Wl,--as-needed" "-L" "/opt/rustwide/target/debug/deps" "-L" "/opt/arrayfire/lib" "-L" "/opt/arrayfire/lib64" "-L" "/usr/local/lib" "-L" "/usr/lib" "-L" "/opt/rustwide/rustup-home/toolchains/beta-2021-08-01-x86_64-unknown-linux-gnu/lib/rustlib/x86_64-unknown-linux-gnu/lib" "-Wl,-Bstatic" "/opt/rustwide/target/debug/deps/libarrayfire-273f483edb7604e2.rlib" "/opt/rustwide/target/debug/deps/libhalf-cd4355714e9cb362.rlib" "/opt/rustwide/target/debug/deps/libnum-881a67ce7a1ba512.rlib" "/opt/rustwide/target/debug/deps/libnum_rational-43da9acd90424c9e.rlib" "/opt/rustwide/target/debug/deps/libnum_iter-5ea272b0cc0c98fb.rlib" "/opt/rustwide/target/debug/deps/libnum_complex-5ae02d94af40d94f.rlib" "/opt/rustwide/target/debug/deps/libnum_bigint-abcd4d7ef40439b7.rlib" "/opt/rustwide/target/debug/deps/libnum_integer-8be1ac371feacd70.rlib" "/opt/rustwide/target/debug/deps/libnum_traits-3f4b4b60b932b140.rlib" "/opt/rustwide/target/debug/deps/liblibc-48b2b226549d01c2.rlib" "/opt/rustwide/target/debug/deps/liblazy_static-e92083d5a39a8b50.rlib" "-Wl,--start-group" "/opt/rustwide/rustup-home/toolchains/beta-2021-08-01-x86_64-unknown-linux-gnu/lib/rustlib/x86_64-unknown-linux-gnu/lib/libstd-197d933f09d9a590.rlib" "/opt/rustwide/rustup-home/toolchains/beta-2021-08-01-x86_64-unknown-linux-gnu/lib/rustlib/x86_64-unknown-linux-gnu/lib/libpanic_unwind-46a006cddfd334f0.rlib" "/opt/rustwide/rustup-home/toolchains/beta-2021-08-01-x86_64-unknown-linux-gnu/lib/rustlib/x86_64-unknown-linux-gnu/lib/libminiz_oxide-5b9870310e470b38.rlib" "/opt/rustwide/rustup-home/toolchains/beta-2021-08-01-x86_64-unknown-linux-gnu/lib/rustlib/x86_64-unknown-linux-gnu/lib/libadler-260022ba8f1ab4ee.rlib" "/opt/rustwide/rustup-home/toolchains/beta-2021-08-01-x86_64-unknown-linux-gnu/lib/rustlib/x86_64-unknown-linux-gnu/lib/libobject-71377435a799394f.rlib" "/opt/rustwide/rustup-home/toolchains/beta-2021-08-01-x86_64-unknown-linux-gnu/lib/rustlib/x86_64-unknown-linux-gnu/lib/libaddr2line-658ee5924fde57cd.rlib" "/opt/rustwide/rustup-home/toolchains/beta-2021-08-01-x86_64-unknown-linux-gnu/lib/rustlib/x86_64-unknown-linux-gnu/lib/libgimli-9e8627da6bd1b94a.rlib" "/opt/rustwide/rustup-home/toolchains/beta-2021-08-01-x86_64-unknown-linux-gnu/lib/rustlib/x86_64-unknown-linux-gnu/lib/libstd_detect-19fdaac49f59be84.rlib" "/opt/rustwide/rustup-home/toolchains/beta-2021-08-01-x86_64-unknown-linux-gnu/lib/rustlib/x86_64-unknown-linux-gnu/lib/librustc_demangle-cb00e2691ea45905.rlib" "/opt/rustwide/rustup-home/toolchains/beta-2021-08-01-x86_64-unknown-linux-gnu/lib/rustlib/x86_64-unknown-linux-gnu/lib/libhashbrown-50f6726defae5ae1.rlib" "/opt/rustwide/rustup-home/toolchains/beta-2021-08-01-x86_64-unknown-linux-gnu/lib/rustlib/x86_64-unknown-linux-gnu/lib/librustc_std_workspace_alloc-2afc16311deea26e.rlib" "/opt/rustwide/rustup-home/toolchains/beta-2021-08-01-x86_64-unknown-linux-gnu/lib/rustlib/x86_64-unknown-linux-gnu/lib/libunwind-bb5cb0fe086ee8cf.rlib" "/opt/rustwide/rustup-home/toolchains/beta-2021-08-01-x86_64-unknown-linux-gnu/lib/rustlib/x86_64-unknown-linux-gnu/lib/libcfg_if-896053247b5dfd0b.rlib" "/opt/rustwide/rustup-home/toolchains/beta-2021-08-01-x86_64-unknown-linux-gnu/lib/rustlib/x86_64-unknown-linux-gnu/lib/liblibc-735e1f2ac3cf23be.rlib" "/opt/rustwide/rustup-home/toolchains/beta-2021-08-01-x86_64-unknown-linux-gnu/lib/rustlib/x86_64-unknown-linux-gnu/lib/liballoc-9dfb6622644c732c.rlib" "/opt/rustwide/rustup-home/toolchains/beta-2021-08-01-x86_64-unknown-linux-gnu/lib/rustlib/x86_64-unknown-linux-gnu/lib/librustc_std_workspace_core-beea7d9617fe25c5.rlib" "/opt/rustwide/rustup-home/toolchains/beta-2021-08-01-x86_64-unknown-linux-gnu/lib/rustlib/x86_64-unknown-linux-gnu/lib/libcore-8ef7dd43fc671f88.rlib" "-Wl,--end-group" "/opt/rustwide/rustup-home/toolchains/beta-2021-08-01-x86_64-unknown-linux-gnu/lib/rustlib/x86_64-unknown-linux-gnu/lib/libcompiler_builtins-a9a3b2ad67977f47.rlib" "-Wl,-Bdynamic" "-lutil" "-ldl" "-lutil" "-lgcc_s" "-lutil" "-lrt" "-lpthread" "-lm" "-ldl" "-lc" "-Wl,--eh-frame-hdr" "-Wl,-znoexecstack" "-L" "/opt/rustwide/rustup-home/toolchains/beta-2021-08-01-x86_64-unknown-linux-gnu/lib/rustlib/x86_64-unknown-linux-gnu/lib" "-o" "/opt/rustwide/target/debug/deps/conway-5d2c0e003eecfd54" "-Wl,--gc-sections" "-pie" "-Wl,-zrelro" "-Wl,-znow" "-nodefaultlibs"
[INFO] [stdout]   = note: /usr/bin/ld: /opt/rustwide/target/debug/deps/conway-5d2c0e003eecfd54.conway.11657394-cgu.0.rcgu.o: in function `arrayfire::arith::add_helper':
[INFO] [stdout]           /opt/rustwide/cargo-home/registry/src/github.com-1ecc6299db9ec823/arrayfire-3.7.0/src/arith/mod.rs:415: undefined reference to `af_add'
[INFO] [stdout]           /usr/bin/ld: /opt/rustwide/target/debug/deps/conway-5d2c0e003eecfd54.conway.11657394-cgu.0.rcgu.o: in function `arrayfire::arith::mul_helper':
[INFO] [stdout]           /opt/rustwide/cargo-home/registry/src/github.com-1ecc6299db9ec823/arrayfire-3.7.0/src/arith/mod.rs:415: undefined reference to `af_mul'
[INFO] [stdout]           /usr/bin/ld: /opt/rustwide/target/debug/deps/conway-5d2c0e003eecfd54.conway.11657394-cgu.0.rcgu.o: in function `arrayfire::arith::clamp_helper':
[INFO] [stdout]           /opt/rustwide/cargo-home/registry/src/github.com-1ecc6299db9ec823/arrayfire-3.7.0/src/arith/mod.rs:617: undefined reference to `af_clamp'
[INFO] [stdout]           /usr/bin/ld: /opt/rustwide/target/debug/deps/conway-5d2c0e003eecfd54.conway.11657394-cgu.0.rcgu.o: in function `arrayfire::arith::eq_helper':
[INFO] [stdout]           /opt/rustwide/cargo-home/registry/src/github.com-1ecc6299db9ec823/arrayfire-3.7.0/src/arith/mod.rs:515: undefined reference to `af_eq'
[INFO] [stdout]           /usr/bin/ld: /opt/rustwide/target/debug/deps/conway-5d2c0e003eecfd54.conway.11657394-cgu.0.rcgu.o: in function `arrayfire::arith::gt_helper':
[INFO] [stdout]           /opt/rustwide/cargo-home/registry/src/github.com-1ecc6299db9ec823/arrayfire-3.7.0/src/arith/mod.rs:515: undefined reference to `af_gt'
[INFO] [stdout]           /usr/bin/ld: /opt/rustwide/target/debug/deps/conway-5d2c0e003eecfd54.conway.11657394-cgu.1.rcgu.o: in function `<arrayfire::array::Array<T> as core::clone::Clone>::clone':
[INFO] [stdout]           /opt/rustwide/cargo-home/registry/src/github.com-1ecc6299db9ec823/arrayfire-3.7.0/src/array.rs:550: undefined reference to `af_retain_array'
[INFO] [stdout]           /usr/bin/ld: /opt/rustwide/target/debug/deps/conway-5d2c0e003eecfd54.conway.11657394-cgu.1.rcgu.o: in function `<arrayfire::array::Array<T> as core::ops::drop::Drop>::drop':
[INFO] [stdout]           /opt/rustwide/cargo-home/registry/src/github.com-1ecc6299db9ec823/arrayfire-3.7.0/src/array.rs:566: undefined reference to `af_release_array'
[INFO] [stdout]           /usr/bin/ld: /opt/rustwide/target/debug/deps/conway-5d2c0e003eecfd54.conway.11657394-cgu.1.rcgu.o: in function `arrayfire::array::Array<T>::new':
[INFO] [stdout]           /opt/rustwide/cargo-home/registry/src/github.com-1ecc6299db9ec823/arrayfire-3.7.0/src/array.rs:197: undefined reference to `af_create_array'
[INFO] [stdout]           /usr/bin/ld: /opt/rustwide/target/debug/deps/conway-5d2c0e003eecfd54.conway.11657394-cgu.1.rcgu.o: in function `arrayfire::array::Array<T>::cast':
[INFO] [stdout]           /opt/rustwide/cargo-home/registry/src/github.com-1ecc6299db9ec823/arrayfire-3.7.0/src/array.rs:457: undefined reference to `af_cast'
[INFO] [stdout]           /usr/bin/ld: /opt/rustwide/target/debug/deps/conway-5d2c0e003eecfd54.conway.11657394-cgu.1.rcgu.o: in function `arrayfire::array::Array<T>::dims':
[INFO] [stdout]           /opt/rustwide/cargo-home/registry/src/github.com-1ecc6299db9ec823/arrayfire-3.7.0/src/array.rs:317: undefined reference to `af_get_dims'
[INFO] [stdout]           /usr/bin/ld: /opt/rustwide/target/debug/deps/conway-5d2c0e003eecfd54.conway.11657394-cgu.1.rcgu.o: in function `arrayfire::array::Array<T>::dims':
[INFO] [stdout]           /opt/rustwide/cargo-home/registry/src/github.com-1ecc6299db9ec823/arrayfire-3.7.0/src/array.rs:317: undefined reference to `af_get_dims'
[INFO] [stdout]           /usr/bin/ld: /opt/rustwide/target/debug/deps/conway-5d2c0e003eecfd54.conway.11657394-cgu.1.rcgu.o: in function `arrayfire::array::Array<T>::is_scalar':
[INFO] [stdout]           /opt/rustwide/cargo-home/registry/src/github.com-1ecc6299db9ec823/arrayfire-3.7.0/src/array.rs:153: undefined reference to `af_is_scalar'
[INFO] [stdout]           /usr/bin/ld: /opt/rustwide/target/debug/deps/conway-5d2c0e003eecfd54.conway.11657394-cgu.1.rcgu.o: in function `arrayfire::array::Array<T>::is_scalar':
[INFO] [stdout]           /opt/rustwide/cargo-home/registry/src/github.com-1ecc6299db9ec823/arrayfire-3.7.0/src/array.rs:153: undefined reference to `af_is_scalar'
[INFO] [stdout]           /usr/bin/ld: /opt/rustwide/target/debug/deps/conway-5d2c0e003eecfd54.conway.11657394-cgu.10.rcgu.o: in function `arrayfire::random::randu':
[INFO] [stdout]           /opt/rustwide/cargo-home/registry/src/github.com-1ecc6299db9ec823/arrayfire-3.7.0/src/random/mod.rs:82: undefined reference to `af_randu'
[INFO] [stdout]           /usr/bin/ld: /opt/rustwide/target/debug/deps/conway-5d2c0e003eecfd54.conway.11657394-cgu.12.rcgu.o: in function `arrayfire::signal::convolve2':
[INFO] [stdout]           /opt/rustwide/cargo-home/registry/src/github.com-1ecc6299db9ec823/arrayfire-3.7.0/src/signal/mod.rs:740: undefined reference to `af_convolve2'
[INFO] [stdout]           /usr/bin/ld: /opt/rustwide/target/debug/deps/conway-5d2c0e003eecfd54.conway.11657394-cgu.3.rcgu.o: in function `arrayfire::graphics::Window::draw_image':
[INFO] [stdout]           /opt/rustwide/cargo-home/registry/src/github.com-1ecc6299db9ec823/arrayfire-3.7.0/src/graphics.rs:572: undefined reference to `af_draw_image'
[INFO] [stdout]           /usr/bin/ld: /opt/rustwide/target/debug/deps/conway-5d2c0e003eecfd54.conway.11657394-cgu.4.rcgu.o: in function `arrayfire::data::tile':
[INFO] [stdout]           /opt/rustwide/cargo-home/registry/src/github.com-1ecc6299db9ec823/arrayfire-3.7.0/src/data/mod.rs:503: undefined reference to `af_tile'
[INFO] [stdout]           /usr/bin/ld: /opt/rustwide/target/debug/deps/conway-5d2c0e003eecfd54.conway.11657394-cgu.4.rcgu.o: in function `arrayfire::data::tile':
[INFO] [stdout]           /opt/rustwide/cargo-home/registry/src/github.com-1ecc6299db9ec823/arrayfire-3.7.0/src/data/mod.rs:503: undefined reference to `af_tile'
[INFO] [stdout]           /usr/bin/ld: /opt/rustwide/target/debug/deps/libarrayfire-273f483edb7604e2.rlib(arrayfire-273f483edb7604e2.arrayfire.e2acfd30-cgu.11.rcgu.o): in function `<f32 as arrayfire::data::ConstGenerator>::generate':
[INFO] [stdout]           /opt/rustwide/cargo-home/registry/src/github.com-1ecc6299db9ec823/arrayfire-3.7.0/src/data/mod.rs:228: undefined reference to `af_constant'
[INFO] [stdout]           /usr/bin/ld: /opt/rustwide/target/debug/deps/libarrayfire-273f483edb7604e2.rlib(arrayfire-273f483edb7604e2.arrayfire.e2acfd30-cgu.13.rcgu.o): in function `arrayfire::util::free_host':
[INFO] [stdout]           /opt/rustwide/cargo-home/registry/src/github.com-1ecc6299db9ec823/arrayfire-3.7.0/src/util.rs:71: undefined reference to `af_free_host'
[INFO] [stdout]           /usr/bin/ld: /opt/rustwide/target/debug/deps/libarrayfire-273f483edb7604e2.rlib(arrayfire-273f483edb7604e2.arrayfire.e2acfd30-cgu.14.rcgu.o): in function `arrayfire::error::get_last_error':
[INFO] [stdout]           /opt/rustwide/cargo-home/registry/src/github.com-1ecc6299db9ec823/arrayfire-3.7.0/src/error.rs:106: undefined reference to `af_get_last_error'
[INFO] [stdout]           /usr/bin/ld: /opt/rustwide/target/debug/deps/libarrayfire-273f483edb7604e2.rlib(arrayfire-273f483edb7604e2.arrayfire.e2acfd30-cgu.15.rcgu.o): in function `arrayfire::device::info':
[INFO] [stdout]           /opt/rustwide/cargo-home/registry/src/github.com-1ecc6299db9ec823/arrayfire-3.7.0/src/device/mod.rs:79: undefined reference to `af_info'
[INFO] [stdout]           /usr/bin/ld: /opt/rustwide/target/debug/deps/libarrayfire-273f483edb7604e2.rlib(arrayfire-273f483edb7604e2.arrayfire.e2acfd30-cgu.15.rcgu.o): in function `arrayfire::device::set_device':
[INFO] [stdout]           /opt/rustwide/cargo-home/registry/src/github.com-1ecc6299db9ec823/arrayfire-3.7.0/src/device/mod.rs:187: undefined reference to `af_set_device'
[INFO] [stdout]           /usr/bin/ld: /opt/rustwide/target/debug/deps/libarrayfire-273f483edb7604e2.rlib(arrayfire-273f483edb7604e2.arrayfire.e2acfd30-cgu.15.rcgu.o): in function `arrayfire::random::set_seed':
[INFO] [stdout]           /opt/rustwide/cargo-home/registry/src/github.com-1ecc6299db9ec823/arrayfire-3.7.0/src/random/mod.rs:49: undefined reference to `af_set_seed'
[INFO] [stdout]           /usr/bin/ld: /opt/rustwide/target/debug/deps/libarrayfire-273f483edb7604e2.rlib(arrayfire-273f483edb7604e2.arrayfire.e2acfd30-cgu.2.rcgu.o): in function `<arrayfire::array::Array<T> as core::clone::Clone>::clone':
[INFO] [stdout]           /opt/rustwide/cargo-home/registry/src/github.com-1ecc6299db9ec823/arrayfire-3.7.0/src/array.rs:550: undefined reference to `af_retain_array'
[INFO] [stdout]           /usr/bin/ld: /opt/rustwide/target/debug/deps/libarrayfire-273f483edb7604e2.rlib(arrayfire-273f483edb7604e2.arrayfire.e2acfd30-cgu.2.rcgu.o): in function `<arrayfire::array::Array<T> as core::ops::drop::Drop>::drop':
[INFO] [stdout]           /opt/rustwide/cargo-home/registry/src/github.com-1ecc6299db9ec823/arrayfire-3.7.0/src/array.rs:566: undefined reference to `af_release_array'
[INFO] [stdout]           /usr/bin/ld: /opt/rustwide/target/debug/deps/libarrayfire-273f483edb7604e2.rlib(arrayfire-273f483edb7604e2.arrayfire.e2acfd30-cgu.8.rcgu.o): in function `<arrayfire::graphics::Window as core::ops::drop::Drop>::drop':
[INFO] [stdout]           /opt/rustwide/cargo-home/registry/src/github.com-1ecc6299db9ec823/arrayfire-3.7.0/src/graphics.rs:197: undefined reference to `af_destroy_window'
[INFO] [stdout]           /usr/bin/ld: /opt/rustwide/target/debug/deps/libarrayfire-273f483edb7604e2.rlib(arrayfire-273f483edb7604e2.arrayfire.e2acfd30-cgu.8.rcgu.o): in function `arrayfire::graphics::Window::new':
[INFO] [stdout]           /opt/rustwide/cargo-home/registry/src/github.com-1ecc6299db9ec823/arrayfire-3.7.0/src/graphics.rs:229: undefined reference to `af_create_window'
[INFO] [stdout]           /usr/bin/ld: /opt/rustwide/target/debug/deps/libarrayfire-273f483edb7604e2.rlib(arrayfire-273f483edb7604e2.arrayfire.e2acfd30-cgu.8.rcgu.o): in function `arrayfire::graphics::Window::is_closed':
[INFO] [stdout]           /opt/rustwide/cargo-home/registry/src/github.com-1ecc6299db9ec823/arrayfire-3.7.0/src/graphics.rs:315: undefined reference to `af_is_window_closed'
[INFO] [stdout]           collect2: error: ld returned 1 exit status
[INFO] [stdout]           
[INFO] [stdout]   = help: some `extern` functions couldn't be found; some native libraries may need to be installed or have their path specified
[INFO] [stdout]   = note: use the `-l` flag to specify native libraries to link
[INFO] [stdout]   = note: use the `cargo:rustc-link-lib` directive to specify the native libraries to link with Cargo (see https://doc.rust-lang.org/cargo/reference/build-scripts.html#cargorustc-link-libkindname)
[INFO] [stdout] 
[INFO] [stdout] 
[INFO] [stdout] error: aborting due to previous error
[INFO] [stdout] 
[INFO] [stdout] 
[INFO] [stdout] error: linking with `cc` failed: exit status: 1
[INFO] [stdout]   |
[INFO] [stdout]   = note: "cc" "-m64" "/opt/rustwide/target/debug/deps/white_noise-a2da98bd71a3e51d.white_noise.915d2c27-cgu.0.rcgu.o" "/opt/rustwide/target/debug/deps/white_noise-a2da98bd71a3e51d.white_noise.915d2c27-cgu.1.rcgu.o" "/opt/rustwide/target/debug/deps/white_noise-a2da98bd71a3e51d.white_noise.915d2c27-cgu.10.rcgu.o" "/opt/rustwide/target/debug/deps/white_noise-a2da98bd71a3e51d.white_noise.915d2c27-cgu.11.rcgu.o" "/opt/rustwide/target/debug/deps/white_noise-a2da98bd71a3e51d.white_noise.915d2c27-cgu.12.rcgu.o" "/opt/rustwide/target/debug/deps/white_noise-a2da98bd71a3e51d.white_noise.915d2c27-cgu.13.rcgu.o" "/opt/rustwide/target/debug/deps/white_noise-a2da98bd71a3e51d.white_noise.915d2c27-cgu.14.rcgu.o" "/opt/rustwide/target/debug/deps/white_noise-a2da98bd71a3e51d.white_noise.915d2c27-cgu.2.rcgu.o" "/opt/rustwide/target/debug/deps/white_noise-a2da98bd71a3e51d.white_noise.915d2c27-cgu.3.rcgu.o" "/opt/rustwide/target/debug/deps/white_noise-a2da98bd71a3e51d.white_noise.915d2c27-cgu.4.rcgu.o" "/opt/rustwide/target/debug/deps/white_noise-a2da98bd71a3e51d.white_noise.915d2c27-cgu.5.rcgu.o" "/opt/rustwide/target/debug/deps/white_noise-a2da98bd71a3e51d.white_noise.915d2c27-cgu.6.rcgu.o" "/opt/rustwide/target/debug/deps/white_noise-a2da98bd71a3e51d.white_noise.915d2c27-cgu.7.rcgu.o" "/opt/rustwide/target/debug/deps/white_noise-a2da98bd71a3e51d.white_noise.915d2c27-cgu.8.rcgu.o" "/opt/rustwide/target/debug/deps/white_noise-a2da98bd71a3e51d.white_noise.915d2c27-cgu.9.rcgu.o" "/opt/rustwide/target/debug/deps/white_noise-a2da98bd71a3e51d.6etbkua3eu2wyad.rcgu.o" "-Wl,--as-needed" "-L" "/opt/rustwide/target/debug/deps" "-L" "/opt/arrayfire/lib" "-L" "/opt/arrayfire/lib64" "-L" "/usr/local/lib" "-L" "/usr/lib" "-L" "/opt/rustwide/rustup-home/toolchains/beta-2021-08-01-x86_64-unknown-linux-gnu/lib/rustlib/x86_64-unknown-linux-gnu/lib" "-Wl,-Bstatic" "/opt/rustwide/target/debug/deps/libarrayfire-273f483edb7604e2.rlib" "/opt/rustwide/target/debug/deps/libhalf-cd4355714e9cb362.rlib" "/opt/rustwide/target/debug/deps/libnum-881a67ce7a1ba512.rlib" "/opt/rustwide/target/debug/deps/libnum_rational-43da9acd90424c9e.rlib" "/opt/rustwide/target/debug/deps/libnum_iter-5ea272b0cc0c98fb.rlib" "/opt/rustwide/target/debug/deps/libnum_complex-5ae02d94af40d94f.rlib" "/opt/rustwide/target/debug/deps/libnum_bigint-abcd4d7ef40439b7.rlib" "/opt/rustwide/target/debug/deps/libnum_integer-8be1ac371feacd70.rlib" "/opt/rustwide/target/debug/deps/libnum_traits-3f4b4b60b932b140.rlib" "/opt/rustwide/target/debug/deps/liblibc-48b2b226549d01c2.rlib" "/opt/rustwide/target/debug/deps/liblazy_static-e92083d5a39a8b50.rlib" "-Wl,--start-group" "/opt/rustwide/rustup-home/toolchains/beta-2021-08-01-x86_64-unknown-linux-gnu/lib/rustlib/x86_64-unknown-linux-gnu/lib/libstd-197d933f09d9a590.rlib" "/opt/rustwide/rustup-home/toolchains/beta-2021-08-01-x86_64-unknown-linux-gnu/lib/rustlib/x86_64-unknown-linux-gnu/lib/libpanic_unwind-46a006cddfd334f0.rlib" "/opt/rustwide/rustup-home/toolchains/beta-2021-08-01-x86_64-unknown-linux-gnu/lib/rustlib/x86_64-unknown-linux-gnu/lib/libminiz_oxide-5b9870310e470b38.rlib" "/opt/rustwide/rustup-home/toolchains/beta-2021-08-01-x86_64-unknown-linux-gnu/lib/rustlib/x86_64-unknown-linux-gnu/lib/libadler-260022ba8f1ab4ee.rlib" "/opt/rustwide/rustup-home/toolchains/beta-2021-08-01-x86_64-unknown-linux-gnu/lib/rustlib/x86_64-unknown-linux-gnu/lib/libobject-71377435a799394f.rlib" "/opt/rustwide/rustup-home/toolchains/beta-2021-08-01-x86_64-unknown-linux-gnu/lib/rustlib/x86_64-unknown-linux-gnu/lib/libaddr2line-658ee5924fde57cd.rlib" "/opt/rustwide/rustup-home/toolchains/beta-2021-08-01-x86_64-unknown-linux-gnu/lib/rustlib/x86_64-unknown-linux-gnu/lib/libgimli-9e8627da6bd1b94a.rlib" "/opt/rustwide/rustup-home/toolchains/beta-2021-08-01-x86_64-unknown-linux-gnu/lib/rustlib/x86_64-unknown-linux-gnu/lib/libstd_detect-19fdaac49f59be84.rlib" "/opt/rustwide/rustup-home/toolchains/beta-2021-08-01-x86_64-unknown-linux-gnu/lib/rustlib/x86_64-unknown-linux-gnu/lib/librustc_demangle-cb00e2691ea45905.rlib" "/opt/rustwide/rustup-home/toolchains/beta-2021-08-01-x86_64-unknown-linux-gnu/lib/rustlib/x86_64-unknown-linux-gnu/lib/libhashbrown-50f6726defae5ae1.rlib" "/opt/rustwide/rustup-home/toolchains/beta-2021-08-01-x86_64-unknown-linux-gnu/lib/rustlib/x86_64-unknown-linux-gnu/lib/librustc_std_workspace_alloc-2afc16311deea26e.rlib" "/opt/rustwide/rustup-home/toolchains/beta-2021-08-01-x86_64-unknown-linux-gnu/lib/rustlib/x86_64-unknown-linux-gnu/lib/libunwind-bb5cb0fe086ee8cf.rlib" "/opt/rustwide/rustup-home/toolchains/beta-2021-08-01-x86_64-unknown-linux-gnu/lib/rustlib/x86_64-unknown-linux-gnu/lib/libcfg_if-896053247b5dfd0b.rlib" "/opt/rustwide/rustup-home/toolchains/beta-2021-08-01-x86_64-unknown-linux-gnu/lib/rustlib/x86_64-unknown-linux-gnu/lib/liblibc-735e1f2ac3cf23be.rlib" "/opt/rustwide/rustup-home/toolchains/beta-2021-08-01-x86_64-unknown-linux-gnu/lib/rustlib/x86_64-unknown-linux-gnu/lib/liballoc-9dfb6622644c732c.rlib" "/opt/rustwide/rustup-home/toolchains/beta-2021-08-01-x86_64-unknown-linux-gnu/lib/rustlib/x86_64-unknown-linux-gnu/lib/librustc_std_workspace_core-beea7d9617fe25c5.rlib" "/opt/rustwide/rustup-home/toolchains/beta-2021-08-01-x86_64-unknown-linux-gnu/lib/rustlib/x86_64-unknown-linux-gnu/lib/libcore-8ef7dd43fc671f88.rlib" "-Wl,--end-group" "/opt/rustwide/rustup-home/toolchains/beta-2021-08-01-x86_64-unknown-linux-gnu/lib/rustlib/x86_64-unknown-linux-gnu/lib/libcompiler_builtins-a9a3b2ad67977f47.rlib" "-Wl,-Bdynamic" "-lutil" "-ldl" "-lutil" "-lgcc_s" "-lutil" "-lrt" "-lpthread" "-lm" "-ldl" "-lc" "-Wl,--eh-frame-hdr" "-Wl,-znoexecstack" "-L" "/opt/rustwide/rustup-home/toolchains/beta-2021-08-01-x86_64-unknown-linux-gnu/lib/rustlib/x86_64-unknown-linux-gnu/lib" "-o" "/opt/rustwide/target/debug/deps/white_noise-a2da98bd71a3e51d" "-Wl,--gc-sections" "-pie" "-Wl,-zrelro" "-Wl,-znow" "-nodefaultlibs"
[INFO] [stdout]   = note: /usr/bin/ld: /opt/rustwide/target/debug/deps/white_noise-a2da98bd71a3e51d.white_noise.915d2c27-cgu.10.rcgu.o: in function `arrayfire::random::randu':
[INFO] [stdout]           /opt/rustwide/cargo-home/registry/src/github.com-1ecc6299db9ec823/arrayfire-3.7.0/src/random/mod.rs:82: undefined reference to `af_randu'
[INFO] [stdout]           /usr/bin/ld: /opt/rustwide/target/debug/deps/white_noise-a2da98bd71a3e51d.white_noise.915d2c27-cgu.13.rcgu.o: in function `arrayfire::graphics::Window::draw_image':
[INFO] [stdout]           /opt/rustwide/cargo-home/registry/src/github.com-1ecc6299db9ec823/arrayfire-3.7.0/src/graphics.rs:572: undefined reference to `af_draw_image'
[INFO] [stdout]           /usr/bin/ld: /opt/rustwide/target/debug/deps/libarrayfire-273f483edb7604e2.rlib(arrayfire-273f483edb7604e2.arrayfire.e2acfd30-cgu.10.rcgu.o): in function `arrayfire::backend::set_backend':
[INFO] [stdout]           /opt/rustwide/cargo-home/registry/src/github.com-1ecc6299db9ec823/arrayfire-3.7.0/src/backend.rs:21: undefined reference to `af_set_backend'
[INFO] [stdout]           /usr/bin/ld: /opt/rustwide/target/debug/deps/libarrayfire-273f483edb7604e2.rlib(arrayfire-273f483edb7604e2.arrayfire.e2acfd30-cgu.13.rcgu.o): in function `arrayfire::util::free_host':
[INFO] [stdout]           /opt/rustwide/cargo-home/registry/src/github.com-1ecc6299db9ec823/arrayfire-3.7.0/src/util.rs:71: undefined reference to `af_free_host'
[INFO] [stdout]           /usr/bin/ld: /opt/rustwide/target/debug/deps/libarrayfire-273f483edb7604e2.rlib(arrayfire-273f483edb7604e2.arrayfire.e2acfd30-cgu.14.rcgu.o): in function `arrayfire::error::get_last_error':
[INFO] [stdout]           /opt/rustwide/cargo-home/registry/src/github.com-1ecc6299db9ec823/arrayfire-3.7.0/src/error.rs:106: undefined reference to `af_get_last_error'
[INFO] [stdout]           /usr/bin/ld: /opt/rustwide/target/debug/deps/libarrayfire-273f483edb7604e2.rlib(arrayfire-273f483edb7604e2.arrayfire.e2acfd30-cgu.15.rcgu.o): in function `arrayfire::device::info':
[INFO] [stdout]           /opt/rustwide/cargo-home/registry/src/github.com-1ecc6299db9ec823/arrayfire-3.7.0/src/device/mod.rs:79: undefined reference to `af_info'
[INFO] [stdout]           /usr/bin/ld: /opt/rustwide/target/debug/deps/libarrayfire-273f483edb7604e2.rlib(arrayfire-273f483edb7604e2.arrayfire.e2acfd30-cgu.15.rcgu.o): in function `arrayfire::device::set_device':
[INFO] [stdout]           /opt/rustwide/cargo-home/registry/src/github.com-1ecc6299db9ec823/arrayfire-3.7.0/src/device/mod.rs:187: undefined reference to `af_set_device'
[INFO] [stdout]           /usr/bin/ld: /opt/rustwide/target/debug/deps/libarrayfire-273f483edb7604e2.rlib(arrayfire-273f483edb7604e2.arrayfire.e2acfd30-cgu.2.rcgu.o): in function `<arrayfire::array::Array<T> as core::ops::drop::Drop>::drop':
[INFO] [stdout]           /opt/rustwide/cargo-home/registry/src/github.com-1ecc6299db9ec823/arrayfire-3.7.0/src/array.rs:566: undefined reference to `af_release_array'
[INFO] [stdout]           /usr/bin/ld: /opt/rustwide/target/debug/deps/libarrayfire-273f483edb7604e2.rlib(arrayfire-273f483edb7604e2.arrayfire.e2acfd30-cgu.8.rcgu.o): in function `<arrayfire::graphics::Window as core::ops::drop::Drop>::drop':
[INFO] [stdout]           /opt/rustwide/cargo-home/registry/src/github.com-1ecc6299db9ec823/arrayfire-3.7.0/src/graphics.rs:197: undefined reference to `af_destroy_window'
[INFO] [stdout]           /usr/bin/ld: /opt/rustwide/target/debug/deps/libarrayfire-273f483edb7604e2.rlib(arrayfire-273f483edb7604e2.arrayfire.e2acfd30-cgu.8.rcgu.o): in function `arrayfire::graphics::Window::new':
[INFO] [stdout]           /opt/rustwide/cargo-home/registry/src/github.com-1ecc6299db9ec823/arrayfire-3.7.0/src/graphics.rs:229: undefined reference to `af_create_window'
[INFO] [stdout]           /usr/bin/ld: /opt/rustwide/target/debug/deps/libarrayfire-273f483edb7604e2.rlib(arrayfire-273f483edb7604e2.arrayfire.e2acfd30-cgu.8.rcgu.o): in function `arrayfire::graphics::Window::is_closed':
[INFO] [stdout]           /opt/rustwide/cargo-home/registry/src/github.com-1ecc6299db9ec823/arrayfire-3.7.0/src/graphics.rs:315: undefined reference to `af_is_window_closed'
[INFO] [stdout]           collect2: error: ld returned 1 exit status
[INFO] [stdout]           
[INFO] [stdout]   = help: some `extern` functions couldn't be found; some native libraries may need to be installed or have their path specified
[INFO] [stdout]   = note: use the `-l` flag to specify native libraries to link
[INFO] [stdout]   = note: use the `cargo:rustc-link-lib` directive to specify the native libraries to link with Cargo (see https://doc.rust-lang.org/cargo/reference/build-scripts.html#cargorustc-link-libkindname)
[INFO] [stdout] 
[INFO] [stdout] 
[INFO] [stdout] error: aborting due to previous error
[INFO] [stdout] 
[INFO] [stdout] 
[INFO] [stdout] error: linking with `cc` failed: exit status: 1
[INFO] [stdout]   |
[INFO] [stdout]   = note: "cc" "-m64" "/opt/rustwide/target/debug/deps/adaptive_threshold-eb0df44bdd9d60aa.adaptive_threshold.eab930b0-cgu.0.rcgu.o" "/opt/rustwide/target/debug/deps/adaptive_threshold-eb0df44bdd9d60aa.adaptive_threshold.eab930b0-cgu.1.rcgu.o" "/opt/rustwide/target/debug/deps/adaptive_threshold-eb0df44bdd9d60aa.adaptive_threshold.eab930b0-cgu.10.rcgu.o" "/opt/rustwide/target/debug/deps/adaptive_threshold-eb0df44bdd9d60aa.adaptive_threshold.eab930b0-cgu.11.rcgu.o" "/opt/rustwide/target/debug/deps/adaptive_threshold-eb0df44bdd9d60aa.adaptive_threshold.eab930b0-cgu.12.rcgu.o" "/opt/rustwide/target/debug/deps/adaptive_threshold-eb0df44bdd9d60aa.adaptive_threshold.eab930b0-cgu.13.rcgu.o" "/opt/rustwide/target/debug/deps/adaptive_threshold-eb0df44bdd9d60aa.adaptive_threshold.eab930b0-cgu.14.rcgu.o" "/opt/rustwide/target/debug/deps/adaptive_threshold-eb0df44bdd9d60aa.adaptive_threshold.eab930b0-cgu.15.rcgu.o" "/opt/rustwide/target/debug/deps/adaptive_threshold-eb0df44bdd9d60aa.adaptive_threshold.eab930b0-cgu.2.rcgu.o" "/opt/rustwide/target/debug/deps/adaptive_threshold-eb0df44bdd9d60aa.adaptive_threshold.eab930b0-cgu.3.rcgu.o" "/opt/rustwide/target/debug/deps/adaptive_threshold-eb0df44bdd9d60aa.adaptive_threshold.eab930b0-cgu.4.rcgu.o" "/opt/rustwide/target/debug/deps/adaptive_threshold-eb0df44bdd9d60aa.adaptive_threshold.eab930b0-cgu.5.rcgu.o" "/opt/rustwide/target/debug/deps/adaptive_threshold-eb0df44bdd9d60aa.adaptive_threshold.eab930b0-cgu.6.rcgu.o" "/opt/rustwide/target/debug/deps/adaptive_threshold-eb0df44bdd9d60aa.adaptive_threshold.eab930b0-cgu.7.rcgu.o" "/opt/rustwide/target/debug/deps/adaptive_threshold-eb0df44bdd9d60aa.adaptive_threshold.eab930b0-cgu.8.rcgu.o" "/opt/rustwide/target/debug/deps/adaptive_threshold-eb0df44bdd9d60aa.adaptive_threshold.eab930b0-cgu.9.rcgu.o" "/opt/rustwide/target/debug/deps/adaptive_threshold-eb0df44bdd9d60aa.1v76kxopq9bxcuu7.rcgu.o" "-Wl,--as-needed" "-L" "/opt/rustwide/target/debug/deps" "-L" "/opt/arrayfire/lib" "-L" "/opt/arrayfire/lib64" "-L" "/usr/local/lib" "-L" "/usr/lib" "-L" "/opt/rustwide/rustup-home/toolchains/beta-2021-08-01-x86_64-unknown-linux-gnu/lib/rustlib/x86_64-unknown-linux-gnu/lib" "-Wl,-Bstatic" "/opt/rustwide/target/debug/deps/libarrayfire-273f483edb7604e2.rlib" "/opt/rustwide/target/debug/deps/libhalf-cd4355714e9cb362.rlib" "/opt/rustwide/target/debug/deps/libnum-881a67ce7a1ba512.rlib" "/opt/rustwide/target/debug/deps/libnum_rational-43da9acd90424c9e.rlib" "/opt/rustwide/target/debug/deps/libnum_iter-5ea272b0cc0c98fb.rlib" "/opt/rustwide/target/debug/deps/libnum_complex-5ae02d94af40d94f.rlib" "/opt/rustwide/target/debug/deps/libnum_bigint-abcd4d7ef40439b7.rlib" "/opt/rustwide/target/debug/deps/libnum_integer-8be1ac371feacd70.rlib" "/opt/rustwide/target/debug/deps/libnum_traits-3f4b4b60b932b140.rlib" "/opt/rustwide/target/debug/deps/liblibc-48b2b226549d01c2.rlib" "/opt/rustwide/target/debug/deps/liblazy_static-e92083d5a39a8b50.rlib" "-Wl,--start-group" "/opt/rustwide/rustup-home/toolchains/beta-2021-08-01-x86_64-unknown-linux-gnu/lib/rustlib/x86_64-unknown-linux-gnu/lib/libstd-197d933f09d9a590.rlib" "/opt/rustwide/rustup-home/toolchains/beta-2021-08-01-x86_64-unknown-linux-gnu/lib/rustlib/x86_64-unknown-linux-gnu/lib/libpanic_unwind-46a006cddfd334f0.rlib" "/opt/rustwide/rustup-home/toolchains/beta-2021-08-01-x86_64-unknown-linux-gnu/lib/rustlib/x86_64-unknown-linux-gnu/lib/libminiz_oxide-5b9870310e470b38.rlib" "/opt/rustwide/rustup-home/toolchains/beta-2021-08-01-x86_64-unknown-linux-gnu/lib/rustlib/x86_64-unknown-linux-gnu/lib/libadler-260022ba8f1ab4ee.rlib" "/opt/rustwide/rustup-home/toolchains/beta-2021-08-01-x86_64-unknown-linux-gnu/lib/rustlib/x86_64-unknown-linux-gnu/lib/libobject-71377435a799394f.rlib" "/opt/rustwide/rustup-home/toolchains/beta-2021-08-01-x86_64-unknown-linux-gnu/lib/rustlib/x86_64-unknown-linux-gnu/lib/libaddr2line-658ee5924fde57cd.rlib" "/opt/rustwide/rustup-home/toolchains/beta-2021-08-01-x86_64-unknown-linux-gnu/lib/rustlib/x86_64-unknown-linux-gnu/lib/libgimli-9e8627da6bd1b94a.rlib" "/opt/rustwide/rustup-home/toolchains/beta-2021-08-01-x86_64-unknown-linux-gnu/lib/rustlib/x86_64-unknown-linux-gnu/lib/libstd_detect-19fdaac49f59be84.rlib" "/opt/rustwide/rustup-home/toolchains/beta-2021-08-01-x86_64-unknown-linux-gnu/lib/rustlib/x86_64-unknown-linux-gnu/lib/librustc_demangle-cb00e2691ea45905.rlib" "/opt/rustwide/rustup-home/toolchains/beta-2021-08-01-x86_64-unknown-linux-gnu/lib/rustlib/x86_64-unknown-linux-gnu/lib/libhashbrown-50f6726defae5ae1.rlib" "/opt/rustwide/rustup-home/toolchains/beta-2021-08-01-x86_64-unknown-linux-gnu/lib/rustlib/x86_64-unknown-linux-gnu/lib/librustc_std_workspace_alloc-2afc16311deea26e.rlib" "/opt/rustwide/rustup-home/toolchains/beta-2021-08-01-x86_64-unknown-linux-gnu/lib/rustlib/x86_64-unknown-linux-gnu/lib/libunwind-bb5cb0fe086ee8cf.rlib" "/opt/rustwide/rustup-home/toolchains/beta-2021-08-01-x86_64-unknown-linux-gnu/lib/rustlib/x86_64-unknown-linux-gnu/lib/libcfg_if-896053247b5dfd0b.rlib" "/opt/rustwide/rustup-home/toolchains/beta-2021-08-01-x86_64-unknown-linux-gnu/lib/rustlib/x86_64-unknown-linux-gnu/lib/liblibc-735e1f2ac3cf23be.rlib" "/opt/rustwide/rustup-home/toolchains/beta-2021-08-01-x86_64-unknown-linux-gnu/lib/rustlib/x86_64-unknown-linux-gnu/lib/liballoc-9dfb6622644c732c.rlib" "/opt/rustwide/rustup-home/toolchains/beta-2021-08-01-x86_64-unknown-linux-gnu/lib/rustlib/x86_64-unknown-linux-gnu/lib/librustc_std_workspace_core-beea7d9617fe25c5.rlib" "/opt/rustwide/rustup-home/toolchains/beta-2021-08-01-x86_64-unknown-linux-gnu/lib/rustlib/x86_64-unknown-linux-gnu/lib/libcore-8ef7dd43fc671f88.rlib" "-Wl,--end-group" "/opt/rustwide/rustup-home/toolchains/beta-2021-08-01-x86_64-unknown-linux-gnu/lib/rustlib/x86_64-unknown-linux-gnu/lib/libcompiler_builtins-a9a3b2ad67977f47.rlib" "-Wl,-Bdynamic" "-lutil" "-ldl" "-lutil" "-lgcc_s" "-lutil" "-lrt" "-lpthread" "-lm" "-ldl" "-lc" "-Wl,--eh-frame-hdr" "-Wl,-znoexecstack" "-L" "/opt/rustwide/rustup-home/toolchains/beta-2021-08-01-x86_64-unknown-linux-gnu/lib/rustlib/x86_64-unknown-linux-gnu/lib" "-o" "/opt/rustwide/target/debug/deps/adaptive_threshold-eb0df44bdd9d60aa" "-Wl,--gc-sections" "-pie" "-Wl,-zrelro" "-Wl,-znow" "-nodefaultlibs"
[INFO] [stdout]   = note: /usr/bin/ld: /opt/rustwide/target/debug/deps/adaptive_threshold-eb0df44bdd9d60aa.adaptive_threshold.eab930b0-cgu.0.rcgu.o: in function `arrayfire::arith::add_helper':
[INFO] [stdout]           /opt/rustwide/cargo-home/registry/src/github.com-1ecc6299db9ec823/arrayfire-3.7.0/src/arith/mod.rs:415: undefined reference to `af_add'
[INFO] [stdout]           /usr/bin/ld: /opt/rustwide/target/debug/deps/adaptive_threshold-eb0df44bdd9d60aa.adaptive_threshold.eab930b0-cgu.0.rcgu.o: in function `arrayfire::arith::div_helper':
[INFO] [stdout]           /opt/rustwide/cargo-home/registry/src/github.com-1ecc6299db9ec823/arrayfire-3.7.0/src/arith/mod.rs:415: undefined reference to `af_div'
[INFO] [stdout]           /usr/bin/ld: /opt/rustwide/target/debug/deps/adaptive_threshold-eb0df44bdd9d60aa.adaptive_threshold.eab930b0-cgu.0.rcgu.o: in function `arrayfire::arith::div_helper':
[INFO] [stdout]           /opt/rustwide/cargo-home/registry/src/github.com-1ecc6299db9ec823/arrayfire-3.7.0/src/arith/mod.rs:415: undefined reference to `af_div'
[INFO] [stdout]           /usr/bin/ld: /opt/rustwide/target/debug/deps/adaptive_threshold-eb0df44bdd9d60aa.adaptive_threshold.eab930b0-cgu.0.rcgu.o: in function `arrayfire::arith::mul_helper':
[INFO] [stdout]           /opt/rustwide/cargo-home/registry/src/github.com-1ecc6299db9ec823/arrayfire-3.7.0/src/arith/mod.rs:415: undefined reference to `af_mul'
[INFO] [stdout]           /usr/bin/ld: /opt/rustwide/target/debug/deps/adaptive_threshold-eb0df44bdd9d60aa.adaptive_threshold.eab930b0-cgu.0.rcgu.o: in function `arrayfire::arith::sub_helper':
[INFO] [stdout]           /opt/rustwide/cargo-home/registry/src/github.com-1ecc6299db9ec823/arrayfire-3.7.0/src/arith/mod.rs:415: undefined reference to `af_sub'
[INFO] [stdout]           /usr/bin/ld: /opt/rustwide/target/debug/deps/adaptive_threshold-eb0df44bdd9d60aa.adaptive_threshold.eab930b0-cgu.0.rcgu.o: in function `arrayfire::arith::sub_helper':
[INFO] [stdout]           /opt/rustwide/cargo-home/registry/src/github.com-1ecc6299db9ec823/arrayfire-3.7.0/src/arith/mod.rs:415: undefined reference to `af_sub'
[INFO] [stdout]           /usr/bin/ld: /opt/rustwide/target/debug/deps/adaptive_threshold-eb0df44bdd9d60aa.adaptive_threshold.eab930b0-cgu.0.rcgu.o: in function `arrayfire::arith::gt_helper':
[INFO] [stdout]           /opt/rustwide/cargo-home/registry/src/github.com-1ecc6299db9ec823/arrayfire-3.7.0/src/arith/mod.rs:515: undefined reference to `af_gt'
[INFO] [stdout]           /usr/bin/ld: /opt/rustwide/target/debug/deps/adaptive_threshold-eb0df44bdd9d60aa.adaptive_threshold.eab930b0-cgu.15.rcgu.o: in function `arrayfire::signal::convolve2':
[INFO] [stdout]           /opt/rustwide/cargo-home/registry/src/github.com-1ecc6299db9ec823/arrayfire-3.7.0/src/signal/mod.rs:740: undefined reference to `af_convolve2'
[INFO] [stdout]           /usr/bin/ld: /opt/rustwide/target/debug/deps/adaptive_threshold-eb0df44bdd9d60aa.adaptive_threshold.eab930b0-cgu.2.rcgu.o: in function `<arrayfire::array::Array<T> as core::clone::Clone>::clone':
[INFO] [stdout]           /opt/rustwide/cargo-home/registry/src/github.com-1ecc6299db9ec823/arrayfire-3.7.0/src/array.rs:550: undefined reference to `af_retain_array'
[INFO] [stdout]           /usr/bin/ld: /opt/rustwide/target/debug/deps/adaptive_threshold-eb0df44bdd9d60aa.adaptive_threshold.eab930b0-cgu.2.rcgu.o: in function `<arrayfire::array::Array<T> as core::ops::drop::Drop>::drop':
[INFO] [stdout]           /opt/rustwide/cargo-home/registry/src/github.com-1ecc6299db9ec823/arrayfire-3.7.0/src/array.rs:566: undefined reference to `af_release_array'
[INFO] [stdout]           /usr/bin/ld: /opt/rustwide/target/debug/deps/adaptive_threshold-eb0df44bdd9d60aa.adaptive_threshold.eab930b0-cgu.2.rcgu.o: in function `<arrayfire::array::Array<T> as core::ops::drop::Drop>::drop':
[INFO] [stdout]           /opt/rustwide/cargo-home/registry/src/github.com-1ecc6299db9ec823/arrayfire-3.7.0/src/array.rs:566: undefined reference to `af_release_array'
[INFO] [stdout]           /usr/bin/ld: /opt/rustwide/target/debug/deps/adaptive_threshold-eb0df44bdd9d60aa.adaptive_threshold.eab930b0-cgu.2.rcgu.o: in function `arrayfire::array::Array<T>::dims':
[INFO] [stdout]           /opt/rustwide/cargo-home/registry/src/github.com-1ecc6299db9ec823/arrayfire-3.7.0/src/array.rs:317: undefined reference to `af_get_dims'
[INFO] [stdout]           /usr/bin/ld: /opt/rustwide/target/debug/deps/adaptive_threshold-eb0df44bdd9d60aa.adaptive_threshold.eab930b0-cgu.2.rcgu.o: in function `arrayfire::array::Array<T>::dims':
[INFO] [stdout]           /opt/rustwide/cargo-home/registry/src/github.com-1ecc6299db9ec823/arrayfire-3.7.0/src/array.rs:317: undefined reference to `af_get_dims'
[INFO] [stdout]           /usr/bin/ld: /opt/rustwide/target/debug/deps/adaptive_threshold-eb0df44bdd9d60aa.adaptive_threshold.eab930b0-cgu.2.rcgu.o: in function `arrayfire::array::Array<T>::dims':
[INFO] [stdout]           /opt/rustwide/cargo-home/registry/src/github.com-1ecc6299db9ec823/arrayfire-3.7.0/src/array.rs:317: undefined reference to `af_get_dims'
[INFO] [stdout]           /usr/bin/ld: /opt/rustwide/target/debug/deps/adaptive_threshold-eb0df44bdd9d60aa.adaptive_threshold.eab930b0-cgu.2.rcgu.o: in function `arrayfire::array::Array<T>::is_scalar':
[INFO] [stdout]           /opt/rustwide/cargo-home/registry/src/github.com-1ecc6299db9ec823/arrayfire-3.7.0/src/array.rs:153: undefined reference to `af_is_scalar'
[INFO] [stdout]           /usr/bin/ld: /opt/rustwide/target/debug/deps/adaptive_threshold-eb0df44bdd9d60aa.adaptive_threshold.eab930b0-cgu.2.rcgu.o: in function `arrayfire::array::Array<T>::is_scalar':
[INFO] [stdout]           /opt/rustwide/cargo-home/registry/src/github.com-1ecc6299db9ec823/arrayfire-3.7.0/src/array.rs:153: undefined reference to `af_is_scalar'
[INFO] [stdout]           /usr/bin/ld: /opt/rustwide/target/debug/deps/adaptive_threshold-eb0df44bdd9d60aa.adaptive_threshold.eab930b0-cgu.2.rcgu.o: in function `arrayfire::array::Array<T>::is_scalar':
[INFO] [stdout]           /opt/rustwide/cargo-home/registry/src/github.com-1ecc6299db9ec823/arrayfire-3.7.0/src/array.rs:153: undefined reference to `af_is_scalar'
[INFO] [stdout]           /usr/bin/ld: /opt/rustwide/target/debug/deps/adaptive_threshold-eb0df44bdd9d60aa.adaptive_threshold.eab930b0-cgu.3.rcgu.o: in function `arrayfire::image::load_image':
[INFO] [stdout]           /opt/rustwide/cargo-home/registry/src/github.com-1ecc6299db9ec823/arrayfire-3.7.0/src/image/mod.rs:282: undefined reference to `af_load_image'
[INFO] [stdout]           /usr/bin/ld: /opt/rustwide/cargo-home/registry/src/github.com-1ecc6299db9ec823/arrayfire-3.7.0/src/image/mod.rs:288: undefined reference to `af_cast'
[INFO] [stdout]           /usr/bin/ld: /opt/rustwide/target/debug/deps/adaptive_threshold-eb0df44bdd9d60aa.adaptive_threshold.eab930b0-cgu.3.rcgu.o: in function `arrayfire::image::color_space':
[INFO] [stdout]           /opt/rustwide/cargo-home/registry/src/github.com-1ecc6299db9ec823/arrayfire-3.7.0/src/image/mod.rs:1069: undefined reference to `af_color_space'
[INFO] [stdout]           /usr/bin/ld: /opt/rustwide/target/debug/deps/adaptive_threshold-eb0df44bdd9d60aa.adaptive_threshold.eab930b0-cgu.3.rcgu.o: in function `arrayfire::image::maxfilt':
[INFO] [stdout]           /opt/rustwide/cargo-home/registry/src/github.com-1ecc6299db9ec823/arrayfire-3.7.0/src/image/mod.rs:965: undefined reference to `af_maxfilt'
[INFO] [stdout]           /usr/bin/ld: /opt/rustwide/target/debug/deps/adaptive_threshold-eb0df44bdd9d60aa.adaptive_threshold.eab930b0-cgu.3.rcgu.o: in function `arrayfire::image::medfilt':
[INFO] [stdout]           /opt/rustwide/cargo-home/registry/src/github.com-1ecc6299db9ec823/arrayfire-3.7.0/src/image/mod.rs:965: undefined reference to `af_medfilt'
[INFO] [stdout]           /usr/bin/ld: /opt/rustwide/target/debug/deps/adaptive_threshold-eb0df44bdd9d60aa.adaptive_threshold.eab930b0-cgu.3.rcgu.o: in function `arrayfire::image::minfilt':
[INFO] [stdout]           /opt/rustwide/cargo-home/registry/src/github.com-1ecc6299db9ec823/arrayfire-3.7.0/src/image/mod.rs:965: undefined reference to `af_minfilt'
[INFO] [stdout]           /usr/bin/ld: /opt/rustwide/target/debug/deps/adaptive_threshold-eb0df44bdd9d60aa.adaptive_threshold.eab930b0-cgu.4.rcgu.o: in function `arrayfire::data::join':
[INFO] [stdout]           /opt/rustwide/cargo-home/registry/src/github.com-1ecc6299db9ec823/arrayfire-3.7.0/src/data/mod.rs:439: undefined reference to `af_join'
[INFO] [stdout]           /usr/bin/ld: /opt/rustwide/target/debug/deps/adaptive_threshold-eb0df44bdd9d60aa.adaptive_threshold.eab930b0-cgu.4.rcgu.o: in function `arrayfire::data::tile':
[INFO] [stdout]           /opt/rustwide/cargo-home/registry/src/github.com-1ecc6299db9ec823/arrayfire-3.7.0/src/data/mod.rs:503: undefined reference to `af_tile'
[INFO] [stdout]           /usr/bin/ld: /opt/rustwide/target/debug/deps/adaptive_threshold-eb0df44bdd9d60aa.adaptive_threshold.eab930b0-cgu.4.rcgu.o: in function `arrayfire::data::tile':
[INFO] [stdout]           /opt/rustwide/cargo-home/registry/src/github.com-1ecc6299db9ec823/arrayfire-3.7.0/src/data/mod.rs:503: undefined reference to `af_tile'
[INFO] [stdout]           /usr/bin/ld: /opt/rustwide/target/debug/deps/adaptive_threshold-eb0df44bdd9d60aa.adaptive_threshold.eab930b0-cgu.4.rcgu.o: in function `arrayfire::data::tile':
[INFO] [stdout]           /opt/rustwide/cargo-home/registry/src/github.com-1ecc6299db9ec823/arrayfire-3.7.0/src/data/mod.rs:503: undefined reference to `af_tile'
[INFO] [stdout]           /usr/bin/ld: /opt/rustwide/target/debug/deps/adaptive_threshold-eb0df44bdd9d60aa.adaptive_threshold.eab930b0-cgu.6.rcgu.o: in function `arrayfire::graphics::Window::draw_image':
[INFO] [stdout]           /opt/rustwide/cargo-home/registry/src/github.com-1ecc6299db9ec823/arrayfire-3.7.0/src/graphics.rs:572: undefined reference to `af_draw_image'
[INFO] [stdout]           /usr/bin/ld: /opt/rustwide/target/debug/deps/libarrayfire-273f483edb7604e2.rlib(arrayfire-273f483edb7604e2.arrayfire.e2acfd30-cgu.11.rcgu.o): in function `<u64 as arrayfire::data::ConstGenerator>::generate':
[INFO] [stdout]           /opt/rustwide/cargo-home/registry/src/github.com-1ecc6299db9ec823/arrayfire-3.7.0/src/data/mod.rs:145: undefined reference to `af_constant_ulong'
[INFO] [stdout]           /usr/bin/ld: /opt/rustwide/target/debug/deps/libarrayfire-273f483edb7604e2.rlib(arrayfire-273f483edb7604e2.arrayfire.e2acfd30-cgu.11.rcgu.o): in function `<f32 as arrayfire::data::ConstGenerator>::generate':
[INFO] [stdout]           /opt/rustwide/cargo-home/registry/src/github.com-1ecc6299db9ec823/arrayfire-3.7.0/src/data/mod.rs:228: undefined reference to `af_constant'
[INFO] [stdout]           /usr/bin/ld: /opt/rustwide/target/debug/deps/libarrayfire-273f483edb7604e2.rlib(arrayfire-273f483edb7604e2.arrayfire.e2acfd30-cgu.13.rcgu.o): in function `arrayfire::util::free_host':
[INFO] [stdout]           /opt/rustwide/cargo-home/registry/src/github.com-1ecc6299db9ec823/arrayfire-3.7.0/src/util.rs:71: undefined reference to `af_free_host'
[INFO] [stdout]           /usr/bin/ld: /opt/rustwide/target/debug/deps/libarrayfire-273f483edb7604e2.rlib(arrayfire-273f483edb7604e2.arrayfire.e2acfd30-cgu.14.rcgu.o): in function `arrayfire::error::get_last_error':
[INFO] [stdout]           /opt/rustwide/cargo-home/registry/src/github.com-1ecc6299db9ec823/arrayfire-3.7.0/src/error.rs:106: undefined reference to `af_get_last_error'
[INFO] [stdout]           /usr/bin/ld: /opt/rustwide/target/debug/deps/libarrayfire-273f483edb7604e2.rlib(arrayfire-273f483edb7604e2.arrayfire.e2acfd30-cgu.2.rcgu.o): in function `<arrayfire::array::Array<T> as core::clone::Clone>::clone':
[INFO] [stdout]           /opt/rustwide/cargo-home/registry/src/github.com-1ecc6299db9ec823/arrayfire-3.7.0/src/array.rs:550: undefined reference to `af_retain_array'
[INFO] [stdout]           /usr/bin/ld: /opt/rustwide/target/debug/deps/libarrayfire-273f483edb7604e2.rlib(arrayfire-273f483edb7604e2.arrayfire.e2acfd30-cgu.2.rcgu.o): in function `<arrayfire::array::Array<T> as core::ops::drop::Drop>::drop':
[INFO] [stdout]           /opt/rustwide/cargo-home/registry/src/github.com-1ecc6299db9ec823/arrayfire-3.7.0/src/array.rs:566: undefined reference to `af_release_array'
[INFO] [stdout]           /usr/bin/ld: /opt/rustwide/target/debug/deps/libarrayfire-273f483edb7604e2.rlib(arrayfire-273f483edb7604e2.arrayfire.e2acfd30-cgu.8.rcgu.o): in function `<arrayfire::graphics::Window as core::ops::drop::Drop>::drop':
[INFO] [stdout]           /opt/rustwide/cargo-home/registry/src/github.com-1ecc6299db9ec823/arrayfire-3.7.0/src/graphics.rs:197: undefined reference to `af_destroy_window'
[INFO] [stdout]           /usr/bin/ld: /opt/rustwide/target/debug/deps/libarrayfire-273f483edb7604e2.rlib(arrayfire-273f483edb7604e2.arrayfire.e2acfd30-cgu.8.rcgu.o): in function `arrayfire::graphics::Window::new':
[INFO] [stdout]           /opt/rustwide/cargo-home/registry/src/github.com-1ecc6299db9ec823/arrayfire-3.7.0/src/graphics.rs:229: undefined reference to `af_create_window'
[INFO] [stdout]           /usr/bin/ld: /opt/rustwide/target/debug/deps/libarrayfire-273f483edb7604e2.rlib(arrayfire-273f483edb7604e2.arrayfire.e2acfd30-cgu.8.rcgu.o): in function `arrayfire::graphics::Window::is_closed':
[INFO] [stdout]           /opt/rustwide/cargo-home/registry/src/github.com-1ecc6299db9ec823/arrayfire-3.7.0/src/graphics.rs:315: undefined reference to `af_is_window_closed'
[INFO] [stdout]           collect2: error: ld returned 1 exit status
[INFO] [stdout]           
[INFO] [stdout]   = help: some `extern` functions couldn't be found; some native libraries may need to be installed or have their path specified
[INFO] [stdout]   = note: use the `-l` flag to specify native libraries to link
[INFO] [stdout]   = note: use the `cargo:rustc-link-lib` directive to specify the native libraries to link with Cargo (see https://doc.rust-lang.org/cargo/reference/build-scripts.html#cargorustc-link-libkindname)
[INFO] [stdout] 
[INFO] [stdout] 
[INFO] [stdout] error: aborting due to previous error
[INFO] [stdout] 
[INFO] [stdout] 
[INFO] [stdout] error: linking with `cc` failed: exit status: 1
[INFO] [stdout]   |
[INFO] [stdout]   = note: "cc" "-m64" "/opt/rustwide/target/debug/deps/half_precision-e3278e2d2a92d9e9.half_precision.a7728f2f-cgu.0.rcgu.o" "/opt/rustwide/target/debug/deps/half_precision-e3278e2d2a92d9e9.half_precision.a7728f2f-cgu.1.rcgu.o" "/opt/rustwide/target/debug/deps/half_precision-e3278e2d2a92d9e9.half_precision.a7728f2f-cgu.10.rcgu.o" "/opt/rustwide/target/debug/deps/half_precision-e3278e2d2a92d9e9.half_precision.a7728f2f-cgu.11.rcgu.o" "/opt/rustwide/target/debug/deps/half_precision-e3278e2d2a92d9e9.half_precision.a7728f2f-cgu.12.rcgu.o" "/opt/rustwide/target/debug/deps/half_precision-e3278e2d2a92d9e9.half_precision.a7728f2f-cgu.13.rcgu.o" "/opt/rustwide/target/debug/deps/half_precision-e3278e2d2a92d9e9.half_precision.a7728f2f-cgu.14.rcgu.o" "/opt/rustwide/target/debug/deps/half_precision-e3278e2d2a92d9e9.half_precision.a7728f2f-cgu.15.rcgu.o" "/opt/rustwide/target/debug/deps/half_precision-e3278e2d2a92d9e9.half_precision.a7728f2f-cgu.2.rcgu.o" "/opt/rustwide/target/debug/deps/half_precision-e3278e2d2a92d9e9.half_precision.a7728f2f-cgu.3.rcgu.o" "/opt/rustwide/target/debug/deps/half_precision-e3278e2d2a92d9e9.half_precision.a7728f2f-cgu.4.rcgu.o" "/opt/rustwide/target/debug/deps/half_precision-e3278e2d2a92d9e9.half_precision.a7728f2f-cgu.5.rcgu.o" "/opt/rustwide/target/debug/deps/half_precision-e3278e2d2a92d9e9.half_precision.a7728f2f-cgu.6.rcgu.o" "/opt/rustwide/target/debug/deps/half_precision-e3278e2d2a92d9e9.half_precision.a7728f2f-cgu.7.rcgu.o" "/opt/rustwide/target/debug/deps/half_precision-e3278e2d2a92d9e9.half_precision.a7728f2f-cgu.8.rcgu.o" "/opt/rustwide/target/debug/deps/half_precision-e3278e2d2a92d9e9.half_precision.a7728f2f-cgu.9.rcgu.o" "/opt/rustwide/target/debug/deps/half_precision-e3278e2d2a92d9e9.5cej3xk1sx1k1i4g.rcgu.o" "-Wl,--as-needed" "-L" "/opt/rustwide/target/debug/deps" "-L" "/opt/arrayfire/lib" "-L" "/opt/arrayfire/lib64" "-L" "/usr/local/lib" "-L" "/usr/lib" "-L" "/opt/rustwide/rustup-home/toolchains/beta-2021-08-01-x86_64-unknown-linux-gnu/lib/rustlib/x86_64-unknown-linux-gnu/lib" "-Wl,-Bstatic" "/opt/rustwide/target/debug/deps/libarrayfire-273f483edb7604e2.rlib" "/opt/rustwide/target/debug/deps/libhalf-cd4355714e9cb362.rlib" "/opt/rustwide/target/debug/deps/libnum-881a67ce7a1ba512.rlib" "/opt/rustwide/target/debug/deps/libnum_rational-43da9acd90424c9e.rlib" "/opt/rustwide/target/debug/deps/libnum_iter-5ea272b0cc0c98fb.rlib" "/opt/rustwide/target/debug/deps/libnum_complex-5ae02d94af40d94f.rlib" "/opt/rustwide/target/debug/deps/libnum_bigint-abcd4d7ef40439b7.rlib" "/opt/rustwide/target/debug/deps/libnum_integer-8be1ac371feacd70.rlib" "/opt/rustwide/target/debug/deps/libnum_traits-3f4b4b60b932b140.rlib" "/opt/rustwide/target/debug/deps/liblibc-48b2b226549d01c2.rlib" "/opt/rustwide/target/debug/deps/liblazy_static-e92083d5a39a8b50.rlib" "-Wl,--start-group" "/opt/rustwide/rustup-home/toolchains/beta-2021-08-01-x86_64-unknown-linux-gnu/lib/rustlib/x86_64-unknown-linux-gnu/lib/libstd-197d933f09d9a590.rlib" "/opt/rustwide/rustup-home/toolchains/beta-2021-08-01-x86_64-unknown-linux-gnu/lib/rustlib/x86_64-unknown-linux-gnu/lib/libpanic_unwind-46a006cddfd334f0.rlib" "/opt/rustwide/rustup-home/toolchains/beta-2021-08-01-x86_64-unknown-linux-gnu/lib/rustlib/x86_64-unknown-linux-gnu/lib/libminiz_oxide-5b9870310e470b38.rlib" "/opt/rustwide/rustup-home/toolchains/beta-2021-08-01-x86_64-unknown-linux-gnu/lib/rustlib/x86_64-unknown-linux-gnu/lib/libadler-260022ba8f1ab4ee.rlib" "/opt/rustwide/rustup-home/toolchains/beta-2021-08-01-x86_64-unknown-linux-gnu/lib/rustlib/x86_64-unknown-linux-gnu/lib/libobject-71377435a799394f.rlib" "/opt/rustwide/rustup-home/toolchains/beta-2021-08-01-x86_64-unknown-linux-gnu/lib/rustlib/x86_64-unknown-linux-gnu/lib/libaddr2line-658ee5924fde57cd.rlib" "/opt/rustwide/rustup-home/toolchains/beta-2021-08-01-x86_64-unknown-linux-gnu/lib/rustlib/x86_64-unknown-linux-gnu/lib/libgimli-9e8627da6bd1b94a.rlib" "/opt/rustwide/rustup-home/toolchains/beta-2021-08-01-x86_64-unknown-linux-gnu/lib/rustlib/x86_64-unknown-linux-gnu/lib/libstd_detect-19fdaac49f59be84.rlib" "/opt/rustwide/rustup-home/toolchains/beta-2021-08-01-x86_64-unknown-linux-gnu/lib/rustlib/x86_64-unknown-linux-gnu/lib/librustc_demangle-cb00e2691ea45905.rlib" "/opt/rustwide/rustup-home/toolchains/beta-2021-08-01-x86_64-unknown-linux-gnu/lib/rustlib/x86_64-unknown-linux-gnu/lib/libhashbrown-50f6726defae5ae1.rlib" "/opt/rustwide/rustup-home/toolchains/beta-2021-08-01-x86_64-unknown-linux-gnu/lib/rustlib/x86_64-unknown-linux-gnu/lib/librustc_std_workspace_alloc-2afc16311deea26e.rlib" "/opt/rustwide/rustup-home/toolchains/beta-2021-08-01-x86_64-unknown-linux-gnu/lib/rustlib/x86_64-unknown-linux-gnu/lib/libunwind-bb5cb0fe086ee8cf.rlib" "/opt/rustwide/rustup-home/toolchains/beta-2021-08-01-x86_64-unknown-linux-gnu/lib/rustlib/x86_64-unknown-linux-gnu/lib/libcfg_if-896053247b5dfd0b.rlib" "/opt/rustwide/rustup-home/toolchains/beta-2021-08-01-x86_64-unknown-linux-gnu/lib/rustlib/x86_64-unknown-linux-gnu/lib/liblibc-735e1f2ac3cf23be.rlib" "/opt/rustwide/rustup-home/toolchains/beta-2021-08-01-x86_64-unknown-linux-gnu/lib/rustlib/x86_64-unknown-linux-gnu/lib/liballoc-9dfb6622644c732c.rlib" "/opt/rustwide/rustup-home/toolchains/beta-2021-08-01-x86_64-unknown-linux-gnu/lib/rustlib/x86_64-unknown-linux-gnu/lib/librustc_std_workspace_core-beea7d9617fe25c5.rlib" "/opt/rustwide/rustup-home/toolchains/beta-2021-08-01-x86_64-unknown-linux-gnu/lib/rustlib/x86_64-unknown-linux-gnu/lib/libcore-8ef7dd43fc671f88.rlib" "-Wl,--end-group" "/opt/rustwide/rustup-home/toolchains/beta-2021-08-01-x86_64-unknown-linux-gnu/lib/rustlib/x86_64-unknown-linux-gnu/lib/libcompiler_builtins-a9a3b2ad67977f47.rlib" "-Wl,-Bdynamic" "-lutil" "-ldl" "-lutil" "-lgcc_s" "-lutil" "-lrt" "-lpthread" "-lm" "-ldl" "-lc" "-Wl,--eh-frame-hdr" "-Wl,-znoexecstack" "-L" "/opt/rustwide/rustup-home/toolchains/beta-2021-08-01-x86_64-unknown-linux-gnu/lib/rustlib/x86_64-unknown-linux-gnu/lib" "-o" "/opt/rustwide/target/debug/deps/half_precision-e3278e2d2a92d9e9" "-Wl,--gc-sections" "-pie" "-Wl,-zrelro" "-Wl,-znow" "-nodefaultlibs"
[INFO] [stdout]   = note: /usr/bin/ld: /opt/rustwide/target/debug/deps/half_precision-e3278e2d2a92d9e9.half_precision.a7728f2f-cgu.14.rcgu.o: in function `<arrayfire::array::Array<T> as core::ops::drop::Drop>::drop':
[INFO] [stdout]           /opt/rustwide/cargo-home/registry/src/github.com-1ecc6299db9ec823/arrayfire-3.7.0/src/array.rs:566: undefined reference to `af_release_array'
[INFO] [stdout]           /usr/bin/ld: /opt/rustwide/target/debug/deps/half_precision-e3278e2d2a92d9e9.half_precision.a7728f2f-cgu.14.rcgu.o: in function `arrayfire::array::Array<T>::new':
[INFO] [stdout]           /opt/rustwide/cargo-home/registry/src/github.com-1ecc6299db9ec823/arrayfire-3.7.0/src/array.rs:197: undefined reference to `af_create_array'
[INFO] [stdout]           /usr/bin/ld: /opt/rustwide/target/debug/deps/half_precision-e3278e2d2a92d9e9.half_precision.a7728f2f-cgu.14.rcgu.o: in function `arrayfire::array::print':
[INFO] [stdout]           /opt/rustwide/cargo-home/registry/src/github.com-1ecc6299db9ec823/arrayfire-3.7.0/src/array.rs:604: undefined reference to `af_print_array_gen'
[INFO] [stdout]           /usr/bin/ld: /opt/rustwide/target/debug/deps/libarrayfire-273f483edb7604e2.rlib(arrayfire-273f483edb7604e2.arrayfire.e2acfd30-cgu.10.rcgu.o): in function `arrayfire::backend::set_backend':
[INFO] [stdout]           /opt/rustwide/cargo-home/registry/src/github.com-1ecc6299db9ec823/arrayfire-3.7.0/src/backend.rs:21: undefined reference to `af_set_backend'
[INFO] [stdout]           /usr/bin/ld: /opt/rustwide/target/debug/deps/libarrayfire-273f483edb7604e2.rlib(arrayfire-273f483edb7604e2.arrayfire.e2acfd30-cgu.14.rcgu.o): in function `arrayfire::error::get_last_error':
[INFO] [stdout]           /opt/rustwide/cargo-home/registry/src/github.com-1ecc6299db9ec823/arrayfire-3.7.0/src/error.rs:106: undefined reference to `af_get_last_error'
[INFO] [stdout]           /usr/bin/ld: /opt/rustwide/target/debug/deps/libarrayfire-273f483edb7604e2.rlib(arrayfire-273f483edb7604e2.arrayfire.e2acfd30-cgu.15.rcgu.o): in function `arrayfire::device::info':
[INFO] [stdout]           /opt/rustwide/cargo-home/registry/src/github.com-1ecc6299db9ec823/arrayfire-3.7.0/src/device/mod.rs:79: undefined reference to `af_info'
[INFO] [stdout]           /usr/bin/ld: /opt/rustwide/target/debug/deps/libarrayfire-273f483edb7604e2.rlib(arrayfire-273f483edb7604e2.arrayfire.e2acfd30-cgu.15.rcgu.o): in function `arrayfire::device::set_device':
[INFO] [stdout]           /opt/rustwide/cargo-home/registry/src/github.com-1ecc6299db9ec823/arrayfire-3.7.0/src/device/mod.rs:187: undefined reference to `af_set_device'
[INFO] [stdout]           /usr/bin/ld: /opt/rustwide/target/debug/deps/libarrayfire-273f483edb7604e2.rlib(arrayfire-273f483edb7604e2.arrayfire.e2acfd30-cgu.13.rcgu.o): in function `arrayfire::util::free_host':
[INFO] [stdout]           /opt/rustwide/cargo-home/registry/src/github.com-1ecc6299db9ec823/arrayfire-3.7.0/src/util.rs:71: undefined reference to `af_free_host'
[INFO] [stdout]           collect2: error: ld returned 1 exit status
[INFO] [stdout]           
[INFO] [stdout]   = help: some `extern` functions couldn't be found; some native libraries may need to be installed or have their path specified
[INFO] [stdout]   = note: use the `-l` flag to specify native libraries to link
[INFO] [stdout]   = note: use the `cargo:rustc-link-lib` directive to specify the native libraries to link with Cargo (see https://doc.rust-lang.org/cargo/reference/build-scripts.html#cargorustc-link-libkindname)
[INFO] [stdout] 
[INFO] [stdout] 
[INFO] [stdout] error: aborting due to previous error
[INFO] [stdout] 
[INFO] [stdout] 
[INFO] [stdout] error: linking with `cc` failed: exit status: 1
[INFO] [stdout]   |
[INFO] [stdout]   = note: "cc" "-m64" "/opt/rustwide/target/debug/deps/histogram-1d3ca503c53c9bc3.histogram.e4bffeba-cgu.0.rcgu.o" "/opt/rustwide/target/debug/deps/histogram-1d3ca503c53c9bc3.histogram.e4bffeba-cgu.1.rcgu.o" "/opt/rustwide/target/debug/deps/histogram-1d3ca503c53c9bc3.histogram.e4bffeba-cgu.10.rcgu.o" "/opt/rustwide/target/debug/deps/histogram-1d3ca503c53c9bc3.histogram.e4bffeba-cgu.11.rcgu.o" "/opt/rustwide/target/debug/deps/histogram-1d3ca503c53c9bc3.histogram.e4bffeba-cgu.12.rcgu.o" "/opt/rustwide/target/debug/deps/histogram-1d3ca503c53c9bc3.histogram.e4bffeba-cgu.13.rcgu.o" "/opt/rustwide/target/debug/deps/histogram-1d3ca503c53c9bc3.histogram.e4bffeba-cgu.14.rcgu.o" "/opt/rustwide/target/debug/deps/histogram-1d3ca503c53c9bc3.histogram.e4bffeba-cgu.15.rcgu.o" "/opt/rustwide/target/debug/deps/histogram-1d3ca503c53c9bc3.histogram.e4bffeba-cgu.2.rcgu.o" "/opt/rustwide/target/debug/deps/histogram-1d3ca503c53c9bc3.histogram.e4bffeba-cgu.3.rcgu.o" "/opt/rustwide/target/debug/deps/histogram-1d3ca503c53c9bc3.histogram.e4bffeba-cgu.4.rcgu.o" "/opt/rustwide/target/debug/deps/histogram-1d3ca503c53c9bc3.histogram.e4bffeba-cgu.5.rcgu.o" "/opt/rustwide/target/debug/deps/histogram-1d3ca503c53c9bc3.histogram.e4bffeba-cgu.6.rcgu.o" "/opt/rustwide/target/debug/deps/histogram-1d3ca503c53c9bc3.histogram.e4bffeba-cgu.7.rcgu.o" "/opt/rustwide/target/debug/deps/histogram-1d3ca503c53c9bc3.histogram.e4bffeba-cgu.8.rcgu.o" "/opt/rustwide/target/debug/deps/histogram-1d3ca503c53c9bc3.histogram.e4bffeba-cgu.9.rcgu.o" "/opt/rustwide/target/debug/deps/histogram-1d3ca503c53c9bc3.47j5i2witsuqcki8.rcgu.o" "-Wl,--as-needed" "-L" "/opt/rustwide/target/debug/deps" "-L" "/opt/arrayfire/lib" "-L" "/opt/arrayfire/lib64" "-L" "/usr/local/lib" "-L" "/usr/lib" "-L" "/opt/rustwide/rustup-home/toolchains/beta-2021-08-01-x86_64-unknown-linux-gnu/lib/rustlib/x86_64-unknown-linux-gnu/lib" "-Wl,-Bstatic" "/opt/rustwide/target/debug/deps/libarrayfire-273f483edb7604e2.rlib" "/opt/rustwide/target/debug/deps/libhalf-cd4355714e9cb362.rlib" "/opt/rustwide/target/debug/deps/libnum-881a67ce7a1ba512.rlib" "/opt/rustwide/target/debug/deps/libnum_rational-43da9acd90424c9e.rlib" "/opt/rustwide/target/debug/deps/libnum_iter-5ea272b0cc0c98fb.rlib" "/opt/rustwide/target/debug/deps/libnum_complex-5ae02d94af40d94f.rlib" "/opt/rustwide/target/debug/deps/libnum_bigint-abcd4d7ef40439b7.rlib" "/opt/rustwide/target/debug/deps/libnum_integer-8be1ac371feacd70.rlib" "/opt/rustwide/target/debug/deps/libnum_traits-3f4b4b60b932b140.rlib" "/opt/rustwide/target/debug/deps/liblibc-48b2b226549d01c2.rlib" "/opt/rustwide/target/debug/deps/liblazy_static-e92083d5a39a8b50.rlib" "-Wl,--start-group" "/opt/rustwide/rustup-home/toolchains/beta-2021-08-01-x86_64-unknown-linux-gnu/lib/rustlib/x86_64-unknown-linux-gnu/lib/libstd-197d933f09d9a590.rlib" "/opt/rustwide/rustup-home/toolchains/beta-2021-08-01-x86_64-unknown-linux-gnu/lib/rustlib/x86_64-unknown-linux-gnu/lib/libpanic_unwind-46a006cddfd334f0.rlib" "/opt/rustwide/rustup-home/toolchains/beta-2021-08-01-x86_64-unknown-linux-gnu/lib/rustlib/x86_64-unknown-linux-gnu/lib/libminiz_oxide-5b9870310e470b38.rlib" "/opt/rustwide/rustup-home/toolchains/beta-2021-08-01-x86_64-unknown-linux-gnu/lib/rustlib/x86_64-unknown-linux-gnu/lib/libadler-260022ba8f1ab4ee.rlib" "/opt/rustwide/rustup-home/toolchains/beta-2021-08-01-x86_64-unknown-linux-gnu/lib/rustlib/x86_64-unknown-linux-gnu/lib/libobject-71377435a799394f.rlib" "/opt/rustwide/rustup-home/toolchains/beta-2021-08-01-x86_64-unknown-linux-gnu/lib/rustlib/x86_64-unknown-linux-gnu/lib/libaddr2line-658ee5924fde57cd.rlib" "/opt/rustwide/rustup-home/toolchains/beta-2021-08-01-x86_64-unknown-linux-gnu/lib/rustlib/x86_64-unknown-linux-gnu/lib/libgimli-9e8627da6bd1b94a.rlib" "/opt/rustwide/rustup-home/toolchains/beta-2021-08-01-x86_64-unknown-linux-gnu/lib/rustlib/x86_64-unknown-linux-gnu/lib/libstd_detect-19fdaac49f59be84.rlib" "/opt/rustwide/rustup-home/toolchains/beta-2021-08-01-x86_64-unknown-linux-gnu/lib/rustlib/x86_64-unknown-linux-gnu/lib/librustc_demangle-cb00e2691ea45905.rlib" "/opt/rustwide/rustup-home/toolchains/beta-2021-08-01-x86_64-unknown-linux-gnu/lib/rustlib/x86_64-unknown-linux-gnu/lib/libhashbrown-50f6726defae5ae1.rlib" "/opt/rustwide/rustup-home/toolchains/beta-2021-08-01-x86_64-unknown-linux-gnu/lib/rustlib/x86_64-unknown-linux-gnu/lib/librustc_std_workspace_alloc-2afc16311deea26e.rlib" "/opt/rustwide/rustup-home/toolchains/beta-2021-08-01-x86_64-unknown-linux-gnu/lib/rustlib/x86_64-unknown-linux-gnu/lib/libunwind-bb5cb0fe086ee8cf.rlib" "/opt/rustwide/rustup-home/toolchains/beta-2021-08-01-x86_64-unknown-linux-gnu/lib/rustlib/x86_64-unknown-linux-gnu/lib/libcfg_if-896053247b5dfd0b.rlib" "/opt/rustwide/rustup-home/toolchains/beta-2021-08-01-x86_64-unknown-linux-gnu/lib/rustlib/x86_64-unknown-linux-gnu/lib/liblibc-735e1f2ac3cf23be.rlib" "/opt/rustwide/rustup-home/toolchains/beta-2021-08-01-x86_64-unknown-linux-gnu/lib/rustlib/x86_64-unknown-linux-gnu/lib/liballoc-9dfb6622644c732c.rlib" "/opt/rustwide/rustup-home/toolchains/beta-2021-08-01-x86_64-unknown-linux-gnu/lib/rustlib/x86_64-unknown-linux-gnu/lib/librustc_std_workspace_core-beea7d9617fe25c5.rlib" "/opt/rustwide/rustup-home/toolchains/beta-2021-08-01-x86_64-unknown-linux-gnu/lib/rustlib/x86_64-unknown-linux-gnu/lib/libcore-8ef7dd43fc671f88.rlib" "-Wl,--end-group" "/opt/rustwide/rustup-home/toolchains/beta-2021-08-01-x86_64-unknown-linux-gnu/lib/rustlib/x86_64-unknown-linux-gnu/lib/libcompiler_builtins-a9a3b2ad67977f47.rlib" "-Wl,-Bdynamic" "-lutil" "-ldl" "-lutil" "-lgcc_s" "-lutil" "-lrt" "-lpthread" "-lm" "-ldl" "-lc" "-Wl,--eh-frame-hdr" "-Wl,-znoexecstack" "-L" "/opt/rustwide/rustup-home/toolchains/beta-2021-08-01-x86_64-unknown-linux-gnu/lib/rustlib/x86_64-unknown-linux-gnu/lib" "-o" "/opt/rustwide/target/debug/deps/histogram-1d3ca503c53c9bc3" "-Wl,--gc-sections" "-pie" "-Wl,-zrelro" "-Wl,-znow" "-nodefaultlibs"
[INFO] [stdout]   = note: /usr/bin/ld: /opt/rustwide/target/debug/deps/histogram-1d3ca503c53c9bc3.histogram.e4bffeba-cgu.11.rcgu.o: in function `arrayfire::data::tile':
[INFO] [stdout]           /opt/rustwide/cargo-home/registry/src/github.com-1ecc6299db9ec823/arrayfire-3.7.0/src/data/mod.rs:503: undefined reference to `af_tile'
[INFO] [stdout]           /usr/bin/ld: /opt/rustwide/target/debug/deps/histogram-1d3ca503c53c9bc3.histogram.e4bffeba-cgu.15.rcgu.o: in function `<arrayfire::array::Array<T> as core::ops::drop::Drop>::drop':
[INFO] [stdout]           /opt/rustwide/cargo-home/registry/src/github.com-1ecc6299db9ec823/arrayfire-3.7.0/src/array.rs:566: undefined reference to `af_release_array'
[INFO] [stdout]           /usr/bin/ld: /opt/rustwide/target/debug/deps/histogram-1d3ca503c53c9bc3.histogram.e4bffeba-cgu.15.rcgu.o: in function `arrayfire::array::Array<T>::dims':
[INFO] [stdout]           /opt/rustwide/cargo-home/registry/src/github.com-1ecc6299db9ec823/arrayfire-3.7.0/src/array.rs:317: undefined reference to `af_get_dims'
[INFO] [stdout]           /usr/bin/ld: /opt/rustwide/target/debug/deps/histogram-1d3ca503c53c9bc3.histogram.e4bffeba-cgu.15.rcgu.o: in function `arrayfire::array::Array<T>::is_scalar':
[INFO] [stdout]           /opt/rustwide/cargo-home/registry/src/github.com-1ecc6299db9ec823/arrayfire-3.7.0/src/array.rs:153: undefined reference to `af_is_scalar'
[INFO] [stdout]           /usr/bin/ld: /opt/rustwide/target/debug/deps/histogram-1d3ca503c53c9bc3.histogram.e4bffeba-cgu.6.rcgu.o: in function `arrayfire::arith::div_helper':
[INFO] [stdout]           /opt/rustwide/cargo-home/registry/src/github.com-1ecc6299db9ec823/arrayfire-3.7.0/src/arith/mod.rs:415: undefined reference to `af_div'
[INFO] [stdout]           /usr/bin/ld: /opt/rustwide/target/debug/deps/histogram-1d3ca503c53c9bc3.histogram.e4bffeba-cgu.7.rcgu.o: in function `arrayfire::index::index':
[INFO] [stdout]           /opt/rustwide/cargo-home/registry/src/github.com-1ecc6299db9ec823/arrayfire-3.7.0/src/index.rs:256: undefined reference to `af_index'
[INFO] [stdout]           /usr/bin/ld: /opt/rustwide/target/debug/deps/histogram-1d3ca503c53c9bc3.histogram.e4bffeba-cgu.8.rcgu.o: in function `arrayfire::graphics::Window::draw_image':
[INFO] [stdout]           /opt/rustwide/cargo-home/registry/src/github.com-1ecc6299db9ec823/arrayfire-3.7.0/src/graphics.rs:572: undefined reference to `af_draw_image'
[INFO] [stdout]           /usr/bin/ld: /opt/rustwide/target/debug/deps/histogram-1d3ca503c53c9bc3.histogram.e4bffeba-cgu.8.rcgu.o: in function `arrayfire::graphics::Window::draw_hist':
[INFO] [stdout]           /opt/rustwide/cargo-home/registry/src/github.com-1ecc6299db9ec823/arrayfire-3.7.0/src/graphics.rs:708: undefined reference to `af_draw_hist'
[INFO] [stdout]           /usr/bin/ld: /opt/rustwide/target/debug/deps/histogram-1d3ca503c53c9bc3.histogram.e4bffeba-cgu.9.rcgu.o: in function `arrayfire::image::load_image':
[INFO] [stdout]           /opt/rustwide/cargo-home/registry/src/github.com-1ecc6299db9ec823/arrayfire-3.7.0/src/image/mod.rs:282: undefined reference to `af_load_image'
[INFO] [stdout]           /usr/bin/ld: /opt/rustwide/cargo-home/registry/src/github.com-1ecc6299db9ec823/arrayfire-3.7.0/src/image/mod.rs:288: undefined reference to `af_cast'
[INFO] [stdout]           /usr/bin/ld: /opt/rustwide/target/debug/deps/histogram-1d3ca503c53c9bc3.histogram.e4bffeba-cgu.9.rcgu.o: in function `arrayfire::image::histogram':
[INFO] [stdout]           /opt/rustwide/cargo-home/registry/src/github.com-1ecc6299db9ec823/arrayfire-3.7.0/src/image/mod.rs:709: undefined reference to `af_histogram'
[INFO] [stdout]           /usr/bin/ld: /opt/rustwide/target/debug/deps/libarrayfire-273f483edb7604e2.rlib(arrayfire-273f483edb7604e2.arrayfire.e2acfd30-cgu.11.rcgu.o): in function `<f32 as arrayfire::data::ConstGenerator>::generate':
[INFO] [stdout]           /opt/rustwide/cargo-home/registry/src/github.com-1ecc6299db9ec823/arrayfire-3.7.0/src/data/mod.rs:228: undefined reference to `af_constant'
[INFO] [stdout]           /usr/bin/ld: /opt/rustwide/target/debug/deps/libarrayfire-273f483edb7604e2.rlib(arrayfire-273f483edb7604e2.arrayfire.e2acfd30-cgu.13.rcgu.o): in function `arrayfire::util::free_host':
[INFO] [stdout]           /opt/rustwide/cargo-home/registry/src/github.com-1ecc6299db9ec823/arrayfire-3.7.0/src/util.rs:71: undefined reference to `af_free_host'
[INFO] [stdout]           /usr/bin/ld: /opt/rustwide/target/debug/deps/libarrayfire-273f483edb7604e2.rlib(arrayfire-273f483edb7604e2.arrayfire.e2acfd30-cgu.14.rcgu.o): in function `arrayfire::error::get_last_error':
[INFO] [stdout]           /opt/rustwide/cargo-home/registry/src/github.com-1ecc6299db9ec823/arrayfire-3.7.0/src/error.rs:106: undefined reference to `af_get_last_error'
[INFO] [stdout]           /usr/bin/ld: /opt/rustwide/target/debug/deps/libarrayfire-273f483edb7604e2.rlib(arrayfire-273f483edb7604e2.arrayfire.e2acfd30-cgu.2.rcgu.o): in function `<arrayfire::array::Array<T> as core::clone::Clone>::clone':
[INFO] [stdout]           /opt/rustwide/cargo-home/registry/src/github.com-1ecc6299db9ec823/arrayfire-3.7.0/src/array.rs:550: undefined reference to `af_retain_array'
[INFO] [stdout]           /usr/bin/ld: /opt/rustwide/target/debug/deps/libarrayfire-273f483edb7604e2.rlib(arrayfire-273f483edb7604e2.arrayfire.e2acfd30-cgu.2.rcgu.o): in function `<arrayfire::array::Array<T> as core::ops::drop::Drop>::drop':
[INFO] [stdout]           /opt/rustwide/cargo-home/registry/src/github.com-1ecc6299db9ec823/arrayfire-3.7.0/src/array.rs:566: undefined reference to `af_release_array'
[INFO] [stdout]           /usr/bin/ld: /opt/rustwide/target/debug/deps/libarrayfire-273f483edb7604e2.rlib(arrayfire-273f483edb7604e2.arrayfire.e2acfd30-cgu.8.rcgu.o): in function `<arrayfire::graphics::Window as core::ops::drop::Drop>::drop':
[INFO] [stdout]           /opt/rustwide/cargo-home/registry/src/github.com-1ecc6299db9ec823/arrayfire-3.7.0/src/graphics.rs:197: undefined reference to `af_destroy_window'
[INFO] [stdout]           /usr/bin/ld: /opt/rustwide/target/debug/deps/libarrayfire-273f483edb7604e2.rlib(arrayfire-273f483edb7604e2.arrayfire.e2acfd30-cgu.8.rcgu.o): in function `arrayfire::graphics::Window::new':
[INFO] [stdout]           /opt/rustwide/cargo-home/registry/src/github.com-1ecc6299db9ec823/arrayfire-3.7.0/src/graphics.rs:229: undefined reference to `af_create_window'
[INFO] [stdout]           /usr/bin/ld: /opt/rustwide/target/debug/deps/libarrayfire-273f483edb7604e2.rlib(arrayfire-273f483edb7604e2.arrayfire.e2acfd30-cgu.8.rcgu.o): in function `arrayfire::graphics::Window::is_closed':
[INFO] [stdout]           /opt/rustwide/cargo-home/registry/src/github.com-1ecc6299db9ec823/arrayfire-3.7.0/src/graphics.rs:315: undefined reference to `af_is_window_closed'
[INFO] [stdout]           collect2: error: ld returned 1 exit status
[INFO] [stdout]           
[INFO] [stdout]   = help: some `extern` functions couldn't be found; some native libraries may need to be installed or have their path specified
[INFO] [stdout]   = note: use the `-l` flag to specify native libraries to link
[INFO] [stdout]   = note: use the `cargo:rustc-link-lib` directive to specify the native libraries to link with Cargo (see https://doc.rust-lang.org/cargo/reference/build-scripts.html#cargorustc-link-libkindname)
[INFO] [stdout] 
[INFO] [stdout] 
[INFO] [stdout] error: aborting due to previous error
[INFO] [stdout] 
[INFO] [stdout] 
[INFO] [stderr] error: build failed
[INFO] running `Command { std: "docker" "inspect" "78668f2c16a041288b75768c9106f673879fde1745aed5bebc5ec68c4c42dc1c", kill_on_drop: false }`
[INFO] running `Command { std: "docker" "rm" "-f" "78668f2c16a041288b75768c9106f673879fde1745aed5bebc5ec68c4c42dc1c", kill_on_drop: false }`
[INFO] [stdout] 78668f2c16a041288b75768c9106f673879fde1745aed5bebc5ec68c4c42dc1c
