[INFO] cloning repository https://github.com/sunlife3/uefiapp-rs
[INFO] running `Command { std: "git" "-c" "credential.helper=" "-c" "credential.helper=/workspace/cargo-home/bin/git-credential-null" "clone" "--bare" "https://github.com/sunlife3/uefiapp-rs" "/workspace/cache/git-repos/https%3A%2F%2Fgithub.com%2Fsunlife3%2Fuefiapp-rs", kill_on_drop: false }`
[INFO] [stderr] Cloning into bare repository '/workspace/cache/git-repos/https%3A%2F%2Fgithub.com%2Fsunlife3%2Fuefiapp-rs'...
[INFO] running `Command { std: "git" "rev-parse" "HEAD", kill_on_drop: false }`
[INFO] [stdout] 8d6aa46530a3a17f27a0a44373ec8e6894c8c8b4
[INFO] testing sunlife3/uefiapp-rs against 1.54.0 for beta-1.55-1
[INFO] running `Command { std: "git" "clone" "/workspace/cache/git-repos/https%3A%2F%2Fgithub.com%2Fsunlife3%2Fuefiapp-rs" "/workspace/builds/worker-10/source", kill_on_drop: false }`
[INFO] [stderr] Cloning into '/workspace/builds/worker-10/source'...
[INFO] [stderr] done.
[INFO] validating manifest of git repo https://github.com/sunlife3/uefiapp-rs on toolchain 1.54.0
[INFO] running `Command { std: "/workspace/cargo-home/bin/cargo" "+1.54.0" "metadata" "--manifest-path" "Cargo.toml" "--no-deps", kill_on_drop: false }`
[INFO] started tweaking git repo https://github.com/sunlife3/uefiapp-rs
[INFO] finished tweaking git repo https://github.com/sunlife3/uefiapp-rs
[INFO] tweaked toml for git repo https://github.com/sunlife3/uefiapp-rs written to /workspace/builds/worker-10/source/Cargo.toml
[INFO] crate git repo https://github.com/sunlife3/uefiapp-rs already has a lockfile, it will not be regenerated
[INFO] running `Command { std: "/workspace/cargo-home/bin/cargo" "+1.54.0" "fetch" "--manifest-path" "Cargo.toml", kill_on_drop: false }`
[INFO] [stderr]     Blocking waiting for file lock on package cache
[INFO] running `Command { std: "docker" "create" "-v" "/var/lib/crater-agent-workspace/builds/worker-10/target:/opt/rustwide/target:rw,Z" "-v" "/var/lib/crater-agent-workspace/builds/worker-10/source:/opt/rustwide/workdir:ro,Z" "-v" "/var/lib/crater-agent-workspace/cargo-home:/opt/rustwide/cargo-home:ro,Z" "-v" "/var/lib/crater-agent-workspace/rustup-home:/opt/rustwide/rustup-home:ro,Z" "-e" "SOURCE_DIR=/opt/rustwide/workdir" "-e" "CARGO_TARGET_DIR=/opt/rustwide/target" "-e" "CARGO_HOME=/opt/rustwide/cargo-home" "-e" "RUSTUP_HOME=/opt/rustwide/rustup-home" "-w" "/opt/rustwide/workdir" "-m" "1610612736" "--user" "0:0" "--network" "none" "ghcr.io/rust-lang/crates-build-env/linux@sha256:34b6a614d2c27851fe6cbf88fbd1137609cefab8b10d0615aaeb6fd47975d74e" "/opt/rustwide/cargo-home/bin/cargo" "+1.54.0" "metadata" "--no-deps" "--format-version=1", kill_on_drop: false }`
[INFO] [stdout] bf6c71274c5e14e645e608338ad27a1d8daa7ac94fadfcf2d19798da290179ca
[INFO] [stderr] WARNING: Your kernel does not support swap limit capabilities or the cgroup is not mounted. Memory limited without swap.
[INFO] running `Command { std: "docker" "start" "-a" "bf6c71274c5e14e645e608338ad27a1d8daa7ac94fadfcf2d19798da290179ca", kill_on_drop: false }`
[INFO] running `Command { std: "docker" "inspect" "bf6c71274c5e14e645e608338ad27a1d8daa7ac94fadfcf2d19798da290179ca", kill_on_drop: false }`
[INFO] running `Command { std: "docker" "rm" "-f" "bf6c71274c5e14e645e608338ad27a1d8daa7ac94fadfcf2d19798da290179ca", kill_on_drop: false }`
[INFO] [stdout] bf6c71274c5e14e645e608338ad27a1d8daa7ac94fadfcf2d19798da290179ca
[INFO] running `Command { std: "docker" "create" "-v" "/var/lib/crater-agent-workspace/builds/worker-10/target:/opt/rustwide/target:rw,Z" "-v" "/var/lib/crater-agent-workspace/builds/worker-10/source:/opt/rustwide/workdir:ro,Z" "-v" "/var/lib/crater-agent-workspace/cargo-home:/opt/rustwide/cargo-home:ro,Z" "-v" "/var/lib/crater-agent-workspace/rustup-home:/opt/rustwide/rustup-home:ro,Z" "-e" "SOURCE_DIR=/opt/rustwide/workdir" "-e" "CARGO_TARGET_DIR=/opt/rustwide/target" "-e" "CARGO_INCREMENTAL=0" "-e" "RUST_BACKTRACE=full" "-e" "RUSTFLAGS=--cap-lints=warn" "-e" "CARGO_HOME=/opt/rustwide/cargo-home" "-e" "RUSTUP_HOME=/opt/rustwide/rustup-home" "-w" "/opt/rustwide/workdir" "-m" "1610612736" "--user" "0:0" "--network" "none" "ghcr.io/rust-lang/crates-build-env/linux@sha256:34b6a614d2c27851fe6cbf88fbd1137609cefab8b10d0615aaeb6fd47975d74e" "/opt/rustwide/cargo-home/bin/cargo" "+1.54.0" "build" "--frozen" "--message-format=json", kill_on_drop: false }`
[INFO] [stderr] WARNING: Your kernel does not support swap limit capabilities or the cgroup is not mounted. Memory limited without swap.
[INFO] [stdout] 9ced5f0994ab3cbbab1d42698a1d9f9f07d25313b683367b56b91931085a263b
[INFO] running `Command { std: "docker" "start" "-a" "9ced5f0994ab3cbbab1d42698a1d9f9f07d25313b683367b56b91931085a263b", kill_on_drop: false }`
[INFO] [stderr]    Compiling syn v1.0.56
[INFO] [stderr]    Compiling bit_field v0.10.1
[INFO] [stderr]    Compiling ucs2 v0.3.2
[INFO] [stderr]    Compiling uefi-macros v0.3.3
[INFO] [stderr]    Compiling uefi v0.7.0 (https://github.com/rust-osdev/uefi-rs.git#7530cd4a)
[INFO] [stdout] error[E0557]: feature has been removed
[INFO] [stdout]   --> /opt/rustwide/cargo-home/git/checkouts/uefi-rs-f0a06b7c1e31b7b0/7530cd4/src/lib.rs:31:12
[INFO] [stdout]    |
[INFO] [stdout] 31 | #![feature(const_fn)]
[INFO] [stdout]    |            ^^^^^^^^ feature has been removed
[INFO] [stdout]    |
[INFO] [stdout]    = note: split into finer-grained feature gates
[INFO] [stdout] 
[INFO] [stdout] 
[INFO] [stdout] error[E0437]: type `Ok` is not a member of trait `ops::Try`
[INFO] [stdout]    --> /opt/rustwide/cargo-home/git/checkouts/uefi-rs-f0a06b7c1e31b7b0/7530cd4/src/result/status.rs:175:5
[INFO] [stdout]     |
[INFO] [stdout] 175 |     type Ok = Completion<()>;
[INFO] [stdout]     |     ^^^^^^^^^^^^^^^^^^^^^^^^^ not a member of trait `ops::Try`
[INFO] [stdout] 
[INFO] [stdout] 
[INFO] [stdout] error[E0437]: type `Error` is not a member of trait `ops::Try`
[INFO] [stdout]    --> /opt/rustwide/cargo-home/git/checkouts/uefi-rs-f0a06b7c1e31b7b0/7530cd4/src/result/status.rs:176:5
[INFO] [stdout]     |
[INFO] [stdout] 176 |     type Error = Error<()>;
[INFO] [stdout]     |     ^^^^^^^^^^^^^^^^^^^^^^^ not a member of trait `ops::Try`
[INFO] [stdout] 
[INFO] [stdout] 
[INFO] [stdout] error[E0407]: method `into_result` is not a member of trait `ops::Try`
[INFO] [stdout]    --> /opt/rustwide/cargo-home/git/checkouts/uefi-rs-f0a06b7c1e31b7b0/7530cd4/src/result/status.rs:178:5
[INFO] [stdout]     |
[INFO] [stdout] 178 | /     fn into_result(self) -> Result<(), ()> {
[INFO] [stdout] 179 | |         self.into()
[INFO] [stdout] 180 | |     }
[INFO] [stdout]     | |_____^ not a member of trait `ops::Try`
[INFO] [stdout] 
[INFO] [stdout] 
[INFO] [stdout] error[E0407]: method `from_error` is not a member of trait `ops::Try`
[INFO] [stdout]    --> /opt/rustwide/cargo-home/git/checkouts/uefi-rs-f0a06b7c1e31b7b0/7530cd4/src/result/status.rs:182:5
[INFO] [stdout]     |
[INFO] [stdout] 182 | /     fn from_error(error: Self::Error) -> Self {
[INFO] [stdout] 183 | |         error.status()
[INFO] [stdout] 184 | |     }
[INFO] [stdout]     | |_____^ not a member of trait `ops::Try`
[INFO] [stdout] 
[INFO] [stdout] 
[INFO] [stdout] error[E0407]: method `from_ok` is not a member of trait `ops::Try`
[INFO] [stdout]    --> /opt/rustwide/cargo-home/git/checkouts/uefi-rs-f0a06b7c1e31b7b0/7530cd4/src/result/status.rs:186:5
[INFO] [stdout]     |
[INFO] [stdout] 186 | /     fn from_ok(ok: Self::Ok) -> Self {
[INFO] [stdout] 187 | |         ok.status()
[INFO] [stdout] 188 | |     }
[INFO] [stdout]     | |_____^ not a member of trait `ops::Try`
[INFO] [stdout] 
[INFO] [stdout] 
[INFO] [stdout] error[E0554]: `#![feature]` may not be used on the stable release channel
[INFO] [stdout]   --> /opt/rustwide/cargo-home/git/checkouts/uefi-rs-f0a06b7c1e31b7b0/7530cd4/src/lib.rs:27:1
[INFO] [stdout]    |
[INFO] [stdout] 27 | #![feature(auto_traits)]
[INFO] [stdout]    | ^^^^^^^^^^^^^^^^^^^^^^^^
[INFO] [stdout] 
[INFO] [stdout] 
[INFO] [stdout] error[E0554]: `#![feature]` may not be used on the stable release channel
[INFO] [stdout]   --> /opt/rustwide/cargo-home/git/checkouts/uefi-rs-f0a06b7c1e31b7b0/7530cd4/src/lib.rs:28:1
[INFO] [stdout]    |
[INFO] [stdout] 28 | #![feature(try_trait)]
[INFO] [stdout]    | ^^^^^^^^^^^^^^^^^^^^^^
[INFO] [stdout] 
[INFO] [stdout] 
[INFO] [stdout] error[E0554]: `#![feature]` may not be used on the stable release channel
[INFO] [stdout]   --> /opt/rustwide/cargo-home/git/checkouts/uefi-rs-f0a06b7c1e31b7b0/7530cd4/src/lib.rs:29:1
[INFO] [stdout]    |
[INFO] [stdout] 29 | #![feature(abi_efiapi)]
[INFO] [stdout]    | ^^^^^^^^^^^^^^^^^^^^^^^
[INFO] [stdout] 
[INFO] [stdout] 
[INFO] [stdout] error[E0554]: `#![feature]` may not be used on the stable release channel
[INFO] [stdout]   --> /opt/rustwide/cargo-home/git/checkouts/uefi-rs-f0a06b7c1e31b7b0/7530cd4/src/lib.rs:30:1
[INFO] [stdout]    |
[INFO] [stdout] 30 | #![feature(negative_impls)]
[INFO] [stdout]    | ^^^^^^^^^^^^^^^^^^^^^^^^^^^
[INFO] [stdout] 
[INFO] [stdout] 
[INFO] [stdout] error[E0554]: `#![feature]` may not be used on the stable release channel
[INFO] [stdout]   --> /opt/rustwide/cargo-home/git/checkouts/uefi-rs-f0a06b7c1e31b7b0/7530cd4/src/lib.rs:31:1
[INFO] [stdout]    |
[INFO] [stdout] 31 | #![feature(const_fn)]
[INFO] [stdout]    | ^^^^^^^^^^^^^^^^^^^^^
[INFO] [stdout] 
[INFO] [stdout] 
[INFO] [stdout] error[E0554]: `#![feature]` may not be used on the stable release channel
[INFO] [stdout]   --> /opt/rustwide/cargo-home/git/checkouts/uefi-rs-f0a06b7c1e31b7b0/7530cd4/src/lib.rs:32:1
[INFO] [stdout]    |
[INFO] [stdout] 32 | #![feature(const_panic)]
[INFO] [stdout]    | ^^^^^^^^^^^^^^^^^^^^^^^^
[INFO] [stdout] 
[INFO] [stdout] 
[INFO] [stdout] error[E0658]: use of unstable library feature 'try_trait_v2'
[INFO] [stdout]    --> /opt/rustwide/cargo-home/git/checkouts/uefi-rs-f0a06b7c1e31b7b0/7530cd4/src/result/status.rs:174:6
[INFO] [stdout]     |
[INFO] [stdout] 174 | impl ops::Try for Status {
[INFO] [stdout]     |      ^^^^^^^^
[INFO] [stdout]     |
[INFO] [stdout]     = note: see issue #84277 <https://github.com/rust-lang/rust/issues/84277> for more information
[INFO] [stdout] 
[INFO] [stdout] 
[INFO] [stdout] error[E0220]: associated type `Error` not found for `Self`
[INFO] [stdout]    --> /opt/rustwide/cargo-home/git/checkouts/uefi-rs-f0a06b7c1e31b7b0/7530cd4/src/result/status.rs:182:32
[INFO] [stdout]     |
[INFO] [stdout] 182 |     fn from_error(error: Self::Error) -> Self {
[INFO] [stdout]     |                                ^^^^^ associated type `Error` not found
[INFO] [stdout] 
[INFO] [stdout] 
[INFO] [stdout] error[E0220]: associated type `Ok` not found for `Self`
[INFO] [stdout]    --> /opt/rustwide/cargo-home/git/checkouts/uefi-rs-f0a06b7c1e31b7b0/7530cd4/src/result/status.rs:186:26
[INFO] [stdout]     |
[INFO] [stdout] 186 |     fn from_ok(ok: Self::Ok) -> Self {
[INFO] [stdout]     |                          ^^ associated type `Ok` not found
[INFO] [stdout] 
[INFO] [stdout] 
[INFO] [stdout] error: aborting due to 15 previous errors
[INFO] [stdout] 
[INFO] [stdout] 
[INFO] [stdout] Some errors have detailed explanations: E0220, E0407, E0437, E0554, E0557, E0658.
[INFO] [stdout] 
[INFO] [stdout] For more information about an error, try `rustc --explain E0220`.
[INFO] [stdout] 
[INFO] [stderr] error: could not compile `uefi`
[INFO] [stderr] 
[INFO] [stderr] To learn more, run the command again with --verbose.
[INFO] running `Command { std: "docker" "inspect" "9ced5f0994ab3cbbab1d42698a1d9f9f07d25313b683367b56b91931085a263b", kill_on_drop: false }`
[INFO] running `Command { std: "docker" "rm" "-f" "9ced5f0994ab3cbbab1d42698a1d9f9f07d25313b683367b56b91931085a263b", kill_on_drop: false }`
[INFO] [stdout] 9ced5f0994ab3cbbab1d42698a1d9f9f07d25313b683367b56b91931085a263b
