[INFO] cloning repository https://github.com/sunfishcode/misc-tests
[INFO] running `Command { std: "git" "-c" "credential.helper=" "-c" "credential.helper=/workspace/cargo-home/bin/git-credential-null" "clone" "--bare" "https://github.com/sunfishcode/misc-tests" "/workspace/cache/git-repos/https%3A%2F%2Fgithub.com%2Fsunfishcode%2Fmisc-tests", kill_on_drop: false }`
[INFO] [stderr] Cloning into bare repository '/workspace/cache/git-repos/https%3A%2F%2Fgithub.com%2Fsunfishcode%2Fmisc-tests'...
[INFO] running `Command { std: "git" "rev-parse" "HEAD", kill_on_drop: false }`
[INFO] [stdout] a696b1599589e6394b30e0784b980a5ff3d73517
[INFO] testing sunfishcode/misc-tests against 1.54.0 for beta-1.55-1
[INFO] running `Command { std: "git" "clone" "/workspace/cache/git-repos/https%3A%2F%2Fgithub.com%2Fsunfishcode%2Fmisc-tests" "/workspace/builds/worker-12/source", kill_on_drop: false }`
[INFO] [stderr] Cloning into '/workspace/builds/worker-12/source'...
[INFO] [stderr] done.
[INFO] validating manifest of git repo https://github.com/sunfishcode/misc-tests on toolchain 1.54.0
[INFO] running `Command { std: "/workspace/cargo-home/bin/cargo" "+1.54.0" "metadata" "--manifest-path" "Cargo.toml" "--no-deps", kill_on_drop: false }`
[INFO] started tweaking git repo https://github.com/sunfishcode/misc-tests
[INFO] finished tweaking git repo https://github.com/sunfishcode/misc-tests
[INFO] tweaked toml for git repo https://github.com/sunfishcode/misc-tests written to /workspace/builds/worker-12/source/Cargo.toml
[INFO] crate git repo https://github.com/sunfishcode/misc-tests already has a lockfile, it will not be regenerated
[INFO] running `Command { std: "/workspace/cargo-home/bin/cargo" "+1.54.0" "fetch" "--manifest-path" "Cargo.toml", kill_on_drop: false }`
[INFO] running `Command { std: "docker" "create" "-v" "/var/lib/crater-agent-workspace/builds/worker-12/target:/opt/rustwide/target:rw,Z" "-v" "/var/lib/crater-agent-workspace/builds/worker-12/source:/opt/rustwide/workdir:ro,Z" "-v" "/var/lib/crater-agent-workspace/cargo-home:/opt/rustwide/cargo-home:ro,Z" "-v" "/var/lib/crater-agent-workspace/rustup-home:/opt/rustwide/rustup-home:ro,Z" "-e" "SOURCE_DIR=/opt/rustwide/workdir" "-e" "CARGO_TARGET_DIR=/opt/rustwide/target" "-e" "CARGO_HOME=/opt/rustwide/cargo-home" "-e" "RUSTUP_HOME=/opt/rustwide/rustup-home" "-w" "/opt/rustwide/workdir" "-m" "1610612736" "--user" "0:0" "--network" "none" "ghcr.io/rust-lang/crates-build-env/linux@sha256:34b6a614d2c27851fe6cbf88fbd1137609cefab8b10d0615aaeb6fd47975d74e" "/opt/rustwide/cargo-home/bin/cargo" "+1.54.0" "metadata" "--no-deps" "--format-version=1", kill_on_drop: false }`
[INFO] [stderr] WARNING: Your kernel does not support swap limit capabilities or the cgroup is not mounted. Memory limited without swap.
[INFO] [stdout] 982ec2110f268aac0e7b7309bb95d35c13c892c012f4b8ba32385d4a10ec9a2b
[INFO] running `Command { std: "docker" "start" "-a" "982ec2110f268aac0e7b7309bb95d35c13c892c012f4b8ba32385d4a10ec9a2b", kill_on_drop: false }`
[INFO] running `Command { std: "docker" "inspect" "982ec2110f268aac0e7b7309bb95d35c13c892c012f4b8ba32385d4a10ec9a2b", kill_on_drop: false }`
[INFO] running `Command { std: "docker" "rm" "-f" "982ec2110f268aac0e7b7309bb95d35c13c892c012f4b8ba32385d4a10ec9a2b", kill_on_drop: false }`
[INFO] [stdout] 982ec2110f268aac0e7b7309bb95d35c13c892c012f4b8ba32385d4a10ec9a2b
[INFO] running `Command { std: "docker" "create" "-v" "/var/lib/crater-agent-workspace/builds/worker-12/target:/opt/rustwide/target:rw,Z" "-v" "/var/lib/crater-agent-workspace/builds/worker-12/source:/opt/rustwide/workdir:ro,Z" "-v" "/var/lib/crater-agent-workspace/cargo-home:/opt/rustwide/cargo-home:ro,Z" "-v" "/var/lib/crater-agent-workspace/rustup-home:/opt/rustwide/rustup-home:ro,Z" "-e" "SOURCE_DIR=/opt/rustwide/workdir" "-e" "CARGO_TARGET_DIR=/opt/rustwide/target" "-e" "CARGO_INCREMENTAL=0" "-e" "RUST_BACKTRACE=full" "-e" "RUSTFLAGS=--cap-lints=warn" "-e" "CARGO_HOME=/opt/rustwide/cargo-home" "-e" "RUSTUP_HOME=/opt/rustwide/rustup-home" "-w" "/opt/rustwide/workdir" "-m" "1610612736" "--user" "0:0" "--network" "none" "ghcr.io/rust-lang/crates-build-env/linux@sha256:34b6a614d2c27851fe6cbf88fbd1137609cefab8b10d0615aaeb6fd47975d74e" "/opt/rustwide/cargo-home/bin/cargo" "+1.54.0" "build" "--frozen" "--message-format=json", kill_on_drop: false }`
[INFO] [stdout] bb7acd52990baa6936f5a3a93962df2019ca920eeba8f4a8dc5fc4447ca13144
[INFO] [stderr] WARNING: Your kernel does not support swap limit capabilities or the cgroup is not mounted. Memory limited without swap.
[INFO] running `Command { std: "docker" "start" "-a" "bb7acd52990baa6936f5a3a93962df2019ca920eeba8f4a8dc5fc4447ca13144", kill_on_drop: false }`
[INFO] [stderr]    Compiling wasi v0.7.0
[INFO] [stderr]    Compiling wasi-misc-tests v0.1.0 (/opt/rustwide/workdir)
[INFO] [stdout] error: linking with `cc` failed: exit status: 1
[INFO] [stdout]   |
[INFO] [stdout]   = note: "cc" "-m64" "/opt/rustwide/target/debug/deps/path_symlink_trailing_slashes-6719ee3a26e4b0a1.path_symlink_trailing_slashes.5gp2fkhb-cgu.0.rcgu.o" "/opt/rustwide/target/debug/deps/path_symlink_trailing_slashes-6719ee3a26e4b0a1.path_symlink_trailing_slashes.5gp2fkhb-cgu.1.rcgu.o" "/opt/rustwide/target/debug/deps/path_symlink_trailing_slashes-6719ee3a26e4b0a1.path_symlink_trailing_slashes.5gp2fkhb-cgu.10.rcgu.o" "/opt/rustwide/target/debug/deps/path_symlink_trailing_slashes-6719ee3a26e4b0a1.path_symlink_trailing_slashes.5gp2fkhb-cgu.11.rcgu.o" "/opt/rustwide/target/debug/deps/path_symlink_trailing_slashes-6719ee3a26e4b0a1.path_symlink_trailing_slashes.5gp2fkhb-cgu.12.rcgu.o" "/opt/rustwide/target/debug/deps/path_symlink_trailing_slashes-6719ee3a26e4b0a1.path_symlink_trailing_slashes.5gp2fkhb-cgu.13.rcgu.o" "/opt/rustwide/target/debug/deps/path_symlink_trailing_slashes-6719ee3a26e4b0a1.path_symlink_trailing_slashes.5gp2fkhb-cgu.14.rcgu.o" "/opt/rustwide/target/debug/deps/path_symlink_trailing_slashes-6719ee3a26e4b0a1.path_symlink_trailing_slashes.5gp2fkhb-cgu.15.rcgu.o" "/opt/rustwide/target/debug/deps/path_symlink_trailing_slashes-6719ee3a26e4b0a1.path_symlink_trailing_slashes.5gp2fkhb-cgu.2.rcgu.o" "/opt/rustwide/target/debug/deps/path_symlink_trailing_slashes-6719ee3a26e4b0a1.path_symlink_trailing_slashes.5gp2fkhb-cgu.3.rcgu.o" "/opt/rustwide/target/debug/deps/path_symlink_trailing_slashes-6719ee3a26e4b0a1.path_symlink_trailing_slashes.5gp2fkhb-cgu.4.rcgu.o" "/opt/rustwide/target/debug/deps/path_symlink_trailing_slashes-6719ee3a26e4b0a1.path_symlink_trailing_slashes.5gp2fkhb-cgu.5.rcgu.o" "/opt/rustwide/target/debug/deps/path_symlink_trailing_slashes-6719ee3a26e4b0a1.path_symlink_trailing_slashes.5gp2fkhb-cgu.6.rcgu.o" "/opt/rustwide/target/debug/deps/path_symlink_trailing_slashes-6719ee3a26e4b0a1.path_symlink_trailing_slashes.5gp2fkhb-cgu.7.rcgu.o" "/opt/rustwide/target/debug/deps/path_symlink_trailing_slashes-6719ee3a26e4b0a1.path_symlink_trailing_slashes.5gp2fkhb-cgu.8.rcgu.o" "/opt/rustwide/target/debug/deps/path_symlink_trailing_slashes-6719ee3a26e4b0a1.path_symlink_trailing_slashes.5gp2fkhb-cgu.9.rcgu.o" "/opt/rustwide/target/debug/deps/path_symlink_trailing_slashes-6719ee3a26e4b0a1.5btqxv9yzfc1vaty.rcgu.o" "-Wl,--as-needed" "-L" "/opt/rustwide/target/debug/deps" "-L" "/opt/rustwide/rustup-home/toolchains/1.54.0-x86_64-unknown-linux-gnu/lib/rustlib/x86_64-unknown-linux-gnu/lib" "-Wl,-Bstatic" "/opt/rustwide/target/debug/deps/libwasi_misc_tests-dff3e81a649de10f.rlib" "/opt/rustwide/target/debug/deps/liblibc-a8af610016c763ac.rlib" "/opt/rustwide/target/debug/deps/libmore_asserts-6935cb2b3484255a.rlib" "/opt/rustwide/target/debug/deps/libwasi-4a41526cd6f2b6b0.rlib" "-Wl,--start-group" "/opt/rustwide/rustup-home/toolchains/1.54.0-x86_64-unknown-linux-gnu/lib/rustlib/x86_64-unknown-linux-gnu/lib/libstd-2420485b9e5ef5e1.rlib" "/opt/rustwide/rustup-home/toolchains/1.54.0-x86_64-unknown-linux-gnu/lib/rustlib/x86_64-unknown-linux-gnu/lib/libpanic_unwind-785e3cb61c4b1960.rlib" "/opt/rustwide/rustup-home/toolchains/1.54.0-x86_64-unknown-linux-gnu/lib/rustlib/x86_64-unknown-linux-gnu/lib/libminiz_oxide-087191a88bdaa22d.rlib" "/opt/rustwide/rustup-home/toolchains/1.54.0-x86_64-unknown-linux-gnu/lib/rustlib/x86_64-unknown-linux-gnu/lib/libadler-9981842c02975178.rlib" "/opt/rustwide/rustup-home/toolchains/1.54.0-x86_64-unknown-linux-gnu/lib/rustlib/x86_64-unknown-linux-gnu/lib/libobject-6fb405869b015fde.rlib" "/opt/rustwide/rustup-home/toolchains/1.54.0-x86_64-unknown-linux-gnu/lib/rustlib/x86_64-unknown-linux-gnu/lib/libaddr2line-d05c5c3c56004b7b.rlib" "/opt/rustwide/rustup-home/toolchains/1.54.0-x86_64-unknown-linux-gnu/lib/rustlib/x86_64-unknown-linux-gnu/lib/libgimli-42d74d2097528b38.rlib" "/opt/rustwide/rustup-home/toolchains/1.54.0-x86_64-unknown-linux-gnu/lib/rustlib/x86_64-unknown-linux-gnu/lib/libstd_detect-fb36534c113d2209.rlib" "/opt/rustwide/rustup-home/toolchains/1.54.0-x86_64-unknown-linux-gnu/lib/rustlib/x86_64-unknown-linux-gnu/lib/librustc_demangle-b56b9042c12b6535.rlib" "/opt/rustwide/rustup-home/toolchains/1.54.0-x86_64-unknown-linux-gnu/lib/rustlib/x86_64-unknown-linux-gnu/lib/libhashbrown-491902d6cb3e76df.rlib" "/opt/rustwide/rustup-home/toolchains/1.54.0-x86_64-unknown-linux-gnu/lib/rustlib/x86_64-unknown-linux-gnu/lib/librustc_std_workspace_alloc-61834e0981b8c367.rlib" "/opt/rustwide/rustup-home/toolchains/1.54.0-x86_64-unknown-linux-gnu/lib/rustlib/x86_64-unknown-linux-gnu/lib/libunwind-f78aa99d613a55bc.rlib" "/opt/rustwide/rustup-home/toolchains/1.54.0-x86_64-unknown-linux-gnu/lib/rustlib/x86_64-unknown-linux-gnu/lib/libcfg_if-53ee54cd7fed2c57.rlib" "/opt/rustwide/rustup-home/toolchains/1.54.0-x86_64-unknown-linux-gnu/lib/rustlib/x86_64-unknown-linux-gnu/lib/liblibc-544ecdbd6cda3c58.rlib" "/opt/rustwide/rustup-home/toolchains/1.54.0-x86_64-unknown-linux-gnu/lib/rustlib/x86_64-unknown-linux-gnu/lib/liballoc-379cc252b6943a79.rlib" "/opt/rustwide/rustup-home/toolchains/1.54.0-x86_64-unknown-linux-gnu/lib/rustlib/x86_64-unknown-linux-gnu/lib/librustc_std_workspace_core-8063eea38dcc5e62.rlib" "/opt/rustwide/rustup-home/toolchains/1.54.0-x86_64-unknown-linux-gnu/lib/rustlib/x86_64-unknown-linux-gnu/lib/libcore-5b228734afae15ee.rlib" "-Wl,--end-group" "/opt/rustwide/rustup-home/toolchains/1.54.0-x86_64-unknown-linux-gnu/lib/rustlib/x86_64-unknown-linux-gnu/lib/libcompiler_builtins-d6c7a399d95d173f.rlib" "-Wl,-Bdynamic" "-lutil" "-lgcc_s" "-lutil" "-lrt" "-lpthread" "-lm" "-ldl" "-lc" "-Wl,--eh-frame-hdr" "-Wl,-znoexecstack" "-L" "/opt/rustwide/rustup-home/toolchains/1.54.0-x86_64-unknown-linux-gnu/lib/rustlib/x86_64-unknown-linux-gnu/lib" "-o" "/opt/rustwide/target/debug/deps/path_symlink_trailing_slashes-6719ee3a26e4b0a1" "-Wl,--gc-sections" "-pie" "-Wl,-zrelro" "-Wl,-znow" "-nodefaultlibs"
[INFO] [stdout]   = note: /usr/bin/ld: /opt/rustwide/target/debug/deps/libwasi_misc_tests-dff3e81a649de10f.rlib(wasi_misc_tests-dff3e81a649de10f.wasi_misc_tests.97hmz27x-cgu.4.rcgu.o): in function `wasi_misc_tests::wasi_wrappers::wasi_path_open':
[INFO] [stdout]           /opt/rustwide/workdir/src/wasi_wrappers.rs:43: undefined reference to `path_open'
[INFO] [stdout]           /usr/bin/ld: /opt/rustwide/target/debug/deps/libwasi_misc_tests-dff3e81a649de10f.rlib(wasi_misc_tests-dff3e81a649de10f.wasi_misc_tests.97hmz27x-cgu.7.rcgu.o): in function `wasi::wasi_unstable::path_symlink':
[INFO] [stdout]           /opt/rustwide/cargo-home/registry/src/github.com-1ecc6299db9ec823/wasi-0.7.0/src/wasi_unstable/mod.rs:527: undefined reference to `path_symlink'
[INFO] [stdout]           /usr/bin/ld: /opt/rustwide/target/debug/deps/libwasi_misc_tests-dff3e81a649de10f.rlib(wasi_misc_tests-dff3e81a649de10f.wasi_misc_tests.97hmz27x-cgu.7.rcgu.o): in function `wasi::wasi_unstable::path_unlink_file':
[INFO] [stdout]           /opt/rustwide/cargo-home/registry/src/github.com-1ecc6299db9ec823/wasi-0.7.0/src/wasi_unstable/mod.rs:539: undefined reference to `path_unlink_file'
[INFO] [stdout]           /usr/bin/ld: /opt/rustwide/target/debug/deps/libwasi_misc_tests-dff3e81a649de10f.rlib(wasi_misc_tests-dff3e81a649de10f.wasi_misc_tests.97hmz27x-cgu.7.rcgu.o): in function `wasi::wasi_unstable::path_create_directory':
[INFO] [stdout]           /opt/rustwide/cargo-home/registry/src/github.com-1ecc6299db9ec823/wasi-0.7.0/src/wasi_unstable/mod.rs:390: undefined reference to `path_create_directory'
[INFO] [stdout]           /usr/bin/ld: /opt/rustwide/target/debug/deps/libwasi_misc_tests-dff3e81a649de10f.rlib(wasi_misc_tests-dff3e81a649de10f.wasi_misc_tests.97hmz27x-cgu.7.rcgu.o): in function `wasi::wasi_unstable::path_remove_directory':
[INFO] [stdout]           /opt/rustwide/cargo-home/registry/src/github.com-1ecc6299db9ec823/wasi-0.7.0/src/wasi_unstable/mod.rs:544: undefined reference to `path_remove_directory'
[INFO] [stdout]           /usr/bin/ld: /opt/rustwide/target/debug/deps/libwasi_misc_tests-dff3e81a649de10f.rlib(wasi_misc_tests-dff3e81a649de10f.wasi_misc_tests.97hmz27x-cgu.7.rcgu.o): in function `wasi::wasi_unstable::fd_close':
[INFO] [stdout]           /opt/rustwide/cargo-home/registry/src/github.com-1ecc6299db9ec823/wasi-0.7.0/src/wasi_unstable/mod.rs:316: undefined reference to `fd_close'
[INFO] [stdout]           collect2: error: ld returned 1 exit status
[INFO] [stdout]           
[INFO] [stdout] 
[INFO] [stdout] 
[INFO] [stdout] error: aborting due to previous error
[INFO] [stdout] 
[INFO] [stdout] 
[INFO] [stderr] error: could not compile `wasi-misc-tests`
[INFO] [stderr] 
[INFO] [stderr] To learn more, run the command again with --verbose.
[INFO] [stderr] warning: build failed, waiting for other jobs to finish...
[INFO] [stdout] error: linking with `cc` failed: exit status: 1
[INFO] [stdout]   |
[INFO] [stdout]   = note: "cc" "-m64" "/opt/rustwide/target/debug/deps/fd_filestat_set-4266e7beb16c0ae0.fd_filestat_set.7ol27yjz-cgu.0.rcgu.o" "/opt/rustwide/target/debug/deps/fd_filestat_set-4266e7beb16c0ae0.fd_filestat_set.7ol27yjz-cgu.1.rcgu.o" "/opt/rustwide/target/debug/deps/fd_filestat_set-4266e7beb16c0ae0.fd_filestat_set.7ol27yjz-cgu.10.rcgu.o" "/opt/rustwide/target/debug/deps/fd_filestat_set-4266e7beb16c0ae0.fd_filestat_set.7ol27yjz-cgu.11.rcgu.o" "/opt/rustwide/target/debug/deps/fd_filestat_set-4266e7beb16c0ae0.fd_filestat_set.7ol27yjz-cgu.12.rcgu.o" "/opt/rustwide/target/debug/deps/fd_filestat_set-4266e7beb16c0ae0.fd_filestat_set.7ol27yjz-cgu.13.rcgu.o" "/opt/rustwide/target/debug/deps/fd_filestat_set-4266e7beb16c0ae0.fd_filestat_set.7ol27yjz-cgu.14.rcgu.o" "/opt/rustwide/target/debug/deps/fd_filestat_set-4266e7beb16c0ae0.fd_filestat_set.7ol27yjz-cgu.15.rcgu.o" "/opt/rustwide/target/debug/deps/fd_filestat_set-4266e7beb16c0ae0.fd_filestat_set.7ol27yjz-cgu.2.rcgu.o" "/opt/rustwide/target/debug/deps/fd_filestat_set-4266e7beb16c0ae0.fd_filestat_set.7ol27yjz-cgu.3.rcgu.o" "/opt/rustwide/target/debug/deps/fd_filestat_set-4266e7beb16c0ae0.fd_filestat_set.7ol27yjz-cgu.4.rcgu.o" "/opt/rustwide/target/debug/deps/fd_filestat_set-4266e7beb16c0ae0.fd_filestat_set.7ol27yjz-cgu.5.rcgu.o" "/opt/rustwide/target/debug/deps/fd_filestat_set-4266e7beb16c0ae0.fd_filestat_set.7ol27yjz-cgu.6.rcgu.o" "/opt/rustwide/target/debug/deps/fd_filestat_set-4266e7beb16c0ae0.fd_filestat_set.7ol27yjz-cgu.7.rcgu.o" "/opt/rustwide/target/debug/deps/fd_filestat_set-4266e7beb16c0ae0.fd_filestat_set.7ol27yjz-cgu.8.rcgu.o" "/opt/rustwide/target/debug/deps/fd_filestat_set-4266e7beb16c0ae0.fd_filestat_set.7ol27yjz-cgu.9.rcgu.o" "/opt/rustwide/target/debug/deps/fd_filestat_set-4266e7beb16c0ae0.1d9r01kkajr6lntt.rcgu.o" "-Wl,--as-needed" "-L" "/opt/rustwide/target/debug/deps" "-L" "/opt/rustwide/rustup-home/toolchains/1.54.0-x86_64-unknown-linux-gnu/lib/rustlib/x86_64-unknown-linux-gnu/lib" "-Wl,-Bstatic" "/opt/rustwide/target/debug/deps/libwasi_misc_tests-dff3e81a649de10f.rlib" "/opt/rustwide/target/debug/deps/libwasi-4a41526cd6f2b6b0.rlib" "/opt/rustwide/target/debug/deps/libmore_asserts-6935cb2b3484255a.rlib" "/opt/rustwide/target/debug/deps/liblibc-a8af610016c763ac.rlib" "-Wl,--start-group" "/opt/rustwide/rustup-home/toolchains/1.54.0-x86_64-unknown-linux-gnu/lib/rustlib/x86_64-unknown-linux-gnu/lib/libstd-2420485b9e5ef5e1.rlib" "/opt/rustwide/rustup-home/toolchains/1.54.0-x86_64-unknown-linux-gnu/lib/rustlib/x86_64-unknown-linux-gnu/lib/libpanic_unwind-785e3cb61c4b1960.rlib" "/opt/rustwide/rustup-home/toolchains/1.54.0-x86_64-unknown-linux-gnu/lib/rustlib/x86_64-unknown-linux-gnu/lib/libminiz_oxide-087191a88bdaa22d.rlib" "/opt/rustwide/rustup-home/toolchains/1.54.0-x86_64-unknown-linux-gnu/lib/rustlib/x86_64-unknown-linux-gnu/lib/libadler-9981842c02975178.rlib" "/opt/rustwide/rustup-home/toolchains/1.54.0-x86_64-unknown-linux-gnu/lib/rustlib/x86_64-unknown-linux-gnu/lib/libobject-6fb405869b015fde.rlib" "/opt/rustwide/rustup-home/toolchains/1.54.0-x86_64-unknown-linux-gnu/lib/rustlib/x86_64-unknown-linux-gnu/lib/libaddr2line-d05c5c3c56004b7b.rlib" "/opt/rustwide/rustup-home/toolchains/1.54.0-x86_64-unknown-linux-gnu/lib/rustlib/x86_64-unknown-linux-gnu/lib/libgimli-42d74d2097528b38.rlib" "/opt/rustwide/rustup-home/toolchains/1.54.0-x86_64-unknown-linux-gnu/lib/rustlib/x86_64-unknown-linux-gnu/lib/libstd_detect-fb36534c113d2209.rlib" "/opt/rustwide/rustup-home/toolchains/1.54.0-x86_64-unknown-linux-gnu/lib/rustlib/x86_64-unknown-linux-gnu/lib/librustc_demangle-b56b9042c12b6535.rlib" "/opt/rustwide/rustup-home/toolchains/1.54.0-x86_64-unknown-linux-gnu/lib/rustlib/x86_64-unknown-linux-gnu/lib/libhashbrown-491902d6cb3e76df.rlib" "/opt/rustwide/rustup-home/toolchains/1.54.0-x86_64-unknown-linux-gnu/lib/rustlib/x86_64-unknown-linux-gnu/lib/librustc_std_workspace_alloc-61834e0981b8c367.rlib" "/opt/rustwide/rustup-home/toolchains/1.54.0-x86_64-unknown-linux-gnu/lib/rustlib/x86_64-unknown-linux-gnu/lib/libunwind-f78aa99d613a55bc.rlib" "/opt/rustwide/rustup-home/toolchains/1.54.0-x86_64-unknown-linux-gnu/lib/rustlib/x86_64-unknown-linux-gnu/lib/libcfg_if-53ee54cd7fed2c57.rlib" "/opt/rustwide/rustup-home/toolchains/1.54.0-x86_64-unknown-linux-gnu/lib/rustlib/x86_64-unknown-linux-gnu/lib/liblibc-544ecdbd6cda3c58.rlib" "/opt/rustwide/rustup-home/toolchains/1.54.0-x86_64-unknown-linux-gnu/lib/rustlib/x86_64-unknown-linux-gnu/lib/liballoc-379cc252b6943a79.rlib" "/opt/rustwide/rustup-home/toolchains/1.54.0-x86_64-unknown-linux-gnu/lib/rustlib/x86_64-unknown-linux-gnu/lib/librustc_std_workspace_core-8063eea38dcc5e62.rlib" "/opt/rustwide/rustup-home/toolchains/1.54.0-x86_64-unknown-linux-gnu/lib/rustlib/x86_64-unknown-linux-gnu/lib/libcore-5b228734afae15ee.rlib" "-Wl,--end-group" "/opt/rustwide/rustup-home/toolchains/1.54.0-x86_64-unknown-linux-gnu/lib/rustlib/x86_64-unknown-linux-gnu/lib/libcompiler_builtins-d6c7a399d95d173f.rlib" "-Wl,-Bdynamic" "-lutil" "-lgcc_s" "-lutil" "-lrt" "-lpthread" "-lm" "-ldl" "-lc" "-Wl,--eh-frame-hdr" "-Wl,-znoexecstack" "-L" "/opt/rustwide/rustup-home/toolchains/1.54.0-x86_64-unknown-linux-gnu/lib/rustlib/x86_64-unknown-linux-gnu/lib" "-o" "/opt/rustwide/target/debug/deps/fd_filestat_set-4266e7beb16c0ae0" "-Wl,--gc-sections" "-pie" "-Wl,-zrelro" "-Wl,-znow" "-nodefaultlibs"
[INFO] [stdout]   = note: /usr/bin/ld: /opt/rustwide/target/debug/deps/fd_filestat_set-4266e7beb16c0ae0.fd_filestat_set.7ol27yjz-cgu.4.rcgu.o: in function `wasi::wasi_unstable::fd_filestat_set_size':
[INFO] [stdout]           /opt/rustwide/cargo-home/registry/src/github.com-1ecc6299db9ec823/wasi-0.7.0/src/wasi_unstable/mod.rs:488: undefined reference to `fd_filestat_set_size'
[INFO] [stdout]           /usr/bin/ld: /opt/rustwide/target/debug/deps/fd_filestat_set-4266e7beb16c0ae0.fd_filestat_set.7ol27yjz-cgu.4.rcgu.o: in function `wasi::wasi_unstable::fd_filestat_set_times':
[INFO] [stdout]           /opt/rustwide/cargo-home/registry/src/github.com-1ecc6299db9ec823/wasi-0.7.0/src/wasi_unstable/mod.rs:483: undefined reference to `fd_filestat_set_times'
[INFO] [stdout]           /usr/bin/ld: /opt/rustwide/target/debug/deps/libwasi_misc_tests-dff3e81a649de10f.rlib(wasi_misc_tests-dff3e81a649de10f.wasi_misc_tests.97hmz27x-cgu.4.rcgu.o): in function `wasi_misc_tests::wasi_wrappers::wasi_path_open':
[INFO] [stdout]           /opt/rustwide/workdir/src/wasi_wrappers.rs:43: undefined reference to `path_open'
[INFO] [stdout]           /usr/bin/ld: /opt/rustwide/target/debug/deps/libwasi_misc_tests-dff3e81a649de10f.rlib(wasi_misc_tests-dff3e81a649de10f.wasi_misc_tests.97hmz27x-cgu.4.rcgu.o): in function `wasi_misc_tests::wasi_wrappers::wasi_fd_filestat_get':
[INFO] [stdout]           /opt/rustwide/workdir/src/wasi_wrappers.rs:129: undefined reference to `fd_filestat_get'
[INFO] [stdout]           /usr/bin/ld: /opt/rustwide/target/debug/deps/libwasi_misc_tests-dff3e81a649de10f.rlib(wasi_misc_tests-dff3e81a649de10f.wasi_misc_tests.97hmz27x-cgu.7.rcgu.o): in function `wasi::wasi_unstable::path_unlink_file':
[INFO] [stdout]           /opt/rustwide/cargo-home/registry/src/github.com-1ecc6299db9ec823/wasi-0.7.0/src/wasi_unstable/mod.rs:539: undefined reference to `path_unlink_file'
[INFO] [stdout]           /usr/bin/ld: /opt/rustwide/target/debug/deps/libwasi_misc_tests-dff3e81a649de10f.rlib(wasi_misc_tests-dff3e81a649de10f.wasi_misc_tests.97hmz27x-cgu.7.rcgu.o): in function `wasi::wasi_unstable::fd_close':
[INFO] [stdout]           /opt/rustwide/cargo-home/registry/src/github.com-1ecc6299db9ec823/wasi-0.7.0/src/wasi_unstable/mod.rs:316: undefined reference to `fd_close'
[INFO] [stdout]           collect2: error: ld returned 1 exit status
[INFO] [stdout]           
[INFO] [stdout] 
[INFO] [stdout] 
[INFO] [stdout] error: aborting due to previous error
[INFO] [stdout] 
[INFO] [stdout] 
[INFO] [stdout] error: linking with `cc` failed: exit status: 1
[INFO] [stdout]   |
[INFO] [stdout]   = note: "cc" "-m64" "/opt/rustwide/target/debug/deps/clock_time_get-bbed44de26ab5b6a.clock_time_get.bk67afqi-cgu.0.rcgu.o" "/opt/rustwide/target/debug/deps/clock_time_get-bbed44de26ab5b6a.clock_time_get.bk67afqi-cgu.1.rcgu.o" "/opt/rustwide/target/debug/deps/clock_time_get-bbed44de26ab5b6a.clock_time_get.bk67afqi-cgu.2.rcgu.o" "/opt/rustwide/target/debug/deps/clock_time_get-bbed44de26ab5b6a.clock_time_get.bk67afqi-cgu.3.rcgu.o" "/opt/rustwide/target/debug/deps/clock_time_get-bbed44de26ab5b6a.clock_time_get.bk67afqi-cgu.4.rcgu.o" "/opt/rustwide/target/debug/deps/clock_time_get-bbed44de26ab5b6a.clock_time_get.bk67afqi-cgu.5.rcgu.o" "/opt/rustwide/target/debug/deps/clock_time_get-bbed44de26ab5b6a.clock_time_get.bk67afqi-cgu.6.rcgu.o" "/opt/rustwide/target/debug/deps/clock_time_get-bbed44de26ab5b6a.clock_time_get.bk67afqi-cgu.7.rcgu.o" "/opt/rustwide/target/debug/deps/clock_time_get-bbed44de26ab5b6a.4ij9qlsw8kzeuxuj.rcgu.o" "-Wl,--as-needed" "-L" "/opt/rustwide/target/debug/deps" "-L" "/opt/rustwide/rustup-home/toolchains/1.54.0-x86_64-unknown-linux-gnu/lib/rustlib/x86_64-unknown-linux-gnu/lib" "-Wl,-Bstatic" "/opt/rustwide/target/debug/deps/libwasi_misc_tests-dff3e81a649de10f.rlib" "/opt/rustwide/target/debug/deps/liblibc-a8af610016c763ac.rlib" "/opt/rustwide/target/debug/deps/libwasi-4a41526cd6f2b6b0.rlib" "/opt/rustwide/target/debug/deps/libmore_asserts-6935cb2b3484255a.rlib" "-Wl,--start-group" "/opt/rustwide/rustup-home/toolchains/1.54.0-x86_64-unknown-linux-gnu/lib/rustlib/x86_64-unknown-linux-gnu/lib/libstd-2420485b9e5ef5e1.rlib" "/opt/rustwide/rustup-home/toolchains/1.54.0-x86_64-unknown-linux-gnu/lib/rustlib/x86_64-unknown-linux-gnu/lib/libpanic_unwind-785e3cb61c4b1960.rlib" "/opt/rustwide/rustup-home/toolchains/1.54.0-x86_64-unknown-linux-gnu/lib/rustlib/x86_64-unknown-linux-gnu/lib/libminiz_oxide-087191a88bdaa22d.rlib" "/opt/rustwide/rustup-home/toolchains/1.54.0-x86_64-unknown-linux-gnu/lib/rustlib/x86_64-unknown-linux-gnu/lib/libadler-9981842c02975178.rlib" "/opt/rustwide/rustup-home/toolchains/1.54.0-x86_64-unknown-linux-gnu/lib/rustlib/x86_64-unknown-linux-gnu/lib/libobject-6fb405869b015fde.rlib" "/opt/rustwide/rustup-home/toolchains/1.54.0-x86_64-unknown-linux-gnu/lib/rustlib/x86_64-unknown-linux-gnu/lib/libaddr2line-d05c5c3c56004b7b.rlib" "/opt/rustwide/rustup-home/toolchains/1.54.0-x86_64-unknown-linux-gnu/lib/rustlib/x86_64-unknown-linux-gnu/lib/libgimli-42d74d2097528b38.rlib" "/opt/rustwide/rustup-home/toolchains/1.54.0-x86_64-unknown-linux-gnu/lib/rustlib/x86_64-unknown-linux-gnu/lib/libstd_detect-fb36534c113d2209.rlib" "/opt/rustwide/rustup-home/toolchains/1.54.0-x86_64-unknown-linux-gnu/lib/rustlib/x86_64-unknown-linux-gnu/lib/librustc_demangle-b56b9042c12b6535.rlib" "/opt/rustwide/rustup-home/toolchains/1.54.0-x86_64-unknown-linux-gnu/lib/rustlib/x86_64-unknown-linux-gnu/lib/libhashbrown-491902d6cb3e76df.rlib" "/opt/rustwide/rustup-home/toolchains/1.54.0-x86_64-unknown-linux-gnu/lib/rustlib/x86_64-unknown-linux-gnu/lib/librustc_std_workspace_alloc-61834e0981b8c367.rlib" "/opt/rustwide/rustup-home/toolchains/1.54.0-x86_64-unknown-linux-gnu/lib/rustlib/x86_64-unknown-linux-gnu/lib/libunwind-f78aa99d613a55bc.rlib" "/opt/rustwide/rustup-home/toolchains/1.54.0-x86_64-unknown-linux-gnu/lib/rustlib/x86_64-unknown-linux-gnu/lib/libcfg_if-53ee54cd7fed2c57.rlib" "/opt/rustwide/rustup-home/toolchains/1.54.0-x86_64-unknown-linux-gnu/lib/rustlib/x86_64-unknown-linux-gnu/lib/liblibc-544ecdbd6cda3c58.rlib" "/opt/rustwide/rustup-home/toolchains/1.54.0-x86_64-unknown-linux-gnu/lib/rustlib/x86_64-unknown-linux-gnu/lib/liballoc-379cc252b6943a79.rlib" "/opt/rustwide/rustup-home/toolchains/1.54.0-x86_64-unknown-linux-gnu/lib/rustlib/x86_64-unknown-linux-gnu/lib/librustc_std_workspace_core-8063eea38dcc5e62.rlib" "/opt/rustwide/rustup-home/toolchains/1.54.0-x86_64-unknown-linux-gnu/lib/rustlib/x86_64-unknown-linux-gnu/lib/libcore-5b228734afae15ee.rlib" "-Wl,--end-group" "/opt/rustwide/rustup-home/toolchains/1.54.0-x86_64-unknown-linux-gnu/lib/rustlib/x86_64-unknown-linux-gnu/lib/libcompiler_builtins-d6c7a399d95d173f.rlib" "-Wl,-Bdynamic" "-lutil" "-lgcc_s" "-lutil" "-lrt" "-lpthread" "-lm" "-ldl" "-lc" "-Wl,--eh-frame-hdr" "-Wl,-znoexecstack" "-L" "/opt/rustwide/rustup-home/toolchains/1.54.0-x86_64-unknown-linux-gnu/lib/rustlib/x86_64-unknown-linux-gnu/lib" "-o" "/opt/rustwide/target/debug/deps/clock_time_get-bbed44de26ab5b6a" "-Wl,--gc-sections" "-pie" "-Wl,-zrelro" "-Wl,-znow" "-nodefaultlibs"
[INFO] [stdout]   = note: /usr/bin/ld: /opt/rustwide/target/debug/deps/libwasi_misc_tests-dff3e81a649de10f.rlib(wasi_misc_tests-dff3e81a649de10f.wasi_misc_tests.97hmz27x-cgu.4.rcgu.o): in function `wasi_misc_tests::wasi_wrappers::wasi_clock_time_get':
[INFO] [stdout]           /opt/rustwide/workdir/src/wasi_wrappers.rs:122: undefined reference to `clock_time_get'
[INFO] [stdout]           collect2: error: ld returned 1 exit status
[INFO] [stdout]           
[INFO] [stdout] 
[INFO] [stdout] 
[INFO] [stdout] error: aborting due to previous error
[INFO] [stdout] 
[INFO] [stdout] 
[INFO] [stdout] error: linking with `cc` failed: exit status: 1
[INFO] [stdout]   |
[INFO] [stdout]   = note: "cc" "-m64" "/opt/rustwide/target/debug/deps/readlink_no_buffer-e6cec9132181b236.readlink_no_buffer.92t7k2cy-cgu.0.rcgu.o" "/opt/rustwide/target/debug/deps/readlink_no_buffer-e6cec9132181b236.readlink_no_buffer.92t7k2cy-cgu.1.rcgu.o" "/opt/rustwide/target/debug/deps/readlink_no_buffer-e6cec9132181b236.readlink_no_buffer.92t7k2cy-cgu.10.rcgu.o" "/opt/rustwide/target/debug/deps/readlink_no_buffer-e6cec9132181b236.readlink_no_buffer.92t7k2cy-cgu.11.rcgu.o" "/opt/rustwide/target/debug/deps/readlink_no_buffer-e6cec9132181b236.readlink_no_buffer.92t7k2cy-cgu.12.rcgu.o" "/opt/rustwide/target/debug/deps/readlink_no_buffer-e6cec9132181b236.readlink_no_buffer.92t7k2cy-cgu.13.rcgu.o" "/opt/rustwide/target/debug/deps/readlink_no_buffer-e6cec9132181b236.readlink_no_buffer.92t7k2cy-cgu.14.rcgu.o" "/opt/rustwide/target/debug/deps/readlink_no_buffer-e6cec9132181b236.readlink_no_buffer.92t7k2cy-cgu.15.rcgu.o" "/opt/rustwide/target/debug/deps/readlink_no_buffer-e6cec9132181b236.readlink_no_buffer.92t7k2cy-cgu.2.rcgu.o" "/opt/rustwide/target/debug/deps/readlink_no_buffer-e6cec9132181b236.readlink_no_buffer.92t7k2cy-cgu.3.rcgu.o" "/opt/rustwide/target/debug/deps/readlink_no_buffer-e6cec9132181b236.readlink_no_buffer.92t7k2cy-cgu.4.rcgu.o" "/opt/rustwide/target/debug/deps/readlink_no_buffer-e6cec9132181b236.readlink_no_buffer.92t7k2cy-cgu.5.rcgu.o" "/opt/rustwide/target/debug/deps/readlink_no_buffer-e6cec9132181b236.readlink_no_buffer.92t7k2cy-cgu.6.rcgu.o" "/opt/rustwide/target/debug/deps/readlink_no_buffer-e6cec9132181b236.readlink_no_buffer.92t7k2cy-cgu.7.rcgu.o" "/opt/rustwide/target/debug/deps/readlink_no_buffer-e6cec9132181b236.readlink_no_buffer.92t7k2cy-cgu.8.rcgu.o" "/opt/rustwide/target/debug/deps/readlink_no_buffer-e6cec9132181b236.readlink_no_buffer.92t7k2cy-cgu.9.rcgu.o" "/opt/rustwide/target/debug/deps/readlink_no_buffer-e6cec9132181b236.5c0m1456is2rjxhy.rcgu.o" "-Wl,--as-needed" "-L" "/opt/rustwide/target/debug/deps" "-L" "/opt/rustwide/rustup-home/toolchains/1.54.0-x86_64-unknown-linux-gnu/lib/rustlib/x86_64-unknown-linux-gnu/lib" "-Wl,-Bstatic" "/opt/rustwide/target/debug/deps/libwasi_misc_tests-dff3e81a649de10f.rlib" "/opt/rustwide/target/debug/deps/liblibc-a8af610016c763ac.rlib" "/opt/rustwide/target/debug/deps/libmore_asserts-6935cb2b3484255a.rlib" "/opt/rustwide/target/debug/deps/libwasi-4a41526cd6f2b6b0.rlib" "-Wl,--start-group" "/opt/rustwide/rustup-home/toolchains/1.54.0-x86_64-unknown-linux-gnu/lib/rustlib/x86_64-unknown-linux-gnu/lib/libstd-2420485b9e5ef5e1.rlib" "/opt/rustwide/rustup-home/toolchains/1.54.0-x86_64-unknown-linux-gnu/lib/rustlib/x86_64-unknown-linux-gnu/lib/libpanic_unwind-785e3cb61c4b1960.rlib" "/opt/rustwide/rustup-home/toolchains/1.54.0-x86_64-unknown-linux-gnu/lib/rustlib/x86_64-unknown-linux-gnu/lib/libminiz_oxide-087191a88bdaa22d.rlib" "/opt/rustwide/rustup-home/toolchains/1.54.0-x86_64-unknown-linux-gnu/lib/rustlib/x86_64-unknown-linux-gnu/lib/libadler-9981842c02975178.rlib" "/opt/rustwide/rustup-home/toolchains/1.54.0-x86_64-unknown-linux-gnu/lib/rustlib/x86_64-unknown-linux-gnu/lib/libobject-6fb405869b015fde.rlib" "/opt/rustwide/rustup-home/toolchains/1.54.0-x86_64-unknown-linux-gnu/lib/rustlib/x86_64-unknown-linux-gnu/lib/libaddr2line-d05c5c3c56004b7b.rlib" "/opt/rustwide/rustup-home/toolchains/1.54.0-x86_64-unknown-linux-gnu/lib/rustlib/x86_64-unknown-linux-gnu/lib/libgimli-42d74d2097528b38.rlib" "/opt/rustwide/rustup-home/toolchains/1.54.0-x86_64-unknown-linux-gnu/lib/rustlib/x86_64-unknown-linux-gnu/lib/libstd_detect-fb36534c113d2209.rlib" "/opt/rustwide/rustup-home/toolchains/1.54.0-x86_64-unknown-linux-gnu/lib/rustlib/x86_64-unknown-linux-gnu/lib/librustc_demangle-b56b9042c12b6535.rlib" "/opt/rustwide/rustup-home/toolchains/1.54.0-x86_64-unknown-linux-gnu/lib/rustlib/x86_64-unknown-linux-gnu/lib/libhashbrown-491902d6cb3e76df.rlib" "/opt/rustwide/rustup-home/toolchains/1.54.0-x86_64-unknown-linux-gnu/lib/rustlib/x86_64-unknown-linux-gnu/lib/librustc_std_workspace_alloc-61834e0981b8c367.rlib" "/opt/rustwide/rustup-home/toolchains/1.54.0-x86_64-unknown-linux-gnu/lib/rustlib/x86_64-unknown-linux-gnu/lib/libunwind-f78aa99d613a55bc.rlib" "/opt/rustwide/rustup-home/toolchains/1.54.0-x86_64-unknown-linux-gnu/lib/rustlib/x86_64-unknown-linux-gnu/lib/libcfg_if-53ee54cd7fed2c57.rlib" "/opt/rustwide/rustup-home/toolchains/1.54.0-x86_64-unknown-linux-gnu/lib/rustlib/x86_64-unknown-linux-gnu/lib/liblibc-544ecdbd6cda3c58.rlib" "/opt/rustwide/rustup-home/toolchains/1.54.0-x86_64-unknown-linux-gnu/lib/rustlib/x86_64-unknown-linux-gnu/lib/liballoc-379cc252b6943a79.rlib" "/opt/rustwide/rustup-home/toolchains/1.54.0-x86_64-unknown-linux-gnu/lib/rustlib/x86_64-unknown-linux-gnu/lib/librustc_std_workspace_core-8063eea38dcc5e62.rlib" "/opt/rustwide/rustup-home/toolchains/1.54.0-x86_64-unknown-linux-gnu/lib/rustlib/x86_64-unknown-linux-gnu/lib/libcore-5b228734afae15ee.rlib" "-Wl,--end-group" "/opt/rustwide/rustup-home/toolchains/1.54.0-x86_64-unknown-linux-gnu/lib/rustlib/x86_64-unknown-linux-gnu/lib/libcompiler_builtins-d6c7a399d95d173f.rlib" "-Wl,-Bdynamic" "-lutil" "-lgcc_s" "-lutil" "-lrt" "-lpthread" "-lm" "-ldl" "-lc" "-Wl,--eh-frame-hdr" "-Wl,-znoexecstack" "-L" "/opt/rustwide/rustup-home/toolchains/1.54.0-x86_64-unknown-linux-gnu/lib/rustlib/x86_64-unknown-linux-gnu/lib" "-o" "/opt/rustwide/target/debug/deps/readlink_no_buffer-e6cec9132181b236" "-Wl,--gc-sections" "-pie" "-Wl,-zrelro" "-Wl,-znow" "-nodefaultlibs"
[INFO] [stdout]   = note: /usr/bin/ld: /opt/rustwide/target/debug/deps/libwasi_misc_tests-dff3e81a649de10f.rlib(wasi_misc_tests-dff3e81a649de10f.wasi_misc_tests.97hmz27x-cgu.4.rcgu.o): in function `wasi_misc_tests::wasi_wrappers::wasi_path_readlink':
[INFO] [stdout]           /opt/rustwide/workdir/src/wasi_wrappers.rs:70: undefined reference to `path_readlink'
[INFO] [stdout]           /usr/bin/ld: /opt/rustwide/target/debug/deps/libwasi_misc_tests-dff3e81a649de10f.rlib(wasi_misc_tests-dff3e81a649de10f.wasi_misc_tests.97hmz27x-cgu.7.rcgu.o): in function `wasi::wasi_unstable::path_symlink':
[INFO] [stdout]           /opt/rustwide/cargo-home/registry/src/github.com-1ecc6299db9ec823/wasi-0.7.0/src/wasi_unstable/mod.rs:527: undefined reference to `path_symlink'
[INFO] [stdout]           /usr/bin/ld: /opt/rustwide/target/debug/deps/libwasi_misc_tests-dff3e81a649de10f.rlib(wasi_misc_tests-dff3e81a649de10f.wasi_misc_tests.97hmz27x-cgu.7.rcgu.o): in function `wasi::wasi_unstable::path_unlink_file':
[INFO] [stdout]           /opt/rustwide/cargo-home/registry/src/github.com-1ecc6299db9ec823/wasi-0.7.0/src/wasi_unstable/mod.rs:539: undefined reference to `path_unlink_file'
[INFO] [stdout]           collect2: error: ld returned 1 exit status
[INFO] [stdout]           
[INFO] [stdout] 
[INFO] [stdout] 
[INFO] [stdout] error: aborting due to previous error
[INFO] [stdout] 
[INFO] [stdout] 
[INFO] [stdout] error: linking with `cc` failed: exit status: 1
[INFO] [stdout]   |
[INFO] [stdout]   = note: "cc" "-m64" "/opt/rustwide/target/debug/deps/symlink_loop-672be08d6b73db8e.symlink_loop.do3370bf-cgu.0.rcgu.o" "/opt/rustwide/target/debug/deps/symlink_loop-672be08d6b73db8e.symlink_loop.do3370bf-cgu.1.rcgu.o" "/opt/rustwide/target/debug/deps/symlink_loop-672be08d6b73db8e.symlink_loop.do3370bf-cgu.10.rcgu.o" "/opt/rustwide/target/debug/deps/symlink_loop-672be08d6b73db8e.symlink_loop.do3370bf-cgu.11.rcgu.o" "/opt/rustwide/target/debug/deps/symlink_loop-672be08d6b73db8e.symlink_loop.do3370bf-cgu.12.rcgu.o" "/opt/rustwide/target/debug/deps/symlink_loop-672be08d6b73db8e.symlink_loop.do3370bf-cgu.13.rcgu.o" "/opt/rustwide/target/debug/deps/symlink_loop-672be08d6b73db8e.symlink_loop.do3370bf-cgu.14.rcgu.o" "/opt/rustwide/target/debug/deps/symlink_loop-672be08d6b73db8e.symlink_loop.do3370bf-cgu.15.rcgu.o" "/opt/rustwide/target/debug/deps/symlink_loop-672be08d6b73db8e.symlink_loop.do3370bf-cgu.2.rcgu.o" "/opt/rustwide/target/debug/deps/symlink_loop-672be08d6b73db8e.symlink_loop.do3370bf-cgu.3.rcgu.o" "/opt/rustwide/target/debug/deps/symlink_loop-672be08d6b73db8e.symlink_loop.do3370bf-cgu.4.rcgu.o" "/opt/rustwide/target/debug/deps/symlink_loop-672be08d6b73db8e.symlink_loop.do3370bf-cgu.5.rcgu.o" "/opt/rustwide/target/debug/deps/symlink_loop-672be08d6b73db8e.symlink_loop.do3370bf-cgu.6.rcgu.o" "/opt/rustwide/target/debug/deps/symlink_loop-672be08d6b73db8e.symlink_loop.do3370bf-cgu.7.rcgu.o" "/opt/rustwide/target/debug/deps/symlink_loop-672be08d6b73db8e.symlink_loop.do3370bf-cgu.8.rcgu.o" "/opt/rustwide/target/debug/deps/symlink_loop-672be08d6b73db8e.symlink_loop.do3370bf-cgu.9.rcgu.o" "/opt/rustwide/target/debug/deps/symlink_loop-672be08d6b73db8e.h63gxokdgfaesg5.rcgu.o" "-Wl,--as-needed" "-L" "/opt/rustwide/target/debug/deps" "-L" "/opt/rustwide/rustup-home/toolchains/1.54.0-x86_64-unknown-linux-gnu/lib/rustlib/x86_64-unknown-linux-gnu/lib" "-Wl,-Bstatic" "/opt/rustwide/target/debug/deps/libwasi_misc_tests-dff3e81a649de10f.rlib" "/opt/rustwide/target/debug/deps/liblibc-a8af610016c763ac.rlib" "/opt/rustwide/target/debug/deps/libmore_asserts-6935cb2b3484255a.rlib" "/opt/rustwide/target/debug/deps/libwasi-4a41526cd6f2b6b0.rlib" "-Wl,--start-group" "/opt/rustwide/rustup-home/toolchains/1.54.0-x86_64-unknown-linux-gnu/lib/rustlib/x86_64-unknown-linux-gnu/lib/libstd-2420485b9e5ef5e1.rlib" "/opt/rustwide/rustup-home/toolchains/1.54.0-x86_64-unknown-linux-gnu/lib/rustlib/x86_64-unknown-linux-gnu/lib/libpanic_unwind-785e3cb61c4b1960.rlib" "/opt/rustwide/rustup-home/toolchains/1.54.0-x86_64-unknown-linux-gnu/lib/rustlib/x86_64-unknown-linux-gnu/lib/libminiz_oxide-087191a88bdaa22d.rlib" "/opt/rustwide/rustup-home/toolchains/1.54.0-x86_64-unknown-linux-gnu/lib/rustlib/x86_64-unknown-linux-gnu/lib/libadler-9981842c02975178.rlib" "/opt/rustwide/rustup-home/toolchains/1.54.0-x86_64-unknown-linux-gnu/lib/rustlib/x86_64-unknown-linux-gnu/lib/libobject-6fb405869b015fde.rlib" "/opt/rustwide/rustup-home/toolchains/1.54.0-x86_64-unknown-linux-gnu/lib/rustlib/x86_64-unknown-linux-gnu/lib/libaddr2line-d05c5c3c56004b7b.rlib" "/opt/rustwide/rustup-home/toolchains/1.54.0-x86_64-unknown-linux-gnu/lib/rustlib/x86_64-unknown-linux-gnu/lib/libgimli-42d74d2097528b38.rlib" "/opt/rustwide/rustup-home/toolchains/1.54.0-x86_64-unknown-linux-gnu/lib/rustlib/x86_64-unknown-linux-gnu/lib/libstd_detect-fb36534c113d2209.rlib" "/opt/rustwide/rustup-home/toolchains/1.54.0-x86_64-unknown-linux-gnu/lib/rustlib/x86_64-unknown-linux-gnu/lib/librustc_demangle-b56b9042c12b6535.rlib" "/opt/rustwide/rustup-home/toolchains/1.54.0-x86_64-unknown-linux-gnu/lib/rustlib/x86_64-unknown-linux-gnu/lib/libhashbrown-491902d6cb3e76df.rlib" "/opt/rustwide/rustup-home/toolchains/1.54.0-x86_64-unknown-linux-gnu/lib/rustlib/x86_64-unknown-linux-gnu/lib/librustc_std_workspace_alloc-61834e0981b8c367.rlib" "/opt/rustwide/rustup-home/toolchains/1.54.0-x86_64-unknown-linux-gnu/lib/rustlib/x86_64-unknown-linux-gnu/lib/libunwind-f78aa99d613a55bc.rlib" "/opt/rustwide/rustup-home/toolchains/1.54.0-x86_64-unknown-linux-gnu/lib/rustlib/x86_64-unknown-linux-gnu/lib/libcfg_if-53ee54cd7fed2c57.rlib" "/opt/rustwide/rustup-home/toolchains/1.54.0-x86_64-unknown-linux-gnu/lib/rustlib/x86_64-unknown-linux-gnu/lib/liblibc-544ecdbd6cda3c58.rlib" "/opt/rustwide/rustup-home/toolchains/1.54.0-x86_64-unknown-linux-gnu/lib/rustlib/x86_64-unknown-linux-gnu/lib/liballoc-379cc252b6943a79.rlib" "/opt/rustwide/rustup-home/toolchains/1.54.0-x86_64-unknown-linux-gnu/lib/rustlib/x86_64-unknown-linux-gnu/lib/librustc_std_workspace_core-8063eea38dcc5e62.rlib" "/opt/rustwide/rustup-home/toolchains/1.54.0-x86_64-unknown-linux-gnu/lib/rustlib/x86_64-unknown-linux-gnu/lib/libcore-5b228734afae15ee.rlib" "-Wl,--end-group" "/opt/rustwide/rustup-home/toolchains/1.54.0-x86_64-unknown-linux-gnu/lib/rustlib/x86_64-unknown-linux-gnu/lib/libcompiler_builtins-d6c7a399d95d173f.rlib" "-Wl,-Bdynamic" "-lutil" "-lgcc_s" "-lutil" "-lrt" "-lpthread" "-lm" "-ldl" "-lc" "-Wl,--eh-frame-hdr" "-Wl,-znoexecstack" "-L" "/opt/rustwide/rustup-home/toolchains/1.54.0-x86_64-unknown-linux-gnu/lib/rustlib/x86_64-unknown-linux-gnu/lib" "-o" "/opt/rustwide/target/debug/deps/symlink_loop-672be08d6b73db8e" "-Wl,--gc-sections" "-pie" "-Wl,-zrelro" "-Wl,-znow" "-nodefaultlibs"
[INFO] [stdout]   = note: /usr/bin/ld: /opt/rustwide/target/debug/deps/libwasi_misc_tests-dff3e81a649de10f.rlib(wasi_misc_tests-dff3e81a649de10f.wasi_misc_tests.97hmz27x-cgu.4.rcgu.o): in function `wasi_misc_tests::wasi_wrappers::wasi_path_open':
[INFO] [stdout]           /opt/rustwide/workdir/src/wasi_wrappers.rs:43: undefined reference to `path_open'
[INFO] [stdout]           /usr/bin/ld: /opt/rustwide/target/debug/deps/libwasi_misc_tests-dff3e81a649de10f.rlib(wasi_misc_tests-dff3e81a649de10f.wasi_misc_tests.97hmz27x-cgu.7.rcgu.o): in function `wasi::wasi_unstable::path_symlink':
[INFO] [stdout]           /opt/rustwide/cargo-home/registry/src/github.com-1ecc6299db9ec823/wasi-0.7.0/src/wasi_unstable/mod.rs:527: undefined reference to `path_symlink'
[INFO] [stdout]           /usr/bin/ld: /opt/rustwide/target/debug/deps/libwasi_misc_tests-dff3e81a649de10f.rlib(wasi_misc_tests-dff3e81a649de10f.wasi_misc_tests.97hmz27x-cgu.7.rcgu.o): in function `wasi::wasi_unstable::path_unlink_file':
[INFO] [stdout]           /opt/rustwide/cargo-home/registry/src/github.com-1ecc6299db9ec823/wasi-0.7.0/src/wasi_unstable/mod.rs:539: undefined reference to `path_unlink_file'
[INFO] [stdout]           collect2: error: ld returned 1 exit status
[INFO] [stdout]           
[INFO] [stdout] 
[INFO] [stdout] 
[INFO] [stdout] error: aborting due to previous error
[INFO] [stdout] 
[INFO] [stdout] 
[INFO] [stdout] error: linking with `cc` failed: exit status: 1
[INFO] [stdout]   |
[INFO] [stdout]   = note: "cc" "-m64" "/opt/rustwide/target/debug/deps/file_seek_tell-dea1c1ffaed55501.file_seek_tell.2w6duuy4-cgu.0.rcgu.o" "/opt/rustwide/target/debug/deps/file_seek_tell-dea1c1ffaed55501.file_seek_tell.2w6duuy4-cgu.1.rcgu.o" "/opt/rustwide/target/debug/deps/file_seek_tell-dea1c1ffaed55501.file_seek_tell.2w6duuy4-cgu.10.rcgu.o" "/opt/rustwide/target/debug/deps/file_seek_tell-dea1c1ffaed55501.file_seek_tell.2w6duuy4-cgu.11.rcgu.o" "/opt/rustwide/target/debug/deps/file_seek_tell-dea1c1ffaed55501.file_seek_tell.2w6duuy4-cgu.12.rcgu.o" "/opt/rustwide/target/debug/deps/file_seek_tell-dea1c1ffaed55501.file_seek_tell.2w6duuy4-cgu.13.rcgu.o" "/opt/rustwide/target/debug/deps/file_seek_tell-dea1c1ffaed55501.file_seek_tell.2w6duuy4-cgu.14.rcgu.o" "/opt/rustwide/target/debug/deps/file_seek_tell-dea1c1ffaed55501.file_seek_tell.2w6duuy4-cgu.15.rcgu.o" "/opt/rustwide/target/debug/deps/file_seek_tell-dea1c1ffaed55501.file_seek_tell.2w6duuy4-cgu.2.rcgu.o" "/opt/rustwide/target/debug/deps/file_seek_tell-dea1c1ffaed55501.file_seek_tell.2w6duuy4-cgu.3.rcgu.o" "/opt/rustwide/target/debug/deps/file_seek_tell-dea1c1ffaed55501.file_seek_tell.2w6duuy4-cgu.4.rcgu.o" "/opt/rustwide/target/debug/deps/file_seek_tell-dea1c1ffaed55501.file_seek_tell.2w6duuy4-cgu.5.rcgu.o" "/opt/rustwide/target/debug/deps/file_seek_tell-dea1c1ffaed55501.file_seek_tell.2w6duuy4-cgu.6.rcgu.o" "/opt/rustwide/target/debug/deps/file_seek_tell-dea1c1ffaed55501.file_seek_tell.2w6duuy4-cgu.7.rcgu.o" "/opt/rustwide/target/debug/deps/file_seek_tell-dea1c1ffaed55501.file_seek_tell.2w6duuy4-cgu.8.rcgu.o" "/opt/rustwide/target/debug/deps/file_seek_tell-dea1c1ffaed55501.file_seek_tell.2w6duuy4-cgu.9.rcgu.o" "/opt/rustwide/target/debug/deps/file_seek_tell-dea1c1ffaed55501.2econ3uvtjhpwxlk.rcgu.o" "-Wl,--as-needed" "-L" "/opt/rustwide/target/debug/deps" "-L" "/opt/rustwide/rustup-home/toolchains/1.54.0-x86_64-unknown-linux-gnu/lib/rustlib/x86_64-unknown-linux-gnu/lib" "-Wl,-Bstatic" "/opt/rustwide/target/debug/deps/libwasi_misc_tests-dff3e81a649de10f.rlib" "/opt/rustwide/target/debug/deps/libwasi-4a41526cd6f2b6b0.rlib" "/opt/rustwide/target/debug/deps/libmore_asserts-6935cb2b3484255a.rlib" "/opt/rustwide/target/debug/deps/liblibc-a8af610016c763ac.rlib" "-Wl,--start-group" "/opt/rustwide/rustup-home/toolchains/1.54.0-x86_64-unknown-linux-gnu/lib/rustlib/x86_64-unknown-linux-gnu/lib/libstd-2420485b9e5ef5e1.rlib" "/opt/rustwide/rustup-home/toolchains/1.54.0-x86_64-unknown-linux-gnu/lib/rustlib/x86_64-unknown-linux-gnu/lib/libpanic_unwind-785e3cb61c4b1960.rlib" "/opt/rustwide/rustup-home/toolchains/1.54.0-x86_64-unknown-linux-gnu/lib/rustlib/x86_64-unknown-linux-gnu/lib/libminiz_oxide-087191a88bdaa22d.rlib" "/opt/rustwide/rustup-home/toolchains/1.54.0-x86_64-unknown-linux-gnu/lib/rustlib/x86_64-unknown-linux-gnu/lib/libadler-9981842c02975178.rlib" "/opt/rustwide/rustup-home/toolchains/1.54.0-x86_64-unknown-linux-gnu/lib/rustlib/x86_64-unknown-linux-gnu/lib/libobject-6fb405869b015fde.rlib" "/opt/rustwide/rustup-home/toolchains/1.54.0-x86_64-unknown-linux-gnu/lib/rustlib/x86_64-unknown-linux-gnu/lib/libaddr2line-d05c5c3c56004b7b.rlib" "/opt/rustwide/rustup-home/toolchains/1.54.0-x86_64-unknown-linux-gnu/lib/rustlib/x86_64-unknown-linux-gnu/lib/libgimli-42d74d2097528b38.rlib" "/opt/rustwide/rustup-home/toolchains/1.54.0-x86_64-unknown-linux-gnu/lib/rustlib/x86_64-unknown-linux-gnu/lib/libstd_detect-fb36534c113d2209.rlib" "/opt/rustwide/rustup-home/toolchains/1.54.0-x86_64-unknown-linux-gnu/lib/rustlib/x86_64-unknown-linux-gnu/lib/librustc_demangle-b56b9042c12b6535.rlib" "/opt/rustwide/rustup-home/toolchains/1.54.0-x86_64-unknown-linux-gnu/lib/rustlib/x86_64-unknown-linux-gnu/lib/libhashbrown-491902d6cb3e76df.rlib" "/opt/rustwide/rustup-home/toolchains/1.54.0-x86_64-unknown-linux-gnu/lib/rustlib/x86_64-unknown-linux-gnu/lib/librustc_std_workspace_alloc-61834e0981b8c367.rlib" "/opt/rustwide/rustup-home/toolchains/1.54.0-x86_64-unknown-linux-gnu/lib/rustlib/x86_64-unknown-linux-gnu/lib/libunwind-f78aa99d613a55bc.rlib" "/opt/rustwide/rustup-home/toolchains/1.54.0-x86_64-unknown-linux-gnu/lib/rustlib/x86_64-unknown-linux-gnu/lib/libcfg_if-53ee54cd7fed2c57.rlib" "/opt/rustwide/rustup-home/toolchains/1.54.0-x86_64-unknown-linux-gnu/lib/rustlib/x86_64-unknown-linux-gnu/lib/liblibc-544ecdbd6cda3c58.rlib" "/opt/rustwide/rustup-home/toolchains/1.54.0-x86_64-unknown-linux-gnu/lib/rustlib/x86_64-unknown-linux-gnu/lib/liballoc-379cc252b6943a79.rlib" "/opt/rustwide/rustup-home/toolchains/1.54.0-x86_64-unknown-linux-gnu/lib/rustlib/x86_64-unknown-linux-gnu/lib/librustc_std_workspace_core-8063eea38dcc5e62.rlib" "/opt/rustwide/rustup-home/toolchains/1.54.0-x86_64-unknown-linux-gnu/lib/rustlib/x86_64-unknown-linux-gnu/lib/libcore-5b228734afae15ee.rlib" "-Wl,--end-group" "/opt/rustwide/rustup-home/toolchains/1.54.0-x86_64-unknown-linux-gnu/lib/rustlib/x86_64-unknown-linux-gnu/lib/libcompiler_builtins-d6c7a399d95d173f.rlib" "-Wl,-Bdynamic" "-lutil" "-lgcc_s" "-lutil" "-lrt" "-lpthread" "-lm" "-ldl" "-lc" "-Wl,--eh-frame-hdr" "-Wl,-znoexecstack" "-L" "/opt/rustwide/rustup-home/toolchains/1.54.0-x86_64-unknown-linux-gnu/lib/rustlib/x86_64-unknown-linux-gnu/lib" "-o" "/opt/rustwide/target/debug/deps/file_seek_tell-dea1c1ffaed55501" "-Wl,--gc-sections" "-pie" "-Wl,-zrelro" "-Wl,-znow" "-nodefaultlibs"
[INFO] [stdout]   = note: /usr/bin/ld: /opt/rustwide/target/debug/deps/libwasi_misc_tests-dff3e81a649de10f.rlib(wasi_misc_tests-dff3e81a649de10f.wasi_misc_tests.97hmz27x-cgu.4.rcgu.o): in function `wasi_misc_tests::wasi_wrappers::wasi_path_open':
[INFO] [stdout]           /opt/rustwide/workdir/src/wasi_wrappers.rs:43: undefined reference to `path_open'
[INFO] [stdout]           /usr/bin/ld: /opt/rustwide/target/debug/deps/libwasi_misc_tests-dff3e81a649de10f.rlib(wasi_misc_tests-dff3e81a649de10f.wasi_misc_tests.97hmz27x-cgu.4.rcgu.o): in function `wasi_misc_tests::wasi_wrappers::wasi_fd_seek':
[INFO] [stdout]           /opt/rustwide/workdir/src/wasi_wrappers.rs:107: undefined reference to `fd_seek'
[INFO] [stdout]           /usr/bin/ld: /opt/rustwide/target/debug/deps/libwasi_misc_tests-dff3e81a649de10f.rlib(wasi_misc_tests-dff3e81a649de10f.wasi_misc_tests.97hmz27x-cgu.4.rcgu.o): in function `wasi_misc_tests::wasi_wrappers::wasi_fd_tell':
[INFO] [stdout]           /opt/rustwide/workdir/src/wasi_wrappers.rs:114: undefined reference to `fd_tell'
[INFO] [stdout]           /usr/bin/ld: /opt/rustwide/target/debug/deps/libwasi_misc_tests-dff3e81a649de10f.rlib(wasi_misc_tests-dff3e81a649de10f.wasi_misc_tests.97hmz27x-cgu.4.rcgu.o): in function `wasi_misc_tests::wasi_wrappers::wasi_fd_write':
[INFO] [stdout]           /opt/rustwide/workdir/src/wasi_wrappers.rs:137: undefined reference to `fd_write'
[INFO] [stdout]           /usr/bin/ld: /opt/rustwide/target/debug/deps/libwasi_misc_tests-dff3e81a649de10f.rlib(wasi_misc_tests-dff3e81a649de10f.wasi_misc_tests.97hmz27x-cgu.7.rcgu.o): in function `wasi::wasi_unstable::path_unlink_file':
[INFO] [stdout]           /opt/rustwide/cargo-home/registry/src/github.com-1ecc6299db9ec823/wasi-0.7.0/src/wasi_unstable/mod.rs:539: undefined reference to `path_unlink_file'
[INFO] [stdout]           /usr/bin/ld: /opt/rustwide/target/debug/deps/libwasi_misc_tests-dff3e81a649de10f.rlib(wasi_misc_tests-dff3e81a649de10f.wasi_misc_tests.97hmz27x-cgu.7.rcgu.o): in function `wasi::wasi_unstable::fd_close':
[INFO] [stdout]           /opt/rustwide/cargo-home/registry/src/github.com-1ecc6299db9ec823/wasi-0.7.0/src/wasi_unstable/mod.rs:316: undefined reference to `fd_close'
[INFO] [stdout]           collect2: error: ld returned 1 exit status
[INFO] [stdout]           
[INFO] [stdout] 
[INFO] [stdout] 
[INFO] [stdout] error: aborting due to previous error
[INFO] [stdout] 
[INFO] [stdout] 
[INFO] [stdout] error: linking with `cc` failed: exit status: 1
[INFO] [stdout]   |
[INFO] [stdout]   = note: "cc" "-m64" "/opt/rustwide/target/debug/deps/file_allocate-3a503c85e14606d9.file_allocate.82j0apqe-cgu.0.rcgu.o" "/opt/rustwide/target/debug/deps/file_allocate-3a503c85e14606d9.file_allocate.82j0apqe-cgu.1.rcgu.o" "/opt/rustwide/target/debug/deps/file_allocate-3a503c85e14606d9.file_allocate.82j0apqe-cgu.10.rcgu.o" "/opt/rustwide/target/debug/deps/file_allocate-3a503c85e14606d9.file_allocate.82j0apqe-cgu.11.rcgu.o" "/opt/rustwide/target/debug/deps/file_allocate-3a503c85e14606d9.file_allocate.82j0apqe-cgu.12.rcgu.o" "/opt/rustwide/target/debug/deps/file_allocate-3a503c85e14606d9.file_allocate.82j0apqe-cgu.13.rcgu.o" "/opt/rustwide/target/debug/deps/file_allocate-3a503c85e14606d9.file_allocate.82j0apqe-cgu.14.rcgu.o" "/opt/rustwide/target/debug/deps/file_allocate-3a503c85e14606d9.file_allocate.82j0apqe-cgu.15.rcgu.o" "/opt/rustwide/target/debug/deps/file_allocate-3a503c85e14606d9.file_allocate.82j0apqe-cgu.2.rcgu.o" "/opt/rustwide/target/debug/deps/file_allocate-3a503c85e14606d9.file_allocate.82j0apqe-cgu.3.rcgu.o" "/opt/rustwide/target/debug/deps/file_allocate-3a503c85e14606d9.file_allocate.82j0apqe-cgu.4.rcgu.o" "/opt/rustwide/target/debug/deps/file_allocate-3a503c85e14606d9.file_allocate.82j0apqe-cgu.5.rcgu.o" "/opt/rustwide/target/debug/deps/file_allocate-3a503c85e14606d9.file_allocate.82j0apqe-cgu.6.rcgu.o" "/opt/rustwide/target/debug/deps/file_allocate-3a503c85e14606d9.file_allocate.82j0apqe-cgu.7.rcgu.o" "/opt/rustwide/target/debug/deps/file_allocate-3a503c85e14606d9.file_allocate.82j0apqe-cgu.8.rcgu.o" "/opt/rustwide/target/debug/deps/file_allocate-3a503c85e14606d9.file_allocate.82j0apqe-cgu.9.rcgu.o" "/opt/rustwide/target/debug/deps/file_allocate-3a503c85e14606d9.4zbjcdftmt79k5l2.rcgu.o" "-Wl,--as-needed" "-L" "/opt/rustwide/target/debug/deps" "-L" "/opt/rustwide/rustup-home/toolchains/1.54.0-x86_64-unknown-linux-gnu/lib/rustlib/x86_64-unknown-linux-gnu/lib" "-Wl,-Bstatic" "/opt/rustwide/target/debug/deps/libwasi_misc_tests-dff3e81a649de10f.rlib" "/opt/rustwide/target/debug/deps/libwasi-4a41526cd6f2b6b0.rlib" "/opt/rustwide/target/debug/deps/libmore_asserts-6935cb2b3484255a.rlib" "/opt/rustwide/target/debug/deps/liblibc-a8af610016c763ac.rlib" "-Wl,--start-group" "/opt/rustwide/rustup-home/toolchains/1.54.0-x86_64-unknown-linux-gnu/lib/rustlib/x86_64-unknown-linux-gnu/lib/libstd-2420485b9e5ef5e1.rlib" "/opt/rustwide/rustup-home/toolchains/1.54.0-x86_64-unknown-linux-gnu/lib/rustlib/x86_64-unknown-linux-gnu/lib/libpanic_unwind-785e3cb61c4b1960.rlib" "/opt/rustwide/rustup-home/toolchains/1.54.0-x86_64-unknown-linux-gnu/lib/rustlib/x86_64-unknown-linux-gnu/lib/libminiz_oxide-087191a88bdaa22d.rlib" "/opt/rustwide/rustup-home/toolchains/1.54.0-x86_64-unknown-linux-gnu/lib/rustlib/x86_64-unknown-linux-gnu/lib/libadler-9981842c02975178.rlib" "/opt/rustwide/rustup-home/toolchains/1.54.0-x86_64-unknown-linux-gnu/lib/rustlib/x86_64-unknown-linux-gnu/lib/libobject-6fb405869b015fde.rlib" "/opt/rustwide/rustup-home/toolchains/1.54.0-x86_64-unknown-linux-gnu/lib/rustlib/x86_64-unknown-linux-gnu/lib/libaddr2line-d05c5c3c56004b7b.rlib" "/opt/rustwide/rustup-home/toolchains/1.54.0-x86_64-unknown-linux-gnu/lib/rustlib/x86_64-unknown-linux-gnu/lib/libgimli-42d74d2097528b38.rlib" "/opt/rustwide/rustup-home/toolchains/1.54.0-x86_64-unknown-linux-gnu/lib/rustlib/x86_64-unknown-linux-gnu/lib/libstd_detect-fb36534c113d2209.rlib" "/opt/rustwide/rustup-home/toolchains/1.54.0-x86_64-unknown-linux-gnu/lib/rustlib/x86_64-unknown-linux-gnu/lib/librustc_demangle-b56b9042c12b6535.rlib" "/opt/rustwide/rustup-home/toolchains/1.54.0-x86_64-unknown-linux-gnu/lib/rustlib/x86_64-unknown-linux-gnu/lib/libhashbrown-491902d6cb3e76df.rlib" "/opt/rustwide/rustup-home/toolchains/1.54.0-x86_64-unknown-linux-gnu/lib/rustlib/x86_64-unknown-linux-gnu/lib/librustc_std_workspace_alloc-61834e0981b8c367.rlib" "/opt/rustwide/rustup-home/toolchains/1.54.0-x86_64-unknown-linux-gnu/lib/rustlib/x86_64-unknown-linux-gnu/lib/libunwind-f78aa99d613a55bc.rlib" "/opt/rustwide/rustup-home/toolchains/1.54.0-x86_64-unknown-linux-gnu/lib/rustlib/x86_64-unknown-linux-gnu/lib/libcfg_if-53ee54cd7fed2c57.rlib" "/opt/rustwide/rustup-home/toolchains/1.54.0-x86_64-unknown-linux-gnu/lib/rustlib/x86_64-unknown-linux-gnu/lib/liblibc-544ecdbd6cda3c58.rlib" "/opt/rustwide/rustup-home/toolchains/1.54.0-x86_64-unknown-linux-gnu/lib/rustlib/x86_64-unknown-linux-gnu/lib/liballoc-379cc252b6943a79.rlib" "/opt/rustwide/rustup-home/toolchains/1.54.0-x86_64-unknown-linux-gnu/lib/rustlib/x86_64-unknown-linux-gnu/lib/librustc_std_workspace_core-8063eea38dcc5e62.rlib" "/opt/rustwide/rustup-home/toolchains/1.54.0-x86_64-unknown-linux-gnu/lib/rustlib/x86_64-unknown-linux-gnu/lib/libcore-5b228734afae15ee.rlib" "-Wl,--end-group" "/opt/rustwide/rustup-home/toolchains/1.54.0-x86_64-unknown-linux-gnu/lib/rustlib/x86_64-unknown-linux-gnu/lib/libcompiler_builtins-d6c7a399d95d173f.rlib" "-Wl,-Bdynamic" "-lutil" "-lgcc_s" "-lutil" "-lrt" "-lpthread" "-lm" "-ldl" "-lc" "-Wl,--eh-frame-hdr" "-Wl,-znoexecstack" "-L" "/opt/rustwide/rustup-home/toolchains/1.54.0-x86_64-unknown-linux-gnu/lib/rustlib/x86_64-unknown-linux-gnu/lib" "-o" "/opt/rustwide/target/debug/deps/file_allocate-3a503c85e14606d9" "-Wl,--gc-sections" "-pie" "-Wl,-zrelro" "-Wl,-znow" "-nodefaultlibs"
[INFO] [stdout]   = note: /usr/bin/ld: /opt/rustwide/target/debug/deps/file_allocate-3a503c85e14606d9.file_allocate.82j0apqe-cgu.4.rcgu.o: in function `wasi::wasi_unstable::fd_allocate':
[INFO] [stdout]           /opt/rustwide/cargo-home/registry/src/github.com-1ecc6299db9ec823/wasi-0.7.0/src/wasi_unstable/mod.rs:385: undefined reference to `fd_allocate'
[INFO] [stdout]           /usr/bin/ld: /opt/rustwide/target/debug/deps/libwasi_misc_tests-dff3e81a649de10f.rlib(wasi_misc_tests-dff3e81a649de10f.wasi_misc_tests.97hmz27x-cgu.4.rcgu.o): in function `wasi_misc_tests::wasi_wrappers::wasi_path_open':
[INFO] [stdout]           /opt/rustwide/workdir/src/wasi_wrappers.rs:43: undefined reference to `path_open'
[INFO] [stdout]           /usr/bin/ld: /opt/rustwide/target/debug/deps/libwasi_misc_tests-dff3e81a649de10f.rlib(wasi_misc_tests-dff3e81a649de10f.wasi_misc_tests.97hmz27x-cgu.4.rcgu.o): in function `wasi_misc_tests::wasi_wrappers::wasi_fd_filestat_get':
[INFO] [stdout]           /opt/rustwide/workdir/src/wasi_wrappers.rs:129: undefined reference to `fd_filestat_get'
[INFO] [stdout]           /usr/bin/ld: /opt/rustwide/target/debug/deps/libwasi_misc_tests-dff3e81a649de10f.rlib(wasi_misc_tests-dff3e81a649de10f.wasi_misc_tests.97hmz27x-cgu.7.rcgu.o): in function `wasi::wasi_unstable::path_unlink_file':
[INFO] [stdout]           /opt/rustwide/cargo-home/registry/src/github.com-1ecc6299db9ec823/wasi-0.7.0/src/wasi_unstable/mod.rs:539: undefined reference to `path_unlink_file'
[INFO] [stdout]           /usr/bin/ld: /opt/rustwide/target/debug/deps/libwasi_misc_tests-dff3e81a649de10f.rlib(wasi_misc_tests-dff3e81a649de10f.wasi_misc_tests.97hmz27x-cgu.7.rcgu.o): in function `wasi::wasi_unstable::fd_close':
[INFO] [stdout]           /opt/rustwide/cargo-home/registry/src/github.com-1ecc6299db9ec823/wasi-0.7.0/src/wasi_unstable/mod.rs:316: undefined reference to `fd_close'
[INFO] [stdout]           collect2: error: ld returned 1 exit status
[INFO] [stdout]           
[INFO] [stdout] 
[INFO] [stdout] 
[INFO] [stdout] error: aborting due to previous error
[INFO] [stdout] 
[INFO] [stdout] 
[INFO] [stdout] error: linking with `cc` failed: exit status: 1
[INFO] [stdout]   |
[INFO] [stdout]   = note: "cc" "-m64" "/opt/rustwide/target/debug/deps/truncation_rights-4836c71e1b0c5f92.truncation_rights.2t87ddv5-cgu.0.rcgu.o" "/opt/rustwide/target/debug/deps/truncation_rights-4836c71e1b0c5f92.truncation_rights.2t87ddv5-cgu.1.rcgu.o" "/opt/rustwide/target/debug/deps/truncation_rights-4836c71e1b0c5f92.truncation_rights.2t87ddv5-cgu.10.rcgu.o" "/opt/rustwide/target/debug/deps/truncation_rights-4836c71e1b0c5f92.truncation_rights.2t87ddv5-cgu.11.rcgu.o" "/opt/rustwide/target/debug/deps/truncation_rights-4836c71e1b0c5f92.truncation_rights.2t87ddv5-cgu.12.rcgu.o" "/opt/rustwide/target/debug/deps/truncation_rights-4836c71e1b0c5f92.truncation_rights.2t87ddv5-cgu.13.rcgu.o" "/opt/rustwide/target/debug/deps/truncation_rights-4836c71e1b0c5f92.truncation_rights.2t87ddv5-cgu.14.rcgu.o" "/opt/rustwide/target/debug/deps/truncation_rights-4836c71e1b0c5f92.truncation_rights.2t87ddv5-cgu.15.rcgu.o" "/opt/rustwide/target/debug/deps/truncation_rights-4836c71e1b0c5f92.truncation_rights.2t87ddv5-cgu.2.rcgu.o" "/opt/rustwide/target/debug/deps/truncation_rights-4836c71e1b0c5f92.truncation_rights.2t87ddv5-cgu.3.rcgu.o" "/opt/rustwide/target/debug/deps/truncation_rights-4836c71e1b0c5f92.truncation_rights.2t87ddv5-cgu.4.rcgu.o" "/opt/rustwide/target/debug/deps/truncation_rights-4836c71e1b0c5f92.truncation_rights.2t87ddv5-cgu.5.rcgu.o" "/opt/rustwide/target/debug/deps/truncation_rights-4836c71e1b0c5f92.truncation_rights.2t87ddv5-cgu.6.rcgu.o" "/opt/rustwide/target/debug/deps/truncation_rights-4836c71e1b0c5f92.truncation_rights.2t87ddv5-cgu.7.rcgu.o" "/opt/rustwide/target/debug/deps/truncation_rights-4836c71e1b0c5f92.truncation_rights.2t87ddv5-cgu.8.rcgu.o" "/opt/rustwide/target/debug/deps/truncation_rights-4836c71e1b0c5f92.truncation_rights.2t87ddv5-cgu.9.rcgu.o" "/opt/rustwide/target/debug/deps/truncation_rights-4836c71e1b0c5f92.1q0lzyg2wckav74z.rcgu.o" "-Wl,--as-needed" "-L" "/opt/rustwide/target/debug/deps" "-L" "/opt/rustwide/rustup-home/toolchains/1.54.0-x86_64-unknown-linux-gnu/lib/rustlib/x86_64-unknown-linux-gnu/lib" "-Wl,-Bstatic" "/opt/rustwide/target/debug/deps/libwasi_misc_tests-dff3e81a649de10f.rlib" "/opt/rustwide/target/debug/deps/liblibc-a8af610016c763ac.rlib" "/opt/rustwide/target/debug/deps/libmore_asserts-6935cb2b3484255a.rlib" "/opt/rustwide/target/debug/deps/libwasi-4a41526cd6f2b6b0.rlib" "-Wl,--start-group" "/opt/rustwide/rustup-home/toolchains/1.54.0-x86_64-unknown-linux-gnu/lib/rustlib/x86_64-unknown-linux-gnu/lib/libstd-2420485b9e5ef5e1.rlib" "/opt/rustwide/rustup-home/toolchains/1.54.0-x86_64-unknown-linux-gnu/lib/rustlib/x86_64-unknown-linux-gnu/lib/libpanic_unwind-785e3cb61c4b1960.rlib" "/opt/rustwide/rustup-home/toolchains/1.54.0-x86_64-unknown-linux-gnu/lib/rustlib/x86_64-unknown-linux-gnu/lib/libminiz_oxide-087191a88bdaa22d.rlib" "/opt/rustwide/rustup-home/toolchains/1.54.0-x86_64-unknown-linux-gnu/lib/rustlib/x86_64-unknown-linux-gnu/lib/libadler-9981842c02975178.rlib" "/opt/rustwide/rustup-home/toolchains/1.54.0-x86_64-unknown-linux-gnu/lib/rustlib/x86_64-unknown-linux-gnu/lib/libobject-6fb405869b015fde.rlib" "/opt/rustwide/rustup-home/toolchains/1.54.0-x86_64-unknown-linux-gnu/lib/rustlib/x86_64-unknown-linux-gnu/lib/libaddr2line-d05c5c3c56004b7b.rlib" "/opt/rustwide/rustup-home/toolchains/1.54.0-x86_64-unknown-linux-gnu/lib/rustlib/x86_64-unknown-linux-gnu/lib/libgimli-42d74d2097528b38.rlib" "/opt/rustwide/rustup-home/toolchains/1.54.0-x86_64-unknown-linux-gnu/lib/rustlib/x86_64-unknown-linux-gnu/lib/libstd_detect-fb36534c113d2209.rlib" "/opt/rustwide/rustup-home/toolchains/1.54.0-x86_64-unknown-linux-gnu/lib/rustlib/x86_64-unknown-linux-gnu/lib/librustc_demangle-b56b9042c12b6535.rlib" "/opt/rustwide/rustup-home/toolchains/1.54.0-x86_64-unknown-linux-gnu/lib/rustlib/x86_64-unknown-linux-gnu/lib/libhashbrown-491902d6cb3e76df.rlib" "/opt/rustwide/rustup-home/toolchains/1.54.0-x86_64-unknown-linux-gnu/lib/rustlib/x86_64-unknown-linux-gnu/lib/librustc_std_workspace_alloc-61834e0981b8c367.rlib" "/opt/rustwide/rustup-home/toolchains/1.54.0-x86_64-unknown-linux-gnu/lib/rustlib/x86_64-unknown-linux-gnu/lib/libunwind-f78aa99d613a55bc.rlib" "/opt/rustwide/rustup-home/toolchains/1.54.0-x86_64-unknown-linux-gnu/lib/rustlib/x86_64-unknown-linux-gnu/lib/libcfg_if-53ee54cd7fed2c57.rlib" "/opt/rustwide/rustup-home/toolchains/1.54.0-x86_64-unknown-linux-gnu/lib/rustlib/x86_64-unknown-linux-gnu/lib/liblibc-544ecdbd6cda3c58.rlib" "/opt/rustwide/rustup-home/toolchains/1.54.0-x86_64-unknown-linux-gnu/lib/rustlib/x86_64-unknown-linux-gnu/lib/liballoc-379cc252b6943a79.rlib" "/opt/rustwide/rustup-home/toolchains/1.54.0-x86_64-unknown-linux-gnu/lib/rustlib/x86_64-unknown-linux-gnu/lib/librustc_std_workspace_core-8063eea38dcc5e62.rlib" "/opt/rustwide/rustup-home/toolchains/1.54.0-x86_64-unknown-linux-gnu/lib/rustlib/x86_64-unknown-linux-gnu/lib/libcore-5b228734afae15ee.rlib" "-Wl,--end-group" "/opt/rustwide/rustup-home/toolchains/1.54.0-x86_64-unknown-linux-gnu/lib/rustlib/x86_64-unknown-linux-gnu/lib/libcompiler_builtins-d6c7a399d95d173f.rlib" "-Wl,-Bdynamic" "-lutil" "-lgcc_s" "-lutil" "-lrt" "-lpthread" "-lm" "-ldl" "-lc" "-Wl,--eh-frame-hdr" "-Wl,-znoexecstack" "-L" "/opt/rustwide/rustup-home/toolchains/1.54.0-x86_64-unknown-linux-gnu/lib/rustlib/x86_64-unknown-linux-gnu/lib" "-o" "/opt/rustwide/target/debug/deps/truncation_rights-4836c71e1b0c5f92" "-Wl,--gc-sections" "-pie" "-Wl,-zrelro" "-Wl,-znow" "-nodefaultlibs"
[INFO] [stdout]   = note: /usr/bin/ld: /opt/rustwide/target/debug/deps/truncation_rights-4836c71e1b0c5f92.truncation_rights.2t87ddv5-cgu.5.rcgu.o: in function `wasi::wasi_unstable::fd_fdstat_set_rights':
[INFO] [stdout]           /opt/rustwide/cargo-home/registry/src/github.com-1ecc6299db9ec823/wasi-0.7.0/src/wasi_unstable/mod.rs:360: undefined reference to `fd_fdstat_set_rights'
[INFO] [stdout]           /usr/bin/ld: /opt/rustwide/target/debug/deps/libwasi_misc_tests-dff3e81a649de10f.rlib(wasi_misc_tests-dff3e81a649de10f.wasi_misc_tests.97hmz27x-cgu.4.rcgu.o): in function `wasi_misc_tests::wasi_wrappers::wasi_path_open':
[INFO] [stdout]           /opt/rustwide/workdir/src/wasi_wrappers.rs:43: undefined reference to `path_open'
[INFO] [stdout]           /usr/bin/ld: /opt/rustwide/target/debug/deps/libwasi_misc_tests-dff3e81a649de10f.rlib(wasi_misc_tests-dff3e81a649de10f.wasi_misc_tests.97hmz27x-cgu.4.rcgu.o): in function `wasi_misc_tests::wasi_wrappers::wasi_fd_fdstat_get':
[INFO] [stdout]           /opt/rustwide/workdir/src/wasi_wrappers.rs:98: undefined reference to `fd_fdstat_get'
[INFO] [stdout]           /usr/bin/ld: /opt/rustwide/target/debug/deps/libwasi_misc_tests-dff3e81a649de10f.rlib(wasi_misc_tests-dff3e81a649de10f.wasi_misc_tests.97hmz27x-cgu.7.rcgu.o): in function `wasi::wasi_unstable::path_unlink_file':
[INFO] [stdout]           /opt/rustwide/cargo-home/registry/src/github.com-1ecc6299db9ec823/wasi-0.7.0/src/wasi_unstable/mod.rs:539: undefined reference to `path_unlink_file'
[INFO] [stdout]           /usr/bin/ld: /opt/rustwide/target/debug/deps/libwasi_misc_tests-dff3e81a649de10f.rlib(wasi_misc_tests-dff3e81a649de10f.wasi_misc_tests.97hmz27x-cgu.7.rcgu.o): in function `wasi::wasi_unstable::fd_close':
[INFO] [stdout]           /opt/rustwide/cargo-home/registry/src/github.com-1ecc6299db9ec823/wasi-0.7.0/src/wasi_unstable/mod.rs:316: undefined reference to `fd_close'
[INFO] [stdout]           collect2: error: ld returned 1 exit status
[INFO] [stdout]           
[INFO] [stdout] 
[INFO] [stdout] 
[INFO] [stdout] error: aborting due to previous error
[INFO] [stdout] 
[INFO] [stdout] 
[INFO] [stdout] error: linking with `cc` failed: exit status: 1
[INFO] [stdout]   |
[INFO] [stdout]   = note: "cc" "-m64" "/opt/rustwide/target/debug/deps/remove_nonempty_directory-c633087e528985f1.remove_nonempty_directory.2f2t76fi-cgu.0.rcgu.o" "/opt/rustwide/target/debug/deps/remove_nonempty_directory-c633087e528985f1.remove_nonempty_directory.2f2t76fi-cgu.1.rcgu.o" "/opt/rustwide/target/debug/deps/remove_nonempty_directory-c633087e528985f1.remove_nonempty_directory.2f2t76fi-cgu.10.rcgu.o" "/opt/rustwide/target/debug/deps/remove_nonempty_directory-c633087e528985f1.remove_nonempty_directory.2f2t76fi-cgu.11.rcgu.o" "/opt/rustwide/target/debug/deps/remove_nonempty_directory-c633087e528985f1.remove_nonempty_directory.2f2t76fi-cgu.12.rcgu.o" "/opt/rustwide/target/debug/deps/remove_nonempty_directory-c633087e528985f1.remove_nonempty_directory.2f2t76fi-cgu.13.rcgu.o" "/opt/rustwide/target/debug/deps/remove_nonempty_directory-c633087e528985f1.remove_nonempty_directory.2f2t76fi-cgu.14.rcgu.o" "/opt/rustwide/target/debug/deps/remove_nonempty_directory-c633087e528985f1.remove_nonempty_directory.2f2t76fi-cgu.15.rcgu.o" "/opt/rustwide/target/debug/deps/remove_nonempty_directory-c633087e528985f1.remove_nonempty_directory.2f2t76fi-cgu.2.rcgu.o" "/opt/rustwide/target/debug/deps/remove_nonempty_directory-c633087e528985f1.remove_nonempty_directory.2f2t76fi-cgu.3.rcgu.o" "/opt/rustwide/target/debug/deps/remove_nonempty_directory-c633087e528985f1.remove_nonempty_directory.2f2t76fi-cgu.4.rcgu.o" "/opt/rustwide/target/debug/deps/remove_nonempty_directory-c633087e528985f1.remove_nonempty_directory.2f2t76fi-cgu.5.rcgu.o" "/opt/rustwide/target/debug/deps/remove_nonempty_directory-c633087e528985f1.remove_nonempty_directory.2f2t76fi-cgu.6.rcgu.o" "/opt/rustwide/target/debug/deps/remove_nonempty_directory-c633087e528985f1.remove_nonempty_directory.2f2t76fi-cgu.7.rcgu.o" "/opt/rustwide/target/debug/deps/remove_nonempty_directory-c633087e528985f1.remove_nonempty_directory.2f2t76fi-cgu.8.rcgu.o" "/opt/rustwide/target/debug/deps/remove_nonempty_directory-c633087e528985f1.remove_nonempty_directory.2f2t76fi-cgu.9.rcgu.o" "/opt/rustwide/target/debug/deps/remove_nonempty_directory-c633087e528985f1.3snoq71z3a094wsj.rcgu.o" "-Wl,--as-needed" "-L" "/opt/rustwide/target/debug/deps" "-L" "/opt/rustwide/rustup-home/toolchains/1.54.0-x86_64-unknown-linux-gnu/lib/rustlib/x86_64-unknown-linux-gnu/lib" "-Wl,-Bstatic" "/opt/rustwide/target/debug/deps/libwasi_misc_tests-dff3e81a649de10f.rlib" "/opt/rustwide/target/debug/deps/liblibc-a8af610016c763ac.rlib" "/opt/rustwide/target/debug/deps/libmore_asserts-6935cb2b3484255a.rlib" "/opt/rustwide/target/debug/deps/libwasi-4a41526cd6f2b6b0.rlib" "-Wl,--start-group" "/opt/rustwide/rustup-home/toolchains/1.54.0-x86_64-unknown-linux-gnu/lib/rustlib/x86_64-unknown-linux-gnu/lib/libstd-2420485b9e5ef5e1.rlib" "/opt/rustwide/rustup-home/toolchains/1.54.0-x86_64-unknown-linux-gnu/lib/rustlib/x86_64-unknown-linux-gnu/lib/libpanic_unwind-785e3cb61c4b1960.rlib" "/opt/rustwide/rustup-home/toolchains/1.54.0-x86_64-unknown-linux-gnu/lib/rustlib/x86_64-unknown-linux-gnu/lib/libminiz_oxide-087191a88bdaa22d.rlib" "/opt/rustwide/rustup-home/toolchains/1.54.0-x86_64-unknown-linux-gnu/lib/rustlib/x86_64-unknown-linux-gnu/lib/libadler-9981842c02975178.rlib" "/opt/rustwide/rustup-home/toolchains/1.54.0-x86_64-unknown-linux-gnu/lib/rustlib/x86_64-unknown-linux-gnu/lib/libobject-6fb405869b015fde.rlib" "/opt/rustwide/rustup-home/toolchains/1.54.0-x86_64-unknown-linux-gnu/lib/rustlib/x86_64-unknown-linux-gnu/lib/libaddr2line-d05c5c3c56004b7b.rlib" "/opt/rustwide/rustup-home/toolchains/1.54.0-x86_64-unknown-linux-gnu/lib/rustlib/x86_64-unknown-linux-gnu/lib/libgimli-42d74d2097528b38.rlib" "/opt/rustwide/rustup-home/toolchains/1.54.0-x86_64-unknown-linux-gnu/lib/rustlib/x86_64-unknown-linux-gnu/lib/libstd_detect-fb36534c113d2209.rlib" "/opt/rustwide/rustup-home/toolchains/1.54.0-x86_64-unknown-linux-gnu/lib/rustlib/x86_64-unknown-linux-gnu/lib/librustc_demangle-b56b9042c12b6535.rlib" "/opt/rustwide/rustup-home/toolchains/1.54.0-x86_64-unknown-linux-gnu/lib/rustlib/x86_64-unknown-linux-gnu/lib/libhashbrown-491902d6cb3e76df.rlib" "/opt/rustwide/rustup-home/toolchains/1.54.0-x86_64-unknown-linux-gnu/lib/rustlib/x86_64-unknown-linux-gnu/lib/librustc_std_workspace_alloc-61834e0981b8c367.rlib" "/opt/rustwide/rustup-home/toolchains/1.54.0-x86_64-unknown-linux-gnu/lib/rustlib/x86_64-unknown-linux-gnu/lib/libunwind-f78aa99d613a55bc.rlib" "/opt/rustwide/rustup-home/toolchains/1.54.0-x86_64-unknown-linux-gnu/lib/rustlib/x86_64-unknown-linux-gnu/lib/libcfg_if-53ee54cd7fed2c57.rlib" "/opt/rustwide/rustup-home/toolchains/1.54.0-x86_64-unknown-linux-gnu/lib/rustlib/x86_64-unknown-linux-gnu/lib/liblibc-544ecdbd6cda3c58.rlib" "/opt/rustwide/rustup-home/toolchains/1.54.0-x86_64-unknown-linux-gnu/lib/rustlib/x86_64-unknown-linux-gnu/lib/liballoc-379cc252b6943a79.rlib" "/opt/rustwide/rustup-home/toolchains/1.54.0-x86_64-unknown-linux-gnu/lib/rustlib/x86_64-unknown-linux-gnu/lib/librustc_std_workspace_core-8063eea38dcc5e62.rlib" "/opt/rustwide/rustup-home/toolchains/1.54.0-x86_64-unknown-linux-gnu/lib/rustlib/x86_64-unknown-linux-gnu/lib/libcore-5b228734afae15ee.rlib" "-Wl,--end-group" "/opt/rustwide/rustup-home/toolchains/1.54.0-x86_64-unknown-linux-gnu/lib/rustlib/x86_64-unknown-linux-gnu/lib/libcompiler_builtins-d6c7a399d95d173f.rlib" "-Wl,-Bdynamic" "-lutil" "-lgcc_s" "-lutil" "-lrt" "-lpthread" "-lm" "-ldl" "-lc" "-Wl,--eh-frame-hdr" "-Wl,-znoexecstack" "-L" "/opt/rustwide/rustup-home/toolchains/1.54.0-x86_64-unknown-linux-gnu/lib/rustlib/x86_64-unknown-linux-gnu/lib" "-o" "/opt/rustwide/target/debug/deps/remove_nonempty_directory-c633087e528985f1" "-Wl,--gc-sections" "-pie" "-Wl,-zrelro" "-Wl,-znow" "-nodefaultlibs"
[INFO] [stdout]   = note: /usr/bin/ld: /opt/rustwide/target/debug/deps/libwasi_misc_tests-dff3e81a649de10f.rlib(wasi_misc_tests-dff3e81a649de10f.wasi_misc_tests.97hmz27x-cgu.7.rcgu.o): in function `wasi::wasi_unstable::path_create_directory':
[INFO] [stdout]           /opt/rustwide/cargo-home/registry/src/github.com-1ecc6299db9ec823/wasi-0.7.0/src/wasi_unstable/mod.rs:390: undefined reference to `path_create_directory'
[INFO] [stdout]           /usr/bin/ld: /opt/rustwide/target/debug/deps/libwasi_misc_tests-dff3e81a649de10f.rlib(wasi_misc_tests-dff3e81a649de10f.wasi_misc_tests.97hmz27x-cgu.7.rcgu.o): in function `wasi::wasi_unstable::path_remove_directory':
[INFO] [stdout]           /opt/rustwide/cargo-home/registry/src/github.com-1ecc6299db9ec823/wasi-0.7.0/src/wasi_unstable/mod.rs:544: undefined reference to `path_remove_directory'
[INFO] [stdout]           collect2: error: ld returned 1 exit status
[INFO] [stdout]           
[INFO] [stdout] 
[INFO] [stdout] 
[INFO] [stdout] error: aborting due to previous error
[INFO] [stdout] 
[INFO] [stdout] 
[INFO] [stdout] error: linking with `cc` failed: exit status: 1
[INFO] [stdout]   |
[INFO] [stdout]   = note: "cc" "-m64" "/opt/rustwide/target/debug/deps/unlink_file_trailing_slashes-8639fafaf487dde0.unlink_file_trailing_slashes.980p10cx-cgu.0.rcgu.o" "/opt/rustwide/target/debug/deps/unlink_file_trailing_slashes-8639fafaf487dde0.unlink_file_trailing_slashes.980p10cx-cgu.1.rcgu.o" "/opt/rustwide/target/debug/deps/unlink_file_trailing_slashes-8639fafaf487dde0.unlink_file_trailing_slashes.980p10cx-cgu.10.rcgu.o" "/opt/rustwide/target/debug/deps/unlink_file_trailing_slashes-8639fafaf487dde0.unlink_file_trailing_slashes.980p10cx-cgu.11.rcgu.o" "/opt/rustwide/target/debug/deps/unlink_file_trailing_slashes-8639fafaf487dde0.unlink_file_trailing_slashes.980p10cx-cgu.12.rcgu.o" "/opt/rustwide/target/debug/deps/unlink_file_trailing_slashes-8639fafaf487dde0.unlink_file_trailing_slashes.980p10cx-cgu.13.rcgu.o" "/opt/rustwide/target/debug/deps/unlink_file_trailing_slashes-8639fafaf487dde0.unlink_file_trailing_slashes.980p10cx-cgu.14.rcgu.o" "/opt/rustwide/target/debug/deps/unlink_file_trailing_slashes-8639fafaf487dde0.unlink_file_trailing_slashes.980p10cx-cgu.15.rcgu.o" "/opt/rustwide/target/debug/deps/unlink_file_trailing_slashes-8639fafaf487dde0.unlink_file_trailing_slashes.980p10cx-cgu.2.rcgu.o" "/opt/rustwide/target/debug/deps/unlink_file_trailing_slashes-8639fafaf487dde0.unlink_file_trailing_slashes.980p10cx-cgu.3.rcgu.o" "/opt/rustwide/target/debug/deps/unlink_file_trailing_slashes-8639fafaf487dde0.unlink_file_trailing_slashes.980p10cx-cgu.4.rcgu.o" "/opt/rustwide/target/debug/deps/unlink_file_trailing_slashes-8639fafaf487dde0.unlink_file_trailing_slashes.980p10cx-cgu.5.rcgu.o" "/opt/rustwide/target/debug/deps/unlink_file_trailing_slashes-8639fafaf487dde0.unlink_file_trailing_slashes.980p10cx-cgu.6.rcgu.o" "/opt/rustwide/target/debug/deps/unlink_file_trailing_slashes-8639fafaf487dde0.unlink_file_trailing_slashes.980p10cx-cgu.7.rcgu.o" "/opt/rustwide/target/debug/deps/unlink_file_trailing_slashes-8639fafaf487dde0.unlink_file_trailing_slashes.980p10cx-cgu.8.rcgu.o" "/opt/rustwide/target/debug/deps/unlink_file_trailing_slashes-8639fafaf487dde0.unlink_file_trailing_slashes.980p10cx-cgu.9.rcgu.o" "/opt/rustwide/target/debug/deps/unlink_file_trailing_slashes-8639fafaf487dde0.5guc5ujgbet1mha.rcgu.o" "-Wl,--as-needed" "-L" "/opt/rustwide/target/debug/deps" "-L" "/opt/rustwide/rustup-home/toolchains/1.54.0-x86_64-unknown-linux-gnu/lib/rustlib/x86_64-unknown-linux-gnu/lib" "-Wl,-Bstatic" "/opt/rustwide/target/debug/deps/libwasi_misc_tests-dff3e81a649de10f.rlib" "/opt/rustwide/target/debug/deps/liblibc-a8af610016c763ac.rlib" "/opt/rustwide/target/debug/deps/libmore_asserts-6935cb2b3484255a.rlib" "/opt/rustwide/target/debug/deps/libwasi-4a41526cd6f2b6b0.rlib" "-Wl,--start-group" "/opt/rustwide/rustup-home/toolchains/1.54.0-x86_64-unknown-linux-gnu/lib/rustlib/x86_64-unknown-linux-gnu/lib/libstd-2420485b9e5ef5e1.rlib" "/opt/rustwide/rustup-home/toolchains/1.54.0-x86_64-unknown-linux-gnu/lib/rustlib/x86_64-unknown-linux-gnu/lib/libpanic_unwind-785e3cb61c4b1960.rlib" "/opt/rustwide/rustup-home/toolchains/1.54.0-x86_64-unknown-linux-gnu/lib/rustlib/x86_64-unknown-linux-gnu/lib/libminiz_oxide-087191a88bdaa22d.rlib" "/opt/rustwide/rustup-home/toolchains/1.54.0-x86_64-unknown-linux-gnu/lib/rustlib/x86_64-unknown-linux-gnu/lib/libadler-9981842c02975178.rlib" "/opt/rustwide/rustup-home/toolchains/1.54.0-x86_64-unknown-linux-gnu/lib/rustlib/x86_64-unknown-linux-gnu/lib/libobject-6fb405869b015fde.rlib" "/opt/rustwide/rustup-home/toolchains/1.54.0-x86_64-unknown-linux-gnu/lib/rustlib/x86_64-unknown-linux-gnu/lib/libaddr2line-d05c5c3c56004b7b.rlib" "/opt/rustwide/rustup-home/toolchains/1.54.0-x86_64-unknown-linux-gnu/lib/rustlib/x86_64-unknown-linux-gnu/lib/libgimli-42d74d2097528b38.rlib" "/opt/rustwide/rustup-home/toolchains/1.54.0-x86_64-unknown-linux-gnu/lib/rustlib/x86_64-unknown-linux-gnu/lib/libstd_detect-fb36534c113d2209.rlib" "/opt/rustwide/rustup-home/toolchains/1.54.0-x86_64-unknown-linux-gnu/lib/rustlib/x86_64-unknown-linux-gnu/lib/librustc_demangle-b56b9042c12b6535.rlib" "/opt/rustwide/rustup-home/toolchains/1.54.0-x86_64-unknown-linux-gnu/lib/rustlib/x86_64-unknown-linux-gnu/lib/libhashbrown-491902d6cb3e76df.rlib" "/opt/rustwide/rustup-home/toolchains/1.54.0-x86_64-unknown-linux-gnu/lib/rustlib/x86_64-unknown-linux-gnu/lib/librustc_std_workspace_alloc-61834e0981b8c367.rlib" "/opt/rustwide/rustup-home/toolchains/1.54.0-x86_64-unknown-linux-gnu/lib/rustlib/x86_64-unknown-linux-gnu/lib/libunwind-f78aa99d613a55bc.rlib" "/opt/rustwide/rustup-home/toolchains/1.54.0-x86_64-unknown-linux-gnu/lib/rustlib/x86_64-unknown-linux-gnu/lib/libcfg_if-53ee54cd7fed2c57.rlib" "/opt/rustwide/rustup-home/toolchains/1.54.0-x86_64-unknown-linux-gnu/lib/rustlib/x86_64-unknown-linux-gnu/lib/liblibc-544ecdbd6cda3c58.rlib" "/opt/rustwide/rustup-home/toolchains/1.54.0-x86_64-unknown-linux-gnu/lib/rustlib/x86_64-unknown-linux-gnu/lib/liballoc-379cc252b6943a79.rlib" "/opt/rustwide/rustup-home/toolchains/1.54.0-x86_64-unknown-linux-gnu/lib/rustlib/x86_64-unknown-linux-gnu/lib/librustc_std_workspace_core-8063eea38dcc5e62.rlib" "/opt/rustwide/rustup-home/toolchains/1.54.0-x86_64-unknown-linux-gnu/lib/rustlib/x86_64-unknown-linux-gnu/lib/libcore-5b228734afae15ee.rlib" "-Wl,--end-group" "/opt/rustwide/rustup-home/toolchains/1.54.0-x86_64-unknown-linux-gnu/lib/rustlib/x86_64-unknown-linux-gnu/lib/libcompiler_builtins-d6c7a399d95d173f.rlib" "-Wl,-Bdynamic" "-lutil" "-lgcc_s" "-lutil" "-lrt" "-lpthread" "-lm" "-ldl" "-lc" "-Wl,--eh-frame-hdr" "-Wl,-znoexecstack" "-L" "/opt/rustwide/rustup-home/toolchains/1.54.0-x86_64-unknown-linux-gnu/lib/rustlib/x86_64-unknown-linux-gnu/lib" "-o" "/opt/rustwide/target/debug/deps/unlink_file_trailing_slashes-8639fafaf487dde0" "-Wl,--gc-sections" "-pie" "-Wl,-zrelro" "-Wl,-znow" "-nodefaultlibs"
[INFO] [stdout]   = note: /usr/bin/ld: /opt/rustwide/target/debug/deps/libwasi_misc_tests-dff3e81a649de10f.rlib(wasi_misc_tests-dff3e81a649de10f.wasi_misc_tests.97hmz27x-cgu.4.rcgu.o): in function `wasi_misc_tests::wasi_wrappers::wasi_path_open':
[INFO] [stdout]           /opt/rustwide/workdir/src/wasi_wrappers.rs:43: undefined reference to `path_open'
[INFO] [stdout]           /usr/bin/ld: /opt/rustwide/target/debug/deps/libwasi_misc_tests-dff3e81a649de10f.rlib(wasi_misc_tests-dff3e81a649de10f.wasi_misc_tests.97hmz27x-cgu.7.rcgu.o): in function `wasi::wasi_unstable::path_unlink_file':
[INFO] [stdout]           /opt/rustwide/cargo-home/registry/src/github.com-1ecc6299db9ec823/wasi-0.7.0/src/wasi_unstable/mod.rs:539: undefined reference to `path_unlink_file'
[INFO] [stdout]           /usr/bin/ld: /opt/rustwide/target/debug/deps/libwasi_misc_tests-dff3e81a649de10f.rlib(wasi_misc_tests-dff3e81a649de10f.wasi_misc_tests.97hmz27x-cgu.7.rcgu.o): in function `wasi::wasi_unstable::path_create_directory':
[INFO] [stdout]           /opt/rustwide/cargo-home/registry/src/github.com-1ecc6299db9ec823/wasi-0.7.0/src/wasi_unstable/mod.rs:390: undefined reference to `path_create_directory'
[INFO] [stdout]           /usr/bin/ld: /opt/rustwide/target/debug/deps/libwasi_misc_tests-dff3e81a649de10f.rlib(wasi_misc_tests-dff3e81a649de10f.wasi_misc_tests.97hmz27x-cgu.7.rcgu.o): in function `wasi::wasi_unstable::path_remove_directory':
[INFO] [stdout]           /opt/rustwide/cargo-home/registry/src/github.com-1ecc6299db9ec823/wasi-0.7.0/src/wasi_unstable/mod.rs:544: undefined reference to `path_remove_directory'
[INFO] [stdout]           /usr/bin/ld: /opt/rustwide/target/debug/deps/libwasi_misc_tests-dff3e81a649de10f.rlib(wasi_misc_tests-dff3e81a649de10f.wasi_misc_tests.97hmz27x-cgu.7.rcgu.o): in function `wasi::wasi_unstable::fd_close':
[INFO] [stdout]           /opt/rustwide/cargo-home/registry/src/github.com-1ecc6299db9ec823/wasi-0.7.0/src/wasi_unstable/mod.rs:316: undefined reference to `fd_close'
[INFO] [stdout]           collect2: error: ld returned 1 exit status
[INFO] [stdout]           
[INFO] [stdout] 
[INFO] [stdout] 
[INFO] [stdout] error: aborting due to previous error
[INFO] [stdout] 
[INFO] [stdout] 
[INFO] [stdout] error: linking with `cc` failed: exit status: 1
[INFO] [stdout]   |
[INFO] [stdout]   = note: "cc" "-m64" "/opt/rustwide/target/debug/deps/fd_readdir-6581efb35ec23702.fd_readdir.922cgk8j-cgu.0.rcgu.o" "/opt/rustwide/target/debug/deps/fd_readdir-6581efb35ec23702.fd_readdir.922cgk8j-cgu.1.rcgu.o" "/opt/rustwide/target/debug/deps/fd_readdir-6581efb35ec23702.fd_readdir.922cgk8j-cgu.10.rcgu.o" "/opt/rustwide/target/debug/deps/fd_readdir-6581efb35ec23702.fd_readdir.922cgk8j-cgu.11.rcgu.o" "/opt/rustwide/target/debug/deps/fd_readdir-6581efb35ec23702.fd_readdir.922cgk8j-cgu.12.rcgu.o" "/opt/rustwide/target/debug/deps/fd_readdir-6581efb35ec23702.fd_readdir.922cgk8j-cgu.13.rcgu.o" "/opt/rustwide/target/debug/deps/fd_readdir-6581efb35ec23702.fd_readdir.922cgk8j-cgu.14.rcgu.o" "/opt/rustwide/target/debug/deps/fd_readdir-6581efb35ec23702.fd_readdir.922cgk8j-cgu.15.rcgu.o" "/opt/rustwide/target/debug/deps/fd_readdir-6581efb35ec23702.fd_readdir.922cgk8j-cgu.2.rcgu.o" "/opt/rustwide/target/debug/deps/fd_readdir-6581efb35ec23702.fd_readdir.922cgk8j-cgu.3.rcgu.o" "/opt/rustwide/target/debug/deps/fd_readdir-6581efb35ec23702.fd_readdir.922cgk8j-cgu.4.rcgu.o" "/opt/rustwide/target/debug/deps/fd_readdir-6581efb35ec23702.fd_readdir.922cgk8j-cgu.5.rcgu.o" "/opt/rustwide/target/debug/deps/fd_readdir-6581efb35ec23702.fd_readdir.922cgk8j-cgu.6.rcgu.o" "/opt/rustwide/target/debug/deps/fd_readdir-6581efb35ec23702.fd_readdir.922cgk8j-cgu.7.rcgu.o" "/opt/rustwide/target/debug/deps/fd_readdir-6581efb35ec23702.fd_readdir.922cgk8j-cgu.8.rcgu.o" "/opt/rustwide/target/debug/deps/fd_readdir-6581efb35ec23702.fd_readdir.922cgk8j-cgu.9.rcgu.o" "/opt/rustwide/target/debug/deps/fd_readdir-6581efb35ec23702.3x2isumpi3rszn3b.rcgu.o" "-Wl,--as-needed" "-L" "/opt/rustwide/target/debug/deps" "-L" "/opt/rustwide/rustup-home/toolchains/1.54.0-x86_64-unknown-linux-gnu/lib/rustlib/x86_64-unknown-linux-gnu/lib" "-Wl,-Bstatic" "/opt/rustwide/target/debug/deps/libwasi_misc_tests-dff3e81a649de10f.rlib" "/opt/rustwide/target/debug/deps/libwasi-4a41526cd6f2b6b0.rlib" "/opt/rustwide/target/debug/deps/libmore_asserts-6935cb2b3484255a.rlib" "/opt/rustwide/target/debug/deps/liblibc-a8af610016c763ac.rlib" "-Wl,--start-group" "/opt/rustwide/rustup-home/toolchains/1.54.0-x86_64-unknown-linux-gnu/lib/rustlib/x86_64-unknown-linux-gnu/lib/libstd-2420485b9e5ef5e1.rlib" "/opt/rustwide/rustup-home/toolchains/1.54.0-x86_64-unknown-linux-gnu/lib/rustlib/x86_64-unknown-linux-gnu/lib/libpanic_unwind-785e3cb61c4b1960.rlib" "/opt/rustwide/rustup-home/toolchains/1.54.0-x86_64-unknown-linux-gnu/lib/rustlib/x86_64-unknown-linux-gnu/lib/libminiz_oxide-087191a88bdaa22d.rlib" "/opt/rustwide/rustup-home/toolchains/1.54.0-x86_64-unknown-linux-gnu/lib/rustlib/x86_64-unknown-linux-gnu/lib/libadler-9981842c02975178.rlib" "/opt/rustwide/rustup-home/toolchains/1.54.0-x86_64-unknown-linux-gnu/lib/rustlib/x86_64-unknown-linux-gnu/lib/libobject-6fb405869b015fde.rlib" "/opt/rustwide/rustup-home/toolchains/1.54.0-x86_64-unknown-linux-gnu/lib/rustlib/x86_64-unknown-linux-gnu/lib/libaddr2line-d05c5c3c56004b7b.rlib" "/opt/rustwide/rustup-home/toolchains/1.54.0-x86_64-unknown-linux-gnu/lib/rustlib/x86_64-unknown-linux-gnu/lib/libgimli-42d74d2097528b38.rlib" "/opt/rustwide/rustup-home/toolchains/1.54.0-x86_64-unknown-linux-gnu/lib/rustlib/x86_64-unknown-linux-gnu/lib/libstd_detect-fb36534c113d2209.rlib" "/opt/rustwide/rustup-home/toolchains/1.54.0-x86_64-unknown-linux-gnu/lib/rustlib/x86_64-unknown-linux-gnu/lib/librustc_demangle-b56b9042c12b6535.rlib" "/opt/rustwide/rustup-home/toolchains/1.54.0-x86_64-unknown-linux-gnu/lib/rustlib/x86_64-unknown-linux-gnu/lib/libhashbrown-491902d6cb3e76df.rlib" "/opt/rustwide/rustup-home/toolchains/1.54.0-x86_64-unknown-linux-gnu/lib/rustlib/x86_64-unknown-linux-gnu/lib/librustc_std_workspace_alloc-61834e0981b8c367.rlib" "/opt/rustwide/rustup-home/toolchains/1.54.0-x86_64-unknown-linux-gnu/lib/rustlib/x86_64-unknown-linux-gnu/lib/libunwind-f78aa99d613a55bc.rlib" "/opt/rustwide/rustup-home/toolchains/1.54.0-x86_64-unknown-linux-gnu/lib/rustlib/x86_64-unknown-linux-gnu/lib/libcfg_if-53ee54cd7fed2c57.rlib" "/opt/rustwide/rustup-home/toolchains/1.54.0-x86_64-unknown-linux-gnu/lib/rustlib/x86_64-unknown-linux-gnu/lib/liblibc-544ecdbd6cda3c58.rlib" "/opt/rustwide/rustup-home/toolchains/1.54.0-x86_64-unknown-linux-gnu/lib/rustlib/x86_64-unknown-linux-gnu/lib/liballoc-379cc252b6943a79.rlib" "/opt/rustwide/rustup-home/toolchains/1.54.0-x86_64-unknown-linux-gnu/lib/rustlib/x86_64-unknown-linux-gnu/lib/librustc_std_workspace_core-8063eea38dcc5e62.rlib" "/opt/rustwide/rustup-home/toolchains/1.54.0-x86_64-unknown-linux-gnu/lib/rustlib/x86_64-unknown-linux-gnu/lib/libcore-5b228734afae15ee.rlib" "-Wl,--end-group" "/opt/rustwide/rustup-home/toolchains/1.54.0-x86_64-unknown-linux-gnu/lib/rustlib/x86_64-unknown-linux-gnu/lib/libcompiler_builtins-d6c7a399d95d173f.rlib" "-Wl,-Bdynamic" "-lutil" "-lgcc_s" "-lutil" "-lrt" "-lpthread" "-lm" "-ldl" "-lc" "-Wl,--eh-frame-hdr" "-Wl,-znoexecstack" "-L" "/opt/rustwide/rustup-home/toolchains/1.54.0-x86_64-unknown-linux-gnu/lib/rustlib/x86_64-unknown-linux-gnu/lib" "-o" "/opt/rustwide/target/debug/deps/fd_readdir-6581efb35ec23702" "-Wl,--gc-sections" "-pie" "-Wl,-zrelro" "-Wl,-znow" "-nodefaultlibs"
[INFO] [stdout]   = note: /usr/bin/ld: /opt/rustwide/target/debug/deps/libwasi_misc_tests-dff3e81a649de10f.rlib(wasi_misc_tests-dff3e81a649de10f.wasi_misc_tests.97hmz27x-cgu.4.rcgu.o): in function `wasi_misc_tests::wasi_wrappers::wasi_path_open':
[INFO] [stdout]           /opt/rustwide/workdir/src/wasi_wrappers.rs:43: undefined reference to `path_open'
[INFO] [stdout]           /usr/bin/ld: /opt/rustwide/target/debug/deps/libwasi_misc_tests-dff3e81a649de10f.rlib(wasi_misc_tests-dff3e81a649de10f.wasi_misc_tests.97hmz27x-cgu.4.rcgu.o): in function `wasi_misc_tests::wasi_wrappers::wasi_fd_filestat_get':
[INFO] [stdout]           /opt/rustwide/workdir/src/wasi_wrappers.rs:129: undefined reference to `fd_filestat_get'
[INFO] [stdout]           /usr/bin/ld: /opt/rustwide/target/debug/deps/libwasi_misc_tests-dff3e81a649de10f.rlib(wasi_misc_tests-dff3e81a649de10f.wasi_misc_tests.97hmz27x-cgu.4.rcgu.o): in function `wasi_misc_tests::wasi_wrappers::wasi_fd_readdir':
[INFO] [stdout]           /opt/rustwide/workdir/src/wasi_wrappers.rs:201: undefined reference to `fd_readdir'
[INFO] [stdout]           collect2: error: ld returned 1 exit status
[INFO] [stdout]           
[INFO] [stdout] 
[INFO] [stdout] 
[INFO] [stdout] error: aborting due to previous error
[INFO] [stdout] 
[INFO] [stdout] 
[INFO] [stdout] error: linking with `cc` failed: exit status: 1
[INFO] [stdout]   |
[INFO] [stdout]   = note: "cc" "-m64" "/opt/rustwide/target/debug/deps/big_random_buf-8d2b2e35619cd744.big_random_buf.8mt0rejk-cgu.0.rcgu.o" "/opt/rustwide/target/debug/deps/big_random_buf-8d2b2e35619cd744.big_random_buf.8mt0rejk-cgu.1.rcgu.o" "/opt/rustwide/target/debug/deps/big_random_buf-8d2b2e35619cd744.big_random_buf.8mt0rejk-cgu.10.rcgu.o" "/opt/rustwide/target/debug/deps/big_random_buf-8d2b2e35619cd744.big_random_buf.8mt0rejk-cgu.11.rcgu.o" "/opt/rustwide/target/debug/deps/big_random_buf-8d2b2e35619cd744.big_random_buf.8mt0rejk-cgu.12.rcgu.o" "/opt/rustwide/target/debug/deps/big_random_buf-8d2b2e35619cd744.big_random_buf.8mt0rejk-cgu.13.rcgu.o" "/opt/rustwide/target/debug/deps/big_random_buf-8d2b2e35619cd744.big_random_buf.8mt0rejk-cgu.14.rcgu.o" "/opt/rustwide/target/debug/deps/big_random_buf-8d2b2e35619cd744.big_random_buf.8mt0rejk-cgu.15.rcgu.o" "/opt/rustwide/target/debug/deps/big_random_buf-8d2b2e35619cd744.big_random_buf.8mt0rejk-cgu.2.rcgu.o" "/opt/rustwide/target/debug/deps/big_random_buf-8d2b2e35619cd744.big_random_buf.8mt0rejk-cgu.3.rcgu.o" "/opt/rustwide/target/debug/deps/big_random_buf-8d2b2e35619cd744.big_random_buf.8mt0rejk-cgu.4.rcgu.o" "/opt/rustwide/target/debug/deps/big_random_buf-8d2b2e35619cd744.big_random_buf.8mt0rejk-cgu.5.rcgu.o" "/opt/rustwide/target/debug/deps/big_random_buf-8d2b2e35619cd744.big_random_buf.8mt0rejk-cgu.6.rcgu.o" "/opt/rustwide/target/debug/deps/big_random_buf-8d2b2e35619cd744.big_random_buf.8mt0rejk-cgu.7.rcgu.o" "/opt/rustwide/target/debug/deps/big_random_buf-8d2b2e35619cd744.big_random_buf.8mt0rejk-cgu.8.rcgu.o" "/opt/rustwide/target/debug/deps/big_random_buf-8d2b2e35619cd744.big_random_buf.8mt0rejk-cgu.9.rcgu.o" "/opt/rustwide/target/debug/deps/big_random_buf-8d2b2e35619cd744.1ptuudxf15u26ct1.rcgu.o" "-Wl,--as-needed" "-L" "/opt/rustwide/target/debug/deps" "-L" "/opt/rustwide/rustup-home/toolchains/1.54.0-x86_64-unknown-linux-gnu/lib/rustlib/x86_64-unknown-linux-gnu/lib" "-Wl,-Bstatic" "/opt/rustwide/target/debug/deps/libwasi-4a41526cd6f2b6b0.rlib" "-Wl,--start-group" "/opt/rustwide/rustup-home/toolchains/1.54.0-x86_64-unknown-linux-gnu/lib/rustlib/x86_64-unknown-linux-gnu/lib/libstd-2420485b9e5ef5e1.rlib" "/opt/rustwide/rustup-home/toolchains/1.54.0-x86_64-unknown-linux-gnu/lib/rustlib/x86_64-unknown-linux-gnu/lib/libpanic_unwind-785e3cb61c4b1960.rlib" "/opt/rustwide/rustup-home/toolchains/1.54.0-x86_64-unknown-linux-gnu/lib/rustlib/x86_64-unknown-linux-gnu/lib/libminiz_oxide-087191a88bdaa22d.rlib" "/opt/rustwide/rustup-home/toolchains/1.54.0-x86_64-unknown-linux-gnu/lib/rustlib/x86_64-unknown-linux-gnu/lib/libadler-9981842c02975178.rlib" "/opt/rustwide/rustup-home/toolchains/1.54.0-x86_64-unknown-linux-gnu/lib/rustlib/x86_64-unknown-linux-gnu/lib/libobject-6fb405869b015fde.rlib" "/opt/rustwide/rustup-home/toolchains/1.54.0-x86_64-unknown-linux-gnu/lib/rustlib/x86_64-unknown-linux-gnu/lib/libaddr2line-d05c5c3c56004b7b.rlib" "/opt/rustwide/rustup-home/toolchains/1.54.0-x86_64-unknown-linux-gnu/lib/rustlib/x86_64-unknown-linux-gnu/lib/libgimli-42d74d2097528b38.rlib" "/opt/rustwide/rustup-home/toolchains/1.54.0-x86_64-unknown-linux-gnu/lib/rustlib/x86_64-unknown-linux-gnu/lib/libstd_detect-fb36534c113d2209.rlib" "/opt/rustwide/rustup-home/toolchains/1.54.0-x86_64-unknown-linux-gnu/lib/rustlib/x86_64-unknown-linux-gnu/lib/librustc_demangle-b56b9042c12b6535.rlib" "/opt/rustwide/rustup-home/toolchains/1.54.0-x86_64-unknown-linux-gnu/lib/rustlib/x86_64-unknown-linux-gnu/lib/libhashbrown-491902d6cb3e76df.rlib" "/opt/rustwide/rustup-home/toolchains/1.54.0-x86_64-unknown-linux-gnu/lib/rustlib/x86_64-unknown-linux-gnu/lib/librustc_std_workspace_alloc-61834e0981b8c367.rlib" "/opt/rustwide/rustup-home/toolchains/1.54.0-x86_64-unknown-linux-gnu/lib/rustlib/x86_64-unknown-linux-gnu/lib/libunwind-f78aa99d613a55bc.rlib" "/opt/rustwide/rustup-home/toolchains/1.54.0-x86_64-unknown-linux-gnu/lib/rustlib/x86_64-unknown-linux-gnu/lib/libcfg_if-53ee54cd7fed2c57.rlib" "/opt/rustwide/rustup-home/toolchains/1.54.0-x86_64-unknown-linux-gnu/lib/rustlib/x86_64-unknown-linux-gnu/lib/liblibc-544ecdbd6cda3c58.rlib" "/opt/rustwide/rustup-home/toolchains/1.54.0-x86_64-unknown-linux-gnu/lib/rustlib/x86_64-unknown-linux-gnu/lib/liballoc-379cc252b6943a79.rlib" "/opt/rustwide/rustup-home/toolchains/1.54.0-x86_64-unknown-linux-gnu/lib/rustlib/x86_64-unknown-linux-gnu/lib/librustc_std_workspace_core-8063eea38dcc5e62.rlib" "/opt/rustwide/rustup-home/toolchains/1.54.0-x86_64-unknown-linux-gnu/lib/rustlib/x86_64-unknown-linux-gnu/lib/libcore-5b228734afae15ee.rlib" "-Wl,--end-group" "/opt/rustwide/rustup-home/toolchains/1.54.0-x86_64-unknown-linux-gnu/lib/rustlib/x86_64-unknown-linux-gnu/lib/libcompiler_builtins-d6c7a399d95d173f.rlib" "-Wl,-Bdynamic" "-lgcc_s" "-lutil" "-lrt" "-lpthread" "-lm" "-ldl" "-lc" "-Wl,--eh-frame-hdr" "-Wl,-znoexecstack" "-L" "/opt/rustwide/rustup-home/toolchains/1.54.0-x86_64-unknown-linux-gnu/lib/rustlib/x86_64-unknown-linux-gnu/lib" "-o" "/opt/rustwide/target/debug/deps/big_random_buf-8d2b2e35619cd744" "-Wl,--gc-sections" "-pie" "-Wl,-zrelro" "-Wl,-znow" "-nodefaultlibs"
[INFO] [stdout]   = note: /usr/bin/ld: /opt/rustwide/target/debug/deps/big_random_buf-8d2b2e35619cd744.big_random_buf.8mt0rejk-cgu.15.rcgu.o: in function `wasi::wasi_unstable::random_get':
[INFO] [stdout]           /opt/rustwide/cargo-home/registry/src/github.com-1ecc6299db9ec823/wasi-0.7.0/src/wasi_unstable/mod.rs:310: undefined reference to `random_get'
[INFO] [stdout]           collect2: error: ld returned 1 exit status
[INFO] [stdout]           
[INFO] [stdout] 
[INFO] [stdout] 
[INFO] [stdout] error: aborting due to previous error
[INFO] [stdout] 
[INFO] [stdout] 
[INFO] [stdout] error: linking with `cc` failed: exit status: 1
[INFO] [stdout]   |
[INFO] [stdout]   = note: "cc" "-m64" "/opt/rustwide/target/debug/deps/directory_seek-babc004d19877123.directory_seek.c1jl6cv1-cgu.0.rcgu.o" "/opt/rustwide/target/debug/deps/directory_seek-babc004d19877123.directory_seek.c1jl6cv1-cgu.1.rcgu.o" "/opt/rustwide/target/debug/deps/directory_seek-babc004d19877123.directory_seek.c1jl6cv1-cgu.10.rcgu.o" "/opt/rustwide/target/debug/deps/directory_seek-babc004d19877123.directory_seek.c1jl6cv1-cgu.11.rcgu.o" "/opt/rustwide/target/debug/deps/directory_seek-babc004d19877123.directory_seek.c1jl6cv1-cgu.12.rcgu.o" "/opt/rustwide/target/debug/deps/directory_seek-babc004d19877123.directory_seek.c1jl6cv1-cgu.13.rcgu.o" "/opt/rustwide/target/debug/deps/directory_seek-babc004d19877123.directory_seek.c1jl6cv1-cgu.14.rcgu.o" "/opt/rustwide/target/debug/deps/directory_seek-babc004d19877123.directory_seek.c1jl6cv1-cgu.15.rcgu.o" "/opt/rustwide/target/debug/deps/directory_seek-babc004d19877123.directory_seek.c1jl6cv1-cgu.2.rcgu.o" "/opt/rustwide/target/debug/deps/directory_seek-babc004d19877123.directory_seek.c1jl6cv1-cgu.3.rcgu.o" "/opt/rustwide/target/debug/deps/directory_seek-babc004d19877123.directory_seek.c1jl6cv1-cgu.4.rcgu.o" "/opt/rustwide/target/debug/deps/directory_seek-babc004d19877123.directory_seek.c1jl6cv1-cgu.5.rcgu.o" "/opt/rustwide/target/debug/deps/directory_seek-babc004d19877123.directory_seek.c1jl6cv1-cgu.6.rcgu.o" "/opt/rustwide/target/debug/deps/directory_seek-babc004d19877123.directory_seek.c1jl6cv1-cgu.7.rcgu.o" "/opt/rustwide/target/debug/deps/directory_seek-babc004d19877123.directory_seek.c1jl6cv1-cgu.8.rcgu.o" "/opt/rustwide/target/debug/deps/directory_seek-babc004d19877123.directory_seek.c1jl6cv1-cgu.9.rcgu.o" "/opt/rustwide/target/debug/deps/directory_seek-babc004d19877123.51jxb8l00tdbk6y6.rcgu.o" "-Wl,--as-needed" "-L" "/opt/rustwide/target/debug/deps" "-L" "/opt/rustwide/rustup-home/toolchains/1.54.0-x86_64-unknown-linux-gnu/lib/rustlib/x86_64-unknown-linux-gnu/lib" "-Wl,-Bstatic" "/opt/rustwide/target/debug/deps/libwasi_misc_tests-dff3e81a649de10f.rlib" "/opt/rustwide/target/debug/deps/libwasi-4a41526cd6f2b6b0.rlib" "/opt/rustwide/target/debug/deps/libmore_asserts-6935cb2b3484255a.rlib" "/opt/rustwide/target/debug/deps/liblibc-a8af610016c763ac.rlib" "-Wl,--start-group" "/opt/rustwide/rustup-home/toolchains/1.54.0-x86_64-unknown-linux-gnu/lib/rustlib/x86_64-unknown-linux-gnu/lib/libstd-2420485b9e5ef5e1.rlib" "/opt/rustwide/rustup-home/toolchains/1.54.0-x86_64-unknown-linux-gnu/lib/rustlib/x86_64-unknown-linux-gnu/lib/libpanic_unwind-785e3cb61c4b1960.rlib" "/opt/rustwide/rustup-home/toolchains/1.54.0-x86_64-unknown-linux-gnu/lib/rustlib/x86_64-unknown-linux-gnu/lib/libminiz_oxide-087191a88bdaa22d.rlib" "/opt/rustwide/rustup-home/toolchains/1.54.0-x86_64-unknown-linux-gnu/lib/rustlib/x86_64-unknown-linux-gnu/lib/libadler-9981842c02975178.rlib" "/opt/rustwide/rustup-home/toolchains/1.54.0-x86_64-unknown-linux-gnu/lib/rustlib/x86_64-unknown-linux-gnu/lib/libobject-6fb405869b015fde.rlib" "/opt/rustwide/rustup-home/toolchains/1.54.0-x86_64-unknown-linux-gnu/lib/rustlib/x86_64-unknown-linux-gnu/lib/libaddr2line-d05c5c3c56004b7b.rlib" "/opt/rustwide/rustup-home/toolchains/1.54.0-x86_64-unknown-linux-gnu/lib/rustlib/x86_64-unknown-linux-gnu/lib/libgimli-42d74d2097528b38.rlib" "/opt/rustwide/rustup-home/toolchains/1.54.0-x86_64-unknown-linux-gnu/lib/rustlib/x86_64-unknown-linux-gnu/lib/libstd_detect-fb36534c113d2209.rlib" "/opt/rustwide/rustup-home/toolchains/1.54.0-x86_64-unknown-linux-gnu/lib/rustlib/x86_64-unknown-linux-gnu/lib/librustc_demangle-b56b9042c12b6535.rlib" "/opt/rustwide/rustup-home/toolchains/1.54.0-x86_64-unknown-linux-gnu/lib/rustlib/x86_64-unknown-linux-gnu/lib/libhashbrown-491902d6cb3e76df.rlib" "/opt/rustwide/rustup-home/toolchains/1.54.0-x86_64-unknown-linux-gnu/lib/rustlib/x86_64-unknown-linux-gnu/lib/librustc_std_workspace_alloc-61834e0981b8c367.rlib" "/opt/rustwide/rustup-home/toolchains/1.54.0-x86_64-unknown-linux-gnu/lib/rustlib/x86_64-unknown-linux-gnu/lib/libunwind-f78aa99d613a55bc.rlib" "/opt/rustwide/rustup-home/toolchains/1.54.0-x86_64-unknown-linux-gnu/lib/rustlib/x86_64-unknown-linux-gnu/lib/libcfg_if-53ee54cd7fed2c57.rlib" "/opt/rustwide/rustup-home/toolchains/1.54.0-x86_64-unknown-linux-gnu/lib/rustlib/x86_64-unknown-linux-gnu/lib/liblibc-544ecdbd6cda3c58.rlib" "/opt/rustwide/rustup-home/toolchains/1.54.0-x86_64-unknown-linux-gnu/lib/rustlib/x86_64-unknown-linux-gnu/lib/liballoc-379cc252b6943a79.rlib" "/opt/rustwide/rustup-home/toolchains/1.54.0-x86_64-unknown-linux-gnu/lib/rustlib/x86_64-unknown-linux-gnu/lib/librustc_std_workspace_core-8063eea38dcc5e62.rlib" "/opt/rustwide/rustup-home/toolchains/1.54.0-x86_64-unknown-linux-gnu/lib/rustlib/x86_64-unknown-linux-gnu/lib/libcore-5b228734afae15ee.rlib" "-Wl,--end-group" "/opt/rustwide/rustup-home/toolchains/1.54.0-x86_64-unknown-linux-gnu/lib/rustlib/x86_64-unknown-linux-gnu/lib/libcompiler_builtins-d6c7a399d95d173f.rlib" "-Wl,-Bdynamic" "-lutil" "-lgcc_s" "-lutil" "-lrt" "-lpthread" "-lm" "-ldl" "-lc" "-Wl,--eh-frame-hdr" "-Wl,-znoexecstack" "-L" "/opt/rustwide/rustup-home/toolchains/1.54.0-x86_64-unknown-linux-gnu/lib/rustlib/x86_64-unknown-linux-gnu/lib" "-o" "/opt/rustwide/target/debug/deps/directory_seek-babc004d19877123" "-Wl,--gc-sections" "-pie" "-Wl,-zrelro" "-Wl,-znow" "-nodefaultlibs"
[INFO] [stdout]   = note: /usr/bin/ld: /opt/rustwide/target/debug/deps/libwasi_misc_tests-dff3e81a649de10f.rlib(wasi_misc_tests-dff3e81a649de10f.wasi_misc_tests.97hmz27x-cgu.4.rcgu.o): in function `wasi_misc_tests::wasi_wrappers::wasi_path_open':
[INFO] [stdout]           /opt/rustwide/workdir/src/wasi_wrappers.rs:43: undefined reference to `path_open'
[INFO] [stdout]           /usr/bin/ld: /opt/rustwide/target/debug/deps/libwasi_misc_tests-dff3e81a649de10f.rlib(wasi_misc_tests-dff3e81a649de10f.wasi_misc_tests.97hmz27x-cgu.4.rcgu.o): in function `wasi_misc_tests::wasi_wrappers::wasi_fd_fdstat_get':
[INFO] [stdout]           /opt/rustwide/workdir/src/wasi_wrappers.rs:98: undefined reference to `fd_fdstat_get'
[INFO] [stdout]           /usr/bin/ld: /opt/rustwide/target/debug/deps/libwasi_misc_tests-dff3e81a649de10f.rlib(wasi_misc_tests-dff3e81a649de10f.wasi_misc_tests.97hmz27x-cgu.4.rcgu.o): in function `wasi_misc_tests::wasi_wrappers::wasi_fd_seek':
[INFO] [stdout]           /opt/rustwide/workdir/src/wasi_wrappers.rs:107: undefined reference to `fd_seek'
[INFO] [stdout]           /usr/bin/ld: /opt/rustwide/target/debug/deps/libwasi_misc_tests-dff3e81a649de10f.rlib(wasi_misc_tests-dff3e81a649de10f.wasi_misc_tests.97hmz27x-cgu.7.rcgu.o): in function `wasi::wasi_unstable::path_create_directory':
[INFO] [stdout]           /opt/rustwide/cargo-home/registry/src/github.com-1ecc6299db9ec823/wasi-0.7.0/src/wasi_unstable/mod.rs:390: undefined reference to `path_create_directory'
[INFO] [stdout]           /usr/bin/ld: /opt/rustwide/target/debug/deps/libwasi_misc_tests-dff3e81a649de10f.rlib(wasi_misc_tests-dff3e81a649de10f.wasi_misc_tests.97hmz27x-cgu.7.rcgu.o): in function `wasi::wasi_unstable::path_remove_directory':
[INFO] [stdout]           /opt/rustwide/cargo-home/registry/src/github.com-1ecc6299db9ec823/wasi-0.7.0/src/wasi_unstable/mod.rs:544: undefined reference to `path_remove_directory'
[INFO] [stdout]           /usr/bin/ld: /opt/rustwide/target/debug/deps/libwasi_misc_tests-dff3e81a649de10f.rlib(wasi_misc_tests-dff3e81a649de10f.wasi_misc_tests.97hmz27x-cgu.7.rcgu.o): in function `wasi::wasi_unstable::fd_close':
[INFO] [stdout]           /opt/rustwide/cargo-home/registry/src/github.com-1ecc6299db9ec823/wasi-0.7.0/src/wasi_unstable/mod.rs:316: undefined reference to `fd_close'
[INFO] [stdout]           collect2: error: ld returned 1 exit status
[INFO] [stdout]           
[INFO] [stdout] 
[INFO] [stdout] 
[INFO] [stdout] error: aborting due to previous error
[INFO] [stdout] 
[INFO] [stdout] 
[INFO] [stdout] error: linking with `cc` failed: exit status: 1
[INFO] [stdout]   |
[INFO] [stdout]   = note: "cc" "-m64" "/opt/rustwide/target/debug/deps/path_rename-8b400c256594119f.path_rename.5fz9q5s3-cgu.0.rcgu.o" "/opt/rustwide/target/debug/deps/path_rename-8b400c256594119f.path_rename.5fz9q5s3-cgu.1.rcgu.o" "/opt/rustwide/target/debug/deps/path_rename-8b400c256594119f.path_rename.5fz9q5s3-cgu.10.rcgu.o" "/opt/rustwide/target/debug/deps/path_rename-8b400c256594119f.path_rename.5fz9q5s3-cgu.11.rcgu.o" "/opt/rustwide/target/debug/deps/path_rename-8b400c256594119f.path_rename.5fz9q5s3-cgu.12.rcgu.o" "/opt/rustwide/target/debug/deps/path_rename-8b400c256594119f.path_rename.5fz9q5s3-cgu.13.rcgu.o" "/opt/rustwide/target/debug/deps/path_rename-8b400c256594119f.path_rename.5fz9q5s3-cgu.14.rcgu.o" "/opt/rustwide/target/debug/deps/path_rename-8b400c256594119f.path_rename.5fz9q5s3-cgu.15.rcgu.o" "/opt/rustwide/target/debug/deps/path_rename-8b400c256594119f.path_rename.5fz9q5s3-cgu.2.rcgu.o" "/opt/rustwide/target/debug/deps/path_rename-8b400c256594119f.path_rename.5fz9q5s3-cgu.3.rcgu.o" "/opt/rustwide/target/debug/deps/path_rename-8b400c256594119f.path_rename.5fz9q5s3-cgu.4.rcgu.o" "/opt/rustwide/target/debug/deps/path_rename-8b400c256594119f.path_rename.5fz9q5s3-cgu.5.rcgu.o" "/opt/rustwide/target/debug/deps/path_rename-8b400c256594119f.path_rename.5fz9q5s3-cgu.6.rcgu.o" "/opt/rustwide/target/debug/deps/path_rename-8b400c256594119f.path_rename.5fz9q5s3-cgu.7.rcgu.o" "/opt/rustwide/target/debug/deps/path_rename-8b400c256594119f.path_rename.5fz9q5s3-cgu.8.rcgu.o" "/opt/rustwide/target/debug/deps/path_rename-8b400c256594119f.path_rename.5fz9q5s3-cgu.9.rcgu.o" "/opt/rustwide/target/debug/deps/path_rename-8b400c256594119f.1cmb24aw2i84h080.rcgu.o" "-Wl,--as-needed" "-L" "/opt/rustwide/target/debug/deps" "-L" "/opt/rustwide/rustup-home/toolchains/1.54.0-x86_64-unknown-linux-gnu/lib/rustlib/x86_64-unknown-linux-gnu/lib" "-Wl,-Bstatic" "/opt/rustwide/target/debug/deps/libwasi_misc_tests-dff3e81a649de10f.rlib" "/opt/rustwide/target/debug/deps/libwasi-4a41526cd6f2b6b0.rlib" "/opt/rustwide/target/debug/deps/libmore_asserts-6935cb2b3484255a.rlib" "/opt/rustwide/target/debug/deps/liblibc-a8af610016c763ac.rlib" "-Wl,--start-group" "/opt/rustwide/rustup-home/toolchains/1.54.0-x86_64-unknown-linux-gnu/lib/rustlib/x86_64-unknown-linux-gnu/lib/libstd-2420485b9e5ef5e1.rlib" "/opt/rustwide/rustup-home/toolchains/1.54.0-x86_64-unknown-linux-gnu/lib/rustlib/x86_64-unknown-linux-gnu/lib/libpanic_unwind-785e3cb61c4b1960.rlib" "/opt/rustwide/rustup-home/toolchains/1.54.0-x86_64-unknown-linux-gnu/lib/rustlib/x86_64-unknown-linux-gnu/lib/libminiz_oxide-087191a88bdaa22d.rlib" "/opt/rustwide/rustup-home/toolchains/1.54.0-x86_64-unknown-linux-gnu/lib/rustlib/x86_64-unknown-linux-gnu/lib/libadler-9981842c02975178.rlib" "/opt/rustwide/rustup-home/toolchains/1.54.0-x86_64-unknown-linux-gnu/lib/rustlib/x86_64-unknown-linux-gnu/lib/libobject-6fb405869b015fde.rlib" "/opt/rustwide/rustup-home/toolchains/1.54.0-x86_64-unknown-linux-gnu/lib/rustlib/x86_64-unknown-linux-gnu/lib/libaddr2line-d05c5c3c56004b7b.rlib" "/opt/rustwide/rustup-home/toolchains/1.54.0-x86_64-unknown-linux-gnu/lib/rustlib/x86_64-unknown-linux-gnu/lib/libgimli-42d74d2097528b38.rlib" "/opt/rustwide/rustup-home/toolchains/1.54.0-x86_64-unknown-linux-gnu/lib/rustlib/x86_64-unknown-linux-gnu/lib/libstd_detect-fb36534c113d2209.rlib" "/opt/rustwide/rustup-home/toolchains/1.54.0-x86_64-unknown-linux-gnu/lib/rustlib/x86_64-unknown-linux-gnu/lib/librustc_demangle-b56b9042c12b6535.rlib" "/opt/rustwide/rustup-home/toolchains/1.54.0-x86_64-unknown-linux-gnu/lib/rustlib/x86_64-unknown-linux-gnu/lib/libhashbrown-491902d6cb3e76df.rlib" "/opt/rustwide/rustup-home/toolchains/1.54.0-x86_64-unknown-linux-gnu/lib/rustlib/x86_64-unknown-linux-gnu/lib/librustc_std_workspace_alloc-61834e0981b8c367.rlib" "/opt/rustwide/rustup-home/toolchains/1.54.0-x86_64-unknown-linux-gnu/lib/rustlib/x86_64-unknown-linux-gnu/lib/libunwind-f78aa99d613a55bc.rlib" "/opt/rustwide/rustup-home/toolchains/1.54.0-x86_64-unknown-linux-gnu/lib/rustlib/x86_64-unknown-linux-gnu/lib/libcfg_if-53ee54cd7fed2c57.rlib" "/opt/rustwide/rustup-home/toolchains/1.54.0-x86_64-unknown-linux-gnu/lib/rustlib/x86_64-unknown-linux-gnu/lib/liblibc-544ecdbd6cda3c58.rlib" "/opt/rustwide/rustup-home/toolchains/1.54.0-x86_64-unknown-linux-gnu/lib/rustlib/x86_64-unknown-linux-gnu/lib/liballoc-379cc252b6943a79.rlib" "/opt/rustwide/rustup-home/toolchains/1.54.0-x86_64-unknown-linux-gnu/lib/rustlib/x86_64-unknown-linux-gnu/lib/librustc_std_workspace_core-8063eea38dcc5e62.rlib" "/opt/rustwide/rustup-home/toolchains/1.54.0-x86_64-unknown-linux-gnu/lib/rustlib/x86_64-unknown-linux-gnu/lib/libcore-5b228734afae15ee.rlib" "-Wl,--end-group" "/opt/rustwide/rustup-home/toolchains/1.54.0-x86_64-unknown-linux-gnu/lib/rustlib/x86_64-unknown-linux-gnu/lib/libcompiler_builtins-d6c7a399d95d173f.rlib" "-Wl,-Bdynamic" "-lutil" "-lgcc_s" "-lutil" "-lrt" "-lpthread" "-lm" "-ldl" "-lc" "-Wl,--eh-frame-hdr" "-Wl,-znoexecstack" "-L" "/opt/rustwide/rustup-home/toolchains/1.54.0-x86_64-unknown-linux-gnu/lib/rustlib/x86_64-unknown-linux-gnu/lib" "-o" "/opt/rustwide/target/debug/deps/path_rename-8b400c256594119f" "-Wl,--gc-sections" "-pie" "-Wl,-zrelro" "-Wl,-znow" "-nodefaultlibs"
[INFO] [stdout]   = note: /usr/bin/ld: /opt/rustwide/target/debug/deps/libwasi_misc_tests-dff3e81a649de10f.rlib(wasi_misc_tests-dff3e81a649de10f.wasi_misc_tests.97hmz27x-cgu.4.rcgu.o): in function `wasi_misc_tests::wasi_wrappers::wasi_path_open':
[INFO] [stdout]           /opt/rustwide/workdir/src/wasi_wrappers.rs:43: undefined reference to `path_open'
[INFO] [stdout]           /usr/bin/ld: /opt/rustwide/target/debug/deps/libwasi_misc_tests-dff3e81a649de10f.rlib(wasi_misc_tests-dff3e81a649de10f.wasi_misc_tests.97hmz27x-cgu.7.rcgu.o): in function `wasi::wasi_unstable::path_rename':
[INFO] [stdout]           /opt/rustwide/cargo-home/registry/src/github.com-1ecc6299db9ec823/wasi-0.7.0/src/wasi_unstable/mod.rs:460: undefined reference to `path_rename'
[INFO] [stdout]           /usr/bin/ld: /opt/rustwide/target/debug/deps/libwasi_misc_tests-dff3e81a649de10f.rlib(wasi_misc_tests-dff3e81a649de10f.wasi_misc_tests.97hmz27x-cgu.7.rcgu.o): in function `wasi::wasi_unstable::path_unlink_file':
[INFO] [stdout]           /opt/rustwide/cargo-home/registry/src/github.com-1ecc6299db9ec823/wasi-0.7.0/src/wasi_unstable/mod.rs:539: undefined reference to `path_unlink_file'
[INFO] [stdout]           /usr/bin/ld: /opt/rustwide/target/debug/deps/libwasi_misc_tests-dff3e81a649de10f.rlib(wasi_misc_tests-dff3e81a649de10f.wasi_misc_tests.97hmz27x-cgu.7.rcgu.o): in function `wasi::wasi_unstable::path_create_directory':
[INFO] [stdout]           /opt/rustwide/cargo-home/registry/src/github.com-1ecc6299db9ec823/wasi-0.7.0/src/wasi_unstable/mod.rs:390: undefined reference to `path_create_directory'
[INFO] [stdout]           /usr/bin/ld: /opt/rustwide/target/debug/deps/libwasi_misc_tests-dff3e81a649de10f.rlib(wasi_misc_tests-dff3e81a649de10f.wasi_misc_tests.97hmz27x-cgu.7.rcgu.o): in function `wasi::wasi_unstable::path_remove_directory':
[INFO] [stdout]           /opt/rustwide/cargo-home/registry/src/github.com-1ecc6299db9ec823/wasi-0.7.0/src/wasi_unstable/mod.rs:544: undefined reference to `path_remove_directory'
[INFO] [stdout]           /usr/bin/ld: /opt/rustwide/target/debug/deps/libwasi_misc_tests-dff3e81a649de10f.rlib(wasi_misc_tests-dff3e81a649de10f.wasi_misc_tests.97hmz27x-cgu.7.rcgu.o): in function `wasi::wasi_unstable::fd_close':
[INFO] [stdout]           /opt/rustwide/cargo-home/registry/src/github.com-1ecc6299db9ec823/wasi-0.7.0/src/wasi_unstable/mod.rs:316: undefined reference to `fd_close'
[INFO] [stdout]           collect2: error: ld returned 1 exit status
[INFO] [stdout]           
[INFO] [stdout] 
[INFO] [stdout] 
[INFO] [stdout] error: aborting due to previous error
[INFO] [stdout] 
[INFO] [stdout] 
[INFO] [stdout] error: linking with `cc` failed: exit status: 1
[INFO] [stdout]   |
[INFO] [stdout]   = note: "cc" "-m64" "/opt/rustwide/target/debug/deps/path_rename_trailing_slashes-ea75406d05a29714.path_rename_trailing_slashes.63ckne46-cgu.0.rcgu.o" "/opt/rustwide/target/debug/deps/path_rename_trailing_slashes-ea75406d05a29714.path_rename_trailing_slashes.63ckne46-cgu.1.rcgu.o" "/opt/rustwide/target/debug/deps/path_rename_trailing_slashes-ea75406d05a29714.path_rename_trailing_slashes.63ckne46-cgu.10.rcgu.o" "/opt/rustwide/target/debug/deps/path_rename_trailing_slashes-ea75406d05a29714.path_rename_trailing_slashes.63ckne46-cgu.11.rcgu.o" "/opt/rustwide/target/debug/deps/path_rename_trailing_slashes-ea75406d05a29714.path_rename_trailing_slashes.63ckne46-cgu.12.rcgu.o" "/opt/rustwide/target/debug/deps/path_rename_trailing_slashes-ea75406d05a29714.path_rename_trailing_slashes.63ckne46-cgu.13.rcgu.o" "/opt/rustwide/target/debug/deps/path_rename_trailing_slashes-ea75406d05a29714.path_rename_trailing_slashes.63ckne46-cgu.14.rcgu.o" "/opt/rustwide/target/debug/deps/path_rename_trailing_slashes-ea75406d05a29714.path_rename_trailing_slashes.63ckne46-cgu.15.rcgu.o" "/opt/rustwide/target/debug/deps/path_rename_trailing_slashes-ea75406d05a29714.path_rename_trailing_slashes.63ckne46-cgu.2.rcgu.o" "/opt/rustwide/target/debug/deps/path_rename_trailing_slashes-ea75406d05a29714.path_rename_trailing_slashes.63ckne46-cgu.3.rcgu.o" "/opt/rustwide/target/debug/deps/path_rename_trailing_slashes-ea75406d05a29714.path_rename_trailing_slashes.63ckne46-cgu.4.rcgu.o" "/opt/rustwide/target/debug/deps/path_rename_trailing_slashes-ea75406d05a29714.path_rename_trailing_slashes.63ckne46-cgu.5.rcgu.o" "/opt/rustwide/target/debug/deps/path_rename_trailing_slashes-ea75406d05a29714.path_rename_trailing_slashes.63ckne46-cgu.6.rcgu.o" "/opt/rustwide/target/debug/deps/path_rename_trailing_slashes-ea75406d05a29714.path_rename_trailing_slashes.63ckne46-cgu.7.rcgu.o" "/opt/rustwide/target/debug/deps/path_rename_trailing_slashes-ea75406d05a29714.path_rename_trailing_slashes.63ckne46-cgu.8.rcgu.o" "/opt/rustwide/target/debug/deps/path_rename_trailing_slashes-ea75406d05a29714.path_rename_trailing_slashes.63ckne46-cgu.9.rcgu.o" "/opt/rustwide/target/debug/deps/path_rename_trailing_slashes-ea75406d05a29714.81yfew3960barh1.rcgu.o" "-Wl,--as-needed" "-L" "/opt/rustwide/target/debug/deps" "-L" "/opt/rustwide/rustup-home/toolchains/1.54.0-x86_64-unknown-linux-gnu/lib/rustlib/x86_64-unknown-linux-gnu/lib" "-Wl,-Bstatic" "/opt/rustwide/target/debug/deps/libwasi_misc_tests-dff3e81a649de10f.rlib" "/opt/rustwide/target/debug/deps/liblibc-a8af610016c763ac.rlib" "/opt/rustwide/target/debug/deps/libmore_asserts-6935cb2b3484255a.rlib" "/opt/rustwide/target/debug/deps/libwasi-4a41526cd6f2b6b0.rlib" "-Wl,--start-group" "/opt/rustwide/rustup-home/toolchains/1.54.0-x86_64-unknown-linux-gnu/lib/rustlib/x86_64-unknown-linux-gnu/lib/libstd-2420485b9e5ef5e1.rlib" "/opt/rustwide/rustup-home/toolchains/1.54.0-x86_64-unknown-linux-gnu/lib/rustlib/x86_64-unknown-linux-gnu/lib/libpanic_unwind-785e3cb61c4b1960.rlib" "/opt/rustwide/rustup-home/toolchains/1.54.0-x86_64-unknown-linux-gnu/lib/rustlib/x86_64-unknown-linux-gnu/lib/libminiz_oxide-087191a88bdaa22d.rlib" "/opt/rustwide/rustup-home/toolchains/1.54.0-x86_64-unknown-linux-gnu/lib/rustlib/x86_64-unknown-linux-gnu/lib/libadler-9981842c02975178.rlib" "/opt/rustwide/rustup-home/toolchains/1.54.0-x86_64-unknown-linux-gnu/lib/rustlib/x86_64-unknown-linux-gnu/lib/libobject-6fb405869b015fde.rlib" "/opt/rustwide/rustup-home/toolchains/1.54.0-x86_64-unknown-linux-gnu/lib/rustlib/x86_64-unknown-linux-gnu/lib/libaddr2line-d05c5c3c56004b7b.rlib" "/opt/rustwide/rustup-home/toolchains/1.54.0-x86_64-unknown-linux-gnu/lib/rustlib/x86_64-unknown-linux-gnu/lib/libgimli-42d74d2097528b38.rlib" "/opt/rustwide/rustup-home/toolchains/1.54.0-x86_64-unknown-linux-gnu/lib/rustlib/x86_64-unknown-linux-gnu/lib/libstd_detect-fb36534c113d2209.rlib" "/opt/rustwide/rustup-home/toolchains/1.54.0-x86_64-unknown-linux-gnu/lib/rustlib/x86_64-unknown-linux-gnu/lib/librustc_demangle-b56b9042c12b6535.rlib" "/opt/rustwide/rustup-home/toolchains/1.54.0-x86_64-unknown-linux-gnu/lib/rustlib/x86_64-unknown-linux-gnu/lib/libhashbrown-491902d6cb3e76df.rlib" "/opt/rustwide/rustup-home/toolchains/1.54.0-x86_64-unknown-linux-gnu/lib/rustlib/x86_64-unknown-linux-gnu/lib/librustc_std_workspace_alloc-61834e0981b8c367.rlib" "/opt/rustwide/rustup-home/toolchains/1.54.0-x86_64-unknown-linux-gnu/lib/rustlib/x86_64-unknown-linux-gnu/lib/libunwind-f78aa99d613a55bc.rlib" "/opt/rustwide/rustup-home/toolchains/1.54.0-x86_64-unknown-linux-gnu/lib/rustlib/x86_64-unknown-linux-gnu/lib/libcfg_if-53ee54cd7fed2c57.rlib" "/opt/rustwide/rustup-home/toolchains/1.54.0-x86_64-unknown-linux-gnu/lib/rustlib/x86_64-unknown-linux-gnu/lib/liblibc-544ecdbd6cda3c58.rlib" "/opt/rustwide/rustup-home/toolchains/1.54.0-x86_64-unknown-linux-gnu/lib/rustlib/x86_64-unknown-linux-gnu/lib/liballoc-379cc252b6943a79.rlib" "/opt/rustwide/rustup-home/toolchains/1.54.0-x86_64-unknown-linux-gnu/lib/rustlib/x86_64-unknown-linux-gnu/lib/librustc_std_workspace_core-8063eea38dcc5e62.rlib" "/opt/rustwide/rustup-home/toolchains/1.54.0-x86_64-unknown-linux-gnu/lib/rustlib/x86_64-unknown-linux-gnu/lib/libcore-5b228734afae15ee.rlib" "-Wl,--end-group" "/opt/rustwide/rustup-home/toolchains/1.54.0-x86_64-unknown-linux-gnu/lib/rustlib/x86_64-unknown-linux-gnu/lib/libcompiler_builtins-d6c7a399d95d173f.rlib" "-Wl,-Bdynamic" "-lutil" "-lgcc_s" "-lutil" "-lrt" "-lpthread" "-lm" "-ldl" "-lc" "-Wl,--eh-frame-hdr" "-Wl,-znoexecstack" "-L" "/opt/rustwide/rustup-home/toolchains/1.54.0-x86_64-unknown-linux-gnu/lib/rustlib/x86_64-unknown-linux-gnu/lib" "-o" "/opt/rustwide/target/debug/deps/path_rename_trailing_slashes-ea75406d05a29714" "-Wl,--gc-sections" "-pie" "-Wl,-zrelro" "-Wl,-znow" "-nodefaultlibs"
[INFO] [stdout]   = note: /usr/bin/ld: /opt/rustwide/target/debug/deps/libwasi_misc_tests-dff3e81a649de10f.rlib(wasi_misc_tests-dff3e81a649de10f.wasi_misc_tests.97hmz27x-cgu.4.rcgu.o): in function `wasi_misc_tests::wasi_wrappers::wasi_path_open':
[INFO] [stdout]           /opt/rustwide/workdir/src/wasi_wrappers.rs:43: undefined reference to `path_open'
[INFO] [stdout]           /usr/bin/ld: /opt/rustwide/target/debug/deps/libwasi_misc_tests-dff3e81a649de10f.rlib(wasi_misc_tests-dff3e81a649de10f.wasi_misc_tests.97hmz27x-cgu.7.rcgu.o): in function `wasi::wasi_unstable::path_rename':
[INFO] [stdout]           /opt/rustwide/cargo-home/registry/src/github.com-1ecc6299db9ec823/wasi-0.7.0/src/wasi_unstable/mod.rs:460: undefined reference to `path_rename'
[INFO] [stdout]           /usr/bin/ld: /opt/rustwide/target/debug/deps/libwasi_misc_tests-dff3e81a649de10f.rlib(wasi_misc_tests-dff3e81a649de10f.wasi_misc_tests.97hmz27x-cgu.7.rcgu.o): in function `wasi::wasi_unstable::path_unlink_file':
[INFO] [stdout]           /opt/rustwide/cargo-home/registry/src/github.com-1ecc6299db9ec823/wasi-0.7.0/src/wasi_unstable/mod.rs:539: undefined reference to `path_unlink_file'
[INFO] [stdout]           /usr/bin/ld: /opt/rustwide/target/debug/deps/libwasi_misc_tests-dff3e81a649de10f.rlib(wasi_misc_tests-dff3e81a649de10f.wasi_misc_tests.97hmz27x-cgu.7.rcgu.o): in function `wasi::wasi_unstable::path_create_directory':
[INFO] [stdout]           /opt/rustwide/cargo-home/registry/src/github.com-1ecc6299db9ec823/wasi-0.7.0/src/wasi_unstable/mod.rs:390: undefined reference to `path_create_directory'
[INFO] [stdout]           /usr/bin/ld: /opt/rustwide/target/debug/deps/libwasi_misc_tests-dff3e81a649de10f.rlib(wasi_misc_tests-dff3e81a649de10f.wasi_misc_tests.97hmz27x-cgu.7.rcgu.o): in function `wasi::wasi_unstable::path_remove_directory':
[INFO] [stdout]           /opt/rustwide/cargo-home/registry/src/github.com-1ecc6299db9ec823/wasi-0.7.0/src/wasi_unstable/mod.rs:544: undefined reference to `path_remove_directory'
[INFO] [stdout]           /usr/bin/ld: /opt/rustwide/target/debug/deps/libwasi_misc_tests-dff3e81a649de10f.rlib(wasi_misc_tests-dff3e81a649de10f.wasi_misc_tests.97hmz27x-cgu.7.rcgu.o): in function `wasi::wasi_unstable::fd_close':
[INFO] [stdout]           /opt/rustwide/cargo-home/registry/src/github.com-1ecc6299db9ec823/wasi-0.7.0/src/wasi_unstable/mod.rs:316: undefined reference to `fd_close'
[INFO] [stdout]           collect2: error: ld returned 1 exit status
[INFO] [stdout]           
[INFO] [stdout] 
[INFO] [stdout] 
[INFO] [stdout] error: aborting due to previous error
[INFO] [stdout] 
[INFO] [stdout] 
[INFO] [stdout] error: linking with `cc` failed: exit status: 1
[INFO] [stdout]   |
[INFO] [stdout]   = note: "cc" "-m64" "/opt/rustwide/target/debug/deps/nofollow_errors-13d139a4f41552a0.nofollow_errors.itxm08yk-cgu.0.rcgu.o" "/opt/rustwide/target/debug/deps/nofollow_errors-13d139a4f41552a0.nofollow_errors.itxm08yk-cgu.1.rcgu.o" "/opt/rustwide/target/debug/deps/nofollow_errors-13d139a4f41552a0.nofollow_errors.itxm08yk-cgu.10.rcgu.o" "/opt/rustwide/target/debug/deps/nofollow_errors-13d139a4f41552a0.nofollow_errors.itxm08yk-cgu.11.rcgu.o" "/opt/rustwide/target/debug/deps/nofollow_errors-13d139a4f41552a0.nofollow_errors.itxm08yk-cgu.12.rcgu.o" "/opt/rustwide/target/debug/deps/nofollow_errors-13d139a4f41552a0.nofollow_errors.itxm08yk-cgu.13.rcgu.o" "/opt/rustwide/target/debug/deps/nofollow_errors-13d139a4f41552a0.nofollow_errors.itxm08yk-cgu.14.rcgu.o" "/opt/rustwide/target/debug/deps/nofollow_errors-13d139a4f41552a0.nofollow_errors.itxm08yk-cgu.15.rcgu.o" "/opt/rustwide/target/debug/deps/nofollow_errors-13d139a4f41552a0.nofollow_errors.itxm08yk-cgu.2.rcgu.o" "/opt/rustwide/target/debug/deps/nofollow_errors-13d139a4f41552a0.nofollow_errors.itxm08yk-cgu.3.rcgu.o" "/opt/rustwide/target/debug/deps/nofollow_errors-13d139a4f41552a0.nofollow_errors.itxm08yk-cgu.4.rcgu.o" "/opt/rustwide/target/debug/deps/nofollow_errors-13d139a4f41552a0.nofollow_errors.itxm08yk-cgu.5.rcgu.o" "/opt/rustwide/target/debug/deps/nofollow_errors-13d139a4f41552a0.nofollow_errors.itxm08yk-cgu.6.rcgu.o" "/opt/rustwide/target/debug/deps/nofollow_errors-13d139a4f41552a0.nofollow_errors.itxm08yk-cgu.7.rcgu.o" "/opt/rustwide/target/debug/deps/nofollow_errors-13d139a4f41552a0.nofollow_errors.itxm08yk-cgu.8.rcgu.o" "/opt/rustwide/target/debug/deps/nofollow_errors-13d139a4f41552a0.nofollow_errors.itxm08yk-cgu.9.rcgu.o" "/opt/rustwide/target/debug/deps/nofollow_errors-13d139a4f41552a0.1iduhwa5sk0dh05b.rcgu.o" "-Wl,--as-needed" "-L" "/opt/rustwide/target/debug/deps" "-L" "/opt/rustwide/rustup-home/toolchains/1.54.0-x86_64-unknown-linux-gnu/lib/rustlib/x86_64-unknown-linux-gnu/lib" "-Wl,-Bstatic" "/opt/rustwide/target/debug/deps/libwasi_misc_tests-dff3e81a649de10f.rlib" "/opt/rustwide/target/debug/deps/libwasi-4a41526cd6f2b6b0.rlib" "/opt/rustwide/target/debug/deps/libmore_asserts-6935cb2b3484255a.rlib" "/opt/rustwide/target/debug/deps/liblibc-a8af610016c763ac.rlib" "-Wl,--start-group" "/opt/rustwide/rustup-home/toolchains/1.54.0-x86_64-unknown-linux-gnu/lib/rustlib/x86_64-unknown-linux-gnu/lib/libstd-2420485b9e5ef5e1.rlib" "/opt/rustwide/rustup-home/toolchains/1.54.0-x86_64-unknown-linux-gnu/lib/rustlib/x86_64-unknown-linux-gnu/lib/libpanic_unwind-785e3cb61c4b1960.rlib" "/opt/rustwide/rustup-home/toolchains/1.54.0-x86_64-unknown-linux-gnu/lib/rustlib/x86_64-unknown-linux-gnu/lib/libminiz_oxide-087191a88bdaa22d.rlib" "/opt/rustwide/rustup-home/toolchains/1.54.0-x86_64-unknown-linux-gnu/lib/rustlib/x86_64-unknown-linux-gnu/lib/libadler-9981842c02975178.rlib" "/opt/rustwide/rustup-home/toolchains/1.54.0-x86_64-unknown-linux-gnu/lib/rustlib/x86_64-unknown-linux-gnu/lib/libobject-6fb405869b015fde.rlib" "/opt/rustwide/rustup-home/toolchains/1.54.0-x86_64-unknown-linux-gnu/lib/rustlib/x86_64-unknown-linux-gnu/lib/libaddr2line-d05c5c3c56004b7b.rlib" "/opt/rustwide/rustup-home/toolchains/1.54.0-x86_64-unknown-linux-gnu/lib/rustlib/x86_64-unknown-linux-gnu/lib/libgimli-42d74d2097528b38.rlib" "/opt/rustwide/rustup-home/toolchains/1.54.0-x86_64-unknown-linux-gnu/lib/rustlib/x86_64-unknown-linux-gnu/lib/libstd_detect-fb36534c113d2209.rlib" "/opt/rustwide/rustup-home/toolchains/1.54.0-x86_64-unknown-linux-gnu/lib/rustlib/x86_64-unknown-linux-gnu/lib/librustc_demangle-b56b9042c12b6535.rlib" "/opt/rustwide/rustup-home/toolchains/1.54.0-x86_64-unknown-linux-gnu/lib/rustlib/x86_64-unknown-linux-gnu/lib/libhashbrown-491902d6cb3e76df.rlib" "/opt/rustwide/rustup-home/toolchains/1.54.0-x86_64-unknown-linux-gnu/lib/rustlib/x86_64-unknown-linux-gnu/lib/librustc_std_workspace_alloc-61834e0981b8c367.rlib" "/opt/rustwide/rustup-home/toolchains/1.54.0-x86_64-unknown-linux-gnu/lib/rustlib/x86_64-unknown-linux-gnu/lib/libunwind-f78aa99d613a55bc.rlib" "/opt/rustwide/rustup-home/toolchains/1.54.0-x86_64-unknown-linux-gnu/lib/rustlib/x86_64-unknown-linux-gnu/lib/libcfg_if-53ee54cd7fed2c57.rlib" "/opt/rustwide/rustup-home/toolchains/1.54.0-x86_64-unknown-linux-gnu/lib/rustlib/x86_64-unknown-linux-gnu/lib/liblibc-544ecdbd6cda3c58.rlib" "/opt/rustwide/rustup-home/toolchains/1.54.0-x86_64-unknown-linux-gnu/lib/rustlib/x86_64-unknown-linux-gnu/lib/liballoc-379cc252b6943a79.rlib" "/opt/rustwide/rustup-home/toolchains/1.54.0-x86_64-unknown-linux-gnu/lib/rustlib/x86_64-unknown-linux-gnu/lib/librustc_std_workspace_core-8063eea38dcc5e62.rlib" "/opt/rustwide/rustup-home/toolchains/1.54.0-x86_64-unknown-linux-gnu/lib/rustlib/x86_64-unknown-linux-gnu/lib/libcore-5b228734afae15ee.rlib" "-Wl,--end-group" "/opt/rustwide/rustup-home/toolchains/1.54.0-x86_64-unknown-linux-gnu/lib/rustlib/x86_64-unknown-linux-gnu/lib/libcompiler_builtins-d6c7a399d95d173f.rlib" "-Wl,-Bdynamic" "-lutil" "-lgcc_s" "-lutil" "-lrt" "-lpthread" "-lm" "-ldl" "-lc" "-Wl,--eh-frame-hdr" "-Wl,-znoexecstack" "-L" "/opt/rustwide/rustup-home/toolchains/1.54.0-x86_64-unknown-linux-gnu/lib/rustlib/x86_64-unknown-linux-gnu/lib" "-o" "/opt/rustwide/target/debug/deps/nofollow_errors-13d139a4f41552a0" "-Wl,--gc-sections" "-pie" "-Wl,-zrelro" "-Wl,-znow" "-nodefaultlibs"
[INFO] [stdout]   = note: /usr/bin/ld: /opt/rustwide/target/debug/deps/libwasi_misc_tests-dff3e81a649de10f.rlib(wasi_misc_tests-dff3e81a649de10f.wasi_misc_tests.97hmz27x-cgu.4.rcgu.o): in function `wasi_misc_tests::wasi_wrappers::wasi_path_open':
[INFO] [stdout]           /opt/rustwide/workdir/src/wasi_wrappers.rs:43: undefined reference to `path_open'
[INFO] [stdout]           /usr/bin/ld: /opt/rustwide/target/debug/deps/libwasi_misc_tests-dff3e81a649de10f.rlib(wasi_misc_tests-dff3e81a649de10f.wasi_misc_tests.97hmz27x-cgu.7.rcgu.o): in function `wasi::wasi_unstable::path_symlink':
[INFO] [stdout]           /opt/rustwide/cargo-home/registry/src/github.com-1ecc6299db9ec823/wasi-0.7.0/src/wasi_unstable/mod.rs:527: undefined reference to `path_symlink'
[INFO] [stdout]           /usr/bin/ld: /opt/rustwide/target/debug/deps/libwasi_misc_tests-dff3e81a649de10f.rlib(wasi_misc_tests-dff3e81a649de10f.wasi_misc_tests.97hmz27x-cgu.7.rcgu.o): in function `wasi::wasi_unstable::path_unlink_file':
[INFO] [stdout]           /opt/rustwide/cargo-home/registry/src/github.com-1ecc6299db9ec823/wasi-0.7.0/src/wasi_unstable/mod.rs:539: undefined reference to `path_unlink_file'
[INFO] [stdout]           /usr/bin/ld: /opt/rustwide/target/debug/deps/libwasi_misc_tests-dff3e81a649de10f.rlib(wasi_misc_tests-dff3e81a649de10f.wasi_misc_tests.97hmz27x-cgu.7.rcgu.o): in function `wasi::wasi_unstable::path_create_directory':
[INFO] [stdout]           /opt/rustwide/cargo-home/registry/src/github.com-1ecc6299db9ec823/wasi-0.7.0/src/wasi_unstable/mod.rs:390: undefined reference to `path_create_directory'
[INFO] [stdout]           /usr/bin/ld: /opt/rustwide/target/debug/deps/libwasi_misc_tests-dff3e81a649de10f.rlib(wasi_misc_tests-dff3e81a649de10f.wasi_misc_tests.97hmz27x-cgu.7.rcgu.o): in function `wasi::wasi_unstable::path_remove_directory':
[INFO] [stdout]           /opt/rustwide/cargo-home/registry/src/github.com-1ecc6299db9ec823/wasi-0.7.0/src/wasi_unstable/mod.rs:544: undefined reference to `path_remove_directory'
[INFO] [stdout]           /usr/bin/ld: /opt/rustwide/target/debug/deps/libwasi_misc_tests-dff3e81a649de10f.rlib(wasi_misc_tests-dff3e81a649de10f.wasi_misc_tests.97hmz27x-cgu.7.rcgu.o): in function `wasi::wasi_unstable::fd_close':
[INFO] [stdout]           /opt/rustwide/cargo-home/registry/src/github.com-1ecc6299db9ec823/wasi-0.7.0/src/wasi_unstable/mod.rs:316: undefined reference to `fd_close'
[INFO] [stdout]           collect2: error: ld returned 1 exit status
[INFO] [stdout]           
[INFO] [stdout] 
[INFO] [stdout] 
[INFO] [stdout] error: aborting due to previous error
[INFO] [stdout] 
[INFO] [stdout] 
[INFO] [stderr] error: build failed
[INFO] running `Command { std: "docker" "inspect" "bb7acd52990baa6936f5a3a93962df2019ca920eeba8f4a8dc5fc4447ca13144", kill_on_drop: false }`
[INFO] running `Command { std: "docker" "rm" "-f" "bb7acd52990baa6936f5a3a93962df2019ca920eeba8f4a8dc5fc4447ca13144", kill_on_drop: false }`
[INFO] [stdout] bb7acd52990baa6936f5a3a93962df2019ca920eeba8f4a8dc5fc4447ca13144
