[INFO] cloning repository https://github.com/suhanyujie/microservice_rs
[INFO] running `Command { std: "git" "-c" "credential.helper=" "-c" "credential.helper=/workspace/cargo-home/bin/git-credential-null" "clone" "--bare" "https://github.com/suhanyujie/microservice_rs" "/workspace/cache/git-repos/https%3A%2F%2Fgithub.com%2Fsuhanyujie%2Fmicroservice_rs", kill_on_drop: false }`
[INFO] [stderr] Cloning into bare repository '/workspace/cache/git-repos/https%3A%2F%2Fgithub.com%2Fsuhanyujie%2Fmicroservice_rs'...
[INFO] running `Command { std: "git" "rev-parse" "HEAD", kill_on_drop: false }`
[INFO] [stdout] 76fb42c52712cd56bc6b0d6e04a8333984d0c53a
[INFO] testing suhanyujie/microservice_rs against beta-2021-08-01 for beta-1.55-1
[INFO] running `Command { std: "git" "clone" "/workspace/cache/git-repos/https%3A%2F%2Fgithub.com%2Fsuhanyujie%2Fmicroservice_rs" "/workspace/builds/worker-9/source", kill_on_drop: false }`
[INFO] [stderr] Cloning into '/workspace/builds/worker-9/source'...
[INFO] [stderr] done.
[INFO] validating manifest of git repo https://github.com/suhanyujie/microservice_rs on toolchain beta-2021-08-01
[INFO] running `Command { std: "/workspace/cargo-home/bin/cargo" "+beta-2021-08-01" "metadata" "--manifest-path" "Cargo.toml" "--no-deps", kill_on_drop: false }`
[INFO] started tweaking git repo https://github.com/suhanyujie/microservice_rs
[INFO] finished tweaking git repo https://github.com/suhanyujie/microservice_rs
[INFO] tweaked toml for git repo https://github.com/suhanyujie/microservice_rs written to /workspace/builds/worker-9/source/Cargo.toml
[INFO] crate git repo https://github.com/suhanyujie/microservice_rs already has a lockfile, it will not be regenerated
[INFO] running `Command { std: "/workspace/cargo-home/bin/cargo" "+beta-2021-08-01" "fetch" "--manifest-path" "Cargo.toml", kill_on_drop: false }`
[INFO] [stderr]  Downloading crates ...
[INFO] [stderr]   Downloaded aho-corasick v0.7.9
[INFO] [stderr]   Downloaded maud_macros v0.21.0
[INFO] [stderr]   Downloaded regex-syntax v0.6.15
[INFO] [stderr]   Downloaded maud v0.21.0
[INFO] running `Command { std: "docker" "create" "-v" "/var/lib/crater-agent-workspace/builds/worker-9/target:/opt/rustwide/target:rw,Z" "-v" "/var/lib/crater-agent-workspace/builds/worker-9/source:/opt/rustwide/workdir:ro,Z" "-v" "/var/lib/crater-agent-workspace/cargo-home:/opt/rustwide/cargo-home:ro,Z" "-v" "/var/lib/crater-agent-workspace/rustup-home:/opt/rustwide/rustup-home:ro,Z" "-e" "SOURCE_DIR=/opt/rustwide/workdir" "-e" "CARGO_TARGET_DIR=/opt/rustwide/target" "-e" "CARGO_HOME=/opt/rustwide/cargo-home" "-e" "RUSTUP_HOME=/opt/rustwide/rustup-home" "-w" "/opt/rustwide/workdir" "-m" "1610612736" "--user" "0:0" "--network" "none" "ghcr.io/rust-lang/crates-build-env/linux@sha256:34b6a614d2c27851fe6cbf88fbd1137609cefab8b10d0615aaeb6fd47975d74e" "/opt/rustwide/cargo-home/bin/cargo" "+beta-2021-08-01" "metadata" "--no-deps" "--format-version=1", kill_on_drop: false }`
[INFO] [stdout] 8fc164edf0fb34ad4d2ae8634e794bc8a864d44c83fc5eaed19b658826f0a71e
[INFO] [stderr] WARNING: Your kernel does not support swap limit capabilities or the cgroup is not mounted. Memory limited without swap.
[INFO] running `Command { std: "docker" "start" "-a" "8fc164edf0fb34ad4d2ae8634e794bc8a864d44c83fc5eaed19b658826f0a71e", kill_on_drop: false }`
[INFO] running `Command { std: "docker" "inspect" "8fc164edf0fb34ad4d2ae8634e794bc8a864d44c83fc5eaed19b658826f0a71e", kill_on_drop: false }`
[INFO] running `Command { std: "docker" "rm" "-f" "8fc164edf0fb34ad4d2ae8634e794bc8a864d44c83fc5eaed19b658826f0a71e", kill_on_drop: false }`
[INFO] [stdout] 8fc164edf0fb34ad4d2ae8634e794bc8a864d44c83fc5eaed19b658826f0a71e
[INFO] running `Command { std: "docker" "create" "-v" "/var/lib/crater-agent-workspace/builds/worker-9/target:/opt/rustwide/target:rw,Z" "-v" "/var/lib/crater-agent-workspace/builds/worker-9/source:/opt/rustwide/workdir:ro,Z" "-v" "/var/lib/crater-agent-workspace/cargo-home:/opt/rustwide/cargo-home:ro,Z" "-v" "/var/lib/crater-agent-workspace/rustup-home:/opt/rustwide/rustup-home:ro,Z" "-e" "SOURCE_DIR=/opt/rustwide/workdir" "-e" "CARGO_TARGET_DIR=/opt/rustwide/target" "-e" "CARGO_INCREMENTAL=0" "-e" "RUST_BACKTRACE=full" "-e" "RUSTFLAGS=--cap-lints=warn" "-e" "CARGO_HOME=/opt/rustwide/cargo-home" "-e" "RUSTUP_HOME=/opt/rustwide/rustup-home" "-w" "/opt/rustwide/workdir" "-m" "1610612736" "--user" "0:0" "--network" "none" "ghcr.io/rust-lang/crates-build-env/linux@sha256:34b6a614d2c27851fe6cbf88fbd1137609cefab8b10d0615aaeb6fd47975d74e" "/opt/rustwide/cargo-home/bin/cargo" "+beta-2021-08-01" "build" "--frozen" "--message-format=json", kill_on_drop: false }`
[INFO] [stdout] f75ced09cbe29bb74fc4a1ef9c0f085197d215925430629d094991ba9f6a60bb
[INFO] [stderr] WARNING: Your kernel does not support swap limit capabilities or the cgroup is not mounted. Memory limited without swap.
[INFO] running `Command { std: "docker" "start" "-a" "f75ced09cbe29bb74fc4a1ef9c0f085197d215925430629d094991ba9f6a60bb", kill_on_drop: false }`
[INFO] [stderr]    Compiling proc-macro2 v0.4.30
[INFO] [stderr]    Compiling syn v1.0.17
[INFO] [stderr]    Compiling pq-sys v0.4.6
[INFO] [stderr]    Compiling maud_htmlescape v0.17.0
[INFO] [stderr]    Compiling regex-syntax v0.6.15
[INFO] [stderr]    Compiling tokio-sync v0.1.8
[INFO] [stderr]    Compiling relay v0.1.1
[INFO] [stderr]    Compiling want v0.0.4
[INFO] [stderr]    Compiling bytes v0.4.12
[INFO] [stderr]    Compiling aho-corasick v0.7.9
[INFO] [stderr]    Compiling serde_json v1.0.51
[INFO] [stderr]    Compiling mio v0.6.21
[INFO] [stderr]    Compiling rand v0.3.23
[INFO] [stderr]    Compiling futures-cpupool v0.1.8
[INFO] [stderr]    Compiling tokio-threadpool v0.1.18
[INFO] [stderr]    Compiling tokio-io v0.1.13
[INFO] [stderr]    Compiling mio-uds v0.6.7
[INFO] [stderr]    Compiling tokio-reactor v0.1.12
[INFO] [stderr]    Compiling tokio-codec v0.1.2
[INFO] [stderr]    Compiling tokio-fs v0.1.7
[INFO] [stderr]    Compiling quote v0.6.13
[INFO] [stderr]    Compiling syn v0.15.44
[INFO] [stderr]    Compiling tokio-udp v0.1.6
[INFO] [stderr]    Compiling tokio-uds v0.2.6
[INFO] [stderr]    Compiling tokio-tcp v0.1.4
[INFO] [stderr]    Compiling tokio v0.1.22
[INFO] [stderr]    Compiling tokio-core v0.1.17
[INFO] [stderr]    Compiling regex v1.3.4
[INFO] [stderr]    Compiling tokio-proto v0.1.1
[INFO] [stderr]    Compiling hyper v0.11.27
[INFO] [stderr]    Compiling maud_macros v0.21.0
[INFO] [stderr]    Compiling env_logger v0.5.13
[INFO] [stdout] error[E0554]: `#![feature]` may not be used on the beta release channel
[INFO] [stdout]  --> /opt/rustwide/cargo-home/registry/src/github.com-1ecc6299db9ec823/maud_macros-0.21.0/src/lib.rs:1:1
[INFO] [stdout]   |
[INFO] [stdout] 1 | #![feature(proc_macro_def_site)]
[INFO] [stdout]   | ^^^^^^^^^^^^^^^^^^^^^^^^^^^^^^^^
[INFO] [stdout] 
[INFO] [stdout] 
[INFO] [stdout] error[E0554]: `#![feature]` may not be used on the beta release channel
[INFO] [stdout]  --> /opt/rustwide/cargo-home/registry/src/github.com-1ecc6299db9ec823/maud_macros-0.21.0/src/lib.rs:2:1
[INFO] [stdout]   |
[INFO] [stdout] 2 | #![feature(proc_macro_diagnostic)]
[INFO] [stdout]   | ^^^^^^^^^^^^^^^^^^^^^^^^^^^^^^^^^^
[INFO] [stdout] 
[INFO] [stdout] 
[INFO] [stdout] error[E0554]: `#![feature]` may not be used on the beta release channel
[INFO] [stdout]  --> /opt/rustwide/cargo-home/registry/src/github.com-1ecc6299db9ec823/maud_macros-0.21.0/src/lib.rs:3:1
[INFO] [stdout]   |
[INFO] [stdout] 3 | #![feature(proc_macro_hygiene)]
[INFO] [stdout]   | ^^^^^^^^^^^^^^^^^^^^^^^^^^^^^^^
[INFO] [stdout] 
[INFO] [stdout] 
[INFO] [stdout] error[E0554]: `#![feature]` may not be used on the beta release channel
[INFO] [stdout]  --> /opt/rustwide/cargo-home/registry/src/github.com-1ecc6299db9ec823/maud_macros-0.21.0/src/lib.rs:4:1
[INFO] [stdout]   |
[INFO] [stdout] 4 | #![feature(proc_macro_quote)]
[INFO] [stdout]   | ^^^^^^^^^^^^^^^^^^^^^^^^^^^^^
[INFO] [stdout] 
[INFO] [stdout] 
[INFO] [stdout] error[E0554]: `#![feature]` may not be used on the beta release channel
[INFO] [stdout]  --> /opt/rustwide/cargo-home/registry/src/github.com-1ecc6299db9ec823/maud_macros-0.21.0/src/lib.rs:5:1
[INFO] [stdout]   |
[INFO] [stdout] 5 | #![feature(proc_macro_span)]
[INFO] [stdout]   | ^^^^^^^^^^^^^^^^^^^^^^^^^^^^
[INFO] [stdout] 
[INFO] [stdout] 
[INFO] [stdout] error: aborting due to 5 previous errors
[INFO] [stdout] 
[INFO] [stdout] 
[INFO] [stdout] For more information about this error, try `rustc --explain E0554`.
[INFO] [stdout] 
[INFO] [stderr] error: could not compile `maud_macros` due to 6 previous errors
[INFO] [stderr] warning: build failed, waiting for other jobs to finish...
[INFO] [stderr] error: build failed
[INFO] running `Command { std: "docker" "inspect" "f75ced09cbe29bb74fc4a1ef9c0f085197d215925430629d094991ba9f6a60bb", kill_on_drop: false }`
[INFO] running `Command { std: "docker" "rm" "-f" "f75ced09cbe29bb74fc4a1ef9c0f085197d215925430629d094991ba9f6a60bb", kill_on_drop: false }`
[INFO] [stdout] f75ced09cbe29bb74fc4a1ef9c0f085197d215925430629d094991ba9f6a60bb
