[INFO] cloning repository https://github.com/subspace/spartan-farmer
[INFO] running `Command { std: "git" "-c" "credential.helper=" "-c" "credential.helper=/workspace/cargo-home/bin/git-credential-null" "clone" "--bare" "https://github.com/subspace/spartan-farmer" "/workspace/cache/git-repos/https%3A%2F%2Fgithub.com%2Fsubspace%2Fspartan-farmer", kill_on_drop: false }`
[INFO] [stderr] Cloning into bare repository '/workspace/cache/git-repos/https%3A%2F%2Fgithub.com%2Fsubspace%2Fspartan-farmer'...
[INFO] running `Command { std: "git" "rev-parse" "HEAD", kill_on_drop: false }`
[INFO] [stdout] 9450351a78d59007f2b647116852f7ec4e9a25f1
[INFO] testing subspace/spartan-farmer against 1.54.0 for beta-1.55-1
[INFO] running `Command { std: "git" "clone" "/workspace/cache/git-repos/https%3A%2F%2Fgithub.com%2Fsubspace%2Fspartan-farmer" "/workspace/builds/worker-12/source", kill_on_drop: false }`
[INFO] [stderr] Cloning into '/workspace/builds/worker-12/source'...
[INFO] [stderr] done.
[INFO] validating manifest of git repo https://github.com/subspace/spartan-farmer on toolchain 1.54.0
[INFO] running `Command { std: "/workspace/cargo-home/bin/cargo" "+1.54.0" "metadata" "--manifest-path" "Cargo.toml" "--no-deps", kill_on_drop: false }`
[INFO] removed /workspace/builds/worker-12/source/rust-toolchain
[INFO] started tweaking git repo https://github.com/subspace/spartan-farmer
[INFO] finished tweaking git repo https://github.com/subspace/spartan-farmer
[INFO] tweaked toml for git repo https://github.com/subspace/spartan-farmer written to /workspace/builds/worker-12/source/Cargo.toml
[INFO] crate git repo https://github.com/subspace/spartan-farmer already has a lockfile, it will not be regenerated
[INFO] running `Command { std: "/workspace/cargo-home/bin/cargo" "+1.54.0" "fetch" "--manifest-path" "Cargo.toml", kill_on_drop: false }`
[INFO] [stderr]     Blocking waiting for file lock on package cache
[INFO] [stderr]     Blocking waiting for file lock on package cache
[INFO] running `Command { std: "docker" "create" "-v" "/var/lib/crater-agent-workspace/builds/worker-12/target:/opt/rustwide/target:rw,Z" "-v" "/var/lib/crater-agent-workspace/builds/worker-12/source:/opt/rustwide/workdir:ro,Z" "-v" "/var/lib/crater-agent-workspace/cargo-home:/opt/rustwide/cargo-home:ro,Z" "-v" "/var/lib/crater-agent-workspace/rustup-home:/opt/rustwide/rustup-home:ro,Z" "-e" "SOURCE_DIR=/opt/rustwide/workdir" "-e" "CARGO_TARGET_DIR=/opt/rustwide/target" "-e" "CARGO_HOME=/opt/rustwide/cargo-home" "-e" "RUSTUP_HOME=/opt/rustwide/rustup-home" "-w" "/opt/rustwide/workdir" "-m" "1610612736" "--user" "0:0" "--network" "none" "ghcr.io/rust-lang/crates-build-env/linux@sha256:34b6a614d2c27851fe6cbf88fbd1137609cefab8b10d0615aaeb6fd47975d74e" "/opt/rustwide/cargo-home/bin/cargo" "+1.54.0" "metadata" "--no-deps" "--format-version=1", kill_on_drop: false }`
[INFO] [stdout] aac6b1878487e87a5978ba5937b4f44601cfff130659ee6f204ac64b65074ad1
[INFO] [stderr] WARNING: Your kernel does not support swap limit capabilities or the cgroup is not mounted. Memory limited without swap.
[INFO] running `Command { std: "docker" "start" "-a" "aac6b1878487e87a5978ba5937b4f44601cfff130659ee6f204ac64b65074ad1", kill_on_drop: false }`
[INFO] running `Command { std: "docker" "inspect" "aac6b1878487e87a5978ba5937b4f44601cfff130659ee6f204ac64b65074ad1", kill_on_drop: false }`
[INFO] running `Command { std: "docker" "rm" "-f" "aac6b1878487e87a5978ba5937b4f44601cfff130659ee6f204ac64b65074ad1", kill_on_drop: false }`
[INFO] [stdout] aac6b1878487e87a5978ba5937b4f44601cfff130659ee6f204ac64b65074ad1
[INFO] running `Command { std: "docker" "create" "-v" "/var/lib/crater-agent-workspace/builds/worker-12/target:/opt/rustwide/target:rw,Z" "-v" "/var/lib/crater-agent-workspace/builds/worker-12/source:/opt/rustwide/workdir:ro,Z" "-v" "/var/lib/crater-agent-workspace/cargo-home:/opt/rustwide/cargo-home:ro,Z" "-v" "/var/lib/crater-agent-workspace/rustup-home:/opt/rustwide/rustup-home:ro,Z" "-e" "SOURCE_DIR=/opt/rustwide/workdir" "-e" "CARGO_TARGET_DIR=/opt/rustwide/target" "-e" "CARGO_INCREMENTAL=0" "-e" "RUST_BACKTRACE=full" "-e" "RUSTFLAGS=--cap-lints=warn" "-e" "CARGO_HOME=/opt/rustwide/cargo-home" "-e" "RUSTUP_HOME=/opt/rustwide/rustup-home" "-w" "/opt/rustwide/workdir" "-m" "1610612736" "--user" "0:0" "--network" "none" "ghcr.io/rust-lang/crates-build-env/linux@sha256:34b6a614d2c27851fe6cbf88fbd1137609cefab8b10d0615aaeb6fd47975d74e" "/opt/rustwide/cargo-home/bin/cargo" "+1.54.0" "build" "--frozen" "--message-format=json", kill_on_drop: false }`
[INFO] [stdout] c31a51d7f59bba3a536f272a688b519b8f3b74348a51b603ebdc026e2a5519d3
[INFO] [stderr] WARNING: Your kernel does not support swap limit capabilities or the cgroup is not mounted. Memory limited without swap.
[INFO] running `Command { std: "docker" "start" "-a" "c31a51d7f59bba3a536f272a688b519b8f3b74348a51b603ebdc026e2a5519d3", kill_on_drop: false }`
[INFO] [stderr]    Compiling libc v0.2.91
[INFO] [stderr]    Compiling syn v1.0.65
[INFO] [stderr]    Compiling value-bag v1.0.0-alpha.6
[INFO] [stderr]    Compiling log v0.4.14
[INFO] [stderr]    Compiling futures-core v0.3.13
[INFO] [stderr]    Compiling futures-io v0.3.13
[INFO] [stderr]    Compiling futures-task v0.3.13
[INFO] [stderr]    Compiling regex-syntax v0.6.23
[INFO] [stderr]    Compiling serde v1.0.125
[INFO] [stderr]    Compiling serde_json v1.0.64
[INFO] [stderr]    Compiling vec-arena v1.1.0
[INFO] [stderr]    Compiling bindgen v0.57.0
[INFO] [stderr]    Compiling gmp-mpfr-sys v1.4.4
[INFO] [stderr]    Compiling beef v0.5.0
[INFO] [stderr]    Compiling rug v1.12.0
[INFO] [stderr]    Compiling byteorder v1.4.3
[INFO] [stderr]    Compiling subtle-ng v2.4.1
[INFO] [stderr]    Compiling number_prefix v0.3.0
[INFO] [stderr]    Compiling tokio v1.5.0
[INFO] [stderr]    Compiling nom v5.1.2
[INFO] [stderr]    Compiling libloading v0.7.0
[INFO] [stderr]    Compiling clang-sys v1.2.0
[INFO] [stderr]    Compiling async-lock v2.3.0
[INFO] [stderr]    Compiling futures-channel v0.3.13
[INFO] [stderr]    Compiling async-channel v1.6.1
[INFO] [stderr]    Compiling http-body v0.4.2
[INFO] [stderr]    Compiling unicode-normalization v0.1.17
[INFO] [stderr]    Compiling futures-lite v1.11.3
[INFO] [stderr]    Compiling proc-macro-error-attr v1.0.4
[INFO] [stderr]    Compiling crossbeam-epoch v0.9.3
[INFO] [stderr]    Compiling sha-1 v0.9.5
[INFO] [stderr]    Compiling crossbeam-deque v0.8.0
[INFO] [stderr]    Compiling jobserver v0.1.21
[INFO] [stderr]    Compiling socket2 v0.4.0
[INFO] [stderr]    Compiling num_cpus v1.13.0
[INFO] [stderr]    Compiling getrandom v0.1.16
[INFO] [stderr]    Compiling getrandom v0.2.2
[INFO] [stderr]    Compiling parking_lot_core v0.8.3
[INFO] [stderr]    Compiling terminal_size v0.1.16
[INFO] [stderr]    Compiling atty v0.2.14
[INFO] [stderr]    Compiling dirs-sys v0.3.5
[INFO] [stderr]    Compiling blocking v1.0.2
[INFO] [stderr]    Compiling async-executor v1.4.0
[INFO] [stderr]    Compiling idna v0.2.2
[INFO] [stderr]    Compiling cc v1.0.67
[INFO] [stderr]    Compiling rand_core v0.5.1
[INFO] [stderr]    Compiling rand_core v0.6.2
[INFO] [stderr]    Compiling dirs v3.0.1
[INFO] [stderr]    Compiling rayon-core v1.9.0
[INFO] [stderr]    Compiling parking_lot v0.11.1
[INFO] [stderr]    Compiling nb-connect v1.1.0
[INFO] [stderr]    Compiling rand_chacha v0.2.2
[INFO] [stderr]    Compiling url v2.2.1
[INFO] [stderr]    Compiling event-listener-primitives v0.2.2
[INFO] [stderr]    Compiling rand v0.7.3
[INFO] [stderr]    Compiling regex v1.4.5
[INFO] [stderr]    Compiling cexpr v0.4.0
[INFO] [stderr]    Compiling rayon v1.5.0
[INFO] [stderr]    Compiling ring v0.16.20
[INFO] [stderr]    Compiling console v0.14.1
[INFO] [stderr]    Compiling indicatif v0.15.0
[INFO] [stderr]    Compiling synstructure v0.12.4
[INFO] [stderr]    Compiling proc-macro-error v1.0.4
[INFO] [stderr]    Compiling webpki v0.21.4
[INFO] [stderr]    Compiling sct v0.6.0
[INFO] [stderr]    Compiling webpki v0.22.0
[INFO] [stderr]    Compiling ct-logs v0.8.0
[INFO] [stderr]    Compiling webpki-roots v0.21.1
[INFO] [stderr]    Compiling ctor v0.1.20
[INFO] [stderr]    Compiling futures-macro v0.3.13
[INFO] [stderr]    Compiling pin-project-internal v1.0.6
[INFO] [stderr]    Compiling serde_derive v1.0.125
[INFO] [stderr]    Compiling thiserror-impl v1.0.24
[INFO] [stderr]    Compiling async-trait v0.1.50
[INFO] [stderr]    Compiling zeroize_derive v1.0.1
[INFO] [stderr]    Compiling async-attributes v1.1.2
[INFO] [stderr]    Compiling clap_derive v3.0.0-beta.2
[INFO] [stderr]    Compiling zeroize v1.2.0
[INFO] [stderr]    Compiling merlin v3.0.0
[INFO] [stderr]    Compiling curve25519-dalek-ng v4.0.1
[INFO] [stderr]    Compiling futures-util v0.3.13
[INFO] [stderr]    Compiling mio v0.7.11
[INFO] [stderr]    Compiling rustls v0.19.1
[INFO] [stderr]    Compiling want v0.3.0
[INFO] [stderr]    Compiling polling v2.0.3
[INFO] [stderr]    Compiling kv-log-macro v1.0.7
[INFO] [stderr]    Compiling env_logger v0.8.3
[INFO] [stderr]    Compiling async-io v1.3.1
[INFO] [stderr]    Compiling thiserror v1.0.24
[INFO] [stderr]    Compiling librocksdb-sys v6.17.3
[INFO] [stderr]    Compiling schnorrkel v0.10.1
[INFO] [stderr]    Compiling pin-project v1.0.6
[INFO] [stderr]    Compiling clap v3.0.0-beta.2
[INFO] [stderr]    Compiling async-global-executor v2.0.2
[INFO] [stderr]    Compiling async-std v1.9.0
[INFO] [stderr]    Compiling rustls-native-certs v0.5.0
[INFO] [stderr]    Compiling async-tls v0.11.0
[INFO] [stderr]    Compiling futures-executor v0.3.13
[INFO] [stderr]    Compiling futures v0.3.13
[INFO] [stderr]    Compiling soketto v0.4.2
[INFO] [stderr]    Compiling tokio-util v0.6.6
[INFO] [stderr]    Compiling tokio-rustls v0.22.0
[INFO] [stderr]    Compiling h2 v0.3.3
[INFO] [stderr] error: could not compile `h2`
[INFO] [stderr] 
[INFO] [stderr] Caused by:
[INFO] [stderr]   process didn't exit successfully: `rustc --crate-name h2 --edition=2018 /opt/rustwide/cargo-home/registry/src/github.com-1ecc6299db9ec823/h2-0.3.3/src/lib.rs --error-format=json --json=diagnostic-rendered-ansi --crate-type lib --emit=dep-info,metadata,link -C embed-bitcode=no -C debuginfo=2 -C metadata=3b7a01cd57a4ca0e -C extra-filename=-3b7a01cd57a4ca0e --out-dir /opt/rustwide/target/debug/deps -L dependency=/opt/rustwide/target/debug/deps --extern bytes=/opt/rustwide/target/debug/deps/libbytes-df7cac8fc38da202.rmeta --extern fnv=/opt/rustwide/target/debug/deps/libfnv-56e05e18a5751d51.rmeta --extern futures_core=/opt/rustwide/target/debug/deps/libfutures_core-4fc5b5942f798573.rmeta --extern futures_sink=/opt/rustwide/target/debug/deps/libfutures_sink-b057f1a561aa225f.rmeta --extern futures_util=/opt/rustwide/target/debug/deps/libfutures_util-c24d0b365d2d23e7.rmeta --extern http=/opt/rustwide/target/debug/deps/libhttp-ba76b004da8101b9.rmeta --extern indexmap=/opt/rustwide/target/debug/deps/libindexmap-e48f2bae995ec046.rmeta --extern slab=/opt/rustwide/target/debug/deps/libslab-a95947d689540fa4.rmeta --extern tokio=/opt/rustwide/target/debug/deps/libtokio-6371d416ce47e30b.rmeta --extern tokio_util=/opt/rustwide/target/debug/deps/libtokio_util-f9497a8445fd170f.rmeta --extern tracing=/opt/rustwide/target/debug/deps/libtracing-626c50425f5b7e8b.rmeta --cap-lints allow --cap-lints=warn` (signal: 9, SIGKILL: kill)
[INFO] [stderr] warning: build failed, waiting for other jobs to finish...
[INFO] [stderr] The following warnings were emitted during compilation:
[INFO] [stderr] 
[INFO] [stderr] warning: c++: fatal error: Killed signal terminated program cc1plus
[INFO] [stderr] warning: compilation terminated.
[INFO] [stderr] warning: c++: fatal error: Killed signal terminated program cc1plus
[INFO] [stderr] warning: compilation terminated.
[INFO] [stderr] warning: c++: fatal error: Killed signal terminated program cc1plus
[INFO] [stderr] warning: compilation terminated.
[INFO] [stderr] warning: c++: fatal error: Killed signal terminated program cc1plus
[INFO] [stderr] warning: compilation terminated.
[INFO] [stderr] warning: c++: fatal error: Killed signal terminated program cc1plus
[INFO] [stderr] warning: compilation terminated.
[INFO] [stderr] warning: c++: fatal error: Killed signal terminated program cc1plus
[INFO] [stderr] warning: compilation terminated.
[INFO] [stderr] warning: c++: fatal error: Killed signal terminated program cc1plus
[INFO] [stderr] warning: compilation terminated.
[INFO] [stderr] warning: c++: fatal error: Killed signal terminated program cc1plus
[INFO] [stderr] warning: compilation terminated.
[INFO] [stderr] 
[ERROR] error running command: no output for 300 seconds
[INFO] running `Command { std: "docker" "inspect" "c31a51d7f59bba3a536f272a688b519b8f3b74348a51b603ebdc026e2a5519d3", kill_on_drop: false }`
[INFO] running `Command { std: "docker" "rm" "-f" "c31a51d7f59bba3a536f272a688b519b8f3b74348a51b603ebdc026e2a5519d3", kill_on_drop: false }`
[INFO] [stdout] c31a51d7f59bba3a536f272a688b519b8f3b74348a51b603ebdc026e2a5519d3
