[INFO] cloning repository https://github.com/steven-joruk/common-crypto
[INFO] running `Command { std: "git" "-c" "credential.helper=" "-c" "credential.helper=/workspace/cargo-home/bin/git-credential-null" "clone" "--bare" "https://github.com/steven-joruk/common-crypto" "/workspace/cache/git-repos/https%3A%2F%2Fgithub.com%2Fsteven-joruk%2Fcommon-crypto", kill_on_drop: false }`
[INFO] [stderr] Cloning into bare repository '/workspace/cache/git-repos/https%3A%2F%2Fgithub.com%2Fsteven-joruk%2Fcommon-crypto'...
[INFO] running `Command { std: "git" "rev-parse" "HEAD", kill_on_drop: false }`
[INFO] [stdout] 0f53a52d2095266c49715d45a5f0b34405bf98ca
[INFO] testing steven-joruk/common-crypto against beta-2021-08-01 for beta-1.55-1
[INFO] running `Command { std: "git" "clone" "/workspace/cache/git-repos/https%3A%2F%2Fgithub.com%2Fsteven-joruk%2Fcommon-crypto" "/workspace/builds/worker-40/source", kill_on_drop: false }`
[INFO] [stderr] Cloning into '/workspace/builds/worker-40/source'...
[INFO] [stderr] done.
[INFO] validating manifest of git repo https://github.com/steven-joruk/common-crypto on toolchain beta-2021-08-01
[INFO] running `Command { std: "/workspace/cargo-home/bin/cargo" "+beta-2021-08-01" "metadata" "--manifest-path" "Cargo.toml" "--no-deps", kill_on_drop: false }`
[INFO] started tweaking git repo https://github.com/steven-joruk/common-crypto
[INFO] finished tweaking git repo https://github.com/steven-joruk/common-crypto
[INFO] tweaked toml for git repo https://github.com/steven-joruk/common-crypto written to /workspace/builds/worker-40/source/Cargo.toml
[INFO] crate git repo https://github.com/steven-joruk/common-crypto already has a lockfile, it will not be regenerated
[INFO] running `Command { std: "/workspace/cargo-home/bin/cargo" "+beta-2021-08-01" "fetch" "--manifest-path" "Cargo.toml", kill_on_drop: false }`
[INFO] [stderr]     Blocking waiting for file lock on package cache
[INFO] [stderr]     Blocking waiting for file lock on package cache
[INFO] running `Command { std: "docker" "create" "-v" "/var/lib/crater-agent-workspace/builds/worker-40/target:/opt/rustwide/target:rw,Z" "-v" "/var/lib/crater-agent-workspace/builds/worker-40/source:/opt/rustwide/workdir:ro,Z" "-v" "/var/lib/crater-agent-workspace/cargo-home:/opt/rustwide/cargo-home:ro,Z" "-v" "/var/lib/crater-agent-workspace/rustup-home:/opt/rustwide/rustup-home:ro,Z" "-e" "SOURCE_DIR=/opt/rustwide/workdir" "-e" "CARGO_TARGET_DIR=/opt/rustwide/target" "-e" "CARGO_HOME=/opt/rustwide/cargo-home" "-e" "RUSTUP_HOME=/opt/rustwide/rustup-home" "-w" "/opt/rustwide/workdir" "-m" "1610612736" "--user" "0:0" "--network" "none" "ghcr.io/rust-lang/crates-build-env/linux@sha256:34b6a614d2c27851fe6cbf88fbd1137609cefab8b10d0615aaeb6fd47975d74e" "/opt/rustwide/cargo-home/bin/cargo" "+beta-2021-08-01" "metadata" "--no-deps" "--format-version=1", kill_on_drop: false }`
[INFO] [stdout] d26cca8e5e73ddcfce8ce982c757efbd4dfa00f282b65f935f088fd8fc75eaeb
[INFO] running `Command { std: "docker" "start" "-a" "d26cca8e5e73ddcfce8ce982c757efbd4dfa00f282b65f935f088fd8fc75eaeb", kill_on_drop: false }`
[INFO] running `Command { std: "docker" "inspect" "d26cca8e5e73ddcfce8ce982c757efbd4dfa00f282b65f935f088fd8fc75eaeb", kill_on_drop: false }`
[INFO] running `Command { std: "docker" "rm" "-f" "d26cca8e5e73ddcfce8ce982c757efbd4dfa00f282b65f935f088fd8fc75eaeb", kill_on_drop: false }`
[INFO] [stdout] d26cca8e5e73ddcfce8ce982c757efbd4dfa00f282b65f935f088fd8fc75eaeb
[INFO] running `Command { std: "docker" "create" "-v" "/var/lib/crater-agent-workspace/builds/worker-40/target:/opt/rustwide/target:rw,Z" "-v" "/var/lib/crater-agent-workspace/builds/worker-40/source:/opt/rustwide/workdir:ro,Z" "-v" "/var/lib/crater-agent-workspace/cargo-home:/opt/rustwide/cargo-home:ro,Z" "-v" "/var/lib/crater-agent-workspace/rustup-home:/opt/rustwide/rustup-home:ro,Z" "-e" "SOURCE_DIR=/opt/rustwide/workdir" "-e" "CARGO_TARGET_DIR=/opt/rustwide/target" "-e" "CARGO_INCREMENTAL=0" "-e" "RUST_BACKTRACE=full" "-e" "RUSTFLAGS=--cap-lints=warn" "-e" "CARGO_HOME=/opt/rustwide/cargo-home" "-e" "RUSTUP_HOME=/opt/rustwide/rustup-home" "-w" "/opt/rustwide/workdir" "-m" "1610612736" "--user" "0:0" "--network" "none" "ghcr.io/rust-lang/crates-build-env/linux@sha256:34b6a614d2c27851fe6cbf88fbd1137609cefab8b10d0615aaeb6fd47975d74e" "/opt/rustwide/cargo-home/bin/cargo" "+beta-2021-08-01" "build" "--frozen" "--message-format=json", kill_on_drop: false }`
[INFO] [stdout] 04155ad96e001331e7f5ea39918c21bdc8e186f33f2989e16dcbe7c947962b63
[INFO] running `Command { std: "docker" "start" "-a" "04155ad96e001331e7f5ea39918c21bdc8e186f33f2989e16dcbe7c947962b63", kill_on_drop: false }`
[INFO] [stderr]     Blocking waiting for file lock on package cache
[INFO] [stderr]     Blocking waiting for file lock on package cache
[INFO] [stderr]    Compiling common-crypto v0.3.1-alpha.0 (/opt/rustwide/workdir)
[INFO] [stderr]     Finished dev [unoptimized + debuginfo] target(s) in 2.63s
[INFO] running `Command { std: "docker" "inspect" "04155ad96e001331e7f5ea39918c21bdc8e186f33f2989e16dcbe7c947962b63", kill_on_drop: false }`
[INFO] running `Command { std: "docker" "rm" "-f" "04155ad96e001331e7f5ea39918c21bdc8e186f33f2989e16dcbe7c947962b63", kill_on_drop: false }`
[INFO] [stdout] 04155ad96e001331e7f5ea39918c21bdc8e186f33f2989e16dcbe7c947962b63
[INFO] running `Command { std: "docker" "create" "-v" "/var/lib/crater-agent-workspace/builds/worker-40/target:/opt/rustwide/target:rw,Z" "-v" "/var/lib/crater-agent-workspace/builds/worker-40/source:/opt/rustwide/workdir:ro,Z" "-v" "/var/lib/crater-agent-workspace/cargo-home:/opt/rustwide/cargo-home:ro,Z" "-v" "/var/lib/crater-agent-workspace/rustup-home:/opt/rustwide/rustup-home:ro,Z" "-e" "SOURCE_DIR=/opt/rustwide/workdir" "-e" "CARGO_TARGET_DIR=/opt/rustwide/target" "-e" "CARGO_INCREMENTAL=0" "-e" "RUST_BACKTRACE=full" "-e" "RUSTFLAGS=--cap-lints=warn" "-e" "CARGO_HOME=/opt/rustwide/cargo-home" "-e" "RUSTUP_HOME=/opt/rustwide/rustup-home" "-w" "/opt/rustwide/workdir" "-m" "1610612736" "--user" "0:0" "--network" "none" "ghcr.io/rust-lang/crates-build-env/linux@sha256:34b6a614d2c27851fe6cbf88fbd1137609cefab8b10d0615aaeb6fd47975d74e" "/opt/rustwide/cargo-home/bin/cargo" "+beta-2021-08-01" "test" "--frozen" "--no-run" "--message-format=json", kill_on_drop: false }`
[INFO] [stdout] 0d6b0240016ceb573a92a4949b8c8825f8fbc7f98fd02428cff4d093568592b1
[INFO] running `Command { std: "docker" "start" "-a" "0d6b0240016ceb573a92a4949b8c8825f8fbc7f98fd02428cff4d093568592b1", kill_on_drop: false }`
[INFO] [stderr]    Compiling hex v0.4.2
[INFO] [stderr]    Compiling common-crypto v0.3.1-alpha.0 (/opt/rustwide/workdir)
[INFO] [stdout] error: linking with `cc` failed: exit status: 1
[INFO] [stdout]   |
[INFO] [stdout]   = note: "cc" "-m64" "/opt/rustwide/target/debug/deps/cryptor-ca8ae6000e6672fb.cryptor.0355ff2b-cgu.0.rcgu.o" "/opt/rustwide/target/debug/deps/cryptor-ca8ae6000e6672fb.cryptor.0355ff2b-cgu.1.rcgu.o" "/opt/rustwide/target/debug/deps/cryptor-ca8ae6000e6672fb.cryptor.0355ff2b-cgu.10.rcgu.o" "/opt/rustwide/target/debug/deps/cryptor-ca8ae6000e6672fb.cryptor.0355ff2b-cgu.11.rcgu.o" "/opt/rustwide/target/debug/deps/cryptor-ca8ae6000e6672fb.cryptor.0355ff2b-cgu.12.rcgu.o" "/opt/rustwide/target/debug/deps/cryptor-ca8ae6000e6672fb.cryptor.0355ff2b-cgu.13.rcgu.o" "/opt/rustwide/target/debug/deps/cryptor-ca8ae6000e6672fb.cryptor.0355ff2b-cgu.14.rcgu.o" "/opt/rustwide/target/debug/deps/cryptor-ca8ae6000e6672fb.cryptor.0355ff2b-cgu.15.rcgu.o" "/opt/rustwide/target/debug/deps/cryptor-ca8ae6000e6672fb.cryptor.0355ff2b-cgu.2.rcgu.o" "/opt/rustwide/target/debug/deps/cryptor-ca8ae6000e6672fb.cryptor.0355ff2b-cgu.3.rcgu.o" "/opt/rustwide/target/debug/deps/cryptor-ca8ae6000e6672fb.cryptor.0355ff2b-cgu.4.rcgu.o" "/opt/rustwide/target/debug/deps/cryptor-ca8ae6000e6672fb.cryptor.0355ff2b-cgu.5.rcgu.o" "/opt/rustwide/target/debug/deps/cryptor-ca8ae6000e6672fb.cryptor.0355ff2b-cgu.6.rcgu.o" "/opt/rustwide/target/debug/deps/cryptor-ca8ae6000e6672fb.cryptor.0355ff2b-cgu.7.rcgu.o" "/opt/rustwide/target/debug/deps/cryptor-ca8ae6000e6672fb.cryptor.0355ff2b-cgu.8.rcgu.o" "/opt/rustwide/target/debug/deps/cryptor-ca8ae6000e6672fb.cryptor.0355ff2b-cgu.9.rcgu.o" "/opt/rustwide/target/debug/deps/cryptor-ca8ae6000e6672fb.3y307v2v3ks3ybuw.rcgu.o" "-Wl,--as-needed" "-L" "/opt/rustwide/target/debug/deps" "-L" "/opt/rustwide/rustup-home/toolchains/beta-2021-08-01-x86_64-unknown-linux-gnu/lib/rustlib/x86_64-unknown-linux-gnu/lib" "-Wl,-Bstatic" "/opt/rustwide/rustup-home/toolchains/beta-2021-08-01-x86_64-unknown-linux-gnu/lib/rustlib/x86_64-unknown-linux-gnu/lib/libtest-6e9019ff2cdb2237.rlib" "/opt/rustwide/rustup-home/toolchains/beta-2021-08-01-x86_64-unknown-linux-gnu/lib/rustlib/x86_64-unknown-linux-gnu/lib/libgetopts-e9cc0b5f091b140c.rlib" "/opt/rustwide/rustup-home/toolchains/beta-2021-08-01-x86_64-unknown-linux-gnu/lib/rustlib/x86_64-unknown-linux-gnu/lib/libunicode_width-762dfa4479f14aad.rlib" "/opt/rustwide/rustup-home/toolchains/beta-2021-08-01-x86_64-unknown-linux-gnu/lib/rustlib/x86_64-unknown-linux-gnu/lib/librustc_std_workspace_std-2a5ac1cc0b21909c.rlib" "/opt/rustwide/target/debug/deps/libcommon_crypto-f8c07be62a80097e.rlib" "-Wl,--start-group" "/opt/rustwide/rustup-home/toolchains/beta-2021-08-01-x86_64-unknown-linux-gnu/lib/rustlib/x86_64-unknown-linux-gnu/lib/libstd-197d933f09d9a590.rlib" "/opt/rustwide/rustup-home/toolchains/beta-2021-08-01-x86_64-unknown-linux-gnu/lib/rustlib/x86_64-unknown-linux-gnu/lib/libpanic_unwind-46a006cddfd334f0.rlib" "/opt/rustwide/rustup-home/toolchains/beta-2021-08-01-x86_64-unknown-linux-gnu/lib/rustlib/x86_64-unknown-linux-gnu/lib/libminiz_oxide-5b9870310e470b38.rlib" "/opt/rustwide/rustup-home/toolchains/beta-2021-08-01-x86_64-unknown-linux-gnu/lib/rustlib/x86_64-unknown-linux-gnu/lib/libadler-260022ba8f1ab4ee.rlib" "/opt/rustwide/rustup-home/toolchains/beta-2021-08-01-x86_64-unknown-linux-gnu/lib/rustlib/x86_64-unknown-linux-gnu/lib/libobject-71377435a799394f.rlib" "/opt/rustwide/rustup-home/toolchains/beta-2021-08-01-x86_64-unknown-linux-gnu/lib/rustlib/x86_64-unknown-linux-gnu/lib/libaddr2line-658ee5924fde57cd.rlib" "/opt/rustwide/rustup-home/toolchains/beta-2021-08-01-x86_64-unknown-linux-gnu/lib/rustlib/x86_64-unknown-linux-gnu/lib/libgimli-9e8627da6bd1b94a.rlib" "/opt/rustwide/rustup-home/toolchains/beta-2021-08-01-x86_64-unknown-linux-gnu/lib/rustlib/x86_64-unknown-linux-gnu/lib/libstd_detect-19fdaac49f59be84.rlib" "/opt/rustwide/rustup-home/toolchains/beta-2021-08-01-x86_64-unknown-linux-gnu/lib/rustlib/x86_64-unknown-linux-gnu/lib/librustc_demangle-cb00e2691ea45905.rlib" "/opt/rustwide/rustup-home/toolchains/beta-2021-08-01-x86_64-unknown-linux-gnu/lib/rustlib/x86_64-unknown-linux-gnu/lib/libhashbrown-50f6726defae5ae1.rlib" "/opt/rustwide/rustup-home/toolchains/beta-2021-08-01-x86_64-unknown-linux-gnu/lib/rustlib/x86_64-unknown-linux-gnu/lib/librustc_std_workspace_alloc-2afc16311deea26e.rlib" "/opt/rustwide/rustup-home/toolchains/beta-2021-08-01-x86_64-unknown-linux-gnu/lib/rustlib/x86_64-unknown-linux-gnu/lib/libunwind-bb5cb0fe086ee8cf.rlib" "/opt/rustwide/rustup-home/toolchains/beta-2021-08-01-x86_64-unknown-linux-gnu/lib/rustlib/x86_64-unknown-linux-gnu/lib/libcfg_if-896053247b5dfd0b.rlib" "/opt/rustwide/rustup-home/toolchains/beta-2021-08-01-x86_64-unknown-linux-gnu/lib/rustlib/x86_64-unknown-linux-gnu/lib/liblibc-735e1f2ac3cf23be.rlib" "/opt/rustwide/rustup-home/toolchains/beta-2021-08-01-x86_64-unknown-linux-gnu/lib/rustlib/x86_64-unknown-linux-gnu/lib/liballoc-9dfb6622644c732c.rlib" "/opt/rustwide/rustup-home/toolchains/beta-2021-08-01-x86_64-unknown-linux-gnu/lib/rustlib/x86_64-unknown-linux-gnu/lib/librustc_std_workspace_core-beea7d9617fe25c5.rlib" "/opt/rustwide/rustup-home/toolchains/beta-2021-08-01-x86_64-unknown-linux-gnu/lib/rustlib/x86_64-unknown-linux-gnu/lib/libcore-8ef7dd43fc671f88.rlib" "-Wl,--end-group" "/opt/rustwide/rustup-home/toolchains/beta-2021-08-01-x86_64-unknown-linux-gnu/lib/rustlib/x86_64-unknown-linux-gnu/lib/libcompiler_builtins-a9a3b2ad67977f47.rlib" "-Wl,-Bdynamic" "-lgcc_s" "-lutil" "-lrt" "-lpthread" "-lm" "-ldl" "-lc" "-Wl,--eh-frame-hdr" "-Wl,-znoexecstack" "-L" "/opt/rustwide/rustup-home/toolchains/beta-2021-08-01-x86_64-unknown-linux-gnu/lib/rustlib/x86_64-unknown-linux-gnu/lib" "-o" "/opt/rustwide/target/debug/deps/cryptor-ca8ae6000e6672fb" "-Wl,--gc-sections" "-pie" "-Wl,-zrelro" "-Wl,-znow" "-nodefaultlibs"
[INFO] [stdout]   = note: /usr/bin/ld: /opt/rustwide/target/debug/deps/cryptor-ca8ae6000e6672fb.cryptor.0355ff2b-cgu.0.rcgu.o: in function `common_crypto::cryptor::Cryptor::update':
[INFO] [stdout]           /opt/rustwide/workdir/src/cryptor.rs:374: undefined reference to `CCCryptorGetOutputLength'
[INFO] [stdout]           /usr/bin/ld: /opt/rustwide/workdir/src/cryptor.rs:379: undefined reference to `CCCryptorUpdate'
[INFO] [stdout]           /usr/bin/ld: /opt/rustwide/target/debug/deps/cryptor-ca8ae6000e6672fb.cryptor.0355ff2b-cgu.0.rcgu.o: in function `common_crypto::cryptor::Cryptor::update':
[INFO] [stdout]           /opt/rustwide/workdir/src/cryptor.rs:374: undefined reference to `CCCryptorGetOutputLength'
[INFO] [stdout]           /usr/bin/ld: /opt/rustwide/workdir/src/cryptor.rs:379: undefined reference to `CCCryptorUpdate'
[INFO] [stdout]           /usr/bin/ld: /opt/rustwide/target/debug/deps/cryptor-ca8ae6000e6672fb.cryptor.0355ff2b-cgu.0.rcgu.o: in function `common_crypto::cryptor::Cryptor::update':
[INFO] [stdout]           /opt/rustwide/workdir/src/cryptor.rs:374: undefined reference to `CCCryptorGetOutputLength'
[INFO] [stdout]           /usr/bin/ld: /opt/rustwide/workdir/src/cryptor.rs:379: undefined reference to `CCCryptorUpdate'
[INFO] [stdout]           /usr/bin/ld: /opt/rustwide/target/debug/deps/libcommon_crypto-f8c07be62a80097e.rlib(common_crypto-f8c07be62a80097e.common_crypto.798b963d-cgu.0.rcgu.o): in function `<common_crypto::cryptor::Cryptor as core::ops::drop::Drop>::drop':
[INFO] [stdout]           /opt/rustwide/workdir/src/cryptor.rs:321: undefined reference to `CCCryptorRelease'
[INFO] [stdout]           /usr/bin/ld: /opt/rustwide/target/debug/deps/libcommon_crypto-f8c07be62a80097e.rlib(common_crypto-f8c07be62a80097e.common_crypto.798b963d-cgu.0.rcgu.o): in function `common_crypto::cryptor::Cryptor::new':
[INFO] [stdout]           /opt/rustwide/workdir/src/cryptor.rs:331: undefined reference to `CCCryptorCreateWithMode'
[INFO] [stdout]           collect2: error: ld returned 1 exit status
[INFO] [stdout]           
[INFO] [stdout]   = help: some `extern` functions couldn't be found; some native libraries may need to be installed or have their path specified
[INFO] [stdout]   = note: use the `-l` flag to specify native libraries to link
[INFO] [stdout]   = note: use the `cargo:rustc-link-lib` directive to specify the native libraries to link with Cargo (see https://doc.rust-lang.org/cargo/reference/build-scripts.html#cargorustc-link-libkindname)
[INFO] [stdout] 
[INFO] [stdout] 
[INFO] [stdout] error: aborting due to previous error
[INFO] [stdout] 
[INFO] [stdout] 
[INFO] [stderr] error: could not compile `common-crypto` due to 2 previous errors
[INFO] [stderr] warning: build failed, waiting for other jobs to finish...
[INFO] [stdout] error: linking with `cc` failed: exit status: 1
[INFO] [stdout]   |
[INFO] [stdout]   = note: "cc" "-m64" "/opt/rustwide/target/debug/deps/hmac-f2ba835050fa785d.hmac.5dca64b7-cgu.0.rcgu.o" "/opt/rustwide/target/debug/deps/hmac-f2ba835050fa785d.hmac.5dca64b7-cgu.1.rcgu.o" "/opt/rustwide/target/debug/deps/hmac-f2ba835050fa785d.hmac.5dca64b7-cgu.10.rcgu.o" "/opt/rustwide/target/debug/deps/hmac-f2ba835050fa785d.hmac.5dca64b7-cgu.11.rcgu.o" "/opt/rustwide/target/debug/deps/hmac-f2ba835050fa785d.hmac.5dca64b7-cgu.12.rcgu.o" "/opt/rustwide/target/debug/deps/hmac-f2ba835050fa785d.hmac.5dca64b7-cgu.13.rcgu.o" "/opt/rustwide/target/debug/deps/hmac-f2ba835050fa785d.hmac.5dca64b7-cgu.14.rcgu.o" "/opt/rustwide/target/debug/deps/hmac-f2ba835050fa785d.hmac.5dca64b7-cgu.15.rcgu.o" "/opt/rustwide/target/debug/deps/hmac-f2ba835050fa785d.hmac.5dca64b7-cgu.2.rcgu.o" "/opt/rustwide/target/debug/deps/hmac-f2ba835050fa785d.hmac.5dca64b7-cgu.3.rcgu.o" "/opt/rustwide/target/debug/deps/hmac-f2ba835050fa785d.hmac.5dca64b7-cgu.4.rcgu.o" "/opt/rustwide/target/debug/deps/hmac-f2ba835050fa785d.hmac.5dca64b7-cgu.5.rcgu.o" "/opt/rustwide/target/debug/deps/hmac-f2ba835050fa785d.hmac.5dca64b7-cgu.6.rcgu.o" "/opt/rustwide/target/debug/deps/hmac-f2ba835050fa785d.hmac.5dca64b7-cgu.7.rcgu.o" "/opt/rustwide/target/debug/deps/hmac-f2ba835050fa785d.hmac.5dca64b7-cgu.8.rcgu.o" "/opt/rustwide/target/debug/deps/hmac-f2ba835050fa785d.hmac.5dca64b7-cgu.9.rcgu.o" "/opt/rustwide/target/debug/deps/hmac-f2ba835050fa785d.1cy9inx233s35wtr.rcgu.o" "-Wl,--as-needed" "-L" "/opt/rustwide/target/debug/deps" "-L" "/opt/rustwide/rustup-home/toolchains/beta-2021-08-01-x86_64-unknown-linux-gnu/lib/rustlib/x86_64-unknown-linux-gnu/lib" "-Wl,-Bstatic" "/opt/rustwide/target/debug/deps/libhex-9a904a2451156f14.rlib" "/opt/rustwide/rustup-home/toolchains/beta-2021-08-01-x86_64-unknown-linux-gnu/lib/rustlib/x86_64-unknown-linux-gnu/lib/libtest-6e9019ff2cdb2237.rlib" "/opt/rustwide/rustup-home/toolchains/beta-2021-08-01-x86_64-unknown-linux-gnu/lib/rustlib/x86_64-unknown-linux-gnu/lib/libgetopts-e9cc0b5f091b140c.rlib" "/opt/rustwide/rustup-home/toolchains/beta-2021-08-01-x86_64-unknown-linux-gnu/lib/rustlib/x86_64-unknown-linux-gnu/lib/libunicode_width-762dfa4479f14aad.rlib" "/opt/rustwide/rustup-home/toolchains/beta-2021-08-01-x86_64-unknown-linux-gnu/lib/rustlib/x86_64-unknown-linux-gnu/lib/librustc_std_workspace_std-2a5ac1cc0b21909c.rlib" "/opt/rustwide/target/debug/deps/libcommon_crypto-f8c07be62a80097e.rlib" "-Wl,--start-group" "/opt/rustwide/rustup-home/toolchains/beta-2021-08-01-x86_64-unknown-linux-gnu/lib/rustlib/x86_64-unknown-linux-gnu/lib/libstd-197d933f09d9a590.rlib" "/opt/rustwide/rustup-home/toolchains/beta-2021-08-01-x86_64-unknown-linux-gnu/lib/rustlib/x86_64-unknown-linux-gnu/lib/libpanic_unwind-46a006cddfd334f0.rlib" "/opt/rustwide/rustup-home/toolchains/beta-2021-08-01-x86_64-unknown-linux-gnu/lib/rustlib/x86_64-unknown-linux-gnu/lib/libminiz_oxide-5b9870310e470b38.rlib" "/opt/rustwide/rustup-home/toolchains/beta-2021-08-01-x86_64-unknown-linux-gnu/lib/rustlib/x86_64-unknown-linux-gnu/lib/libadler-260022ba8f1ab4ee.rlib" "/opt/rustwide/rustup-home/toolchains/beta-2021-08-01-x86_64-unknown-linux-gnu/lib/rustlib/x86_64-unknown-linux-gnu/lib/libobject-71377435a799394f.rlib" "/opt/rustwide/rustup-home/toolchains/beta-2021-08-01-x86_64-unknown-linux-gnu/lib/rustlib/x86_64-unknown-linux-gnu/lib/libaddr2line-658ee5924fde57cd.rlib" "/opt/rustwide/rustup-home/toolchains/beta-2021-08-01-x86_64-unknown-linux-gnu/lib/rustlib/x86_64-unknown-linux-gnu/lib/libgimli-9e8627da6bd1b94a.rlib" "/opt/rustwide/rustup-home/toolchains/beta-2021-08-01-x86_64-unknown-linux-gnu/lib/rustlib/x86_64-unknown-linux-gnu/lib/libstd_detect-19fdaac49f59be84.rlib" "/opt/rustwide/rustup-home/toolchains/beta-2021-08-01-x86_64-unknown-linux-gnu/lib/rustlib/x86_64-unknown-linux-gnu/lib/librustc_demangle-cb00e2691ea45905.rlib" "/opt/rustwide/rustup-home/toolchains/beta-2021-08-01-x86_64-unknown-linux-gnu/lib/rustlib/x86_64-unknown-linux-gnu/lib/libhashbrown-50f6726defae5ae1.rlib" "/opt/rustwide/rustup-home/toolchains/beta-2021-08-01-x86_64-unknown-linux-gnu/lib/rustlib/x86_64-unknown-linux-gnu/lib/librustc_std_workspace_alloc-2afc16311deea26e.rlib" "/opt/rustwide/rustup-home/toolchains/beta-2021-08-01-x86_64-unknown-linux-gnu/lib/rustlib/x86_64-unknown-linux-gnu/lib/libunwind-bb5cb0fe086ee8cf.rlib" "/opt/rustwide/rustup-home/toolchains/beta-2021-08-01-x86_64-unknown-linux-gnu/lib/rustlib/x86_64-unknown-linux-gnu/lib/libcfg_if-896053247b5dfd0b.rlib" "/opt/rustwide/rustup-home/toolchains/beta-2021-08-01-x86_64-unknown-linux-gnu/lib/rustlib/x86_64-unknown-linux-gnu/lib/liblibc-735e1f2ac3cf23be.rlib" "/opt/rustwide/rustup-home/toolchains/beta-2021-08-01-x86_64-unknown-linux-gnu/lib/rustlib/x86_64-unknown-linux-gnu/lib/liballoc-9dfb6622644c732c.rlib" "/opt/rustwide/rustup-home/toolchains/beta-2021-08-01-x86_64-unknown-linux-gnu/lib/rustlib/x86_64-unknown-linux-gnu/lib/librustc_std_workspace_core-beea7d9617fe25c5.rlib" "/opt/rustwide/rustup-home/toolchains/beta-2021-08-01-x86_64-unknown-linux-gnu/lib/rustlib/x86_64-unknown-linux-gnu/lib/libcore-8ef7dd43fc671f88.rlib" "-Wl,--end-group" "/opt/rustwide/rustup-home/toolchains/beta-2021-08-01-x86_64-unknown-linux-gnu/lib/rustlib/x86_64-unknown-linux-gnu/lib/libcompiler_builtins-a9a3b2ad67977f47.rlib" "-Wl,-Bdynamic" "-lgcc_s" "-lutil" "-lrt" "-lpthread" "-lm" "-ldl" "-lc" "-Wl,--eh-frame-hdr" "-Wl,-znoexecstack" "-L" "/opt/rustwide/rustup-home/toolchains/beta-2021-08-01-x86_64-unknown-linux-gnu/lib/rustlib/x86_64-unknown-linux-gnu/lib" "-o" "/opt/rustwide/target/debug/deps/hmac-f2ba835050fa785d" "-Wl,--gc-sections" "-pie" "-Wl,-zrelro" "-Wl,-znow" "-nodefaultlibs"
[INFO] [stdout]   = note: /usr/bin/ld: /opt/rustwide/target/debug/deps/hmac-f2ba835050fa785d.hmac.5dca64b7-cgu.1.rcgu.o: in function `common_crypto::hmac::MD5::new':
[INFO] [stdout]           /opt/rustwide/workdir/src/hmac.rs:84: undefined reference to `CCHmacInit'
[INFO] [stdout]           /usr/bin/ld: /opt/rustwide/target/debug/deps/hmac-f2ba835050fa785d.hmac.5dca64b7-cgu.1.rcgu.o: in function `common_crypto::hmac::MD5::update':
[INFO] [stdout]           /opt/rustwide/workdir/src/hmac.rs:97: undefined reference to `CCHmacUpdate'
[INFO] [stdout]           /usr/bin/ld: /opt/rustwide/target/debug/deps/hmac-f2ba835050fa785d.hmac.5dca64b7-cgu.1.rcgu.o: in function `common_crypto::hmac::SHA1::new':
[INFO] [stdout]           /opt/rustwide/workdir/src/hmac.rs:84: undefined reference to `CCHmacInit'
[INFO] [stdout]           /usr/bin/ld: /opt/rustwide/target/debug/deps/hmac-f2ba835050fa785d.hmac.5dca64b7-cgu.1.rcgu.o: in function `common_crypto::hmac::SHA1::update':
[INFO] [stdout]           /opt/rustwide/workdir/src/hmac.rs:97: undefined reference to `CCHmacUpdate'
[INFO] [stdout]           /usr/bin/ld: /opt/rustwide/target/debug/deps/hmac-f2ba835050fa785d.hmac.5dca64b7-cgu.1.rcgu.o: in function `common_crypto::hmac::SHA224::new':
[INFO] [stdout]           /opt/rustwide/workdir/src/hmac.rs:84: undefined reference to `CCHmacInit'
[INFO] [stdout]           /usr/bin/ld: /opt/rustwide/target/debug/deps/hmac-f2ba835050fa785d.hmac.5dca64b7-cgu.1.rcgu.o: in function `common_crypto::hmac::SHA224::update':
[INFO] [stdout]           /opt/rustwide/workdir/src/hmac.rs:97: undefined reference to `CCHmacUpdate'
[INFO] [stdout]           /usr/bin/ld: /opt/rustwide/target/debug/deps/hmac-f2ba835050fa785d.hmac.5dca64b7-cgu.1.rcgu.o: in function `common_crypto::hmac::SHA256::new':
[INFO] [stdout]           /opt/rustwide/workdir/src/hmac.rs:84: undefined reference to `CCHmacInit'
[INFO] [stdout]           /usr/bin/ld: /opt/rustwide/target/debug/deps/hmac-f2ba835050fa785d.hmac.5dca64b7-cgu.1.rcgu.o: in function `common_crypto::hmac::SHA256::update':
[INFO] [stdout]           /opt/rustwide/workdir/src/hmac.rs:97: undefined reference to `CCHmacUpdate'
[INFO] [stdout]           /usr/bin/ld: /opt/rustwide/target/debug/deps/hmac-f2ba835050fa785d.hmac.5dca64b7-cgu.1.rcgu.o: in function `common_crypto::hmac::SHA384::new':
[INFO] [stdout]           /opt/rustwide/workdir/src/hmac.rs:84: undefined reference to `CCHmacInit'
[INFO] [stdout]           /usr/bin/ld: /opt/rustwide/target/debug/deps/hmac-f2ba835050fa785d.hmac.5dca64b7-cgu.1.rcgu.o: in function `common_crypto::hmac::SHA384::update':
[INFO] [stdout]           /opt/rustwide/workdir/src/hmac.rs:97: undefined reference to `CCHmacUpdate'
[INFO] [stdout]           /usr/bin/ld: /opt/rustwide/target/debug/deps/hmac-f2ba835050fa785d.hmac.5dca64b7-cgu.1.rcgu.o: in function `common_crypto::hmac::SHA512::new':
[INFO] [stdout]           /opt/rustwide/workdir/src/hmac.rs:84: undefined reference to `CCHmacInit'
[INFO] [stdout]           /usr/bin/ld: /opt/rustwide/target/debug/deps/hmac-f2ba835050fa785d.hmac.5dca64b7-cgu.1.rcgu.o: in function `common_crypto::hmac::SHA512::update':
[INFO] [stdout]           /opt/rustwide/workdir/src/hmac.rs:97: undefined reference to `CCHmacUpdate'
[INFO] [stdout]           /usr/bin/ld: /opt/rustwide/target/debug/deps/libcommon_crypto-f8c07be62a80097e.rlib(common_crypto-f8c07be62a80097e.common_crypto.798b963d-cgu.13.rcgu.o): in function `common_crypto::hmac::HMAC::generate':
[INFO] [stdout]           /opt/rustwide/workdir/src/hmac.rs:46: undefined reference to `CCHmac'
[INFO] [stdout]           /usr/bin/ld: /opt/rustwide/target/debug/deps/libcommon_crypto-f8c07be62a80097e.rlib(common_crypto-f8c07be62a80097e.common_crypto.798b963d-cgu.13.rcgu.o): in function `common_crypto::hmac::MD5::finish':
[INFO] [stdout]           /opt/rustwide/workdir/src/hmac.rs:109: undefined reference to `CCHmacFinal'
[INFO] [stdout]           /usr/bin/ld: /opt/rustwide/target/debug/deps/libcommon_crypto-f8c07be62a80097e.rlib(common_crypto-f8c07be62a80097e.common_crypto.798b963d-cgu.13.rcgu.o): in function `common_crypto::hmac::SHA1::finish':
[INFO] [stdout]           /opt/rustwide/workdir/src/hmac.rs:109: undefined reference to `CCHmacFinal'
[INFO] [stdout]           /usr/bin/ld: /opt/rustwide/target/debug/deps/libcommon_crypto-f8c07be62a80097e.rlib(common_crypto-f8c07be62a80097e.common_crypto.798b963d-cgu.13.rcgu.o): in function `common_crypto::hmac::SHA224::finish':
[INFO] [stdout]           /opt/rustwide/workdir/src/hmac.rs:109: undefined reference to `CCHmacFinal'
[INFO] [stdout]           /usr/bin/ld: /opt/rustwide/target/debug/deps/libcommon_crypto-f8c07be62a80097e.rlib(common_crypto-f8c07be62a80097e.common_crypto.798b963d-cgu.13.rcgu.o): in function `common_crypto::hmac::SHA256::finish':
[INFO] [stdout]           /opt/rustwide/workdir/src/hmac.rs:109: undefined reference to `CCHmacFinal'
[INFO] [stdout]           /usr/bin/ld: /opt/rustwide/target/debug/deps/libcommon_crypto-f8c07be62a80097e.rlib(common_crypto-f8c07be62a80097e.common_crypto.798b963d-cgu.13.rcgu.o): in function `common_crypto::hmac::SHA384::finish':
[INFO] [stdout]           /opt/rustwide/workdir/src/hmac.rs:109: undefined reference to `CCHmacFinal'
[INFO] [stdout]           /usr/bin/ld: /opt/rustwide/target/debug/deps/libcommon_crypto-f8c07be62a80097e.rlib(common_crypto-f8c07be62a80097e.common_crypto.798b963d-cgu.13.rcgu.o):/opt/rustwide/workdir/src/hmac.rs:109: more undefined references to `CCHmacFinal' follow
[INFO] [stdout]           collect2: error: ld returned 1 exit status
[INFO] [stdout]           
[INFO] [stdout]   = help: some `extern` functions couldn't be found; some native libraries may need to be installed or have their path specified
[INFO] [stdout]   = note: use the `-l` flag to specify native libraries to link
[INFO] [stdout]   = note: use the `cargo:rustc-link-lib` directive to specify the native libraries to link with Cargo (see https://doc.rust-lang.org/cargo/reference/build-scripts.html#cargorustc-link-libkindname)
[INFO] [stdout] 
[INFO] [stdout] 
[INFO] [stdout] error: aborting due to previous error
[INFO] [stdout] 
[INFO] [stdout] 
[INFO] [stdout] error: linking with `cc` failed: exit status: 1
[INFO] [stdout]   |
[INFO] [stdout]   = note: "cc" "-m64" "/opt/rustwide/target/debug/deps/hash-8b0b7721610ea36a.hash.fb6e5d6c-cgu.0.rcgu.o" "/opt/rustwide/target/debug/deps/hash-8b0b7721610ea36a.hash.fb6e5d6c-cgu.1.rcgu.o" "/opt/rustwide/target/debug/deps/hash-8b0b7721610ea36a.hash.fb6e5d6c-cgu.10.rcgu.o" "/opt/rustwide/target/debug/deps/hash-8b0b7721610ea36a.hash.fb6e5d6c-cgu.11.rcgu.o" "/opt/rustwide/target/debug/deps/hash-8b0b7721610ea36a.hash.fb6e5d6c-cgu.12.rcgu.o" "/opt/rustwide/target/debug/deps/hash-8b0b7721610ea36a.hash.fb6e5d6c-cgu.13.rcgu.o" "/opt/rustwide/target/debug/deps/hash-8b0b7721610ea36a.hash.fb6e5d6c-cgu.14.rcgu.o" "/opt/rustwide/target/debug/deps/hash-8b0b7721610ea36a.hash.fb6e5d6c-cgu.15.rcgu.o" "/opt/rustwide/target/debug/deps/hash-8b0b7721610ea36a.hash.fb6e5d6c-cgu.2.rcgu.o" "/opt/rustwide/target/debug/deps/hash-8b0b7721610ea36a.hash.fb6e5d6c-cgu.3.rcgu.o" "/opt/rustwide/target/debug/deps/hash-8b0b7721610ea36a.hash.fb6e5d6c-cgu.4.rcgu.o" "/opt/rustwide/target/debug/deps/hash-8b0b7721610ea36a.hash.fb6e5d6c-cgu.5.rcgu.o" "/opt/rustwide/target/debug/deps/hash-8b0b7721610ea36a.hash.fb6e5d6c-cgu.6.rcgu.o" "/opt/rustwide/target/debug/deps/hash-8b0b7721610ea36a.hash.fb6e5d6c-cgu.7.rcgu.o" "/opt/rustwide/target/debug/deps/hash-8b0b7721610ea36a.hash.fb6e5d6c-cgu.8.rcgu.o" "/opt/rustwide/target/debug/deps/hash-8b0b7721610ea36a.hash.fb6e5d6c-cgu.9.rcgu.o" "/opt/rustwide/target/debug/deps/hash-8b0b7721610ea36a.1x8t827flg7gdexa.rcgu.o" "-Wl,--as-needed" "-L" "/opt/rustwide/target/debug/deps" "-L" "/opt/rustwide/rustup-home/toolchains/beta-2021-08-01-x86_64-unknown-linux-gnu/lib/rustlib/x86_64-unknown-linux-gnu/lib" "-Wl,-Bstatic" "/opt/rustwide/target/debug/deps/libhex-9a904a2451156f14.rlib" "/opt/rustwide/rustup-home/toolchains/beta-2021-08-01-x86_64-unknown-linux-gnu/lib/rustlib/x86_64-unknown-linux-gnu/lib/libtest-6e9019ff2cdb2237.rlib" "/opt/rustwide/rustup-home/toolchains/beta-2021-08-01-x86_64-unknown-linux-gnu/lib/rustlib/x86_64-unknown-linux-gnu/lib/libgetopts-e9cc0b5f091b140c.rlib" "/opt/rustwide/rustup-home/toolchains/beta-2021-08-01-x86_64-unknown-linux-gnu/lib/rustlib/x86_64-unknown-linux-gnu/lib/libunicode_width-762dfa4479f14aad.rlib" "/opt/rustwide/rustup-home/toolchains/beta-2021-08-01-x86_64-unknown-linux-gnu/lib/rustlib/x86_64-unknown-linux-gnu/lib/librustc_std_workspace_std-2a5ac1cc0b21909c.rlib" "/opt/rustwide/target/debug/deps/libcommon_crypto-f8c07be62a80097e.rlib" "-Wl,--start-group" "/opt/rustwide/rustup-home/toolchains/beta-2021-08-01-x86_64-unknown-linux-gnu/lib/rustlib/x86_64-unknown-linux-gnu/lib/libstd-197d933f09d9a590.rlib" "/opt/rustwide/rustup-home/toolchains/beta-2021-08-01-x86_64-unknown-linux-gnu/lib/rustlib/x86_64-unknown-linux-gnu/lib/libpanic_unwind-46a006cddfd334f0.rlib" "/opt/rustwide/rustup-home/toolchains/beta-2021-08-01-x86_64-unknown-linux-gnu/lib/rustlib/x86_64-unknown-linux-gnu/lib/libminiz_oxide-5b9870310e470b38.rlib" "/opt/rustwide/rustup-home/toolchains/beta-2021-08-01-x86_64-unknown-linux-gnu/lib/rustlib/x86_64-unknown-linux-gnu/lib/libadler-260022ba8f1ab4ee.rlib" "/opt/rustwide/rustup-home/toolchains/beta-2021-08-01-x86_64-unknown-linux-gnu/lib/rustlib/x86_64-unknown-linux-gnu/lib/libobject-71377435a799394f.rlib" "/opt/rustwide/rustup-home/toolchains/beta-2021-08-01-x86_64-unknown-linux-gnu/lib/rustlib/x86_64-unknown-linux-gnu/lib/libaddr2line-658ee5924fde57cd.rlib" "/opt/rustwide/rustup-home/toolchains/beta-2021-08-01-x86_64-unknown-linux-gnu/lib/rustlib/x86_64-unknown-linux-gnu/lib/libgimli-9e8627da6bd1b94a.rlib" "/opt/rustwide/rustup-home/toolchains/beta-2021-08-01-x86_64-unknown-linux-gnu/lib/rustlib/x86_64-unknown-linux-gnu/lib/libstd_detect-19fdaac49f59be84.rlib" "/opt/rustwide/rustup-home/toolchains/beta-2021-08-01-x86_64-unknown-linux-gnu/lib/rustlib/x86_64-unknown-linux-gnu/lib/librustc_demangle-cb00e2691ea45905.rlib" "/opt/rustwide/rustup-home/toolchains/beta-2021-08-01-x86_64-unknown-linux-gnu/lib/rustlib/x86_64-unknown-linux-gnu/lib/libhashbrown-50f6726defae5ae1.rlib" "/opt/rustwide/rustup-home/toolchains/beta-2021-08-01-x86_64-unknown-linux-gnu/lib/rustlib/x86_64-unknown-linux-gnu/lib/librustc_std_workspace_alloc-2afc16311deea26e.rlib" "/opt/rustwide/rustup-home/toolchains/beta-2021-08-01-x86_64-unknown-linux-gnu/lib/rustlib/x86_64-unknown-linux-gnu/lib/libunwind-bb5cb0fe086ee8cf.rlib" "/opt/rustwide/rustup-home/toolchains/beta-2021-08-01-x86_64-unknown-linux-gnu/lib/rustlib/x86_64-unknown-linux-gnu/lib/libcfg_if-896053247b5dfd0b.rlib" "/opt/rustwide/rustup-home/toolchains/beta-2021-08-01-x86_64-unknown-linux-gnu/lib/rustlib/x86_64-unknown-linux-gnu/lib/liblibc-735e1f2ac3cf23be.rlib" "/opt/rustwide/rustup-home/toolchains/beta-2021-08-01-x86_64-unknown-linux-gnu/lib/rustlib/x86_64-unknown-linux-gnu/lib/liballoc-9dfb6622644c732c.rlib" "/opt/rustwide/rustup-home/toolchains/beta-2021-08-01-x86_64-unknown-linux-gnu/lib/rustlib/x86_64-unknown-linux-gnu/lib/librustc_std_workspace_core-beea7d9617fe25c5.rlib" "/opt/rustwide/rustup-home/toolchains/beta-2021-08-01-x86_64-unknown-linux-gnu/lib/rustlib/x86_64-unknown-linux-gnu/lib/libcore-8ef7dd43fc671f88.rlib" "-Wl,--end-group" "/opt/rustwide/rustup-home/toolchains/beta-2021-08-01-x86_64-unknown-linux-gnu/lib/rustlib/x86_64-unknown-linux-gnu/lib/libcompiler_builtins-a9a3b2ad67977f47.rlib" "-Wl,-Bdynamic" "-lgcc_s" "-lutil" "-lrt" "-lpthread" "-lm" "-ldl" "-lc" "-Wl,--eh-frame-hdr" "-Wl,-znoexecstack" "-L" "/opt/rustwide/rustup-home/toolchains/beta-2021-08-01-x86_64-unknown-linux-gnu/lib/rustlib/x86_64-unknown-linux-gnu/lib" "-o" "/opt/rustwide/target/debug/deps/hash-8b0b7721610ea36a" "-Wl,--gc-sections" "-pie" "-Wl,-zrelro" "-Wl,-znow" "-nodefaultlibs"
[INFO] [stdout]   = note: /usr/bin/ld: /opt/rustwide/target/debug/deps/hash-8b0b7721610ea36a.hash.fb6e5d6c-cgu.6.rcgu.o: in function `common_crypto::hash::Hash::md2':
[INFO] [stdout]           /opt/rustwide/workdir/src/hash.rs:19: undefined reference to `CC_MD2'
[INFO] [stdout]           /usr/bin/ld: /opt/rustwide/target/debug/deps/hash-8b0b7721610ea36a.hash.fb6e5d6c-cgu.6.rcgu.o: in function `common_crypto::hash::Hash::md4':
[INFO] [stdout]           /opt/rustwide/workdir/src/hash.rs:19: undefined reference to `CC_MD4'
[INFO] [stdout]           /usr/bin/ld: /opt/rustwide/target/debug/deps/hash-8b0b7721610ea36a.hash.fb6e5d6c-cgu.6.rcgu.o: in function `common_crypto::hash::Hash::md5':
[INFO] [stdout]           /opt/rustwide/workdir/src/hash.rs:19: undefined reference to `CC_MD5'
[INFO] [stdout]           /usr/bin/ld: /opt/rustwide/target/debug/deps/hash-8b0b7721610ea36a.hash.fb6e5d6c-cgu.6.rcgu.o: in function `common_crypto::hash::Hash::sha1':
[INFO] [stdout]           /opt/rustwide/workdir/src/hash.rs:19: undefined reference to `CC_SHA1'
[INFO] [stdout]           /usr/bin/ld: /opt/rustwide/target/debug/deps/hash-8b0b7721610ea36a.hash.fb6e5d6c-cgu.6.rcgu.o: in function `common_crypto::hash::Hash::sha224':
[INFO] [stdout]           /opt/rustwide/workdir/src/hash.rs:19: undefined reference to `CC_SHA224'
[INFO] [stdout]           /usr/bin/ld: /opt/rustwide/target/debug/deps/hash-8b0b7721610ea36a.hash.fb6e5d6c-cgu.6.rcgu.o: in function `common_crypto::hash::Hash::sha256':
[INFO] [stdout]           /opt/rustwide/workdir/src/hash.rs:19: undefined reference to `CC_SHA256'
[INFO] [stdout]           /usr/bin/ld: /opt/rustwide/target/debug/deps/hash-8b0b7721610ea36a.hash.fb6e5d6c-cgu.6.rcgu.o: in function `common_crypto::hash::Hash::sha384':
[INFO] [stdout]           /opt/rustwide/workdir/src/hash.rs:19: undefined reference to `CC_SHA384'
[INFO] [stdout]           /usr/bin/ld: /opt/rustwide/target/debug/deps/hash-8b0b7721610ea36a.hash.fb6e5d6c-cgu.6.rcgu.o: in function `common_crypto::hash::Hash::sha512':
[INFO] [stdout]           /opt/rustwide/workdir/src/hash.rs:19: undefined reference to `CC_SHA512'
[INFO] [stdout]           collect2: error: ld returned 1 exit status
[INFO] [stdout]           
[INFO] [stdout]   = help: some `extern` functions couldn't be found; some native libraries may need to be installed or have their path specified
[INFO] [stdout]   = note: use the `-l` flag to specify native libraries to link
[INFO] [stdout]   = note: use the `cargo:rustc-link-lib` directive to specify the native libraries to link with Cargo (see https://doc.rust-lang.org/cargo/reference/build-scripts.html#cargorustc-link-libkindname)
[INFO] [stdout] 
[INFO] [stdout] 
[INFO] [stdout] error: aborting due to previous error
[INFO] [stdout] 
[INFO] [stdout] 
[INFO] [stderr] error: build failed
[INFO] running `Command { std: "docker" "inspect" "0d6b0240016ceb573a92a4949b8c8825f8fbc7f98fd02428cff4d093568592b1", kill_on_drop: false }`
[INFO] running `Command { std: "docker" "rm" "-f" "0d6b0240016ceb573a92a4949b8c8825f8fbc7f98fd02428cff4d093568592b1", kill_on_drop: false }`
[INFO] [stdout] 0d6b0240016ceb573a92a4949b8c8825f8fbc7f98fd02428cff4d093568592b1
