[INFO] cloning repository https://github.com/stepnivlk/ohboy
[INFO] running `Command { std: "git" "-c" "credential.helper=" "-c" "credential.helper=/workspace/cargo-home/bin/git-credential-null" "clone" "--bare" "https://github.com/stepnivlk/ohboy" "/workspace/cache/git-repos/https%3A%2F%2Fgithub.com%2Fstepnivlk%2Fohboy", kill_on_drop: false }`
[INFO] [stderr] Cloning into bare repository '/workspace/cache/git-repos/https%3A%2F%2Fgithub.com%2Fstepnivlk%2Fohboy'...
[INFO] running `Command { std: "git" "rev-parse" "HEAD", kill_on_drop: false }`
[INFO] [stdout] 48cbc42e4b7794ae59670d9f808995ad8ad253bf
[INFO] testing stepnivlk/ohboy against 1.54.0 for beta-1.55-1
[INFO] running `Command { std: "git" "clone" "/workspace/cache/git-repos/https%3A%2F%2Fgithub.com%2Fstepnivlk%2Fohboy" "/workspace/builds/worker-104/source", kill_on_drop: false }`
[INFO] [stderr] Cloning into '/workspace/builds/worker-104/source'...
[INFO] [stderr] done.
[INFO] validating manifest of git repo https://github.com/stepnivlk/ohboy on toolchain 1.54.0
[INFO] running `Command { std: "/workspace/cargo-home/bin/cargo" "+1.54.0" "metadata" "--manifest-path" "Cargo.toml" "--no-deps", kill_on_drop: false }`
[INFO] started tweaking git repo https://github.com/stepnivlk/ohboy
[INFO] finished tweaking git repo https://github.com/stepnivlk/ohboy
[INFO] tweaked toml for git repo https://github.com/stepnivlk/ohboy written to /workspace/builds/worker-104/source/Cargo.toml
[INFO] crate git repo https://github.com/stepnivlk/ohboy already has a lockfile, it will not be regenerated
[INFO] running `Command { std: "/workspace/cargo-home/bin/cargo" "+1.54.0" "fetch" "--manifest-path" "Cargo.toml", kill_on_drop: false }`
[INFO] running `Command { std: "docker" "create" "-v" "/var/lib/crater-agent-workspace/builds/worker-104/target:/opt/rustwide/target:rw,Z" "-v" "/var/lib/crater-agent-workspace/builds/worker-104/source:/opt/rustwide/workdir:ro,Z" "-v" "/var/lib/crater-agent-workspace/cargo-home:/opt/rustwide/cargo-home:ro,Z" "-v" "/var/lib/crater-agent-workspace/rustup-home:/opt/rustwide/rustup-home:ro,Z" "-e" "SOURCE_DIR=/opt/rustwide/workdir" "-e" "CARGO_TARGET_DIR=/opt/rustwide/target" "-e" "CARGO_HOME=/opt/rustwide/cargo-home" "-e" "RUSTUP_HOME=/opt/rustwide/rustup-home" "-w" "/opt/rustwide/workdir" "-m" "1610612736" "--user" "0:0" "--network" "none" "ghcr.io/rust-lang/crates-build-env/linux@sha256:34b6a614d2c27851fe6cbf88fbd1137609cefab8b10d0615aaeb6fd47975d74e" "/opt/rustwide/cargo-home/bin/cargo" "+1.54.0" "metadata" "--no-deps" "--format-version=1", kill_on_drop: false }`
[INFO] [stdout] 918f5399ee9eea10a6466eb13bf8cd293d57d4b9758821101e7c08b8ea408cc9
[INFO] running `Command { std: "docker" "start" "-a" "918f5399ee9eea10a6466eb13bf8cd293d57d4b9758821101e7c08b8ea408cc9", kill_on_drop: false }`
[INFO] running `Command { std: "docker" "inspect" "918f5399ee9eea10a6466eb13bf8cd293d57d4b9758821101e7c08b8ea408cc9", kill_on_drop: false }`
[INFO] running `Command { std: "docker" "rm" "-f" "918f5399ee9eea10a6466eb13bf8cd293d57d4b9758821101e7c08b8ea408cc9", kill_on_drop: false }`
[INFO] [stdout] 918f5399ee9eea10a6466eb13bf8cd293d57d4b9758821101e7c08b8ea408cc9
[INFO] running `Command { std: "docker" "create" "-v" "/var/lib/crater-agent-workspace/builds/worker-104/target:/opt/rustwide/target:rw,Z" "-v" "/var/lib/crater-agent-workspace/builds/worker-104/source:/opt/rustwide/workdir:ro,Z" "-v" "/var/lib/crater-agent-workspace/cargo-home:/opt/rustwide/cargo-home:ro,Z" "-v" "/var/lib/crater-agent-workspace/rustup-home:/opt/rustwide/rustup-home:ro,Z" "-e" "SOURCE_DIR=/opt/rustwide/workdir" "-e" "CARGO_TARGET_DIR=/opt/rustwide/target" "-e" "CARGO_INCREMENTAL=0" "-e" "RUST_BACKTRACE=full" "-e" "RUSTFLAGS=--cap-lints=warn" "-e" "CARGO_HOME=/opt/rustwide/cargo-home" "-e" "RUSTUP_HOME=/opt/rustwide/rustup-home" "-w" "/opt/rustwide/workdir" "-m" "1610612736" "--user" "0:0" "--network" "none" "ghcr.io/rust-lang/crates-build-env/linux@sha256:34b6a614d2c27851fe6cbf88fbd1137609cefab8b10d0615aaeb6fd47975d74e" "/opt/rustwide/cargo-home/bin/cargo" "+1.54.0" "build" "--frozen" "--message-format=json", kill_on_drop: false }`
[INFO] [stdout] 62b0c50c41a23ff5a6d1d41deffbf36aed01f268de0596dcf6f5edeec6432196
[INFO] running `Command { std: "docker" "start" "-a" "62b0c50c41a23ff5a6d1d41deffbf36aed01f268de0596dcf6f5edeec6432196", kill_on_drop: false }`
[INFO] [stderr]    Compiling libc v0.2.86
[INFO] [stderr]    Compiling proc-macro2 v1.0.24
[INFO] [stderr]    Compiling memchr v2.3.4
[INFO] [stderr]    Compiling unicode-xid v0.2.1
[INFO] [stderr]    Compiling version_check v0.9.2
[INFO] [stderr]    Compiling cfg-if v1.0.0
[INFO] [stderr]    Compiling pkg-config v0.3.19
[INFO] [stderr]    Compiling bitflags v1.2.1
[INFO] [stderr]    Compiling once_cell v1.6.0
[INFO] [stderr]    Compiling glob v0.3.0
[INFO] [stderr]    Compiling xml-rs v0.8.3
[INFO] [stderr]    Compiling log v0.4.14
[INFO] [stderr]    Compiling unicode-width v0.1.8
[INFO] [stderr]    Compiling regex-syntax v0.6.22
[INFO] [stderr]    Compiling strsim v0.8.0
[INFO] [stderr]    Compiling ansi_term v0.11.0
[INFO] [stderr]    Compiling getrandom v0.2.2
[INFO] [stderr]    Compiling vec_map v0.8.2
[INFO] [stderr]    Compiling bindgen v0.56.0
[INFO] [stderr]    Compiling nix v0.17.0
[INFO] [stderr]    Compiling termcolor v1.1.2
[INFO] [stderr]    Compiling lazy_static v1.4.0
[INFO] [stderr]    Compiling humantime v2.1.0
[INFO] [stderr]    Compiling shlex v0.1.1
[INFO] [stderr]    Compiling void v1.0.2
[INFO] [stderr]    Compiling cfg-if v0.1.10
[INFO] [stderr]    Compiling peeking_take_while v0.1.2
[INFO] [stderr]    Compiling lazycell v1.3.0
[INFO] [stderr]    Compiling rustc-hash v1.1.0
[INFO] [stderr]    Compiling smallvec v1.6.1
[INFO] [stderr]    Compiling downcast-rs v1.2.0
[INFO] [stderr]    Compiling maybe-uninit v2.0.0
[INFO] [stderr]    Compiling ppv-lite86 v0.2.10
[INFO] [stderr]    Compiling cc v1.0.67
[INFO] [stderr]    Compiling remove_dir_all v0.5.3
[INFO] [stderr]    Compiling libloading v0.7.0
[INFO] [stderr]    Compiling thread_local v1.1.3
[INFO] [stderr]    Compiling textwrap v0.11.0
[INFO] [stderr]    Compiling clang-sys v1.1.1
[INFO] [stderr]    Compiling wayland-sys v0.27.0
[INFO] [stderr]    Compiling x11-dl v2.18.5
[INFO] [stderr]    Compiling aho-corasick v0.7.15
[INFO] [stderr]    Compiling nom v5.1.2
[INFO] [stderr]    Compiling nom v6.1.2
[INFO] [stderr]    Compiling quote v1.0.9
[INFO] [stderr]    Compiling wayland-scanner v0.27.0
[INFO] [stderr]    Compiling minifb v0.19.2
[INFO] [stderr]    Compiling atty v0.2.14
[INFO] [stderr]    Compiling which v3.1.1
[INFO] [stderr]    Compiling raw-window-handle v0.3.3
[INFO] [stderr]    Compiling clap v2.33.3
[INFO] [stderr]    Compiling rand_core v0.6.2
[INFO] [stderr]    Compiling rand_chacha v0.3.0
[INFO] [stderr]    Compiling rand v0.8.3
[INFO] [stderr]    Compiling regex v1.4.3
[INFO] [stderr]    Compiling wayland-client v0.27.0
[INFO] [stderr]    Compiling wayland-protocols v0.27.0
[INFO] [stderr]    Compiling xcursor v0.3.3
[INFO] [stderr]    Compiling tempfile v3.2.0
[INFO] [stderr]    Compiling cexpr v0.4.0
[INFO] [stderr]    Compiling env_logger v0.8.3
[INFO] [stderr]    Compiling wayland-commons v0.27.0
[INFO] [stderr]    Compiling wayland-cursor v0.27.0
[INFO] [stderr]    Compiling xkbcommon-sys v0.7.5
[INFO] [stderr]    Compiling xkb v0.2.1
[INFO] [stderr]    Compiling rboy v0.1.0 (/opt/rustwide/workdir)
[INFO] [stdout] warning: unreachable pattern
[INFO] [stdout]   --> src/gpu.rs:86:13
[INFO] [stdout]    |
[INFO] [stdout] 86 |             _ => panic!("unimplemented GPU mode"),
[INFO] [stdout]    |             ^
[INFO] [stdout]    |
[INFO] [stdout]    = note: `#[warn(unreachable_patterns)]` on by default
[INFO] [stdout] 
[INFO] [stdout] 
[INFO] [stdout] warning: field is never read: `oam`
[INFO] [stdout]   --> src/gpu.rs:18:5
[INFO] [stdout]    |
[INFO] [stdout] 18 |     oam: [i8; OAM_SIZE],
[INFO] [stdout]    |     ^^^^^^^^^^^^^^^^^^^
[INFO] [stdout]    |
[INFO] [stdout]    = note: `#[warn(dead_code)]` on by default
[INFO] [stdout] 
[INFO] [stdout] 
[INFO] [stdout] warning: field is never read: `screen`
[INFO] [stdout]   --> src/gpu.rs:21:5
[INFO] [stdout]    |
[INFO] [stdout] 21 |     screen: [u8; SCREEN_SIZE],
[INFO] [stdout]    |     ^^^^^^^^^^^^^^^^^^^^^^^^^
[INFO] [stdout] 
[INFO] [stdout] 
[INFO] [stdout] warning: variant is never constructed: `RotRight`
[INFO] [stdout]   --> src/instr.rs:16:5
[INFO] [stdout]    |
[INFO] [stdout] 16 |     RotRight,
[INFO] [stdout]    |     ^^^^^^^^
[INFO] [stdout] 
[INFO] [stdout] 
[INFO] [stdout] warning: variant is never constructed: `CarryToB7`
[INFO] [stdout]   --> src/instr.rs:33:5
[INFO] [stdout]    |
[INFO] [stdout] 33 |     CarryToB7,
[INFO] [stdout]    |     ^^^^^^^^^
[INFO] [stdout] 
[INFO] [stdout] 
[INFO] [stdout] warning: variant is never constructed: `B0ToCarryAndB7`
[INFO] [stdout]   --> src/instr.rs:36:5
[INFO] [stdout]    |
[INFO] [stdout] 36 |     B0ToCarryAndB7,
[INFO] [stdout]    |     ^^^^^^^^^^^^^^
[INFO] [stdout] 
[INFO] [stdout] 
[INFO] [stdout] warning: associated function is never used: `trace`
[INFO] [stdout]    --> src/instr.rs:118:12
[INFO] [stdout]     |
[INFO] [stdout] 118 |     pub fn trace(&mut self, data: (u16, u16)) {
[INFO] [stdout]     |            ^^^^^
[INFO] [stdout] 
[INFO] [stdout] 
[INFO] [stdout] warning: constant is never used: `W_RAM_SHAD_START`
[INFO] [stdout]   --> src/mmu.rs:28:1
[INFO] [stdout]    |
[INFO] [stdout] 28 | const W_RAM_SHAD_START: usize = 0xE000;
[INFO] [stdout]    | ^^^^^^^^^^^^^^^^^^^^^^^^^^^^^^^^^^^^^^^
[INFO] [stdout] 
[INFO] [stdout] 
[INFO] [stdout] warning: constant is never used: `W_RAM_SHAD_END`
[INFO] [stdout]   --> src/mmu.rs:29:1
[INFO] [stdout]    |
[INFO] [stdout] 29 | const W_RAM_SHAD_END: usize = 0xFDFF;
[INFO] [stdout]    | ^^^^^^^^^^^^^^^^^^^^^^^^^^^^^^^^^^^^^
[INFO] [stdout] 
[INFO] [stdout] 
[INFO] [stdout] warning: constant is never used: `W_RAM_SHAD_SIZE`
[INFO] [stdout]   --> src/mmu.rs:30:1
[INFO] [stdout]    |
[INFO] [stdout] 30 | const W_RAM_SHAD_SIZE: usize = W_RAM_SHAD_END - W_RAM_SHAD_START + 1;
[INFO] [stdout]    | ^^^^^^^^^^^^^^^^^^^^^^^^^^^^^^^^^^^^^^^^^^^^^^^^^^^^^^^^^^^^^^^^^^^^^
[INFO] [stdout] 
[INFO] [stdout] 
[INFO] [stdout] warning: constant is never used: `IO_REGS_SIZE`
[INFO] [stdout]   --> src/mmu.rs:39:1
[INFO] [stdout]    |
[INFO] [stdout] 39 | const IO_REGS_SIZE: usize = IO_REGS_END - IO_REGS_START + 1;
[INFO] [stdout]    | ^^^^^^^^^^^^^^^^^^^^^^^^^^^^^^^^^^^^^^^^^^^^^^^^^^^^^^^^^^^^
[INFO] [stdout] 
[INFO] [stdout] 
[INFO] [stdout] warning: field is never read: `in_bios`
[INFO] [stdout]   --> src/mmu.rs:46:5
[INFO] [stdout]    |
[INFO] [stdout] 46 |     in_bios: bool,
[INFO] [stdout]    |     ^^^^^^^^^^^^^
[INFO] [stdout] 
[INFO] [stdout] 
[INFO] [stdout] warning: field is never read: `rom_bank_n`
[INFO] [stdout]   --> src/mmu.rs:49:5
[INFO] [stdout]    |
[INFO] [stdout] 49 |     rom_bank_n: [u8; ROM_BANK_N_SIZE],
[INFO] [stdout]    |     ^^^^^^^^^^^^^^^^^^^^^^^^^^^^^^^^^
[INFO] [stdout] 
[INFO] [stdout] 
[INFO] [stdout] warning: associated function is never used: `add`
[INFO] [stdout]    --> src/registers.rs:130:12
[INFO] [stdout]     |
[INFO] [stdout] 130 |     pub fn add(&self, reg: Reg8Kind, val: u8) -> (u8, bool) {
[INFO] [stdout]     |            ^^^
[INFO] [stdout] 
[INFO] [stdout] 
[INFO] [stdout] warning: struct is never constructed: `Board`
[INFO] [stdout]   --> src/main.rs:15:8
[INFO] [stdout]    |
[INFO] [stdout] 15 | struct Board {
[INFO] [stdout]    |        ^^^^^
[INFO] [stdout] 
[INFO] [stdout] 
[INFO] [stdout] warning: 15 warnings emitted
[INFO] [stdout] 
[INFO] [stdout] 
[INFO] [stderr]     Finished dev [unoptimized + debuginfo] target(s) in 1m 16s
[INFO] running `Command { std: "docker" "inspect" "62b0c50c41a23ff5a6d1d41deffbf36aed01f268de0596dcf6f5edeec6432196", kill_on_drop: false }`
[INFO] running `Command { std: "docker" "rm" "-f" "62b0c50c41a23ff5a6d1d41deffbf36aed01f268de0596dcf6f5edeec6432196", kill_on_drop: false }`
[INFO] [stdout] 62b0c50c41a23ff5a6d1d41deffbf36aed01f268de0596dcf6f5edeec6432196
[INFO] running `Command { std: "docker" "create" "-v" "/var/lib/crater-agent-workspace/builds/worker-104/target:/opt/rustwide/target:rw,Z" "-v" "/var/lib/crater-agent-workspace/builds/worker-104/source:/opt/rustwide/workdir:ro,Z" "-v" "/var/lib/crater-agent-workspace/cargo-home:/opt/rustwide/cargo-home:ro,Z" "-v" "/var/lib/crater-agent-workspace/rustup-home:/opt/rustwide/rustup-home:ro,Z" "-e" "SOURCE_DIR=/opt/rustwide/workdir" "-e" "CARGO_TARGET_DIR=/opt/rustwide/target" "-e" "CARGO_INCREMENTAL=0" "-e" "RUST_BACKTRACE=full" "-e" "RUSTFLAGS=--cap-lints=warn" "-e" "CARGO_HOME=/opt/rustwide/cargo-home" "-e" "RUSTUP_HOME=/opt/rustwide/rustup-home" "-w" "/opt/rustwide/workdir" "-m" "1610612736" "--user" "0:0" "--network" "none" "ghcr.io/rust-lang/crates-build-env/linux@sha256:34b6a614d2c27851fe6cbf88fbd1137609cefab8b10d0615aaeb6fd47975d74e" "/opt/rustwide/cargo-home/bin/cargo" "+1.54.0" "test" "--frozen" "--no-run" "--message-format=json", kill_on_drop: false }`
[INFO] [stdout] 054a33af103f6b29351e3b66b8ee3ed9839e81fa5b5a870f7c02e53f2cb97f80
[INFO] running `Command { std: "docker" "start" "-a" "054a33af103f6b29351e3b66b8ee3ed9839e81fa5b5a870f7c02e53f2cb97f80", kill_on_drop: false }`
[INFO] [stderr]     Blocking waiting for file lock on package cache
[INFO] [stderr]    Compiling rboy v0.1.0 (/opt/rustwide/workdir)
[INFO] [stdout] error[E0432]: unresolved import `crate::Registers`
[INFO] [stdout]    --> src/microcode/adds.rs:121:22
[INFO] [stdout]     |
[INFO] [stdout] 121 |     use crate::{Cpu, Registers};
[INFO] [stdout]     |                      ^^^^^^^^^
[INFO] [stdout]     |                      |
[INFO] [stdout]     |                      no `Registers` in the root
[INFO] [stdout]     |                      help: a similar name exists in the module: `registers`
[INFO] [stdout] 
[INFO] [stdout] 
[INFO] [stdout] error[E0432]: unresolved import `crate::Registers`
[INFO] [stdout]   --> src/microcode/and.rs:45:22
[INFO] [stdout]    |
[INFO] [stdout] 45 |     use crate::{Cpu, Registers};
[INFO] [stdout]    |                      ^^^^^^^^^
[INFO] [stdout]    |                      |
[INFO] [stdout]    |                      no `Registers` in the root
[INFO] [stdout]    |                      help: a similar name exists in the module: `registers`
[INFO] [stdout] 
[INFO] [stdout] 
[INFO] [stdout] error[E0432]: unresolved import `crate::Registers`
[INFO] [stdout]   --> src/microcode/or.rs:46:22
[INFO] [stdout]    |
[INFO] [stdout] 46 |     use crate::{Cpu, Registers};
[INFO] [stdout]    |                      ^^^^^^^^^
[INFO] [stdout]    |                      |
[INFO] [stdout]    |                      no `Registers` in the root
[INFO] [stdout]    |                      help: a similar name exists in the module: `registers`
[INFO] [stdout] 
[INFO] [stdout] 
[INFO] [stdout] error[E0432]: unresolved imports `crate::memory_bus`, `crate::Registers`
[INFO] [stdout]    --> src/microcode/subs.rs:118:17
[INFO] [stdout]     |
[INFO] [stdout] 118 |     use crate::{memory_bus, Cpu, Registers};
[INFO] [stdout]     |                 ^^^^^^^^^^       ^^^^^^^^^
[INFO] [stdout]     |                 |                |
[INFO] [stdout]     |                 |                no `Registers` in the root
[INFO] [stdout]     |                 |                help: a similar name exists in the module: `registers`
[INFO] [stdout]     |                 no `memory_bus` in the root
[INFO] [stdout] 
[INFO] [stdout] 
[INFO] [stdout] error[E0432]: unresolved import `crate::Registers`
[INFO] [stdout]   --> src/microcode/xor.rs:40:22
[INFO] [stdout]    |
[INFO] [stdout] 40 |     use crate::{Cpu, Registers};
[INFO] [stdout]    |                      ^^^^^^^^^
[INFO] [stdout]    |                      |
[INFO] [stdout]    |                      no `Registers` in the root
[INFO] [stdout]    |                      help: a similar name exists in the module: `registers`
[INFO] [stdout] 
[INFO] [stdout] 
[INFO] [stdout] error[E0433]: failed to resolve: use of undeclared type `Reg8Kind`
[INFO] [stdout]    --> src/microcode/adds.rs:136:23
[INFO] [stdout]     |
[INFO] [stdout] 136 |         add(&mut cpu, Reg8Kind::B);
[INFO] [stdout]     |                       ^^^^^^^^ use of undeclared type `Reg8Kind`
[INFO] [stdout] 
[INFO] [stdout] 
[INFO] [stdout] error[E0433]: failed to resolve: use of undeclared type `Reg8Kind`
[INFO] [stdout]    --> src/microcode/adds.rs:149:23
[INFO] [stdout]     |
[INFO] [stdout] 149 |         add(&mut cpu, Reg8Kind::C);
[INFO] [stdout]     |                       ^^^^^^^^ use of undeclared type `Reg8Kind`
[INFO] [stdout] 
[INFO] [stdout] 
[INFO] [stdout] error[E0433]: failed to resolve: use of undeclared type `Reg8Kind`
[INFO] [stdout]    --> src/microcode/adds.rs:166:23
[INFO] [stdout]     |
[INFO] [stdout] 166 |         add(&mut cpu, Reg8Kind::A);
[INFO] [stdout]     |                       ^^^^^^^^ use of undeclared type `Reg8Kind`
[INFO] [stdout] 
[INFO] [stdout] 
[INFO] [stdout] error[E0433]: failed to resolve: use of undeclared type `Reg8Kind`
[INFO] [stdout]    --> src/microcode/adds.rs:179:23
[INFO] [stdout]     |
[INFO] [stdout] 179 |         add(&mut cpu, Reg8Kind::D);
[INFO] [stdout]     |                       ^^^^^^^^ use of undeclared type `Reg8Kind`
[INFO] [stdout] 
[INFO] [stdout] 
[INFO] [stdout] error[E0433]: failed to resolve: use of undeclared type `Reg8Kind`
[INFO] [stdout]    --> src/microcode/adds.rs:195:23
[INFO] [stdout]     |
[INFO] [stdout] 195 |         add(&mut cpu, Reg8Kind::E);
[INFO] [stdout]     |                       ^^^^^^^^ use of undeclared type `Reg8Kind`
[INFO] [stdout] 
[INFO] [stdout] 
[INFO] [stdout] error[E0433]: failed to resolve: use of undeclared type `Reg8Kind`
[INFO] [stdout]    --> src/microcode/adds.rs:212:23
[INFO] [stdout]     |
[INFO] [stdout] 212 |         adc(&mut cpu, Reg8Kind::B);
[INFO] [stdout]     |                       ^^^^^^^^ use of undeclared type `Reg8Kind`
[INFO] [stdout] 
[INFO] [stdout] 
[INFO] [stdout] error[E0433]: failed to resolve: use of undeclared type `Reg8Kind`
[INFO] [stdout]    --> src/microcode/adds.rs:225:23
[INFO] [stdout]     |
[INFO] [stdout] 225 |         adc(&mut cpu, Reg8Kind::B);
[INFO] [stdout]     |                       ^^^^^^^^ use of undeclared type `Reg8Kind`
[INFO] [stdout] 
[INFO] [stdout] 
[INFO] [stdout] error[E0433]: failed to resolve: use of undeclared type `Reg8Kind`
[INFO] [stdout]    --> src/microcode/adds.rs:243:23
[INFO] [stdout]     |
[INFO] [stdout] 243 |         adc(&mut cpu, Reg8Kind::E);
[INFO] [stdout]     |                       ^^^^^^^^ use of undeclared type `Reg8Kind`
[INFO] [stdout] 
[INFO] [stdout] 
[INFO] [stdout] error[E0433]: failed to resolve: use of undeclared type `Reg8Kind`
[INFO] [stdout]    --> src/microcode/adds.rs:258:23
[INFO] [stdout]     |
[INFO] [stdout] 258 |         adc(&mut cpu, Reg8Kind::D);
[INFO] [stdout]     |                       ^^^^^^^^ use of undeclared type `Reg8Kind`
[INFO] [stdout] 
[INFO] [stdout] 
[INFO] [stdout] error[E0433]: failed to resolve: use of undeclared type `Reg8Kind`
[INFO] [stdout]    --> src/microcode/adds.rs:277:23
[INFO] [stdout]     |
[INFO] [stdout] 277 |         adc(&mut cpu, Reg8Kind::D);
[INFO] [stdout]     |                       ^^^^^^^^ use of undeclared type `Reg8Kind`
[INFO] [stdout] 
[INFO] [stdout] 
[INFO] [stdout] error[E0433]: failed to resolve: use of undeclared type `Reg16Kind`
[INFO] [stdout]    --> src/microcode/adds.rs:294:26
[INFO] [stdout]     |
[INFO] [stdout] 294 |         add_hl(&mut cpu, Reg16Kind::BC);
[INFO] [stdout]     |                          ^^^^^^^^^ use of undeclared type `Reg16Kind`
[INFO] [stdout] 
[INFO] [stdout] 
[INFO] [stdout] error[E0433]: failed to resolve: use of undeclared type `Reg16Kind`
[INFO] [stdout]    --> src/microcode/adds.rs:307:26
[INFO] [stdout]     |
[INFO] [stdout] 307 |         add_hl(&mut cpu, Reg16Kind::DE);
[INFO] [stdout]     |                          ^^^^^^^^^ use of undeclared type `Reg16Kind`
[INFO] [stdout] 
[INFO] [stdout] 
[INFO] [stdout] error[E0433]: failed to resolve: use of undeclared type `Reg16Kind`
[INFO] [stdout]    --> src/microcode/adds.rs:325:26
[INFO] [stdout]     |
[INFO] [stdout] 325 |         add_hl(&mut cpu, Reg16Kind::BC);
[INFO] [stdout]     |                          ^^^^^^^^^ use of undeclared type `Reg16Kind`
[INFO] [stdout] 
[INFO] [stdout] 
[INFO] [stdout] error[E0433]: failed to resolve: use of undeclared type `Reg16Kind`
[INFO] [stdout]    --> src/microcode/adds.rs:340:26
[INFO] [stdout]     |
[INFO] [stdout] 340 |         add_hl(&mut cpu, Reg16Kind::BC);
[INFO] [stdout]     |                          ^^^^^^^^^ use of undeclared type `Reg16Kind`
[INFO] [stdout] 
[INFO] [stdout] 
[INFO] [stdout] error[E0433]: failed to resolve: use of undeclared type `Reg8Kind`
[INFO] [stdout]   --> src/microcode/and.rs:59:23
[INFO] [stdout]    |
[INFO] [stdout] 59 |         and(&mut cpu, Reg8Kind::B);
[INFO] [stdout]    |                       ^^^^^^^^ use of undeclared type `Reg8Kind`
[INFO] [stdout] 
[INFO] [stdout] 
[INFO] [stdout] error[E0433]: failed to resolve: use of undeclared type `Reg8Kind`
[INFO] [stdout]   --> src/microcode/and.rs:74:23
[INFO] [stdout]    |
[INFO] [stdout] 74 |         and(&mut cpu, Reg8Kind::D);
[INFO] [stdout]    |                       ^^^^^^^^ use of undeclared type `Reg8Kind`
[INFO] [stdout] 
[INFO] [stdout] 
[INFO] [stdout] error[E0433]: failed to resolve: use of undeclared type `Reg8Kind`
[INFO] [stdout]   --> src/microcode/and.rs:90:23
[INFO] [stdout]    |
[INFO] [stdout] 90 |         and(&mut cpu, Reg8Kind::C);
[INFO] [stdout]    |                       ^^^^^^^^ use of undeclared type `Reg8Kind`
[INFO] [stdout] 
[INFO] [stdout] 
[INFO] [stdout] error[E0433]: failed to resolve: use of undeclared type `Reg8Kind`
[INFO] [stdout]    --> src/microcode/and.rs:107:23
[INFO] [stdout]     |
[INFO] [stdout] 107 |         and(&mut cpu, Reg8Kind::E);
[INFO] [stdout]     |                       ^^^^^^^^ use of undeclared type `Reg8Kind`
[INFO] [stdout] 
[INFO] [stdout] 
[INFO] [stdout] error[E0433]: failed to resolve: use of undeclared type `Reg8Kind`
[INFO] [stdout]   --> src/microcode/or.rs:60:22
[INFO] [stdout]    |
[INFO] [stdout] 60 |         or(&mut cpu, Reg8Kind::B);
[INFO] [stdout]    |                      ^^^^^^^^ use of undeclared type `Reg8Kind`
[INFO] [stdout] 
[INFO] [stdout] 
[INFO] [stdout] error[E0433]: failed to resolve: use of undeclared type `Reg8Kind`
[INFO] [stdout]   --> src/microcode/or.rs:75:22
[INFO] [stdout]    |
[INFO] [stdout] 75 |         or(&mut cpu, Reg8Kind::D);
[INFO] [stdout]    |                      ^^^^^^^^ use of undeclared type `Reg8Kind`
[INFO] [stdout] 
[INFO] [stdout] 
[INFO] [stdout] error[E0433]: failed to resolve: use of undeclared type `Reg8Kind`
[INFO] [stdout]   --> src/microcode/or.rs:91:22
[INFO] [stdout]    |
[INFO] [stdout] 91 |         or(&mut cpu, Reg8Kind::C);
[INFO] [stdout]    |                      ^^^^^^^^ use of undeclared type `Reg8Kind`
[INFO] [stdout] 
[INFO] [stdout] 
[INFO] [stdout] error[E0433]: failed to resolve: use of undeclared type `Reg8Kind`
[INFO] [stdout]    --> src/microcode/or.rs:108:22
[INFO] [stdout]     |
[INFO] [stdout] 108 |         or(&mut cpu, Reg8Kind::E);
[INFO] [stdout]     |                      ^^^^^^^^ use of undeclared type `Reg8Kind`
[INFO] [stdout] 
[INFO] [stdout] 
[INFO] [stdout] error[E0433]: failed to resolve: use of undeclared type `Reg8Kind`
[INFO] [stdout]   --> src/microcode/xor.rs:54:23
[INFO] [stdout]    |
[INFO] [stdout] 54 |         xor(&mut cpu, Reg8Kind::B);
[INFO] [stdout]    |                       ^^^^^^^^ use of undeclared type `Reg8Kind`
[INFO] [stdout] 
[INFO] [stdout] 
[INFO] [stdout] error[E0433]: failed to resolve: use of undeclared type `Reg8Kind`
[INFO] [stdout]   --> src/microcode/xor.rs:69:23
[INFO] [stdout]    |
[INFO] [stdout] 69 |         xor(&mut cpu, Reg8Kind::D);
[INFO] [stdout]    |                       ^^^^^^^^ use of undeclared type `Reg8Kind`
[INFO] [stdout] 
[INFO] [stdout] 
[INFO] [stdout] error[E0433]: failed to resolve: use of undeclared type `Reg8Kind`
[INFO] [stdout]   --> src/microcode/xor.rs:85:23
[INFO] [stdout]    |
[INFO] [stdout] 85 |         xor(&mut cpu, Reg8Kind::C);
[INFO] [stdout]    |                       ^^^^^^^^ use of undeclared type `Reg8Kind`
[INFO] [stdout] 
[INFO] [stdout] 
[INFO] [stdout] error[E0433]: failed to resolve: use of undeclared type `Reg8Kind`
[INFO] [stdout]    --> src/microcode/xor.rs:101:23
[INFO] [stdout]     |
[INFO] [stdout] 101 |         xor(&mut cpu, Reg8Kind::E);
[INFO] [stdout]     |                       ^^^^^^^^ use of undeclared type `Reg8Kind`
[INFO] [stdout] 
[INFO] [stdout] 
[INFO] [stdout] error[E0425]: cannot find function `add` in this scope
[INFO] [stdout]    --> src/microcode/adds.rs:136:9
[INFO] [stdout]     |
[INFO] [stdout] 20  | pub struct Add<'a>(pub &'a mut Cpu);
[INFO] [stdout]     | ------------------------------------ similarly named tuple struct `Add` defined here
[INFO] [stdout] ...
[INFO] [stdout] 136 |         add(&mut cpu, Reg8Kind::B);
[INFO] [stdout]     |         ^^^ help: a tuple struct with a similar name exists: `Add`
[INFO] [stdout] 
[INFO] [stdout] 
[INFO] [stdout] error[E0425]: cannot find function `add` in this scope
[INFO] [stdout]    --> src/microcode/adds.rs:149:9
[INFO] [stdout]     |
[INFO] [stdout] 20  | pub struct Add<'a>(pub &'a mut Cpu);
[INFO] [stdout]     | ------------------------------------ similarly named tuple struct `Add` defined here
[INFO] [stdout] ...
[INFO] [stdout] 149 |         add(&mut cpu, Reg8Kind::C);
[INFO] [stdout]     |         ^^^ help: a tuple struct with a similar name exists: `Add`
[INFO] [stdout] 
[INFO] [stdout] 
[INFO] [stdout] error[E0425]: cannot find function `add` in this scope
[INFO] [stdout]    --> src/microcode/adds.rs:166:9
[INFO] [stdout]     |
[INFO] [stdout] 20  | pub struct Add<'a>(pub &'a mut Cpu);
[INFO] [stdout]     | ------------------------------------ similarly named tuple struct `Add` defined here
[INFO] [stdout] ...
[INFO] [stdout] 166 |         add(&mut cpu, Reg8Kind::A);
[INFO] [stdout]     |         ^^^ help: a tuple struct with a similar name exists: `Add`
[INFO] [stdout] 
[INFO] [stdout] 
[INFO] [stdout] error[E0425]: cannot find function `add` in this scope
[INFO] [stdout]    --> src/microcode/adds.rs:179:9
[INFO] [stdout]     |
[INFO] [stdout] 20  | pub struct Add<'a>(pub &'a mut Cpu);
[INFO] [stdout]     | ------------------------------------ similarly named tuple struct `Add` defined here
[INFO] [stdout] ...
[INFO] [stdout] 179 |         add(&mut cpu, Reg8Kind::D);
[INFO] [stdout]     |         ^^^ help: a tuple struct with a similar name exists: `Add`
[INFO] [stdout] 
[INFO] [stdout] 
[INFO] [stdout] error[E0425]: cannot find function `add` in this scope
[INFO] [stdout]    --> src/microcode/adds.rs:195:9
[INFO] [stdout]     |
[INFO] [stdout] 20  | pub struct Add<'a>(pub &'a mut Cpu);
[INFO] [stdout]     | ------------------------------------ similarly named tuple struct `Add` defined here
[INFO] [stdout] ...
[INFO] [stdout] 195 |         add(&mut cpu, Reg8Kind::E);
[INFO] [stdout]     |         ^^^ help: a tuple struct with a similar name exists: `Add`
[INFO] [stdout] 
[INFO] [stdout] 
[INFO] [stdout] error[E0425]: cannot find function `adc` in this scope
[INFO] [stdout]    --> src/microcode/adds.rs:212:9
[INFO] [stdout]     |
[INFO] [stdout] 48  | pub struct Adc<'a>(pub &'a mut Cpu);
[INFO] [stdout]     | ------------------------------------ similarly named tuple struct `Adc` defined here
[INFO] [stdout] ...
[INFO] [stdout] 212 |         adc(&mut cpu, Reg8Kind::B);
[INFO] [stdout]     |         ^^^ help: a tuple struct with a similar name exists: `Adc`
[INFO] [stdout] 
[INFO] [stdout] 
[INFO] [stdout] error[E0425]: cannot find function `adc` in this scope
[INFO] [stdout]    --> src/microcode/adds.rs:225:9
[INFO] [stdout]     |
[INFO] [stdout] 48  | pub struct Adc<'a>(pub &'a mut Cpu);
[INFO] [stdout]     | ------------------------------------ similarly named tuple struct `Adc` defined here
[INFO] [stdout] ...
[INFO] [stdout] 225 |         adc(&mut cpu, Reg8Kind::B);
[INFO] [stdout]     |         ^^^ help: a tuple struct with a similar name exists: `Adc`
[INFO] [stdout] 
[INFO] [stdout] 
[INFO] [stdout] error[E0425]: cannot find function `adc` in this scope
[INFO] [stdout]    --> src/microcode/adds.rs:243:9
[INFO] [stdout]     |
[INFO] [stdout] 48  | pub struct Adc<'a>(pub &'a mut Cpu);
[INFO] [stdout]     | ------------------------------------ similarly named tuple struct `Adc` defined here
[INFO] [stdout] ...
[INFO] [stdout] 243 |         adc(&mut cpu, Reg8Kind::E);
[INFO] [stdout]     |         ^^^ help: a tuple struct with a similar name exists: `Adc`
[INFO] [stdout] 
[INFO] [stdout] 
[INFO] [stdout] error[E0425]: cannot find function `adc` in this scope
[INFO] [stdout]    --> src/microcode/adds.rs:258:9
[INFO] [stdout]     |
[INFO] [stdout] 48  | pub struct Adc<'a>(pub &'a mut Cpu);
[INFO] [stdout]     | ------------------------------------ similarly named tuple struct `Adc` defined here
[INFO] [stdout] ...
[INFO] [stdout] 258 |         adc(&mut cpu, Reg8Kind::D);
[INFO] [stdout]     |         ^^^ help: a tuple struct with a similar name exists: `Adc`
[INFO] [stdout] 
[INFO] [stdout] 
[INFO] [stdout] error[E0425]: cannot find function `adc` in this scope
[INFO] [stdout]    --> src/microcode/adds.rs:277:9
[INFO] [stdout]     |
[INFO] [stdout] 48  | pub struct Adc<'a>(pub &'a mut Cpu);
[INFO] [stdout]     | ------------------------------------ similarly named tuple struct `Adc` defined here
[INFO] [stdout] ...
[INFO] [stdout] 277 |         adc(&mut cpu, Reg8Kind::D);
[INFO] [stdout]     |         ^^^ help: a tuple struct with a similar name exists: `Adc`
[INFO] [stdout] 
[INFO] [stdout] 
[INFO] [stdout] error[E0425]: cannot find function `add_hl` in this scope
[INFO] [stdout]    --> src/microcode/adds.rs:294:9
[INFO] [stdout]     |
[INFO] [stdout] 294 |         add_hl(&mut cpu, Reg16Kind::BC);
[INFO] [stdout]     |         ^^^^^^ not found in this scope
[INFO] [stdout] 
[INFO] [stdout] 
[INFO] [stdout] error[E0425]: cannot find function `add_hl` in this scope
[INFO] [stdout]    --> src/microcode/adds.rs:307:9
[INFO] [stdout]     |
[INFO] [stdout] 307 |         add_hl(&mut cpu, Reg16Kind::DE);
[INFO] [stdout]     |         ^^^^^^ not found in this scope
[INFO] [stdout] 
[INFO] [stdout] 
[INFO] [stdout] error[E0425]: cannot find function `add_hl` in this scope
[INFO] [stdout]    --> src/microcode/adds.rs:325:9
[INFO] [stdout]     |
[INFO] [stdout] 325 |         add_hl(&mut cpu, Reg16Kind::BC);
[INFO] [stdout]     |         ^^^^^^ not found in this scope
[INFO] [stdout] 
[INFO] [stdout] 
[INFO] [stdout] error[E0425]: cannot find function `add_hl` in this scope
[INFO] [stdout]    --> src/microcode/adds.rs:340:9
[INFO] [stdout]     |
[INFO] [stdout] 340 |         add_hl(&mut cpu, Reg16Kind::BC);
[INFO] [stdout]     |         ^^^^^^ not found in this scope
[INFO] [stdout] 
[INFO] [stdout] 
[INFO] [stdout] error[E0425]: cannot find function `and` in this scope
[INFO] [stdout]   --> src/microcode/and.rs:59:9
[INFO] [stdout]    |
[INFO] [stdout] 8  | pub struct And<'a>(pub &'a mut Cpu);
[INFO] [stdout]    | ------------------------------------ similarly named tuple struct `And` defined here
[INFO] [stdout] ...
[INFO] [stdout] 59 |         and(&mut cpu, Reg8Kind::B);
[INFO] [stdout]    |         ^^^ help: a tuple struct with a similar name exists: `And`
[INFO] [stdout] 
[INFO] [stdout] 
[INFO] [stdout] error[E0425]: cannot find function `and` in this scope
[INFO] [stdout]   --> src/microcode/and.rs:74:9
[INFO] [stdout]    |
[INFO] [stdout] 8  | pub struct And<'a>(pub &'a mut Cpu);
[INFO] [stdout]    | ------------------------------------ similarly named tuple struct `And` defined here
[INFO] [stdout] ...
[INFO] [stdout] 74 |         and(&mut cpu, Reg8Kind::D);
[INFO] [stdout]    |         ^^^ help: a tuple struct with a similar name exists: `And`
[INFO] [stdout] 
[INFO] [stdout] 
[INFO] [stdout] error[E0425]: cannot find function `and` in this scope
[INFO] [stdout]   --> src/microcode/and.rs:90:9
[INFO] [stdout]    |
[INFO] [stdout] 8  | pub struct And<'a>(pub &'a mut Cpu);
[INFO] [stdout]    | ------------------------------------ similarly named tuple struct `And` defined here
[INFO] [stdout] ...
[INFO] [stdout] 90 |         and(&mut cpu, Reg8Kind::C);
[INFO] [stdout]    |         ^^^ help: a tuple struct with a similar name exists: `And`
[INFO] [stdout] 
[INFO] [stdout] 
[INFO] [stdout] error[E0425]: cannot find function `and` in this scope
[INFO] [stdout]    --> src/microcode/and.rs:107:9
[INFO] [stdout]     |
[INFO] [stdout] 8   | pub struct And<'a>(pub &'a mut Cpu);
[INFO] [stdout]     | ------------------------------------ similarly named tuple struct `And` defined here
[INFO] [stdout] ...
[INFO] [stdout] 107 |         and(&mut cpu, Reg8Kind::E);
[INFO] [stdout]     |         ^^^ help: a tuple struct with a similar name exists: `And`
[INFO] [stdout] 
[INFO] [stdout] 
[INFO] [stdout] error[E0425]: cannot find function `or` in this scope
[INFO] [stdout]   --> src/microcode/or.rs:60:9
[INFO] [stdout]    |
[INFO] [stdout] 8  | pub struct Or<'a>(pub &'a mut Cpu);
[INFO] [stdout]    | ----------------------------------- similarly named tuple struct `Or` defined here
[INFO] [stdout] ...
[INFO] [stdout] 60 |         or(&mut cpu, Reg8Kind::B);
[INFO] [stdout]    |         ^^ help: a tuple struct with a similar name exists (notice the capitalization): `Or`
[INFO] [stdout] 
[INFO] [stdout] 
[INFO] [stdout] error[E0425]: cannot find function `or` in this scope
[INFO] [stdout]   --> src/microcode/or.rs:75:9
[INFO] [stdout]    |
[INFO] [stdout] 8  | pub struct Or<'a>(pub &'a mut Cpu);
[INFO] [stdout]    | ----------------------------------- similarly named tuple struct `Or` defined here
[INFO] [stdout] ...
[INFO] [stdout] 75 |         or(&mut cpu, Reg8Kind::D);
[INFO] [stdout]    |         ^^ help: a tuple struct with a similar name exists (notice the capitalization): `Or`
[INFO] [stdout] 
[INFO] [stdout] 
[INFO] [stdout] error[E0425]: cannot find function `or` in this scope
[INFO] [stdout]   --> src/microcode/or.rs:91:9
[INFO] [stdout]    |
[INFO] [stdout] 8  | pub struct Or<'a>(pub &'a mut Cpu);
[INFO] [stdout]    | ----------------------------------- similarly named tuple struct `Or` defined here
[INFO] [stdout] ...
[INFO] [stdout] 91 |         or(&mut cpu, Reg8Kind::C);
[INFO] [stdout]    |         ^^ help: a tuple struct with a similar name exists (notice the capitalization): `Or`
[INFO] [stdout] 
[INFO] [stdout] 
[INFO] [stdout] error[E0425]: cannot find function `or` in this scope
[INFO] [stdout]    --> src/microcode/or.rs:108:9
[INFO] [stdout]     |
[INFO] [stdout] 8   | pub struct Or<'a>(pub &'a mut Cpu);
[INFO] [stdout]     | ----------------------------------- similarly named tuple struct `Or` defined here
[INFO] [stdout] ...
[INFO] [stdout] 108 |         or(&mut cpu, Reg8Kind::E);
[INFO] [stdout]     |         ^^ help: a tuple struct with a similar name exists (notice the capitalization): `Or`
[INFO] [stdout] 
[INFO] [stdout] 
[INFO] [stdout] error[E0425]: cannot find function `sub` in this scope
[INFO] [stdout]    --> src/microcode/subs.rs:137:9
[INFO] [stdout]     |
[INFO] [stdout] 7   | pub struct Sub<'a>(pub &'a mut Cpu);
[INFO] [stdout]     | ------------------------------------ similarly named tuple struct `Sub` defined here
[INFO] [stdout] ...
[INFO] [stdout] 137 |         sub(&mut cpu, 0x00);
[INFO] [stdout]     |         ^^^ help: a tuple struct with a similar name exists (notice the capitalization): `Sub`
[INFO] [stdout] 
[INFO] [stdout] 
[INFO] [stdout] error[E0425]: cannot find function `sub` in this scope
[INFO] [stdout]    --> src/microcode/subs.rs:149:9
[INFO] [stdout]     |
[INFO] [stdout] 7   | pub struct Sub<'a>(pub &'a mut Cpu);
[INFO] [stdout]     | ------------------------------------ similarly named tuple struct `Sub` defined here
[INFO] [stdout] ...
[INFO] [stdout] 149 |         sub(&mut cpu, 0x02);
[INFO] [stdout]     |         ^^^ help: a tuple struct with a similar name exists (notice the capitalization): `Sub`
[INFO] [stdout] 
[INFO] [stdout] 
[INFO] [stdout] error[E0425]: cannot find function `sub` in this scope
[INFO] [stdout]    --> src/microcode/subs.rs:166:9
[INFO] [stdout]     |
[INFO] [stdout] 7   | pub struct Sub<'a>(pub &'a mut Cpu);
[INFO] [stdout]     | ------------------------------------ similarly named tuple struct `Sub` defined here
[INFO] [stdout] ...
[INFO] [stdout] 166 |         sub(&mut cpu, 0x20);
[INFO] [stdout]     |         ^^^ help: a tuple struct with a similar name exists (notice the capitalization): `Sub`
[INFO] [stdout] 
[INFO] [stdout] 
[INFO] [stdout] error[E0425]: cannot find function `sub` in this scope
[INFO] [stdout]    --> src/microcode/subs.rs:181:9
[INFO] [stdout]     |
[INFO] [stdout] 7   | pub struct Sub<'a>(pub &'a mut Cpu);
[INFO] [stdout]     | ------------------------------------ similarly named tuple struct `Sub` defined here
[INFO] [stdout] ...
[INFO] [stdout] 181 |         sub(&mut cpu, 0b0000_1111);
[INFO] [stdout]     |         ^^^ help: a tuple struct with a similar name exists (notice the capitalization): `Sub`
[INFO] [stdout] 
[INFO] [stdout] 
[INFO] [stdout] error[E0425]: cannot find function `sbc` in this scope
[INFO] [stdout]    --> src/microcode/subs.rs:199:9
[INFO] [stdout]     |
[INFO] [stdout] 81  | pub struct Sbc<'a>(pub &'a mut Cpu);
[INFO] [stdout]     | ------------------------------------ similarly named tuple struct `Sbc` defined here
[INFO] [stdout] ...
[INFO] [stdout] 199 |         sbc(&mut cpu, 0x00);
[INFO] [stdout]     |         ^^^ help: a tuple struct with a similar name exists (notice the capitalization): `Sbc`
[INFO] [stdout] 
[INFO] [stdout] 
[INFO] [stdout] error[E0425]: cannot find function `sbc` in this scope
[INFO] [stdout]    --> src/microcode/subs.rs:211:9
[INFO] [stdout]     |
[INFO] [stdout] 81  | pub struct Sbc<'a>(pub &'a mut Cpu);
[INFO] [stdout]     | ------------------------------------ similarly named tuple struct `Sbc` defined here
[INFO] [stdout] ...
[INFO] [stdout] 211 |         sbc(&mut cpu, 0x01);
[INFO] [stdout]     |         ^^^ help: a tuple struct with a similar name exists (notice the capitalization): `Sbc`
[INFO] [stdout] 
[INFO] [stdout] 
[INFO] [stdout] error[E0425]: cannot find function `sbc` in this scope
[INFO] [stdout]    --> src/microcode/subs.rs:228:9
[INFO] [stdout]     |
[INFO] [stdout] 81  | pub struct Sbc<'a>(pub &'a mut Cpu);
[INFO] [stdout]     | ------------------------------------ similarly named tuple struct `Sbc` defined here
[INFO] [stdout] ...
[INFO] [stdout] 228 |         sbc(&mut cpu, 0b0000_1001);
[INFO] [stdout]     |         ^^^ help: a tuple struct with a similar name exists (notice the capitalization): `Sbc`
[INFO] [stdout] 
[INFO] [stdout] 
[INFO] [stdout] error[E0425]: cannot find function `sbc` in this scope
[INFO] [stdout]    --> src/microcode/subs.rs:243:9
[INFO] [stdout]     |
[INFO] [stdout] 81  | pub struct Sbc<'a>(pub &'a mut Cpu);
[INFO] [stdout]     | ------------------------------------ similarly named tuple struct `Sbc` defined here
[INFO] [stdout] ...
[INFO] [stdout] 243 |         sbc(&mut cpu, 0b1111_1111);
[INFO] [stdout]     |         ^^^ help: a tuple struct with a similar name exists (notice the capitalization): `Sbc`
[INFO] [stdout] 
[INFO] [stdout] 
[INFO] [stdout] error[E0425]: cannot find function `sbc` in this scope
[INFO] [stdout]    --> src/microcode/subs.rs:259:9
[INFO] [stdout]     |
[INFO] [stdout] 81  | pub struct Sbc<'a>(pub &'a mut Cpu);
[INFO] [stdout]     | ------------------------------------ similarly named tuple struct `Sbc` defined here
[INFO] [stdout] ...
[INFO] [stdout] 259 |         sbc(&mut cpu, 0b1);
[INFO] [stdout]     |         ^^^ help: a tuple struct with a similar name exists (notice the capitalization): `Sbc`
[INFO] [stdout] 
[INFO] [stdout] 
[INFO] [stdout] error[E0425]: cannot find function `sbc` in this scope
[INFO] [stdout]    --> src/microcode/subs.rs:276:9
[INFO] [stdout]     |
[INFO] [stdout] 81  | pub struct Sbc<'a>(pub &'a mut Cpu);
[INFO] [stdout]     | ------------------------------------ similarly named tuple struct `Sbc` defined here
[INFO] [stdout] ...
[INFO] [stdout] 276 |         sbc(&mut cpu, 0b0001_0001);
[INFO] [stdout]     |         ^^^ help: a tuple struct with a similar name exists (notice the capitalization): `Sbc`
[INFO] [stdout] 
[INFO] [stdout] 
[INFO] [stdout] error[E0425]: cannot find function `xor` in this scope
[INFO] [stdout]   --> src/microcode/xor.rs:54:9
[INFO] [stdout]    |
[INFO] [stdout] 7  | pub struct Xor<'a>(pub &'a mut Cpu);
[INFO] [stdout]    | ------------------------------------ similarly named tuple struct `Xor` defined here
[INFO] [stdout] ...
[INFO] [stdout] 54 |         xor(&mut cpu, Reg8Kind::B);
[INFO] [stdout]    |         ^^^ help: a tuple struct with a similar name exists (notice the capitalization): `Xor`
[INFO] [stdout] 
[INFO] [stdout] 
[INFO] [stdout] error[E0425]: cannot find function `xor` in this scope
[INFO] [stdout]   --> src/microcode/xor.rs:69:9
[INFO] [stdout]    |
[INFO] [stdout] 7  | pub struct Xor<'a>(pub &'a mut Cpu);
[INFO] [stdout]    | ------------------------------------ similarly named tuple struct `Xor` defined here
[INFO] [stdout] ...
[INFO] [stdout] 69 |         xor(&mut cpu, Reg8Kind::D);
[INFO] [stdout]    |         ^^^ help: a tuple struct with a similar name exists (notice the capitalization): `Xor`
[INFO] [stdout] 
[INFO] [stdout] 
[INFO] [stdout] error[E0425]: cannot find function `xor` in this scope
[INFO] [stdout]   --> src/microcode/xor.rs:85:9
[INFO] [stdout]    |
[INFO] [stdout] 7  | pub struct Xor<'a>(pub &'a mut Cpu);
[INFO] [stdout]    | ------------------------------------ similarly named tuple struct `Xor` defined here
[INFO] [stdout] ...
[INFO] [stdout] 85 |         xor(&mut cpu, Reg8Kind::C);
[INFO] [stdout]    |         ^^^ help: a tuple struct with a similar name exists (notice the capitalization): `Xor`
[INFO] [stdout] 
[INFO] [stdout] 
[INFO] [stdout] error[E0425]: cannot find function `xor` in this scope
[INFO] [stdout]    --> src/microcode/xor.rs:101:9
[INFO] [stdout]     |
[INFO] [stdout] 7   | pub struct Xor<'a>(pub &'a mut Cpu);
[INFO] [stdout]     | ------------------------------------ similarly named tuple struct `Xor` defined here
[INFO] [stdout] ...
[INFO] [stdout] 101 |         xor(&mut cpu, Reg8Kind::E);
[INFO] [stdout]     |         ^^^ help: a tuple struct with a similar name exists (notice the capitalization): `Xor`
[INFO] [stdout] 
[INFO] [stdout] 
[INFO] [stdout] warning: unused import: `super::*`
[INFO] [stdout]    --> src/microcode/adds.rs:120:9
[INFO] [stdout]     |
[INFO] [stdout] 120 |     use super::*;
[INFO] [stdout]     |         ^^^^^^^^
[INFO] [stdout]     |
[INFO] [stdout]     = note: `#[warn(unused_imports)]` on by default
[INFO] [stdout] 
[INFO] [stdout] 
[INFO] [stdout] warning: unused import: `super::*`
[INFO] [stdout]   --> src/microcode/and.rs:44:9
[INFO] [stdout]    |
[INFO] [stdout] 44 |     use super::*;
[INFO] [stdout]    |         ^^^^^^^^
[INFO] [stdout] 
[INFO] [stdout] 
[INFO] [stdout] warning: unused import: `super::*`
[INFO] [stdout]   --> src/microcode/or.rs:45:9
[INFO] [stdout]    |
[INFO] [stdout] 45 |     use super::*;
[INFO] [stdout]    |         ^^^^^^^^
[INFO] [stdout] 
[INFO] [stdout] 
[INFO] [stdout] warning: unused import: `super::*`
[INFO] [stdout]    --> src/microcode/subs.rs:117:9
[INFO] [stdout]     |
[INFO] [stdout] 117 |     use super::*;
[INFO] [stdout]     |         ^^^^^^^^
[INFO] [stdout] 
[INFO] [stdout] 
[INFO] [stdout] warning: unused import: `super::*`
[INFO] [stdout]   --> src/microcode/xor.rs:39:9
[INFO] [stdout]    |
[INFO] [stdout] 39 |     use super::*;
[INFO] [stdout]    |         ^^^^^^^^
[INFO] [stdout] 
[INFO] [stdout] 
[INFO] [stdout] error: aborting due to 67 previous errors; 5 warnings emitted
[INFO] [stdout] 
[INFO] [stdout] 
[INFO] [stdout] Some errors have detailed explanations: E0425, E0432, E0433.
[INFO] [stdout] 
[INFO] [stdout] For more information about an error, try `rustc --explain E0425`.
[INFO] [stdout] 
[INFO] [stderr] error: could not compile `rboy`
[INFO] [stderr] 
[INFO] [stderr] To learn more, run the command again with --verbose.
[INFO] running `Command { std: "docker" "inspect" "054a33af103f6b29351e3b66b8ee3ed9839e81fa5b5a870f7c02e53f2cb97f80", kill_on_drop: false }`
[INFO] running `Command { std: "docker" "rm" "-f" "054a33af103f6b29351e3b66b8ee3ed9839e81fa5b5a870f7c02e53f2cb97f80", kill_on_drop: false }`
[INFO] [stdout] 054a33af103f6b29351e3b66b8ee3ed9839e81fa5b5a870f7c02e53f2cb97f80
