[INFO] cloning repository https://github.com/stay-on-main/fat_fs
[INFO] running `Command { std: "git" "-c" "credential.helper=" "-c" "credential.helper=/workspace/cargo-home/bin/git-credential-null" "clone" "--bare" "https://github.com/stay-on-main/fat_fs" "/workspace/cache/git-repos/https%3A%2F%2Fgithub.com%2Fstay-on-main%2Ffat_fs", kill_on_drop: false }`
[INFO] [stderr] Cloning into bare repository '/workspace/cache/git-repos/https%3A%2F%2Fgithub.com%2Fstay-on-main%2Ffat_fs'...
[INFO] running `Command { std: "git" "rev-parse" "HEAD", kill_on_drop: false }`
[INFO] [stdout] 68286bb53b5a752e594f1d8e238231d85c6e0e3e
[INFO] testing stay-on-main/fat_fs against 1.54.0 for beta-1.55-1
[INFO] running `Command { std: "git" "clone" "/workspace/cache/git-repos/https%3A%2F%2Fgithub.com%2Fstay-on-main%2Ffat_fs" "/workspace/builds/worker-50/source", kill_on_drop: false }`
[INFO] [stderr] Cloning into '/workspace/builds/worker-50/source'...
[INFO] [stderr] done.
[INFO] validating manifest of git repo https://github.com/stay-on-main/fat_fs on toolchain 1.54.0
[INFO] running `Command { std: "/workspace/cargo-home/bin/cargo" "+1.54.0" "metadata" "--manifest-path" "Cargo.toml" "--no-deps", kill_on_drop: false }`
[INFO] started tweaking git repo https://github.com/stay-on-main/fat_fs
[INFO] finished tweaking git repo https://github.com/stay-on-main/fat_fs
[INFO] tweaked toml for git repo https://github.com/stay-on-main/fat_fs written to /workspace/builds/worker-50/source/Cargo.toml
[INFO] crate git repo https://github.com/stay-on-main/fat_fs already has a lockfile, it will not be regenerated
[INFO] running `Command { std: "/workspace/cargo-home/bin/cargo" "+1.54.0" "fetch" "--manifest-path" "Cargo.toml", kill_on_drop: false }`
[INFO] running `Command { std: "docker" "create" "-v" "/var/lib/crater-agent-workspace/builds/worker-50/target:/opt/rustwide/target:rw,Z" "-v" "/var/lib/crater-agent-workspace/builds/worker-50/source:/opt/rustwide/workdir:ro,Z" "-v" "/var/lib/crater-agent-workspace/cargo-home:/opt/rustwide/cargo-home:ro,Z" "-v" "/var/lib/crater-agent-workspace/rustup-home:/opt/rustwide/rustup-home:ro,Z" "-e" "SOURCE_DIR=/opt/rustwide/workdir" "-e" "CARGO_TARGET_DIR=/opt/rustwide/target" "-e" "CARGO_HOME=/opt/rustwide/cargo-home" "-e" "RUSTUP_HOME=/opt/rustwide/rustup-home" "-w" "/opt/rustwide/workdir" "-m" "1610612736" "--user" "0:0" "--network" "none" "ghcr.io/rust-lang/crates-build-env/linux@sha256:34b6a614d2c27851fe6cbf88fbd1137609cefab8b10d0615aaeb6fd47975d74e" "/opt/rustwide/cargo-home/bin/cargo" "+1.54.0" "metadata" "--no-deps" "--format-version=1", kill_on_drop: false }`
[INFO] [stdout] 847affccdd3b98a04018454e56bb2e45a6c4c4ba29379a159e4a736967e858db
[INFO] running `Command { std: "docker" "start" "-a" "847affccdd3b98a04018454e56bb2e45a6c4c4ba29379a159e4a736967e858db", kill_on_drop: false }`
[INFO] running `Command { std: "docker" "inspect" "847affccdd3b98a04018454e56bb2e45a6c4c4ba29379a159e4a736967e858db", kill_on_drop: false }`
[INFO] running `Command { std: "docker" "rm" "-f" "847affccdd3b98a04018454e56bb2e45a6c4c4ba29379a159e4a736967e858db", kill_on_drop: false }`
[INFO] [stdout] 847affccdd3b98a04018454e56bb2e45a6c4c4ba29379a159e4a736967e858db
[INFO] running `Command { std: "docker" "create" "-v" "/var/lib/crater-agent-workspace/builds/worker-50/target:/opt/rustwide/target:rw,Z" "-v" "/var/lib/crater-agent-workspace/builds/worker-50/source:/opt/rustwide/workdir:ro,Z" "-v" "/var/lib/crater-agent-workspace/cargo-home:/opt/rustwide/cargo-home:ro,Z" "-v" "/var/lib/crater-agent-workspace/rustup-home:/opt/rustwide/rustup-home:ro,Z" "-e" "SOURCE_DIR=/opt/rustwide/workdir" "-e" "CARGO_TARGET_DIR=/opt/rustwide/target" "-e" "CARGO_INCREMENTAL=0" "-e" "RUST_BACKTRACE=full" "-e" "RUSTFLAGS=--cap-lints=warn" "-e" "CARGO_HOME=/opt/rustwide/cargo-home" "-e" "RUSTUP_HOME=/opt/rustwide/rustup-home" "-w" "/opt/rustwide/workdir" "-m" "1610612736" "--user" "0:0" "--network" "none" "ghcr.io/rust-lang/crates-build-env/linux@sha256:34b6a614d2c27851fe6cbf88fbd1137609cefab8b10d0615aaeb6fd47975d74e" "/opt/rustwide/cargo-home/bin/cargo" "+1.54.0" "build" "--frozen" "--message-format=json", kill_on_drop: false }`
[INFO] [stdout] a0af23c74c8caa46de962e1674ea849cf990d8873d158d9df144f4be032b4115
[INFO] running `Command { std: "docker" "start" "-a" "a0af23c74c8caa46de962e1674ea849cf990d8873d158d9df144f4be032b4115", kill_on_drop: false }`
[INFO] [stderr]     Blocking waiting for file lock on package cache
[INFO] [stderr]    Compiling fat_fs v0.1.0 (/opt/rustwide/workdir)
[INFO] [stdout] warning: unused import: `path::Path`
[INFO] [stdout]   --> src/lib.rs:12:5
[INFO] [stdout]    |
[INFO] [stdout] 12 | use path::Path;
[INFO] [stdout]    |     ^^^^^^^^^^
[INFO] [stdout]    |
[INFO] [stdout]    = note: `#[warn(unused_imports)]` on by default
[INFO] [stdout] 
[INFO] [stdout] 
[INFO] [stdout] warning: unused import: `file::File`
[INFO] [stdout]   --> src/lib.rs:13:5
[INFO] [stdout]    |
[INFO] [stdout] 13 | use file::File;
[INFO] [stdout]    |     ^^^^^^^^^^
[INFO] [stdout] 
[INFO] [stdout] 
[INFO] [stdout] warning: unused import: `dir_entry::DirEntry`
[INFO] [stdout]   --> src/lib.rs:15:5
[INFO] [stdout]    |
[INFO] [stdout] 15 | use dir_entry::DirEntry;
[INFO] [stdout]    |     ^^^^^^^^^^^^^^^^^^^
[INFO] [stdout] 
[INFO] [stdout] 
[INFO] [stdout] warning: unused import: `stream::Stream`
[INFO] [stdout]   --> src/lib.rs:20:5
[INFO] [stdout]    |
[INFO] [stdout] 20 | use stream::Stream;
[INFO] [stdout]    |     ^^^^^^^^^^^^^^
[INFO] [stdout] 
[INFO] [stdout] 
[INFO] [stdout] warning: 4 warnings emitted
[INFO] [stdout] 
[INFO] [stdout] 
[INFO] [stderr]     Finished dev [unoptimized + debuginfo] target(s) in 2.80s
[INFO] running `Command { std: "docker" "inspect" "a0af23c74c8caa46de962e1674ea849cf990d8873d158d9df144f4be032b4115", kill_on_drop: false }`
[INFO] running `Command { std: "docker" "rm" "-f" "a0af23c74c8caa46de962e1674ea849cf990d8873d158d9df144f4be032b4115", kill_on_drop: false }`
[INFO] [stdout] a0af23c74c8caa46de962e1674ea849cf990d8873d158d9df144f4be032b4115
[INFO] running `Command { std: "docker" "create" "-v" "/var/lib/crater-agent-workspace/builds/worker-50/target:/opt/rustwide/target:rw,Z" "-v" "/var/lib/crater-agent-workspace/builds/worker-50/source:/opt/rustwide/workdir:ro,Z" "-v" "/var/lib/crater-agent-workspace/cargo-home:/opt/rustwide/cargo-home:ro,Z" "-v" "/var/lib/crater-agent-workspace/rustup-home:/opt/rustwide/rustup-home:ro,Z" "-e" "SOURCE_DIR=/opt/rustwide/workdir" "-e" "CARGO_TARGET_DIR=/opt/rustwide/target" "-e" "CARGO_INCREMENTAL=0" "-e" "RUST_BACKTRACE=full" "-e" "RUSTFLAGS=--cap-lints=warn" "-e" "CARGO_HOME=/opt/rustwide/cargo-home" "-e" "RUSTUP_HOME=/opt/rustwide/rustup-home" "-w" "/opt/rustwide/workdir" "-m" "1610612736" "--user" "0:0" "--network" "none" "ghcr.io/rust-lang/crates-build-env/linux@sha256:34b6a614d2c27851fe6cbf88fbd1137609cefab8b10d0615aaeb6fd47975d74e" "/opt/rustwide/cargo-home/bin/cargo" "+1.54.0" "test" "--frozen" "--no-run" "--message-format=json", kill_on_drop: false }`
[INFO] [stdout] 65350d25b22f104fb31366cfb6569a012da569af496934f91d5d383a0aa4e574
[INFO] running `Command { std: "docker" "start" "-a" "65350d25b22f104fb31366cfb6569a012da569af496934f91d5d383a0aa4e574", kill_on_drop: false }`
[INFO] [stdout] warning: unused import: `path::Path`
[INFO] [stdout]   --> src/lib.rs:12:5
[INFO] [stdout]    |
[INFO] [stdout] 12 | use path::Path;
[INFO] [stdout]    |     ^^^^^^^^^^
[INFO] [stdout]    |
[INFO] [stdout]    = note: `#[warn(unused_imports)]` on by default
[INFO] [stdout] 
[INFO] [stdout] 
[INFO] [stderr]    Compiling fat_fs v0.1.0 (/opt/rustwide/workdir)
[INFO] [stdout] warning: unused import: `file::File`
[INFO] [stdout]   --> src/lib.rs:13:5
[INFO] [stdout]    |
[INFO] [stdout] 13 | use file::File;
[INFO] [stdout]    |     ^^^^^^^^^^
[INFO] [stdout] 
[INFO] [stdout] 
[INFO] [stdout] warning: unused import: `dir_entry::DirEntry`
[INFO] [stdout]   --> src/lib.rs:15:5
[INFO] [stdout]    |
[INFO] [stdout] 15 | use dir_entry::DirEntry;
[INFO] [stdout]    |     ^^^^^^^^^^^^^^^^^^^
[INFO] [stdout] 
[INFO] [stdout] 
[INFO] [stdout] warning: unused import: `stream::Stream`
[INFO] [stdout]   --> src/lib.rs:20:5
[INFO] [stdout]    |
[INFO] [stdout] 20 | use stream::Stream;
[INFO] [stdout]    |     ^^^^^^^^^^^^^^
[INFO] [stdout] 
[INFO] [stdout] 
[INFO] [stdout] warning: 4 warnings emitted
[INFO] [stdout] 
[INFO] [stdout] 
[INFO] [stdout] error[E0433]: failed to resolve: there are too many leading `super` keywords
[INFO] [stdout]  --> examples/image.rs:4:9
[INFO] [stdout]   |
[INFO] [stdout] 4 | pub use super::fat_fs::storage_io::StorageIo;
[INFO] [stdout]   |         ^^^^^ there are too many leading `super` keywords
[INFO] [stdout] 
[INFO] [stdout] 
[INFO] [stdout] warning: unused import: `std::fs::File`
[INFO] [stdout]   --> examples/main.rs:11:5
[INFO] [stdout]    |
[INFO] [stdout] 11 | use std::fs::File;
[INFO] [stdout]    |     ^^^^^^^^^^^^^
[INFO] [stdout]    |
[INFO] [stdout]    = note: `#[warn(unused_imports)]` on by default
[INFO] [stdout] 
[INFO] [stdout] 
[INFO] [stdout] warning: unused import: `std::io::prelude`
[INFO] [stdout]   --> examples/main.rs:12:5
[INFO] [stdout]    |
[INFO] [stdout] 12 | use std::io::prelude::*;
[INFO] [stdout]    |     ^^^^^^^^^^^^^^^^
[INFO] [stdout] 
[INFO] [stdout] 
[INFO] [stdout] error[E0405]: cannot find trait `StorageIo` in this scope
[INFO] [stdout]   --> examples/image.rs:14:6
[INFO] [stdout]    |
[INFO] [stdout] 14 | impl StorageIo for Image {
[INFO] [stdout]    |      ^^^^^^^^^ not found in this scope
[INFO] [stdout]    |
[INFO] [stdout] help: consider importing this trait
[INFO] [stdout]    |
[INFO] [stdout] 1  | use fat_fs::storage_io::StorageIo;
[INFO] [stdout]    |
[INFO] [stdout] 
[INFO] [stdout] 
[INFO] [stdout] warning: function is never used: `print_tree`
[INFO] [stdout]   --> examples/main.rs:22:4
[INFO] [stdout]    |
[INFO] [stdout] 22 | fn print_tree<T: StorageIo>(dir: &Dir<T>, level: usize) {
[INFO] [stdout]    |    ^^^^^^^^^^
[INFO] [stdout]    |
[INFO] [stdout]    = note: `#[warn(dead_code)]` on by default
[INFO] [stdout] 
[INFO] [stdout] 
[INFO] [stdout] error[E0601]: `main` function not found in crate `image`
[INFO] [stdout]   --> examples/image.rs:1:1
[INFO] [stdout]    |
[INFO] [stdout] 1  | / use std::fs::File;
[INFO] [stdout] 2  | | use std::io::{ Read, Seek, SeekFrom, Write };
[INFO] [stdout] 3  | | use core::cell::{RefCell};
[INFO] [stdout] 4  | | pub use super::fat_fs::storage_io::StorageIo;
[INFO] [stdout] ...  |
[INFO] [stdout] 71 | |     }
[INFO] [stdout] 72 | | }
[INFO] [stdout]    | |_^ consider adding a `main` function to `examples/image.rs`
[INFO] [stdout] 
[INFO] [stdout] 
[INFO] [stderr] error: could not compile `fat_fs`
[INFO] [stdout] error: aborting due to 3 previous errors
[INFO] [stdout] 
[INFO] [stdout] 
[INFO] [stderr] 
[INFO] [stdout] Some errors have detailed explanations: E0405, E0433, E0601.
[INFO] [stdout] 
[INFO] [stderr] To learn more, run the command again with --verbose.
[INFO] [stdout] For more information about an error, try `rustc --explain E0405`.
[INFO] [stdout] 
[INFO] [stderr] warning: build failed, waiting for other jobs to finish...
[INFO] [stdout] warning: unused import: `path::Path`
[INFO] [stdout]   --> src/lib.rs:12:5
[INFO] [stdout]    |
[INFO] [stdout] 12 | use path::Path;
[INFO] [stdout]    |     ^^^^^^^^^^
[INFO] [stdout]    |
[INFO] [stdout]    = note: `#[warn(unused_imports)]` on by default
[INFO] [stdout] 
[INFO] [stdout] 
[INFO] [stdout] warning: unused import: `file::File`
[INFO] [stdout]   --> src/lib.rs:13:5
[INFO] [stdout]    |
[INFO] [stdout] 13 | use file::File;
[INFO] [stdout]    |     ^^^^^^^^^^
[INFO] [stdout] 
[INFO] [stdout] 
[INFO] [stdout] warning: unused import: `dir_entry::DirEntry`
[INFO] [stdout]   --> src/lib.rs:15:5
[INFO] [stdout]    |
[INFO] [stdout] 15 | use dir_entry::DirEntry;
[INFO] [stdout]    |     ^^^^^^^^^^^^^^^^^^^
[INFO] [stdout] 
[INFO] [stdout] 
[INFO] [stdout] warning: unused import: `stream::Stream`
[INFO] [stdout]   --> src/lib.rs:20:5
[INFO] [stdout]    |
[INFO] [stdout] 20 | use stream::Stream;
[INFO] [stdout]    |     ^^^^^^^^^^^^^^
[INFO] [stdout] 
[INFO] [stdout] 
[INFO] [stdout] warning: 4 warnings emitted
[INFO] [stdout] 
[INFO] [stdout] 
[INFO] [stdout] warning: 3 warnings emitted
[INFO] [stdout] 
[INFO] [stdout] 
[INFO] [stderr] error: build failed
[INFO] running `Command { std: "docker" "inspect" "65350d25b22f104fb31366cfb6569a012da569af496934f91d5d383a0aa4e574", kill_on_drop: false }`
[INFO] running `Command { std: "docker" "rm" "-f" "65350d25b22f104fb31366cfb6569a012da569af496934f91d5d383a0aa4e574", kill_on_drop: false }`
[INFO] [stdout] 65350d25b22f104fb31366cfb6569a012da569af496934f91d5d383a0aa4e574
