[INFO] cloning repository https://github.com/splusminusx/kafka-copy-rust
[INFO] running `Command { std: "git" "-c" "credential.helper=" "-c" "credential.helper=/workspace/cargo-home/bin/git-credential-null" "clone" "--bare" "https://github.com/splusminusx/kafka-copy-rust" "/workspace/cache/git-repos/https%3A%2F%2Fgithub.com%2Fsplusminusx%2Fkafka-copy-rust", kill_on_drop: false }`
[INFO] [stderr] Cloning into bare repository '/workspace/cache/git-repos/https%3A%2F%2Fgithub.com%2Fsplusminusx%2Fkafka-copy-rust'...
[INFO] running `Command { std: "git" "rev-parse" "HEAD", kill_on_drop: false }`
[INFO] [stdout] e3b9f677760ba18c0639a99d0879802a557bff9a
[INFO] testing splusminusx/kafka-copy-rust against 1.54.0 for beta-1.55-1
[INFO] running `Command { std: "git" "clone" "/workspace/cache/git-repos/https%3A%2F%2Fgithub.com%2Fsplusminusx%2Fkafka-copy-rust" "/workspace/builds/worker-53/source", kill_on_drop: false }`
[INFO] [stderr] Cloning into '/workspace/builds/worker-53/source'...
[INFO] [stderr] done.
[INFO] validating manifest of git repo https://github.com/splusminusx/kafka-copy-rust on toolchain 1.54.0
[INFO] running `Command { std: "/workspace/cargo-home/bin/cargo" "+1.54.0" "metadata" "--manifest-path" "Cargo.toml" "--no-deps", kill_on_drop: false }`
[INFO] started tweaking git repo https://github.com/splusminusx/kafka-copy-rust
[INFO] finished tweaking git repo https://github.com/splusminusx/kafka-copy-rust
[INFO] tweaked toml for git repo https://github.com/splusminusx/kafka-copy-rust written to /workspace/builds/worker-53/source/Cargo.toml
[INFO] crate git repo https://github.com/splusminusx/kafka-copy-rust already has a lockfile, it will not be regenerated
[INFO] running `Command { std: "/workspace/cargo-home/bin/cargo" "+1.54.0" "fetch" "--manifest-path" "Cargo.toml", kill_on_drop: false }`
[INFO] [stderr]     Blocking waiting for file lock on package cache
[INFO] [stderr]     Blocking waiting for file lock on package cache
[INFO] running `Command { std: "docker" "create" "-v" "/var/lib/crater-agent-workspace/builds/worker-53/target:/opt/rustwide/target:rw,Z" "-v" "/var/lib/crater-agent-workspace/builds/worker-53/source:/opt/rustwide/workdir:ro,Z" "-v" "/var/lib/crater-agent-workspace/cargo-home:/opt/rustwide/cargo-home:ro,Z" "-v" "/var/lib/crater-agent-workspace/rustup-home:/opt/rustwide/rustup-home:ro,Z" "-e" "SOURCE_DIR=/opt/rustwide/workdir" "-e" "CARGO_TARGET_DIR=/opt/rustwide/target" "-e" "CARGO_HOME=/opt/rustwide/cargo-home" "-e" "RUSTUP_HOME=/opt/rustwide/rustup-home" "-w" "/opt/rustwide/workdir" "-m" "1610612736" "--user" "0:0" "--network" "none" "ghcr.io/rust-lang/crates-build-env/linux@sha256:34b6a614d2c27851fe6cbf88fbd1137609cefab8b10d0615aaeb6fd47975d74e" "/opt/rustwide/cargo-home/bin/cargo" "+1.54.0" "metadata" "--no-deps" "--format-version=1", kill_on_drop: false }`
[INFO] [stdout] 9f826185eed780016d07ce18c088c75fb7bb6b510b6597ded0b06b669e6c254c
[INFO] running `Command { std: "docker" "start" "-a" "9f826185eed780016d07ce18c088c75fb7bb6b510b6597ded0b06b669e6c254c", kill_on_drop: false }`
[INFO] running `Command { std: "docker" "inspect" "9f826185eed780016d07ce18c088c75fb7bb6b510b6597ded0b06b669e6c254c", kill_on_drop: false }`
[INFO] running `Command { std: "docker" "rm" "-f" "9f826185eed780016d07ce18c088c75fb7bb6b510b6597ded0b06b669e6c254c", kill_on_drop: false }`
[INFO] [stdout] 9f826185eed780016d07ce18c088c75fb7bb6b510b6597ded0b06b669e6c254c
[INFO] running `Command { std: "docker" "create" "-v" "/var/lib/crater-agent-workspace/builds/worker-53/target:/opt/rustwide/target:rw,Z" "-v" "/var/lib/crater-agent-workspace/builds/worker-53/source:/opt/rustwide/workdir:ro,Z" "-v" "/var/lib/crater-agent-workspace/cargo-home:/opt/rustwide/cargo-home:ro,Z" "-v" "/var/lib/crater-agent-workspace/rustup-home:/opt/rustwide/rustup-home:ro,Z" "-e" "SOURCE_DIR=/opt/rustwide/workdir" "-e" "CARGO_TARGET_DIR=/opt/rustwide/target" "-e" "CARGO_INCREMENTAL=0" "-e" "RUST_BACKTRACE=full" "-e" "RUSTFLAGS=--cap-lints=warn" "-e" "CARGO_HOME=/opt/rustwide/cargo-home" "-e" "RUSTUP_HOME=/opt/rustwide/rustup-home" "-w" "/opt/rustwide/workdir" "-m" "1610612736" "--user" "0:0" "--network" "none" "ghcr.io/rust-lang/crates-build-env/linux@sha256:34b6a614d2c27851fe6cbf88fbd1137609cefab8b10d0615aaeb6fd47975d74e" "/opt/rustwide/cargo-home/bin/cargo" "+1.54.0" "build" "--frozen" "--message-format=json", kill_on_drop: false }`
[INFO] [stdout] 70146046b0c2ea91797726c2d4f8315720b1b7ce163f5e71076c7f29fc1d2396
[INFO] running `Command { std: "docker" "start" "-a" "70146046b0c2ea91797726c2d4f8315720b1b7ce163f5e71076c7f29fc1d2396", kill_on_drop: false }`
[INFO] [stderr]     Blocking waiting for file lock on package cache
[INFO] [stderr]    Compiling libc v0.2.40
[INFO] [stderr]    Compiling cfg-if v0.1.2
[INFO] [stderr]    Compiling cc v1.0.10
[INFO] [stderr]    Compiling byteorder v1.2.2
[INFO] [stderr]    Compiling futures v0.1.21
[INFO] [stderr]    Compiling lazy_static v1.0.0
[INFO] [stderr]    Compiling unicode-xid v0.0.4
[INFO] [stderr]    Compiling quote v0.3.15
[INFO] [stderr]    Compiling rustc-demangle v0.1.7
[INFO] [stderr]    Compiling pkg-config v0.3.9
[INFO] [stderr]    Compiling void v1.0.2
[INFO] [stderr]    Compiling lazycell v0.6.0
[INFO] [stderr]    Compiling regex v0.2.10
[INFO] [stderr]    Compiling nodrop v0.1.12
[INFO] [stderr]    Compiling slab v0.4.0
[INFO] [stderr]    Compiling ucd-util v0.1.1
[INFO] [stderr]    Compiling either v1.5.0
[INFO] [stderr]    Compiling utf8-ranges v1.0.0
[INFO] [stderr]    Compiling scopeguard v0.3.3
[INFO] [stderr]    Compiling memoffset v0.2.1
[INFO] [stderr]    Compiling quick-error v1.2.1
[INFO] [stderr]    Compiling remove_dir_all v0.5.0
[INFO] [stderr]    Compiling termcolor v0.3.6
[INFO] [stderr]    Compiling fixedbitset v0.1.9
[INFO] [stderr]    Compiling unicode-segmentation v1.2.0
[INFO] [stderr]    Compiling prost-build v0.3.2
[INFO] [stderr]    Compiling multimap v0.4.0
[INFO] [stderr]    Compiling serde v1.0.38
[INFO] [stderr]    Compiling num-traits v0.2.2
[INFO] [stderr]    Compiling itoa v0.4.1
[INFO] [stderr]    Compiling unicode-width v0.1.4
[INFO] [stderr]    Compiling dtoa v0.4.2
[INFO] [stderr]    Compiling bitflags v1.0.1
[INFO] [stderr]    Compiling scoped-tls v0.1.1
[INFO] [stderr]    Compiling vec_map v0.8.0
[INFO] [stderr]    Compiling strsim v0.7.0
[INFO] [stderr]    Compiling proc-macro2 v0.2.3
[INFO] [stderr]    Compiling proc-macro2 v0.3.6
[INFO] [stderr]    Compiling itertools v0.7.8
[INFO] [stderr]    Compiling textwrap v0.9.0
[INFO] [stderr]    Compiling petgraph v0.4.12
[INFO] [stderr]    Compiling unreachable v1.0.0
[INFO] [stderr]    Compiling arrayvec v0.4.7
[INFO] [stderr]    Compiling heck v0.3.0
[INFO] [stderr]    Compiling humantime v1.1.1
[INFO] [stderr]    Compiling synom v0.11.3
[INFO] [stderr]    Compiling log v0.4.1
[INFO] [stderr]    Compiling crossbeam-utils v0.3.2
[INFO] [stderr]    Compiling crossbeam-utils v0.2.2
[INFO] [stderr]    Compiling iovec v0.1.2
[INFO] [stderr]    Compiling rand v0.4.2
[INFO] [stderr]    Compiling net2 v0.2.32
[INFO] [stderr]    Compiling memchr v2.0.1
[INFO] [stderr]    Compiling quote v0.4.2
[INFO] [stderr]    Compiling atty v0.2.8
[INFO] [stderr]    Compiling regex-syntax v0.5.5
[INFO] [stderr]    Compiling num_cpus v0.2.13
[INFO] [stderr]    Compiling quote v0.5.1
[INFO] [stderr]    Compiling num_cpus v1.8.0
[INFO] [stderr]    Compiling thread_local v0.3.5
[INFO] [stderr]    Compiling tokio-executor v0.1.2
[INFO] [stderr]    Compiling backtrace-sys v0.1.16
[INFO] [stderr]    Compiling libz-sys v1.0.18
[INFO] [stderr]    Compiling aho-corasick v0.6.4
[INFO] [stderr]    Compiling bytes v0.4.6
[INFO] [stderr]    Compiling log v0.3.9
[INFO] [stderr]    Compiling crossbeam-epoch v0.4.1
[INFO] [stderr]    Compiling syn v0.12.15
[INFO] [stderr]    Compiling syn v0.11.11
[INFO] [stderr]    Compiling mio v0.6.14
[INFO] [stderr]    Compiling clap v2.31.2
[INFO] [stderr]    Compiling futures-cpupool v0.1.8
[INFO] [stderr]    Compiling rdkafka-sys v0.11.3-1
[INFO] [stderr]    Compiling tokio-timer v0.2.1
[INFO] [stderr]    Compiling syn v0.13.1
[INFO] [stderr]    Compiling tempdir v0.3.7
[INFO] [stderr]    Compiling tokio-io v0.1.6
[INFO] [stderr]    Compiling prost v0.3.2
[INFO] [stderr]    Compiling crossbeam-deque v0.3.0
[INFO] [stderr]    Compiling tokio-threadpool v0.1.2
[INFO] [stderr]    Compiling synstructure v0.6.1
[INFO] [stderr]    Compiling tokio-reactor v0.1.1
[INFO] [stderr]    Compiling tokio-udp v0.1.0
[INFO] [stderr]    Compiling tokio-tcp v0.1.0
[INFO] [stderr]    Compiling serde_json v1.0.14
[INFO] [stderr]    Compiling toml v0.4.6
[INFO] [stderr]    Compiling failure_derive v0.1.1
[INFO] [stderr]    Compiling tokio v0.1.5
[INFO] [stderr]    Compiling tokio-core v0.1.17
[INFO] [stderr]    Compiling env_logger v0.5.7
[INFO] [stderr]    Compiling serde_derive_internals v0.23.1
[INFO] [stderr] error: failed to run custom build command for `rdkafka-sys v0.11.3-1`
[INFO] [stderr] 
[INFO] [stderr] Caused by:
[INFO] [stderr]   process didn't exit successfully: `/opt/rustwide/target/debug/build/rdkafka-sys-87d7864c080ce1d3/build-script-build` (exit status: 101)
[INFO] [stderr]   --- stdout
[INFO] [stderr]   Configuring librdkafka
[INFO] [stderr]   checking for OS or distribution... ok (Ubuntu)
[INFO] [stderr]   checking for C compiler from CC env... failed
[INFO] [stderr]   checking for gcc (by command)... ok
[INFO] [stderr]   checking for C++ compiler from CXX env... failed
[INFO] [stderr]   checking for C++ compiler (g++)... ok
[INFO] [stderr]   checking executable ld... ok
[INFO] [stderr]   checking executable nm... ok
[INFO] [stderr]   checking executable objdump... ok
[INFO] [stderr]   checking executable strip... ok
[INFO] [stderr]   checking for pkgconfig (by command)... ok
[INFO] [stderr]   checking for install (by command)... ok
[INFO] [stderr]   checking for PIC (by compile)... failed (disable)
[INFO] [stderr]   checking for GNU-compatible linker options... failed
[INFO] [stderr]   checking for OSX linker options... failed
[INFO] [stderr]   checking for GNU linker-script ld flag... failed
[INFO] [stderr]   checking for Solaris linker-script ld flag... failed (ignore)
[INFO] [stderr]   checking for __atomic_32 (by compile)... failed
[INFO] [stderr]   checking for __atomic_32_lib (by compile)... failed
[INFO] [stderr]   checking for __sync_32 (by compile)... failed (disable)
[INFO] [stderr]   checking for __atomic_64 (by compile)... failed
[INFO] [stderr]   checking for __atomic_64_lib (by compile)... failed
[INFO] [stderr]   checking for __sync_64 (by compile)... failed (disable)
[INFO] [stderr]   checking for socket (by compile)... failed
[INFO] [stderr]   checking for socket_nsl (by compile)... failed (fail)
[INFO] [stderr]   parsing version '0x000b01ff'... ok (0.11.1)
[INFO] [stderr]   checking for libpthread (by pkg-config)... failed
[INFO] [stderr]   checking for libpthread (by compile)... failed (fail)
[INFO] [stderr]   checking for zlib (by pkg-config)... ok
[INFO] [stderr]   checking for zlib (by compile)... ok (cached)
[INFO] [stderr]   checking for libcrypto (by pkg-config)... ok
[INFO] [stderr]   checking for libcrypto (by compile)... ok (cached)
[INFO] [stderr]   checking for crc32chw (by compile)... failed (disable)
[INFO] [stderr]   checking for regex (by compile)... failed (disable)
[INFO] [stderr]   checking for librt (by pkg-config)... failed
[INFO] [stderr]   checking for librt (by compile)... failed
[INFO] [stderr]   checking for strndup (by compile)... failed (disable)
[INFO] [stderr]   checking for strerror_r (by compile)... failed (disable)
[INFO] [stderr]   checking for libdl (by pkg-config)... failed
[INFO] [stderr]   checking for libdl (by compile)... failed (disable)
[INFO] [stderr]   checking for pthread_setname_gnu (by compile)... failed (disable)
[INFO] [stderr]   checking for nm (by env NM)... ok (cached)
[INFO] [stderr] 
[INFO] [stderr] 
[INFO] [stderr] 
[INFO] [stderr] 
[INFO] [stderr]   --- stderr
[INFO] [stderr]   Building and linking librdkafka statically
[INFO] [stderr]   Running command: "./configure --disable-sasl --disable-ssl --disable-lz4 --enable-static" in dir: librdkafka
[INFO] [stderr]   mklove/modules/configure.base: line 609: config.log: Read-only file system
[INFO] [stderr]   mklove/modules/configure.base: line 609: config.log: Read-only file system
[INFO] [stderr]   mklove/modules/configure.base: line 609: config.log: Read-only file system
[INFO] [stderr]   mklove/modules/configure.base: line 609: config.log: Read-only file system
[INFO] [stderr]   mklove/modules/configure.base: line 609: config.log: Read-only file system
[INFO] [stderr]   mklove/modules/configure.base: line 609: config.log: Read-only file system
[INFO] [stderr]   mklove/modules/configure.base: line 609: config.log: Read-only file system
[INFO] [stderr]   mklove/modules/configure.base: line 609: config.log: Read-only file system
[INFO] [stderr]   mklove/modules/configure.base: line 609: config.log: Read-only file system
[INFO] [stderr]   mklove/modules/configure.base: line 609: config.log: Read-only file system
[INFO] [stderr]   mklove/modules/configure.base: line 609: config.log: Read-only file system
[INFO] [stderr]   mklove/modules/configure.base: line 609: config.log: Read-only file system
[INFO] [stderr]   mklove/modules/configure.base: line 609: config.log: Read-only file system
[INFO] [stderr]   ./configure: line 186: config.log: Read-only file system
[INFO] [stderr]   ./configure: line 187: config.log: Read-only file system
[INFO] [stderr]   mklove/modules/configure.base: line 609: config.log: Read-only file system
[INFO] [stderr]   mklove/modules/configure.base: line 609: config.log: Read-only file system
[INFO] [stderr]   mklove/modules/configure.base: line 609: config.log: Read-only file system
[INFO] [stderr]   mklove/modules/configure.base: line 609: config.log: Read-only file system
[INFO] [stderr]   mktemp: failed to create file via template '_mkltmpXXXXXX': Read-only file system
[INFO] [stderr]   mv: cannot stat '': No such file or directory
[INFO] [stderr]   mklove/modules/configure.base: line 951: .c: Read-only file system
[INFO] [stderr]   mklove/modules/configure.base: line 954: .c: Read-only file system
[INFO] [stderr]   mklove/modules/configure.base: line 609: config.log: Read-only file system
[INFO] [stderr]   mklove/modules/configure.base: line 609: config.log: Read-only file system
[INFO] [stderr]   mklove/modules/configure.base: line 609: config.log: Read-only file system
[INFO] [stderr]   mktemp: failed to create file via template '_mkltmpXXXXXX': Read-only file system
[INFO] [stderr]   mv: cannot stat '': No such file or directory
[INFO] [stderr]   mklove/modules/configure.base: line 951: .c: Read-only file system
[INFO] [stderr]   mklove/modules/configure.base: line 954: .c: Read-only file system
[INFO] [stderr]   mklove/modules/configure.base: line 609: config.log: Read-only file system
[INFO] [stderr]   mklove/modules/configure.base: line 609: config.log: Read-only file system
[INFO] [stderr]   mklove/modules/configure.base: line 609: config.log: Read-only file system
[INFO] [stderr]   mktemp: failed to create file via template '_mkltmpXXXXXX': Read-only file system
[INFO] [stderr]   mv: cannot stat '': No such file or directory
[INFO] [stderr]   mklove/modules/configure.base: line 951: .c: Read-only file system
[INFO] [stderr]   mklove/modules/configure.base: line 954: .c: Read-only file system
[INFO] [stderr]   mklove/modules/configure.base: line 609: config.log: Read-only file system
[INFO] [stderr]   mklove/modules/configure.base: line 609: config.log: Read-only file system
[INFO] [stderr]   mklove/modules/configure.base: line 609: config.log: Read-only file system
[INFO] [stderr]   mktemp: failed to create file via template '_mkltmpXXXXXX': Read-only file system
[INFO] [stderr]   mklove/modules/configure.base: line 691: $ldsfile: ambiguous redirect
[INFO] [stderr]   mktemp: failed to create file via template '_mkltmpXXXXXX': Read-only file system
[INFO] [stderr]   mv: cannot stat '': No such file or directory
[INFO] [stderr]   mklove/modules/configure.base: line 951: .c: Read-only file system
[INFO] [stderr]   mklove/modules/configure.base: line 954: .c: Read-only file system
[INFO] [stderr]   mklove/modules/configure.base: line 609: config.log: Read-only file system
[INFO] [stderr]   mklove/modules/configure.base: line 609: config.log: Read-only file system
[INFO] [stderr]   mklove/modules/configure.base: line 609: config.log: Read-only file system
[INFO] [stderr]   mktemp: failed to create file via template '_mkltmpXXXXXX': Read-only file system
[INFO] [stderr]   mv: cannot stat '': No such file or directory
[INFO] [stderr]   mklove/modules/configure.base: line 951: .c: Read-only file system
[INFO] [stderr]   mklove/modules/configure.base: line 954: .c: Read-only file system
[INFO] [stderr]   mklove/modules/configure.base: line 609: config.log: Read-only file system
[INFO] [stderr]   mklove/modules/configure.base: line 609: config.log: Read-only file system
[INFO] [stderr]   mklove/modules/configure.base: line 609: config.log: Read-only file system
[INFO] [stderr]   mktemp: failed to create file via template '_mkltmpXXXXXX': Read-only file system
[INFO] [stderr]   mv: cannot stat '': No such file or directory
[INFO] [stderr]   mklove/modules/configure.base: line 951: .c: Read-only file system
[INFO] [stderr]   mklove/modules/configure.base: line 954: .c: Read-only file system
[INFO] [stderr]   mklove/modules/configure.base: line 609: config.log: Read-only file system
[INFO] [stderr]   mklove/modules/configure.base: line 609: config.log: Read-only file system
[INFO] [stderr]   mklove/modules/configure.base: line 609: config.log: Read-only file system
[INFO] [stderr]   mktemp: failed to create file via template '_mkltmpXXXXXX': Read-only file system
[INFO] [stderr]   mv: cannot stat '': No such file or directory
[INFO] [stderr]   mklove/modules/configure.base: line 951: .c: Read-only file system
[INFO] [stderr]   mklove/modules/configure.base: line 954: .c: Read-only file system
[INFO] [stderr]   mklove/modules/configure.base: line 609: config.log: Read-only file system
[INFO] [stderr]   mklove/modules/configure.base: line 609: config.log: Read-only file system
[INFO] [stderr]   mklove/modules/configure.base: line 609: config.log: Read-only file system
[INFO] [stderr]   mktemp: failed to create file via template '_mkltmpXXXXXX': Read-only file system
[INFO] [stderr]   mv: cannot stat '': No such file or directory
[INFO] [stderr]   mklove/modules/configure.base: line 951: .c: Read-only file system
[INFO] [stderr]   mklove/modules/configure.base: line 954: .c: Read-only file system
[INFO] [stderr]   mklove/modules/configure.base: line 609: config.log: Read-only file system
[INFO] [stderr]   mklove/modules/configure.base: line 609: config.log: Read-only file system
[INFO] [stderr]   mklove/modules/configure.base: line 609: config.log: Read-only file system
[INFO] [stderr]   mktemp: failed to create file via template '_mkltmpXXXXXX': Read-only file system
[INFO] [stderr]   mv: cannot stat '': No such file or directory
[INFO] [stderr]   mklove/modules/configure.base: line 951: .c: Read-only file system
[INFO] [stderr]   mklove/modules/configure.base: line 954: .c: Read-only file system
[INFO] [stderr]   mklove/modules/configure.base: line 609: config.log: Read-only file system
[INFO] [stderr]   mklove/modules/configure.base: line 609: config.log: Read-only file system
[INFO] [stderr]   mklove/modules/configure.base: line 609: config.log: Read-only file system
[INFO] [stderr]   mktemp: failed to create file via template '_mkltmpXXXXXX': Read-only file system
[INFO] [stderr]   mv: cannot stat '': No such file or directory
[INFO] [stderr]   mklove/modules/configure.base: line 951: .c: Read-only file system
[INFO] [stderr]   mklove/modules/configure.base: line 954: .c: Read-only file system
[INFO] [stderr]   mklove/modules/configure.base: line 609: config.log: Read-only file system
[INFO] [stderr]   mklove/modules/configure.base: line 609: config.log: Read-only file system
[INFO] [stderr]   mklove/modules/configure.base: line 609: config.log: Read-only file system
[INFO] [stderr]   mktemp: failed to create file via template '_mkltmpXXXXXX': Read-only file system
[INFO] [stderr]   mv: cannot stat '': No such file or directory
[INFO] [stderr]   mklove/modules/configure.base: line 951: .c: Read-only file system
[INFO] [stderr]   mklove/modules/configure.base: line 954: .c: Read-only file system
[INFO] [stderr]   mklove/modules/configure.base: line 609: config.log: Read-only file system
[INFO] [stderr]   mklove/modules/configure.base: line 609: config.log: Read-only file system
[INFO] [stderr]   mklove/modules/configure.base: line 609: config.log: Read-only file system
[INFO] [stderr]   mktemp: failed to create file via template '_mkltmpXXXXXX': Read-only file system
[INFO] [stderr]   mv: cannot stat '': No such file or directory
[INFO] [stderr]   mklove/modules/configure.base: line 951: .c: Read-only file system
[INFO] [stderr]   mklove/modules/configure.base: line 954: .c: Read-only file system
[INFO] [stderr]   mklove/modules/configure.base: line 609: config.log: Read-only file system
[INFO] [stderr]   mklove/modules/configure.base: line 609: config.log: Read-only file system
[INFO] [stderr]   mklove/modules/configure.base: line 609: config.log: Read-only file system
[INFO] [stderr]   mktemp: failed to create file via template '_mkltmpXXXXXX': Read-only file system
[INFO] [stderr]   mv: cannot stat '': No such file or directory
[INFO] [stderr]   mklove/modules/configure.base: line 951: .c: Read-only file system
[INFO] [stderr]   mklove/modules/configure.base: line 954: .c: Read-only file system
[INFO] [stderr]   mklove/modules/configure.base: line 609: config.log: Read-only file system
[INFO] [stderr]   mklove/modules/configure.base: line 609: config.log: Read-only file system
[INFO] [stderr]   mklove/modules/configure.base: line 609: config.log: Read-only file system
[INFO] [stderr]   mklove/modules/configure.base: line 609: config.log: Read-only file system
[INFO] [stderr]   mklove/modules/configure.base: line 609: config.log: Read-only file system
[INFO] [stderr]   mklove/modules/configure.base: line 609: config.log: Read-only file system
[INFO] [stderr]   mktemp: failed to create file via template '_mkltmpXXXXXX': Read-only file system
[INFO] [stderr]   mv: cannot stat '': No such file or directory
[INFO] [stderr]   mklove/modules/configure.base: line 951: .c: Read-only file system
[INFO] [stderr]   mklove/modules/configure.base: line 954: .c: Read-only file system
[INFO] [stderr]   mklove/modules/configure.base: line 609: config.log: Read-only file system
[INFO] [stderr]   mklove/modules/configure.base: line 609: config.log: Read-only file system
[INFO] [stderr]   mklove/modules/configure.base: line 609: config.log: Read-only file system
[INFO] [stderr]   mklove/modules/configure.base: line 609: config.log: Read-only file system
[INFO] [stderr]   mklove/modules/configure.base: line 609: config.log: Read-only file system
[INFO] [stderr]   mktemp: failed to create file via template '_mkltmpXXXXXX': Read-only file system
[INFO] [stderr]   mv: cannot stat '': No such file or directory
[INFO] [stderr]   mklove/modules/configure.base: line 951: .c: Read-only file system
[INFO] [stderr]   mklove/modules/configure.base: line 954: .c: Read-only file system
[INFO] [stderr]   mklove/modules/configure.base: line 609: config.log: Read-only file system
[INFO] [stderr]   mklove/modules/configure.base: line 609: config.log: Read-only file system
[INFO] [stderr]   mklove/modules/configure.base: line 609: config.log: Read-only file system
[INFO] [stderr]   mktemp: failed to create file via template '_mkltmpXXXXXX': Read-only file system
[INFO] [stderr]   mv: cannot stat '': No such file or directory
[INFO] [stderr]   mklove/modules/configure.base: line 951: .c: Read-only file system
[INFO] [stderr]   mklove/modules/configure.base: line 954: .c: Read-only file system
[INFO] [stderr]   mklove/modules/configure.base: line 609: config.log: Read-only file system
[INFO] [stderr]   mklove/modules/configure.base: line 609: config.log: Read-only file system
[INFO] [stderr]   mklove/modules/configure.base: line 609: config.log: Read-only file system
[INFO] [stderr]   mklove/modules/configure.base: line 609: config.log: Read-only file system
[INFO] [stderr]   mklove/modules/configure.base: line 609: config.log: Read-only file system
[INFO] [stderr]   mklove/modules/configure.base: line 609: config.log: Read-only file system
[INFO] [stderr]   mktemp: failed to create file via template '_mkltmpXXXXXX': Read-only file system
[INFO] [stderr]   mv: cannot stat '': No such file or directory
[INFO] [stderr]   mklove/modules/configure.base: line 951: .c: Read-only file system
[INFO] [stderr]   mklove/modules/configure.base: line 954: .c: Read-only file system
[INFO] [stderr]   mklove/modules/configure.base: line 609: config.log: Read-only file system
[INFO] [stderr]   mklove/modules/configure.base: line 609: config.log: Read-only file system
[INFO] [stderr]   mklove/modules/configure.base: line 609: config.log: Read-only file system
[INFO] [stderr]   mktemp: failed to create file via template '_mkltmpXXXXXX': Read-only file system
[INFO] [stderr]   mv: cannot stat '': No such file or directory
[INFO] [stderr]   mklove/modules/configure.base: line 951: .c: Read-only file system
[INFO] [stderr]   mklove/modules/configure.base: line 954: .c: Read-only file system
[INFO] [stderr]   mklove/modules/configure.base: line 609: config.log: Read-only file system
[INFO] [stderr]   mklove/modules/configure.base: line 609: config.log: Read-only file system
[INFO] [stderr]   mklove/modules/configure.base: line 609: config.log: Read-only file system
[INFO] [stderr]   mktemp: failed to create file via template '_mkltmpXXXXXX': Read-only file system
[INFO] [stderr]   mv: cannot stat '': No such file or directory
[INFO] [stderr]   mklove/modules/configure.base: line 951: .c: Read-only file system
[INFO] [stderr]   mklove/modules/configure.base: line 954: .c: Read-only file system
[INFO] [stderr]   mklove/modules/configure.base: line 609: config.log: Read-only file system
[INFO] [stderr]   mklove/modules/configure.base: line 609: config.log: Read-only file system
[INFO] [stderr]   mklove/modules/configure.base: line 609: config.log: Read-only file system
[INFO] [stderr]   mklove/modules/configure.base: line 609: config.log: Read-only file system
[INFO] [stderr]   mklove/modules/configure.base: line 609: config.log: Read-only file system
[INFO] [stderr]   mklove/modules/configure.base: line 609: config.log: Read-only file system
[INFO] [stderr]   mktemp: failed to create file via template '_mkltmpXXXXXX': Read-only file system
[INFO] [stderr]   mv: cannot stat '': No such file or directory
[INFO] [stderr]   mklove/modules/configure.base: line 951: .c: Read-only file system
[INFO] [stderr]   mklove/modules/configure.base: line 954: .c: Read-only file system
[INFO] [stderr]   mklove/modules/configure.base: line 609: config.log: Read-only file system
[INFO] [stderr]   mklove/modules/configure.base: line 609: config.log: Read-only file system
[INFO] [stderr]   mklove/modules/configure.base: line 609: config.log: Read-only file system
[INFO] [stderr]   mktemp: failed to create file via template '_mkltmpXXXXXX': Read-only file system
[INFO] [stderr]   mv: cannot stat '': No such file or directory
[INFO] [stderr]   mklove/modules/configure.base: line 951: .c: Read-only file system
[INFO] [stderr]   mklove/modules/configure.base: line 954: .c: Read-only file system
[INFO] [stderr]   mklove/modules/configure.base: line 609: config.log: Read-only file system
[INFO] [stderr]   mklove/modules/configure.base: line 609: config.log: Read-only file system
[INFO] [stderr]   mklove/modules/configure.base: line 609: config.log: Read-only file system
[INFO] [stderr]   ###########################################################
[INFO] [stderr]   mklove/modules/configure.base: line 618: config.log: Read-only file system
[INFO] [stderr]   ###                  Configure failed                   ###
[INFO] [stderr]   mklove/modules/configure.base: line 618: config.log: Read-only file system
[INFO] [stderr]   ###########################################################
[INFO] [stderr]   mklove/modules/configure.base: line 618: config.log: Read-only file system
[INFO] [stderr]   ### Accumulated failures:                               ###
[INFO] [stderr]   mklove/modules/configure.base: line 618: config.log: Read-only file system
[INFO] [stderr]   ###########################################################
[INFO] [stderr]   mklove/modules/configure.base: line 618: config.log: Read-only file system
[INFO] [stderr]    socket_nsl () 
[INFO] [stderr]   mklove/modules/configure.base: line 618: config.log: Read-only file system
[INFO] [stderr]       module: socket
[INFO] [stderr]   mklove/modules/configure.base: line 626: config.log: Read-only file system
[INFO] [stderr]       action: fail
[INFO] [stderr]   mklove/modules/configure.base: line 626: config.log: Read-only file system
[INFO] [stderr]       reason:
[INFO] [stderr]   compile check failed:
[INFO] [stderr]   CC: CC
[INFO] [stderr]   flags: 
[INFO] [stderr]   gcc  -g -O2 -Wall -Wsign-compare -Wfloat-equal -Wpointer-arith -Wcast-align -Wall -Werror .c -o .c.o -lsocket -lnsl  :
[INFO] [stderr]   gcc: error: .c: No such file or directory
[INFO] [stderr]   source: 
[INFO] [stderr]   #include <sys/types.h>
[INFO] [stderr]   #include <sys/socket.h>
[INFO] [stderr]   #include <unistd.h>
[INFO] [stderr]   void foo (void) {
[INFO] [stderr]      int s = socket(0, 0, 0);
[INFO] [stderr]      close(s);
[INFO] [stderr]   }
[INFO] [stderr] 
[INFO] [stderr]   mklove/modules/configure.base: line 626: config.log: Read-only file system
[INFO] [stderr]    libpthread () 
[INFO] [stderr]   mklove/modules/configure.base: line 618: config.log: Read-only file system
[INFO] [stderr]       module: librdkafka
[INFO] [stderr]   mklove/modules/configure.base: line 626: config.log: Read-only file system
[INFO] [stderr]       action: fail
[INFO] [stderr]   mklove/modules/configure.base: line 626: config.log: Read-only file system
[INFO] [stderr]       reason:
[INFO] [stderr]   compile check failed:
[INFO] [stderr]   CC: CC
[INFO] [stderr]   flags: -lpthread
[INFO] [stderr]   gcc  -g -O2 -Wall -Wsign-compare -Wfloat-equal -Wpointer-arith -Wcast-align -Wall -Werror .c -o .c.o   -lpthread:
[INFO] [stderr]   gcc: error: .c: No such file or directory
[INFO] [stderr]   source: #include <pthread.h>
[INFO] [stderr] 
[INFO] [stderr]   mklove/modules/configure.base: line 626: config.log: Read-only file system
[INFO] [stderr]   thread 'main' panicked at 'Command failed with error code 1', /opt/rustwide/cargo-home/registry/src/github.com-1ecc6299db9ec823/rdkafka-sys-0.11.3-1/build.rs:23:35
[INFO] [stderr]   stack backtrace:
[INFO] [stderr]      0:     0x55f783077c00 - std::backtrace_rs::backtrace::libunwind::trace::h34055254b57d8e79
[INFO] [stderr]                                  at /rustc/a178d0322ce20e33eac124758e837cbd80a6f633/library/std/src/../../backtrace/src/backtrace/libunwind.rs:90:5
[INFO] [stderr]      1:     0x55f783077c00 - std::backtrace_rs::backtrace::trace_unsynchronized::h8f1e3fbd9afff6ec
[INFO] [stderr]                                  at /rustc/a178d0322ce20e33eac124758e837cbd80a6f633/library/std/src/../../backtrace/src/backtrace/mod.rs:66:5
[INFO] [stderr]      2:     0x55f783077c00 - std::sys_common::backtrace::_print_fmt::h3a99a796b770c360
[INFO] [stderr]                                  at /rustc/a178d0322ce20e33eac124758e837cbd80a6f633/library/std/src/sys_common/backtrace.rs:67:5
[INFO] [stderr]      3:     0x55f783077c00 - <std::sys_common::backtrace::_print::DisplayBacktrace as core::fmt::Display>::fmt::h32d1f94a80615d18
[INFO] [stderr]                                  at /rustc/a178d0322ce20e33eac124758e837cbd80a6f633/library/std/src/sys_common/backtrace.rs:46:22
[INFO] [stderr]      4:     0x55f7830955fc - core::fmt::write::h306731c068f7162c
[INFO] [stderr]                                  at /rustc/a178d0322ce20e33eac124758e837cbd80a6f633/library/core/src/fmt/mod.rs:1110:17
[INFO] [stderr]      5:     0x55f783075585 - std::io::Write::write_fmt::hd2fa90334eee2a21
[INFO] [stderr]                                  at /rustc/a178d0322ce20e33eac124758e837cbd80a6f633/library/std/src/io/mod.rs:1588:15
[INFO] [stderr]      6:     0x55f783079a2b - std::sys_common::backtrace::_print::h5abaa2601a852287
[INFO] [stderr]                                  at /rustc/a178d0322ce20e33eac124758e837cbd80a6f633/library/std/src/sys_common/backtrace.rs:49:5
[INFO] [stderr]      7:     0x55f783079a2b - std::sys_common::backtrace::print::h8d81445442bb638f
[INFO] [stderr]                                  at /rustc/a178d0322ce20e33eac124758e837cbd80a6f633/library/std/src/sys_common/backtrace.rs:36:9
[INFO] [stderr]      8:     0x55f783079a2b - std::panicking::default_hook::{{closure}}::hcfe804496a9fa747
[INFO] [stderr]                                  at /rustc/a178d0322ce20e33eac124758e837cbd80a6f633/library/std/src/panicking.rs:208:50
[INFO] [stderr]      9:     0x55f783079501 - std::panicking::default_hook::hbea8e3ccf2ba8901
[INFO] [stderr]                                  at /rustc/a178d0322ce20e33eac124758e837cbd80a6f633/library/std/src/panicking.rs:225:9
[INFO] [stderr]     10:     0x55f78307a0f4 - std::panicking::rust_panic_with_hook::h7ee9e1a2d0f8975a
[INFO] [stderr]                                  at /rustc/a178d0322ce20e33eac124758e837cbd80a6f633/library/std/src/panicking.rs:622:17
[INFO] [stderr]     11:     0x55f783079bd7 - std::panicking::begin_panic_handler::{{closure}}::h8ab3b4491718b2c7
[INFO] [stderr]                                  at /rustc/a178d0322ce20e33eac124758e837cbd80a6f633/library/std/src/panicking.rs:519:13
[INFO] [stderr]     12:     0x55f7830780fc - std::sys_common::backtrace::__rust_end_short_backtrace::hd489062ffa586a9f
[INFO] [stderr]                                  at /rustc/a178d0322ce20e33eac124758e837cbd80a6f633/library/std/src/sys_common/backtrace.rs:141:18
[INFO] [stderr]     13:     0x55f783079b39 - rust_begin_unwind
[INFO] [stderr]                                  at /rustc/a178d0322ce20e33eac124758e837cbd80a6f633/library/std/src/panicking.rs:515:5
[INFO] [stderr]     14:     0x55f783041bdb - std::panicking::begin_panic_fmt::h5479575e112541f8
[INFO] [stderr]                                  at /rustc/a178d0322ce20e33eac124758e837cbd80a6f633/library/std/src/panicking.rs:457:5
[INFO] [stderr]     15:     0x55f7830448b6 - build_script_build::run_command_or_fail::hd4881890de9e2750
[INFO] [stderr]                                  at /opt/rustwide/cargo-home/registry/src/github.com-1ecc6299db9ec823/rdkafka-sys-0.11.3-1/build.rs:23:35
[INFO] [stderr]     16:     0x55f78304587c - build_script_build::build_librdkafka::h439752d03efe834e
[INFO] [stderr]                                  at /opt/rustwide/cargo-home/registry/src/github.com-1ecc6299db9ec823/rdkafka-sys-0.11.3-1/build.rs:91:5
[INFO] [stderr]     17:     0x55f783045561 - build_script_build::main::h3424c7ef8e9c5ac6
[INFO] [stderr]                                  at /opt/rustwide/cargo-home/registry/src/github.com-1ecc6299db9ec823/rdkafka-sys-0.11.3-1/build.rs:61:9
[INFO] [stderr]     18:     0x55f78304624b - core::ops::function::FnOnce::call_once::ha39374c2f4719c39
[INFO] [stderr]                                  at /rustc/a178d0322ce20e33eac124758e837cbd80a6f633/library/core/src/ops/function.rs:227:5
[INFO] [stderr]     19:     0x55f78304610e - std::sys_common::backtrace::__rust_begin_short_backtrace::h5b3555e3829112b4
[INFO] [stderr]                                  at /rustc/a178d0322ce20e33eac124758e837cbd80a6f633/library/std/src/sys_common/backtrace.rs:125:18
[INFO] [stderr]     20:     0x55f783048c51 - std::rt::lang_start::{{closure}}::h5ce0c2695b3b1acd
[INFO] [stderr]                                  at /rustc/a178d0322ce20e33eac124758e837cbd80a6f633/library/std/src/rt.rs:49:18
[INFO] [stderr]     21:     0x55f78307a5f9 - core::ops::function::impls::<impl core::ops::function::FnOnce<A> for &F>::call_once::h2aabc384aab89b7b
[INFO] [stderr]                                  at /rustc/a178d0322ce20e33eac124758e837cbd80a6f633/library/core/src/ops/function.rs:259:13
[INFO] [stderr]     22:     0x55f78307a5f9 - std::panicking::try::do_call::hc5fcacb7a85fc7b1
[INFO] [stderr]                                  at /rustc/a178d0322ce20e33eac124758e837cbd80a6f633/library/std/src/panicking.rs:401:40
[INFO] [stderr]     23:     0x55f78307a5f9 - std::panicking::try::hb5d9603af3abbe3a
[INFO] [stderr]                                  at /rustc/a178d0322ce20e33eac124758e837cbd80a6f633/library/std/src/panicking.rs:365:19
[INFO] [stderr]     24:     0x55f78307a5f9 - std::panic::catch_unwind::h98fe6ac3925e64b4
[INFO] [stderr]                                  at /rustc/a178d0322ce20e33eac124758e837cbd80a6f633/library/std/src/panic.rs:434:14
[INFO] [stderr]     25:     0x55f78307a5f9 - std::rt::lang_start_internal::h22ac7383c516f93e
[INFO] [stderr]                                  at /rustc/a178d0322ce20e33eac124758e837cbd80a6f633/library/std/src/rt.rs:34:21
[INFO] [stderr]     26:     0x55f783048c30 - std::rt::lang_start::h72ccb1e3e6f5ceb9
[INFO] [stderr]                                  at /rustc/a178d0322ce20e33eac124758e837cbd80a6f633/library/std/src/rt.rs:48:5
[INFO] [stderr]     27:     0x55f783045bac - main
[INFO] [stderr]     28:     0x7f19395fb0b3 - __libc_start_main
[INFO] [stderr]     29:     0x55f78304297e - _start
[INFO] [stderr]     30:                0x0 - <unknown>
[INFO] [stderr] warning: build failed, waiting for other jobs to finish...
[INFO] [stderr] error: build failed
[INFO] running `Command { std: "docker" "inspect" "70146046b0c2ea91797726c2d4f8315720b1b7ce163f5e71076c7f29fc1d2396", kill_on_drop: false }`
[INFO] running `Command { std: "docker" "rm" "-f" "70146046b0c2ea91797726c2d4f8315720b1b7ce163f5e71076c7f29fc1d2396", kill_on_drop: false }`
[INFO] [stdout] 70146046b0c2ea91797726c2d4f8315720b1b7ce163f5e71076c7f29fc1d2396
