[INFO] cloning repository https://github.com/spartucus/zksync_with_notes
[INFO] running `Command { std: "git" "-c" "credential.helper=" "-c" "credential.helper=/workspace/cargo-home/bin/git-credential-null" "clone" "--bare" "https://github.com/spartucus/zksync_with_notes" "/workspace/cache/git-repos/https%3A%2F%2Fgithub.com%2Fspartucus%2Fzksync_with_notes", kill_on_drop: false }`
[INFO] [stderr] Cloning into bare repository '/workspace/cache/git-repos/https%3A%2F%2Fgithub.com%2Fspartucus%2Fzksync_with_notes'...
[INFO] running `Command { std: "git" "rev-parse" "HEAD", kill_on_drop: false }`
[INFO] [stdout] ef983171150cf4d47c87026274087db7cbd67e94
[INFO] testing spartucus/zksync_with_notes against beta-2021-08-01 for beta-1.55-1
[INFO] running `Command { std: "git" "clone" "/workspace/cache/git-repos/https%3A%2F%2Fgithub.com%2Fspartucus%2Fzksync_with_notes" "/workspace/builds/worker-15/source", kill_on_drop: false }`
[INFO] [stderr] Cloning into '/workspace/builds/worker-15/source'...
[INFO] [stderr] done.
[INFO] validating manifest of git repo https://github.com/spartucus/zksync_with_notes on toolchain beta-2021-08-01
[INFO] running `Command { std: "/workspace/cargo-home/bin/cargo" "+beta-2021-08-01" "metadata" "--manifest-path" "Cargo.toml" "--no-deps", kill_on_drop: false }`
[INFO] started tweaking git repo https://github.com/spartucus/zksync_with_notes
[INFO] finished tweaking git repo https://github.com/spartucus/zksync_with_notes
[INFO] tweaked toml for git repo https://github.com/spartucus/zksync_with_notes written to /workspace/builds/worker-15/source/Cargo.toml
[INFO] crate git repo https://github.com/spartucus/zksync_with_notes already has a lockfile, it will not be regenerated
[INFO] running `Command { std: "/workspace/cargo-home/bin/cargo" "+beta-2021-08-01" "fetch" "--manifest-path" "Cargo.toml", kill_on_drop: false }`
[INFO] [stderr]     Updating git repository `https://github.com/dvush/ethabi.git`
[INFO] [stderr]     Updating git repository `https://github.com/matter-labs/franklin-crypto.git`
[INFO] [stderr]     Updating git repository `https://github.com/matter-labs/recursive_aggregation_circuit.git`
[INFO] [stderr]     Updating git repository `https://github.com/matter-labs/bellman`
[INFO] [stderr]     Updating git repository `https://github.com/shamatar/poseidon_hash.git`
[INFO] [stderr]  Downloading crates ...
[INFO] [stderr]   Downloaded indexmap v1.6.0
[INFO] [stderr]   Downloaded pin-project v1.0.2
[INFO] [stderr]   Downloaded serde_cbor v0.11.1
[INFO] [stderr]   Downloaded bigdecimal v0.2.0
[INFO] [stderr]   Downloaded pin-project-internal v1.0.2
[INFO] [stderr]   Downloaded crunchy v0.2.2
[INFO] [stderr]   Downloaded parking_lot_core v0.8.0
[INFO] [stderr]   Downloaded ahash v0.3.8
[INFO] [stderr]   Downloaded num v0.3.1
[INFO] [stderr]   Downloaded signal-hook-registry v1.2.1
[INFO] [stderr]   Downloaded tracing-attributes v0.1.11
[INFO] [stderr]   Downloaded tinyvec v0.3.4
[INFO] [stderr]   Downloaded walkdir v2.3.1
[INFO] [stderr]   Downloaded impl-serde v0.3.1
[INFO] [stderr]   Downloaded tokio-uds v0.2.7
[INFO] [stderr]   Downloaded sha2 v0.8.2
[INFO] [stderr]   Downloaded vec-arena v1.0.0
[INFO] [stderr]   Downloaded nb-connect v1.0.2
[INFO] [stderr]   Downloaded crypto-mac v0.7.0
[INFO] [stderr]   Downloaded num-complex v0.2.4
[INFO] [stderr]   Downloaded pbkdf2 v0.3.0
[INFO] [stderr]   Downloaded tiny-keccak v2.0.2
[INFO] [stderr]   Downloaded tokio-codec v0.1.2
[INFO] [stderr]   Downloaded simple_asn1 v0.4.1
[INFO] [stderr]   Downloaded base64 v0.9.3
[INFO] [stderr]   Downloaded cloudabi v0.1.0
[INFO] [stderr]   Downloaded unicase v1.4.2
[INFO] [stderr]   Downloaded structopt v0.3.20
[INFO] [stderr]   Downloaded hyper v0.10.16
[INFO] [stderr]   Downloaded handlebars v3.5.0
[INFO] [stderr]   Downloaded globset v0.4.5
[INFO] [stderr]   Downloaded hyper v0.12.35
[INFO] [stderr]   Downloaded traitobject v0.1.0
[INFO] [stderr]   Downloaded semver-parser v0.10.0
[INFO] [stderr]   Downloaded dashmap v3.11.10
[INFO] [stderr]   Downloaded rustc-demangle v0.1.17
[INFO] [stderr]   Downloaded tiny-keccak v1.5.0
[INFO] [stderr]   Downloaded ctrlc v3.1.7
[INFO] [stderr]   Downloaded gcc v0.3.55
[INFO] [stderr]   Downloaded whoami v1.0.1
[INFO] [stderr]   Downloaded security-framework v0.4.4
[INFO] [stderr]   Downloaded futures-task v0.3.8
[INFO] [stderr]   Downloaded thiserror v1.0.21
[INFO] [stderr]   Downloaded ethereum-types v0.9.2
[INFO] [stderr]   Downloaded js-sys v0.3.45
[INFO] [stderr]   Downloaded plotters-svg v0.3.0
[INFO] [stderr]   Downloaded rand v0.5.6
[INFO] [stderr]   Downloaded cargo_metadata v0.12.1
[INFO] [stderr]   Downloaded plotters v0.3.0
[INFO] [stderr]   Downloaded addr2line v0.13.0
[INFO] [stderr]   Downloaded jsonrpc-core-client v14.2.0
[INFO] [stderr]   Downloaded metrics-macros v0.1.0-alpha.5
[INFO] [stderr]   Downloaded blake2-rfc_bellman_edition v0.0.1
[INFO] [stderr]   Downloaded metrics-exporter-prometheus v0.1.0-alpha.7
[INFO] [stderr]   Downloaded num-bigint v0.2.6
[INFO] [stderr]   Downloaded wasm-bindgen-macro v0.2.68
[INFO] [stderr]   Downloaded crossbeam-epoch v0.9.0
[INFO] [stderr]   Downloaded jsonrpc-ws-server v14.2.0
[INFO] [stderr]   Downloaded digest v0.7.6
[INFO] [stderr]   Downloaded tracing-subscriber v0.2.15
[INFO] [stderr]   Downloaded gimli v0.22.0
[INFO] [stderr]   Downloaded actix-http v2.0.0
[INFO] [stderr]   Downloaded aes v0.3.2
[INFO] [stderr]   Downloaded aesni v0.6.0
[INFO] [stderr]   Downloaded actix-macros v0.1.2
[INFO] [stderr]   Downloaded instant v0.1.7
[INFO] [stderr]   Downloaded criterion v0.3.4
[INFO] [stderr]   Downloaded jsonrpc-derive v14.2.2
[INFO] [stderr]   Downloaded sqlformat v0.1.1
[INFO] [stderr]   Downloaded web-sys v0.3.45
[INFO] [stderr]   Downloaded structopt-derive v0.4.13
[INFO] [stderr]   Downloaded hdrhistogram v7.2.0
[INFO] [stderr]   Downloaded pem v0.8.1
[INFO] [stderr]   Downloaded rust-crypto v0.2.36
[INFO] [stderr]   Downloaded websocket-base v0.24.0
[INFO] [stderr]   Downloaded getrandom v0.2.0
[INFO] [stderr]   Downloaded impl-rlp v0.2.1
[INFO] [stderr]   Downloaded async-executor v1.3.0
[INFO] [stderr]   Downloaded metrics v0.13.0-alpha.8
[INFO] [stderr]   Downloaded blake2s_simd v0.5.10
[INFO] [stderr]   Downloaded wasm-bindgen v0.2.68
[INFO] [stderr]   Downloaded ws v0.9.1
[INFO] [stderr]   Downloaded flate2 v1.0.18
[INFO] [stderr]   Downloaded openssl v0.10.30
[INFO] [stderr]   Downloaded scrypt v0.2.0
[INFO] [stderr]   Downloaded jsonrpc-server-utils v14.2.0
[INFO] [stderr]   Downloaded serde_derive v1.0.117
[INFO] [stderr]   Downloaded async-std v1.6.5
[INFO] [stderr]   Downloaded const-random v0.1.13
[INFO] [stderr]   Downloaded secp256k1-sys v0.1.2
[INFO] [stderr]   Downloaded linked-hash-map v0.5.3
[INFO] [stderr]   Downloaded polling v2.0.2
[INFO] [stderr]   Downloaded futures-lite v1.11.2
[INFO] [stderr]   Downloaded ctr v0.3.2
[INFO] [stderr]   Downloaded tinyvec v1.0.1
[INFO] [stderr]   Downloaded jsonrpc-http-server v14.2.0
[INFO] [stderr]   Downloaded actix-router v0.2.5
[INFO] [stderr]   Downloaded actix-web v3.1.0
[INFO] [stderr]   Downloaded aes-soft v0.3.3
[INFO] [stderr]   Downloaded ripemd160 v0.8.0
[INFO] [stderr]   Downloaded async-io v1.1.10
[INFO] [stderr]   Downloaded thiserror-impl v1.0.21
[INFO] [stderr]   Downloaded crossbeam v0.7.3
[INFO] [stderr]   Downloaded base-x v0.2.6
[INFO] [stderr]   Downloaded half v1.6.0
[INFO] [stderr]   Downloaded nix v0.18.0
[INFO] [stderr]   Downloaded websocket v0.24.0
[INFO] [stderr]   Downloaded backoff v0.2.1
[INFO] [stderr]   Downloaded parity-crypto v0.6.2
[INFO] [stderr]   Downloaded jsonrpc-pubsub v14.2.0
[INFO] [stderr]   Downloaded awc v2.0.0
[INFO] [stderr]   Downloaded jsonwebtoken v7.2.0
[INFO] [stderr]   Downloaded const_fn v0.4.2
[INFO] [stderr]   Downloaded rayon v1.4.1
[INFO] [stderr]   Downloaded futures v0.1.30
[INFO] [stderr]   Downloaded backoff v0.1.6
[INFO] [stderr]   Downloaded bitvec v0.17.4
[INFO] [stderr]   Downloaded ahash v0.6.2
[INFO] [stderr]   Downloaded aho-corasick v0.7.14
[INFO] [stderr]   Downloaded deadpool v0.5.2
[INFO] [stderr]   Downloaded tokio v1.1.0
[INFO] [stderr]   Downloaded reqwest v0.10.8
[INFO] [stderr]   Downloaded backtrace v0.3.53
[INFO] [stderr]   Downloaded time v0.2.22
[INFO] [stderr]   Downloaded crossbeam-channel v0.4.4
[INFO] [stderr]   Downloaded uint v0.8.5
[INFO] [stderr]   Downloaded syn v1.0.45
[INFO] [stderr]   Downloaded actix-web-codegen v0.3.0
[INFO] [stderr]   Downloaded primitive-types v0.7.2
[INFO] [stderr]   Downloaded regex v1.4.1
[INFO] [stderr]   Downloaded regex-syntax v0.6.20
[INFO] [stderr]   Downloaded pairing_ce v0.24.2
[INFO] [stderr]   Downloaded secp256k1 v0.17.2
[INFO] [stderr]   Downloaded encoding_rs v0.8.24
[INFO] [stderr]   Downloaded criterion-plot v0.4.3
[INFO] [stderr]   Downloaded net2 v0.2.35
[INFO] [stderr]   Downloaded vcpkg v0.2.10
[INFO] [stderr]   Downloaded bstr v0.2.14
[INFO] [stderr]   Downloaded mathru v0.6.10
[INFO] [stderr]   Downloaded lock_api v0.4.1
[INFO] [stderr]   Downloaded itertools v0.10.0
[INFO] [stderr]   Downloaded hyper v0.13.8
[INFO] [stderr]   Downloaded typeable v0.1.2
[INFO] [stderr]   Downloaded ppv-lite86 v0.2.9
[INFO] [stderr]   Downloaded tokio v0.2.22
[INFO] [stderr]   Downloaded splitmut v0.2.1
[INFO] [stderr]   Downloaded zeroize v1.1.1
[INFO] [stderr]   Downloaded wasm-bindgen-macro-support v0.2.68
[INFO] [stderr]   Downloaded actix-web-httpauth v0.5.0
[INFO] [stderr]   Downloaded futures-channel v0.3.8
[INFO] [stderr]   Downloaded parity-scale-codec v1.3.5
[INFO] [stderr]   Downloaded native-tls v0.2.4
[INFO] [stderr]   Downloaded cookie v0.14.2
[INFO] [stderr]   Downloaded alga v0.9.3
[INFO] [stderr]   Downloaded actix-cors v0.3.0
[INFO] [stderr]   Downloaded block-modes v0.3.3
[INFO] [stderr]   Downloaded hermit-abi v0.1.17
[INFO] [stderr]   Downloaded csv v1.1.3
[INFO] [stderr]   Downloaded jsonrpc-client-transports v14.2.1
[INFO] [stderr]   Downloaded bytestring v0.1.5
[INFO] [stderr]   Downloaded cast v0.2.3
[INFO] [stderr]   Downloaded quick-error v2.0.0
[INFO] [stderr]   Downloaded mime v0.2.6
[INFO] [stderr]   Downloaded oorandom v11.1.2
[INFO] [stderr]   Downloaded ff_derive_ce v0.9.0
[INFO] [stderr]   Downloaded atomic-shim v0.1.0
[INFO] [stderr]   Downloaded tokio-tls v0.2.1
[INFO] [stderr]   Downloaded futures v0.3.6
[INFO] [stderr]   Downloaded metrics-util v0.4.0-alpha.6
[INFO] [stderr]   Downloaded object v0.21.1
[INFO] [stderr]   Downloaded block-cipher-trait v0.6.2
[INFO] [stderr]   Downloaded proc-macro-nested v0.1.6
[INFO] [stderr]   Downloaded rustc-hex v2.1.0
[INFO] [stderr]   Downloaded num-complex v0.3.1
[INFO] [stderr]   Downloaded approx v0.3.2
[INFO] [stderr]   Downloaded trust-dns-proto v0.19.5
[INFO] [stderr]   Downloaded parking_lot v0.11.0
[INFO] [stderr]   Downloaded sha-1 v0.9.1
[INFO] [stderr]   Downloaded ring v0.16.12
[INFO] [stderr]   Downloaded sha2 v0.9.1
[INFO] [stderr]   Downloaded wasm-bindgen-futures v0.4.18
[INFO] [stderr]   Downloaded rayon-core v1.8.1
[INFO] [stderr]   Downloaded futures-util v0.3.8
[INFO] [stderr]   Downloaded log v0.4.11
[INFO] [stderr]   Downloaded security-framework-sys v0.4.3
[INFO] [stderr]   Downloaded fixed-hash v0.6.1
[INFO] [stderr]   Downloaded num-bigint v0.3.1
[INFO] [stderr]   Downloaded tinytemplate v1.1.0
[INFO] [stderr]   Downloaded dtoa v0.4.6
[INFO] [stderr]   Downloaded blake2 v0.9.1
[INFO] [stderr]   Downloaded hmac v0.7.1
[INFO] [stderr]   Downloaded web3 v0.13.0
[INFO] [stderr]   Downloaded futures-sink v0.3.8
[INFO] [stderr]   Downloaded serde v1.0.117
[INFO] [stderr]   Downloaded h2 v0.2.6
[INFO] [stderr]   Downloaded trust-dns-resolver v0.19.5
[INFO] [stderr]   Downloaded ff_ce v0.12.0
[INFO] [stderr]   Downloaded soketto v0.4.2
[INFO] [stderr]   Downloaded aes-ctr v0.3.0
[INFO] [stderr]   Downloaded subtle v2.3.0
[INFO] [stderr]   Downloaded wasm-bindgen-shared v0.2.68
[INFO] [stderr]   Downloaded standback v0.2.11
[INFO] [stderr]   Downloaded wasm-bindgen-backend v0.2.68
[INFO] [stderr]   Downloaded futures-macro v0.3.8
[INFO] [stderr]   Downloaded async-global-executor v1.4.2
[INFO] [stderr]   Downloaded rlp v0.4.6
[INFO] [stderr]   Downloaded byte-slice-cast v0.3.5
[INFO] [stderr]   Downloaded futures-executor v0.3.6
[INFO] [stderr]   Downloaded futures-core v0.3.8
[INFO] [stderr]   Downloaded jsonrpc-core v14.2.0
[INFO] [stderr]   Downloaded serde_json v1.0.59
[INFO] [stderr]   Downloaded radium v0.3.0
[INFO] [stderr]   Downloaded cc v1.0.41
[INFO] [stderr]   Downloaded openssl-sys v0.9.58
[INFO] [stderr]   Downloaded smallvec v1.4.2
[INFO] [stderr]   Downloaded ethbloom v0.9.2
[INFO] [stderr]   Downloaded futures-io v0.3.8
[INFO] [stderr]   Downloaded bumpalo v3.4.0
[INFO] [stderr]   Downloaded impl-codec v0.4.2
[INFO] [stderr]   Downloaded tracing-log v0.1.1
[INFO] [stderr]   Downloaded generic-array v0.9.0
[INFO] [stderr]   Downloaded miow v0.3.6
[INFO] [stderr]   Downloaded envy v0.4.2
[INFO] [stderr]   Downloaded csv-core v0.1.10
[INFO] [stderr]   Downloaded const-random-macro v0.1.13
[INFO] [stderr]   Downloaded stream-cipher v0.3.2
[INFO] [stderr]   Downloaded tokio-udp v0.1.6
[INFO] [stderr]   Downloaded plotters-backend v0.3.0
[INFO] [stderr]   Downloaded subtle v1.0.0
[INFO] [stderr]   Downloaded arc-swap v0.4.7
[INFO] [stderr]   Downloaded async-channel v1.5.1
[INFO] running `Command { std: "docker" "create" "-v" "/var/lib/crater-agent-workspace/builds/worker-15/target:/opt/rustwide/target:rw,Z" "-v" "/var/lib/crater-agent-workspace/builds/worker-15/source:/opt/rustwide/workdir:ro,Z" "-v" "/var/lib/crater-agent-workspace/cargo-home:/opt/rustwide/cargo-home:ro,Z" "-v" "/var/lib/crater-agent-workspace/rustup-home:/opt/rustwide/rustup-home:ro,Z" "-e" "SOURCE_DIR=/opt/rustwide/workdir" "-e" "CARGO_TARGET_DIR=/opt/rustwide/target" "-e" "CARGO_HOME=/opt/rustwide/cargo-home" "-e" "RUSTUP_HOME=/opt/rustwide/rustup-home" "-w" "/opt/rustwide/workdir" "-m" "1610612736" "--user" "0:0" "--network" "none" "ghcr.io/rust-lang/crates-build-env/linux@sha256:34b6a614d2c27851fe6cbf88fbd1137609cefab8b10d0615aaeb6fd47975d74e" "/opt/rustwide/cargo-home/bin/cargo" "+beta-2021-08-01" "metadata" "--no-deps" "--format-version=1", kill_on_drop: false }`
[INFO] [stdout] b05fd35226edcf7a943bcfb8f0e07580fd66a794675a22ae36a73ac441891c7a
[INFO] running `Command { std: "docker" "start" "-a" "b05fd35226edcf7a943bcfb8f0e07580fd66a794675a22ae36a73ac441891c7a", kill_on_drop: false }`
[INFO] running `Command { std: "docker" "inspect" "b05fd35226edcf7a943bcfb8f0e07580fd66a794675a22ae36a73ac441891c7a", kill_on_drop: false }`
[INFO] running `Command { std: "docker" "rm" "-f" "b05fd35226edcf7a943bcfb8f0e07580fd66a794675a22ae36a73ac441891c7a", kill_on_drop: false }`
[INFO] [stdout] b05fd35226edcf7a943bcfb8f0e07580fd66a794675a22ae36a73ac441891c7a
[INFO] running `Command { std: "docker" "create" "-v" "/var/lib/crater-agent-workspace/builds/worker-15/target:/opt/rustwide/target:rw,Z" "-v" "/var/lib/crater-agent-workspace/builds/worker-15/source:/opt/rustwide/workdir:ro,Z" "-v" "/var/lib/crater-agent-workspace/cargo-home:/opt/rustwide/cargo-home:ro,Z" "-v" "/var/lib/crater-agent-workspace/rustup-home:/opt/rustwide/rustup-home:ro,Z" "-e" "SOURCE_DIR=/opt/rustwide/workdir" "-e" "CARGO_TARGET_DIR=/opt/rustwide/target" "-e" "CARGO_INCREMENTAL=0" "-e" "RUST_BACKTRACE=full" "-e" "RUSTFLAGS=--cap-lints=warn" "-e" "CARGO_HOME=/opt/rustwide/cargo-home" "-e" "RUSTUP_HOME=/opt/rustwide/rustup-home" "-w" "/opt/rustwide/workdir" "-m" "1610612736" "--user" "0:0" "--network" "none" "ghcr.io/rust-lang/crates-build-env/linux@sha256:34b6a614d2c27851fe6cbf88fbd1137609cefab8b10d0615aaeb6fd47975d74e" "/opt/rustwide/cargo-home/bin/cargo" "+beta-2021-08-01" "build" "--frozen" "--message-format=json", kill_on_drop: false }`
[INFO] [stdout] 1ff10d45771e65a4ccfc934bae21a8bc28b9d42aeafbde0a6fc274b4de20e6bc
[INFO] running `Command { std: "docker" "start" "-a" "1ff10d45771e65a4ccfc934bae21a8bc28b9d42aeafbde0a6fc274b4de20e6bc", kill_on_drop: false }`
[INFO] [stderr]    Compiling libc v0.2.79
[INFO] [stderr]    Compiling syn v1.0.45
[INFO] [stderr]    Compiling serde v1.0.117
[INFO] [stderr]    Compiling futures-core v0.3.8
[INFO] [stderr]    Compiling cc v1.0.41
[INFO] [stderr]    Compiling futures-io v0.3.8
[INFO] [stderr]    Compiling futures-sink v0.3.8
[INFO] [stderr]    Compiling libm v0.2.1
[INFO] [stderr]    Compiling serde_json v1.0.59
[INFO] [stderr]    Compiling crunchy v0.2.2
[INFO] [stderr]    Compiling arrayvec v0.5.1
[INFO] [stderr]    Compiling pin-project-lite v0.2.4
[INFO] [stderr]    Compiling tiny-keccak v2.0.2
[INFO] [stderr]    Compiling rustc-hex v2.1.0
[INFO] [stderr]    Compiling subtle v2.3.0
[INFO] [stderr]    Compiling radium v0.3.0
[INFO] [stderr]    Compiling byte-slice-cast v0.3.5
[INFO] [stderr]    Compiling async-task v4.0.3
[INFO] [stderr]    Compiling arrayvec v0.4.12
[INFO] [stderr]    Compiling rayon-core v1.8.1
[INFO] [stderr]    Compiling bit-vec v0.6.2
[INFO] [stderr]    Compiling anyhow v1.0.33
[INFO] [stderr]    Compiling splitmut v0.2.1
[INFO] [stderr]    Compiling futures-timer v3.0.2
[INFO] [stderr]    Compiling ansi_term v0.12.1
[INFO] [stderr]    Compiling zeroize v1.1.1
[INFO] [stderr]    Compiling metrics v0.13.0-alpha.8
[INFO] [stderr]    Compiling gcc v0.3.55
[INFO] [stderr]    Compiling whoami v1.0.1
[INFO] [stderr]    Compiling radium v0.5.3
[INFO] [stderr]    Compiling dotenv v0.15.0
[INFO] [stderr]    Compiling tap v1.0.0
[INFO] [stderr]    Compiling funty v1.1.0
[INFO] [stderr]    Compiling wyz v0.2.0
[INFO] [stderr]    Compiling atomic-shim v0.1.0
[INFO] [stderr]    Compiling traitobject v0.1.0
[INFO] [stderr]    Compiling futures-task v0.3.8
[INFO] [stderr]    Compiling num-traits v0.2.14
[INFO] [stderr]    Compiling instant v0.1.7
[INFO] [stderr]    Compiling tracing-core v0.1.17
[INFO] [stderr]    Compiling num-bigint v0.3.1
[INFO] [stderr]    Compiling num-complex v0.2.4
[INFO] [stderr]    Compiling num-iter v0.1.42
[INFO] [stderr]    Compiling num-rational v0.3.2
[INFO] [stderr]    Compiling rayon v1.4.1
[INFO] [stderr]    Compiling sharded-slab v0.1.1
[INFO] [stderr]    Compiling crossbeam-utils v0.8.1
[INFO] [stderr]    Compiling ahash v0.6.2
[INFO] [stderr]    Compiling nom v5.1.2
[INFO] [stderr]    Compiling time v0.2.22
[INFO] [stderr]    Compiling nom v6.1.0
[INFO] [stderr]    Compiling cookie v0.14.2
[INFO] [stderr]    Compiling rlp v0.4.6
[INFO] [stderr]    Compiling futures-channel v0.3.8
[INFO] [stderr]    Compiling hashlink v0.6.0
[INFO] [stderr]    Compiling stringprep v0.1.2
[INFO] [stderr]    Compiling async-channel v1.5.1
[INFO] [stderr]    Compiling tracing-log v0.1.1
[INFO] [stderr]    Compiling log v0.3.9
[INFO] [stderr]    Compiling regex-automata v0.1.9
[INFO] [stderr]    Compiling futures-lite v1.11.2
[INFO] [stderr]    Compiling generic-array v0.9.0
[INFO] [stderr]    Compiling indexmap v1.6.0
[INFO] [stderr]    Compiling blake2s_simd v0.5.10
[INFO] [stderr]    Compiling blake2s_const v0.6.0 (https://github.com/matter-labs/bellman?branch=beta#48441155)
[INFO] [stderr]    Compiling lexical-core v0.7.4
[INFO] [stderr]    Compiling unicase v1.4.2
[INFO] [stderr]    Compiling crypto-mac v0.7.0
[INFO] [stderr]    Compiling block-cipher-trait v0.6.2
[INFO] [stderr]    Compiling stream-cipher v0.3.2
[INFO] [stderr]    Compiling crypto-mac v0.8.0
[INFO] [stderr]    Compiling crypto-mac v0.10.0
[INFO] [stderr]    Compiling sqlformat v0.1.1
[INFO] [stderr]    Compiling pem v0.8.1
[INFO] [stderr]    Compiling impl-rlp v0.2.1
[INFO] [stderr]    Compiling sha2 v0.8.2
[INFO] [stderr]    Compiling ripemd160 v0.8.0
[INFO] [stderr]    Compiling tiny-keccak v1.5.0
[INFO] [stderr]    Compiling uint v0.8.5
[INFO] [stderr]    Compiling mime v0.2.6
[INFO] [stderr]    Compiling md-5 v0.9.1
[INFO] [stderr]    Compiling aes-soft v0.3.3
[INFO] [stderr]    Compiling block-modes v0.3.3
[INFO] [stderr]    Compiling digest v0.7.6
[INFO] [stderr]    Compiling ctr v0.3.2
[INFO] [stderr]    Compiling blake2 v0.9.1
[INFO] [stderr]    Compiling hmac v0.7.1
[INFO] [stderr]    Compiling hmac v0.10.1
[INFO] [stderr]    Compiling matchers v0.0.1
[INFO] [stderr]    Compiling bitvec v0.19.4
[INFO] [stderr]    Compiling rust-crypto v0.2.36
[INFO] [stderr]    Compiling blake2-rfc_bellman_edition v0.0.1
[INFO] [stderr]    Compiling aes v0.3.2
[INFO] [stderr]    Compiling aes-ctr v0.3.0
[INFO] [stderr]    Compiling async-executor v1.3.0
[INFO] [stderr]    Compiling blocking v1.0.2
[INFO] [stderr]    Compiling num_cpus v1.13.0
[INFO] [stderr]    Compiling iovec v0.1.4
[INFO] [stderr]    Compiling net2 v0.2.35
[INFO] [stderr]    Compiling getrandom v0.1.15
[INFO] [stderr]    Compiling signal-hook-registry v1.2.1
[INFO] [stderr]    Compiling parking_lot_core v0.8.0
[INFO] [stderr]    Compiling time v0.1.44
[INFO] [stderr]    Compiling socket2 v0.3.19
[INFO] [stderr]    Compiling rand_os v0.1.3
[INFO] [stderr]    Compiling rand v0.4.6
[INFO] [stderr]    Compiling polling v2.0.2
[INFO] [stderr]    Compiling nb-connect v1.0.2
[INFO] [stderr]    Compiling rand v0.5.6
[INFO] [stderr]    Compiling getrandom v0.2.0
[INFO] [stderr]    Compiling backtrace v0.3.53
[INFO] [stderr]    Compiling flate2 v1.0.18
[INFO] [stdout] error[E0308]: mismatched types
[INFO] [stdout]   --> /opt/rustwide/cargo-home/registry/src/github.com-1ecc6299db9ec823/lexical-core-0.7.4/src/atof/algorithm/bhcomp.rs:62:24
[INFO] [stdout]    |
[INFO] [stdout] 62 |     let bytes = bits / Limb::BITS;
[INFO] [stdout]    |                        ^^^^^^^^^^ expected `usize`, found `u32`
[INFO] [stdout] 
[INFO] [stdout] 
[INFO] [stderr]    Compiling hostname v0.3.1
[INFO] [stdout] error[E0277]: cannot divide `usize` by `u32`
[INFO] [stdout]   --> /opt/rustwide/cargo-home/registry/src/github.com-1ecc6299db9ec823/lexical-core-0.7.4/src/atof/algorithm/bhcomp.rs:62:22
[INFO] [stdout]    |
[INFO] [stdout] 62 |     let bytes = bits / Limb::BITS;
[INFO] [stdout]    |                      ^ no implementation for `usize / u32`
[INFO] [stdout]    |
[INFO] [stdout]    = help: the trait `Div<u32>` is not implemented for `usize`
[INFO] [stdout] 
[INFO] [stdout] 
[INFO] [stderr]    Compiling nix v0.18.0
[INFO] [stdout] error[E0308]: mismatched types
[INFO] [stdout]    --> /opt/rustwide/cargo-home/registry/src/github.com-1ecc6299db9ec823/lexical-core-0.7.4/src/atof/algorithm/bigcomp.rs:157:55
[INFO] [stdout]     |
[INFO] [stdout] 157 |     let nlz = den.leading_zeros().wrapping_sub(wlz) & (u32::BITS - 1);
[INFO] [stdout]     |                                                       ^^^^^^^^^^^^^^^ expected `usize`, found `u32`
[INFO] [stdout] 
[INFO] [stdout] 
[INFO] [stdout] error[E0277]: no implementation for `usize & u32`
[INFO] [stdout]    --> /opt/rustwide/cargo-home/registry/src/github.com-1ecc6299db9ec823/lexical-core-0.7.4/src/atof/algorithm/bigcomp.rs:157:53
[INFO] [stdout]     |
[INFO] [stdout] 157 |     let nlz = den.leading_zeros().wrapping_sub(wlz) & (u32::BITS - 1);
[INFO] [stdout]     |                                                     ^ no implementation for `usize & u32`
[INFO] [stdout]     |
[INFO] [stdout]     = help: the trait `BitAnd<u32>` is not implemented for `usize`
[INFO] [stdout] 
[INFO] [stdout] 
[INFO] [stdout] error[E0308]: mismatched types
[INFO] [stdout]    --> /opt/rustwide/cargo-home/registry/src/github.com-1ecc6299db9ec823/lexical-core-0.7.4/src/atof/algorithm/bigcomp.rs:175:40
[INFO] [stdout]     |
[INFO] [stdout] 175 |         let (q, r) = shift.ceil_divmod(Limb::BITS);
[INFO] [stdout]     |                                        ^^^^^^^^^^ expected `usize`, found `u32`
[INFO] [stdout]     |
[INFO] [stdout] help: you can convert a `u32` to a `usize` and panic if the converted value doesn't fit
[INFO] [stdout]     |
[INFO] [stdout] 175 |         let (q, r) = shift.ceil_divmod(Limb::BITS.try_into().unwrap());
[INFO] [stdout]     |                                        ^^^^^^^^^^^^^^^^^^^^^^^^^^^^^^
[INFO] [stdout] 
[INFO] [stdout] 
[INFO] [stderr]    Compiling atty v0.2.14
[INFO] [stderr]    Compiling parking_lot_core v0.6.2
[INFO] [stdout] error[E0308]: mismatched types
[INFO] [stdout]     --> /opt/rustwide/cargo-home/registry/src/github.com-1ecc6299db9ec823/lexical-core-0.7.4/src/atof/algorithm/math.rs:1043:42
[INFO] [stdout]      |
[INFO] [stdout] 1043 |     let mut count = index.saturating_mul(Limb::BITS);
[INFO] [stdout]      |                                          ^^^^^^^^^^ expected `usize`, found `u32`
[INFO] [stdout]      |
[INFO] [stdout] help: you can convert a `u32` to a `usize` and panic if the converted value doesn't fit
[INFO] [stdout]      |
[INFO] [stdout] 1043 |     let mut count = index.saturating_mul(Limb::BITS.try_into().unwrap());
[INFO] [stdout]      |                                          ^^^^^^^^^^^^^^^^^^^^^^^^^^^^^^
[INFO] [stdout] 
[INFO] [stdout] 
[INFO] [stdout] error[E0308]: mismatched types
[INFO] [stdout]     --> /opt/rustwide/cargo-home/registry/src/github.com-1ecc6299db9ec823/lexical-core-0.7.4/src/atof/algorithm/math.rs:1058:28
[INFO] [stdout]      |
[INFO] [stdout] 1058 |     Limb::BITS.checked_mul(x.len())
[INFO] [stdout]      |                            ^^^^^^^ expected `u32`, found `usize`
[INFO] [stdout]      |
[INFO] [stdout] help: you can convert a `usize` to a `u32` and panic if the converted value doesn't fit
[INFO] [stdout]      |
[INFO] [stdout] 1058 |     Limb::BITS.checked_mul(x.len().try_into().unwrap())
[INFO] [stdout]      |                            ^^^^^^^^^^^^^^^^^^^^^^^^^^^
[INFO] [stdout] 
[INFO] [stdout] 
[INFO] [stdout] error[E0308]: mismatched types
[INFO] [stdout]     --> /opt/rustwide/cargo-home/registry/src/github.com-1ecc6299db9ec823/lexical-core-0.7.4/src/atof/algorithm/math.rs:1059:22
[INFO] [stdout]      |
[INFO] [stdout] 1059 |         .map(|v| v - nlz)
[INFO] [stdout]      |                      ^^^ expected `u32`, found `usize`
[INFO] [stdout] 
[INFO] [stdout] 
[INFO] [stdout] error[E0277]: cannot subtract `usize` from `u32`
[INFO] [stdout]     --> /opt/rustwide/cargo-home/registry/src/github.com-1ecc6299db9ec823/lexical-core-0.7.4/src/atof/algorithm/math.rs:1059:20
[INFO] [stdout]      |
[INFO] [stdout] 1059 |         .map(|v| v - nlz)
[INFO] [stdout]      |                    ^ no implementation for `u32 - usize`
[INFO] [stdout]      |
[INFO] [stdout]      = help: the trait `Sub<usize>` is not implemented for `u32`
[INFO] [stdout] 
[INFO] [stdout] 
[INFO] [stdout] error[E0308]: mismatched types
[INFO] [stdout]     --> /opt/rustwide/cargo-home/registry/src/github.com-1ecc6299db9ec823/lexical-core-0.7.4/src/atof/algorithm/math.rs:1060:20
[INFO] [stdout]      |
[INFO] [stdout] 1060 |         .unwrap_or(usize::max_value())
[INFO] [stdout]      |                    ^^^^^^^^^^^^^^^^^^ expected `u32`, found `usize`
[INFO] [stdout]      |
[INFO] [stdout] help: you can convert a `usize` to a `u32` and panic if the converted value doesn't fit
[INFO] [stdout]      |
[INFO] [stdout] 1060 |         .unwrap_or(usize::max_value().try_into().unwrap())
[INFO] [stdout]      |                    ^^^^^^^^^^^^^^^^^^^^^^^^^^^^^^^^^^^^^^
[INFO] [stdout] 
[INFO] [stdout] 
[INFO] [stdout] error[E0308]: mismatched types
[INFO] [stdout]     --> /opt/rustwide/cargo-home/registry/src/github.com-1ecc6299db9ec823/lexical-core-0.7.4/src/atof/algorithm/math.rs:1058:5
[INFO] [stdout]      |
[INFO] [stdout] 1054 |   pub fn bit_length(x: &[Limb]) -> usize {
[INFO] [stdout]      |                                    ----- expected `usize` because of return type
[INFO] [stdout] ...
[INFO] [stdout] 1058 | /     Limb::BITS.checked_mul(x.len())
[INFO] [stdout] 1059 | |         .map(|v| v - nlz)
[INFO] [stdout] 1060 | |         .unwrap_or(usize::max_value())
[INFO] [stdout]      | |______________________________________^ expected `usize`, found `u32`
[INFO] [stdout]      |
[INFO] [stdout] help: you can convert a `u32` to a `usize` and panic if the converted value doesn't fit
[INFO] [stdout]      |
[INFO] [stdout] 1058 |     Limb::BITS.checked_mul(x.len())
[INFO] [stdout] 1059 |         .map(|v| v - nlz)
[INFO] [stdout] 1060 |         .unwrap_or(usize::max_value()).try_into().unwrap()
[INFO] [stdout]      |
[INFO] [stdout] 
[INFO] [stdout] 
[INFO] [stdout] error[E0308]: mismatched types
[INFO] [stdout]     --> /opt/rustwide/cargo-home/registry/src/github.com-1ecc6299db9ec823/lexical-core-0.7.4/src/atof/algorithm/math.rs:1085:23
[INFO] [stdout]      |
[INFO] [stdout] 1085 |     debug_assert!(n < bits && n != 0);
[INFO] [stdout]      |                       ^^^^ expected `usize`, found `u32`
[INFO] [stdout]      |
[INFO] [stdout] help: you can convert a `u32` to a `usize` and panic if the converted value doesn't fit
[INFO] [stdout]      |
[INFO] [stdout] 1085 |     debug_assert!(n < bits.try_into().unwrap() && n != 0);
[INFO] [stdout]      |                       ^^^^^^^^^^^^^^^^^^^^^^^^
[INFO] [stdout] 
[INFO] [stdout] 
[INFO] [stdout] error[E0308]: mismatched types
[INFO] [stdout]     --> /opt/rustwide/cargo-home/registry/src/github.com-1ecc6299db9ec823/lexical-core-0.7.4/src/atof/algorithm/math.rs:1092:25
[INFO] [stdout]      |
[INFO] [stdout] 1092 |     let lshift = bits - n;
[INFO] [stdout]      |                         ^ expected `u32`, found `usize`
[INFO] [stdout] 
[INFO] [stdout] 
[INFO] [stdout] error[E0277]: cannot subtract `usize` from `u32`
[INFO] [stdout]     --> /opt/rustwide/cargo-home/registry/src/github.com-1ecc6299db9ec823/lexical-core-0.7.4/src/atof/algorithm/math.rs:1092:23
[INFO] [stdout]      |
[INFO] [stdout] 1092 |     let lshift = bits - n;
[INFO] [stdout]      |                       ^ no implementation for `u32 - usize`
[INFO] [stdout]      |
[INFO] [stdout]      = help: the trait `Sub<usize>` is not implemented for `u32`
[INFO] [stdout] 
[INFO] [stdout] 
[INFO] [stdout] error[E0308]: mismatched types
[INFO] [stdout]     --> /opt/rustwide/cargo-home/registry/src/github.com-1ecc6299db9ec823/lexical-core-0.7.4/src/atof/algorithm/math.rs:1134:19
[INFO] [stdout]      |
[INFO] [stdout] 1134 |     let rem = n % bits;
[INFO] [stdout]      |                   ^^^^ expected `usize`, found `u32`
[INFO] [stdout] 
[INFO] [stdout] 
[INFO] [stdout] error[E0277]: cannot mod `usize` by `u32`
[INFO] [stdout]     --> /opt/rustwide/cargo-home/registry/src/github.com-1ecc6299db9ec823/lexical-core-0.7.4/src/atof/algorithm/math.rs:1134:17
[INFO] [stdout]      |
[INFO] [stdout] 1134 |     let rem = n % bits;
[INFO] [stdout]      |                 ^ no implementation for `usize % u32`
[INFO] [stdout]      |
[INFO] [stdout]      = help: the trait `Rem<u32>` is not implemented for `usize`
[INFO] [stdout] 
[INFO] [stdout] 
[INFO] [stdout] error[E0308]: mismatched types
[INFO] [stdout]     --> /opt/rustwide/cargo-home/registry/src/github.com-1ecc6299db9ec823/lexical-core-0.7.4/src/atof/algorithm/math.rs:1135:19
[INFO] [stdout]      |
[INFO] [stdout] 1135 |     let div = n / bits;
[INFO] [stdout]      |                   ^^^^ expected `usize`, found `u32`
[INFO] [stdout] 
[INFO] [stdout] 
[INFO] [stdout] error[E0277]: cannot divide `usize` by `u32`
[INFO] [stdout]     --> /opt/rustwide/cargo-home/registry/src/github.com-1ecc6299db9ec823/lexical-core-0.7.4/src/atof/algorithm/math.rs:1135:17
[INFO] [stdout]      |
[INFO] [stdout] 1135 |     let div = n / bits;
[INFO] [stdout]      |                 ^ no implementation for `usize / u32`
[INFO] [stdout]      |
[INFO] [stdout]      = help: the trait `Div<u32>` is not implemented for `usize`
[INFO] [stdout] 
[INFO] [stdout] 
[INFO] [stdout] error[E0308]: mismatched types
[INFO] [stdout]     --> /opt/rustwide/cargo-home/registry/src/github.com-1ecc6299db9ec823/lexical-core-0.7.4/src/atof/algorithm/math.rs:1191:23
[INFO] [stdout]      |
[INFO] [stdout] 1191 |     debug_assert!(n < bits);
[INFO] [stdout]      |                       ^^^^ expected `usize`, found `u32`
[INFO] [stdout]      |
[INFO] [stdout] help: you can convert a `u32` to a `usize` and panic if the converted value doesn't fit
[INFO] [stdout]      |
[INFO] [stdout] 1191 |     debug_assert!(n < bits.try_into().unwrap());
[INFO] [stdout]      |                       ^^^^^^^^^^^^^^^^^^^^^^^^
[INFO] [stdout] 
[INFO] [stdout] 
[INFO] [stdout] error[E0308]: mismatched types
[INFO] [stdout]     --> /opt/rustwide/cargo-home/registry/src/github.com-1ecc6299db9ec823/lexical-core-0.7.4/src/atof/algorithm/math.rs:1201:25
[INFO] [stdout]      |
[INFO] [stdout] 1201 |     let rshift = bits - n;
[INFO] [stdout]      |                         ^ expected `u32`, found `usize`
[INFO] [stdout] 
[INFO] [stdout] 
[INFO] [stdout] error[E0277]: cannot subtract `usize` from `u32`
[INFO] [stdout]     --> /opt/rustwide/cargo-home/registry/src/github.com-1ecc6299db9ec823/lexical-core-0.7.4/src/atof/algorithm/math.rs:1201:23
[INFO] [stdout]      |
[INFO] [stdout] 1201 |     let rshift = bits - n;
[INFO] [stdout]      |                       ^ no implementation for `u32 - usize`
[INFO] [stdout]      |
[INFO] [stdout]      = help: the trait `Sub<usize>` is not implemented for `u32`
[INFO] [stdout] 
[INFO] [stdout] 
[INFO] [stdout] error[E0308]: mismatched types
[INFO] [stdout]     --> /opt/rustwide/cargo-home/registry/src/github.com-1ecc6299db9ec823/lexical-core-0.7.4/src/atof/algorithm/math.rs:1253:19
[INFO] [stdout]      |
[INFO] [stdout] 1253 |     let rem = n % bits;
[INFO] [stdout]      |                   ^^^^ expected `usize`, found `u32`
[INFO] [stdout] 
[INFO] [stdout] 
[INFO] [stdout] error[E0277]: cannot mod `usize` by `u32`
[INFO] [stdout]     --> /opt/rustwide/cargo-home/registry/src/github.com-1ecc6299db9ec823/lexical-core-0.7.4/src/atof/algorithm/math.rs:1253:17
[INFO] [stdout]      |
[INFO] [stdout] 1253 |     let rem = n % bits;
[INFO] [stdout]      |                 ^ no implementation for `usize % u32`
[INFO] [stdout]      |
[INFO] [stdout]      = help: the trait `Rem<u32>` is not implemented for `usize`
[INFO] [stdout] 
[INFO] [stdout] 
[INFO] [stdout] error[E0308]: mismatched types
[INFO] [stdout]     --> /opt/rustwide/cargo-home/registry/src/github.com-1ecc6299db9ec823/lexical-core-0.7.4/src/atof/algorithm/math.rs:1254:19
[INFO] [stdout]      |
[INFO] [stdout] 1254 |     let div = n / bits;
[INFO] [stdout]      |                   ^^^^ expected `usize`, found `u32`
[INFO] [stdout] 
[INFO] [stdout] 
[INFO] [stdout] error[E0277]: cannot divide `usize` by `u32`
[INFO] [stdout]     --> /opt/rustwide/cargo-home/registry/src/github.com-1ecc6299db9ec823/lexical-core-0.7.4/src/atof/algorithm/math.rs:1254:17
[INFO] [stdout]      |
[INFO] [stdout] 1254 |     let div = n / bits;
[INFO] [stdout]      |                 ^ no implementation for `usize / u32`
[INFO] [stdout]      |
[INFO] [stdout]      = help: the trait `Div<u32>` is not implemented for `usize`
[INFO] [stdout] 
[INFO] [stdout] 
[INFO] [stdout] error[E0308]: mismatched types
[INFO] [stdout]     --> /opt/rustwide/cargo-home/registry/src/github.com-1ecc6299db9ec823/lexical-core-0.7.4/src/atof/algorithm/math.rs:2065:27
[INFO] [stdout]      |
[INFO] [stdout] 2065 |     let rs = Limb::BITS - s;
[INFO] [stdout]      |                           ^ expected `u32`, found `usize`
[INFO] [stdout] 
[INFO] [stdout] 
[INFO] [stdout] error[E0277]: cannot subtract `usize` from `u32`
[INFO] [stdout]     --> /opt/rustwide/cargo-home/registry/src/github.com-1ecc6299db9ec823/lexical-core-0.7.4/src/atof/algorithm/math.rs:2065:25
[INFO] [stdout]      |
[INFO] [stdout] 2065 |     let rs = Limb::BITS - s;
[INFO] [stdout]      |                         ^ no implementation for `u32 - usize`
[INFO] [stdout]      |
[INFO] [stdout]      = help: the trait `Sub<usize>` is not implemented for `u32`
[INFO] [stdout] 
[INFO] [stdout] 
[INFO] [stdout] error: aborting due to 27 previous errors
[INFO] [stdout] 
[INFO] [stdout] 
[INFO] [stdout] Some errors have detailed explanations: E0277, E0308.
[INFO] [stdout] 
[INFO] [stdout] For more information about an error, try `rustc --explain E0277`.
[INFO] [stdout] 
[INFO] [stderr] error: could not compile `lexical-core` due to 28 previous errors
[INFO] [stderr] warning: build failed, waiting for other jobs to finish...
[INFO] [stderr] error: build failed
[INFO] running `Command { std: "docker" "inspect" "1ff10d45771e65a4ccfc934bae21a8bc28b9d42aeafbde0a6fc274b4de20e6bc", kill_on_drop: false }`
[INFO] running `Command { std: "docker" "rm" "-f" "1ff10d45771e65a4ccfc934bae21a8bc28b9d42aeafbde0a6fc274b4de20e6bc", kill_on_drop: false }`
[INFO] [stdout] 1ff10d45771e65a4ccfc934bae21a8bc28b9d42aeafbde0a6fc274b4de20e6bc
