[INFO] cloning repository https://github.com/sparkle-os/sparkle
[INFO] running `Command { std: "git" "-c" "credential.helper=" "-c" "credential.helper=/workspace/cargo-home/bin/git-credential-null" "clone" "--bare" "https://github.com/sparkle-os/sparkle" "/workspace/cache/git-repos/https%3A%2F%2Fgithub.com%2Fsparkle-os%2Fsparkle", kill_on_drop: false }`
[INFO] [stderr] Cloning into bare repository '/workspace/cache/git-repos/https%3A%2F%2Fgithub.com%2Fsparkle-os%2Fsparkle'...
[INFO] running `Command { std: "git" "rev-parse" "HEAD", kill_on_drop: false }`
[INFO] [stdout] 7c0e652645e02c56d63738a7e6873ac777959717
[INFO] testing sparkle-os/sparkle against 1.54.0 for beta-1.55-1
[INFO] running `Command { std: "git" "clone" "/workspace/cache/git-repos/https%3A%2F%2Fgithub.com%2Fsparkle-os%2Fsparkle" "/workspace/builds/worker-10/source", kill_on_drop: false }`
[INFO] [stderr] Cloning into '/workspace/builds/worker-10/source'...
[INFO] [stderr] done.
[INFO] validating manifest of git repo https://github.com/sparkle-os/sparkle on toolchain 1.54.0
[INFO] running `Command { std: "/workspace/cargo-home/bin/cargo" "+1.54.0" "metadata" "--manifest-path" "Cargo.toml" "--no-deps", kill_on_drop: false }`
[INFO] started tweaking git repo https://github.com/sparkle-os/sparkle
[INFO] finished tweaking git repo https://github.com/sparkle-os/sparkle
[INFO] tweaked toml for git repo https://github.com/sparkle-os/sparkle written to /workspace/builds/worker-10/source/Cargo.toml
[INFO] crate git repo https://github.com/sparkle-os/sparkle already has a lockfile, it will not be regenerated
[INFO] running `Command { std: "/workspace/cargo-home/bin/cargo" "+1.54.0" "fetch" "--manifest-path" "Cargo.toml", kill_on_drop: false }`
[INFO] [stderr]     Blocking waiting for file lock on package cache
[INFO] [stderr]     Blocking waiting for file lock on package cache
[INFO] running `Command { std: "docker" "create" "-v" "/var/lib/crater-agent-workspace/builds/worker-10/target:/opt/rustwide/target:rw,Z" "-v" "/var/lib/crater-agent-workspace/builds/worker-10/source:/opt/rustwide/workdir:ro,Z" "-v" "/var/lib/crater-agent-workspace/cargo-home:/opt/rustwide/cargo-home:ro,Z" "-v" "/var/lib/crater-agent-workspace/rustup-home:/opt/rustwide/rustup-home:ro,Z" "-e" "SOURCE_DIR=/opt/rustwide/workdir" "-e" "CARGO_TARGET_DIR=/opt/rustwide/target" "-e" "CARGO_HOME=/opt/rustwide/cargo-home" "-e" "RUSTUP_HOME=/opt/rustwide/rustup-home" "-w" "/opt/rustwide/workdir" "-m" "1610612736" "--user" "0:0" "--network" "none" "ghcr.io/rust-lang/crates-build-env/linux@sha256:34b6a614d2c27851fe6cbf88fbd1137609cefab8b10d0615aaeb6fd47975d74e" "/opt/rustwide/cargo-home/bin/cargo" "+1.54.0" "metadata" "--no-deps" "--format-version=1", kill_on_drop: false }`
[INFO] [stdout] 8d203f452acef2ebdb2a01d83f161548b0b2aeeb28e270677b0c3e324f2e843e
[INFO] running `Command { std: "docker" "start" "-a" "8d203f452acef2ebdb2a01d83f161548b0b2aeeb28e270677b0c3e324f2e843e", kill_on_drop: false }`
[INFO] running `Command { std: "docker" "inspect" "8d203f452acef2ebdb2a01d83f161548b0b2aeeb28e270677b0c3e324f2e843e", kill_on_drop: false }`
[INFO] running `Command { std: "docker" "rm" "-f" "8d203f452acef2ebdb2a01d83f161548b0b2aeeb28e270677b0c3e324f2e843e", kill_on_drop: false }`
[INFO] [stdout] 8d203f452acef2ebdb2a01d83f161548b0b2aeeb28e270677b0c3e324f2e843e
[INFO] running `Command { std: "docker" "create" "-v" "/var/lib/crater-agent-workspace/builds/worker-10/target:/opt/rustwide/target:rw,Z" "-v" "/var/lib/crater-agent-workspace/builds/worker-10/source:/opt/rustwide/workdir:ro,Z" "-v" "/var/lib/crater-agent-workspace/cargo-home:/opt/rustwide/cargo-home:ro,Z" "-v" "/var/lib/crater-agent-workspace/rustup-home:/opt/rustwide/rustup-home:ro,Z" "-e" "SOURCE_DIR=/opt/rustwide/workdir" "-e" "CARGO_TARGET_DIR=/opt/rustwide/target" "-e" "CARGO_INCREMENTAL=0" "-e" "RUST_BACKTRACE=full" "-e" "RUSTFLAGS=--cap-lints=warn" "-e" "CARGO_HOME=/opt/rustwide/cargo-home" "-e" "RUSTUP_HOME=/opt/rustwide/rustup-home" "-w" "/opt/rustwide/workdir" "-m" "1610612736" "--user" "0:0" "--network" "none" "ghcr.io/rust-lang/crates-build-env/linux@sha256:34b6a614d2c27851fe6cbf88fbd1137609cefab8b10d0615aaeb6fd47975d74e" "/opt/rustwide/cargo-home/bin/cargo" "+1.54.0" "build" "--frozen" "--message-format=json", kill_on_drop: false }`
[INFO] [stdout] ff8977287250ea7650665572aa5e7762acb2b62287e6ddb586c8c17bcb6e9393
[INFO] running `Command { std: "docker" "start" "-a" "ff8977287250ea7650665572aa5e7762acb2b62287e6ddb586c8c17bcb6e9393", kill_on_drop: false }`
[INFO] [stderr]    Compiling cc v1.0.38
[INFO] [stderr]    Compiling ux v0.1.3
[INFO] [stderr]    Compiling bit_field v0.9.0
[INFO] [stderr]    Compiling cast v0.2.2
[INFO] [stderr]    Compiling bit_field v0.10.0
[INFO] [stderr]    Compiling rlibc v1.0.0
[INFO] [stderr]    Compiling volatile v0.2.6
[INFO] [stderr]    Compiling once v0.1.0 (/opt/rustwide/workdir/lib/once)
[INFO] [stderr]    Compiling linked_list_allocator v0.6.4
[INFO] [stderr]    Compiling array-init v0.0.4
[INFO] [stderr]    Compiling log v0.4.8
[INFO] [stderr]    Compiling multiboot2 v0.8.1
[INFO] [stdout] error[E0557]: feature has been removed
[INFO] [stdout]  --> /opt/rustwide/cargo-home/registry/src/github.com-1ecc6299db9ec823/linked_list_allocator-0.6.4/src/lib.rs:1:12
[INFO] [stdout]   |
[INFO] [stdout] 1 | #![feature(const_fn)]
[INFO] [stdout]   |            ^^^^^^^^ feature has been removed
[INFO] [stdout]   |
[INFO] [stdout]   = note: split into finer-grained feature gates
[INFO] [stdout] 
[INFO] [stdout] 
[INFO] [stdout] error[E0432]: unresolved imports `alloc::alloc::Alloc`, `alloc::alloc::AllocErr`
[INFO] [stdout]   --> /opt/rustwide/cargo-home/registry/src/github.com-1ecc6299db9ec823/linked_list_allocator-0.6.4/src/lib.rs:14:20
[INFO] [stdout]    |
[INFO] [stdout] 14 | use alloc::alloc::{Alloc, AllocErr, Layout};
[INFO] [stdout]    |                    ^^^^^  ^^^^^^^^ no `AllocErr` in `alloc`
[INFO] [stdout]    |                    |
[INFO] [stdout]    |                    no `Alloc` in `alloc`
[INFO] [stdout]    |
[INFO] [stdout] help: a similar name exists in the module
[INFO] [stdout]    |
[INFO] [stdout] 14 | use alloc::alloc::{alloc, AllocErr, Layout};
[INFO] [stdout]    |                    ^^^^^
[INFO] [stdout] help: a similar name exists in the module
[INFO] [stdout]    |
[INFO] [stdout] 14 | use alloc::alloc::{Alloc, AllocError, Layout};
[INFO] [stdout]    |                           ^^^^^^^^^^
[INFO] [stdout] 
[INFO] [stdout] 
[INFO] [stdout] error[E0432]: unresolved import `alloc::alloc::AllocErr`
[INFO] [stdout]  --> /opt/rustwide/cargo-home/registry/src/github.com-1ecc6299db9ec823/linked_list_allocator-0.6.4/src/hole.rs:1:20
[INFO] [stdout]   |
[INFO] [stdout] 1 | use alloc::alloc::{AllocErr, Layout};
[INFO] [stdout]   |                    ^^^^^^^^
[INFO] [stdout]   |                    |
[INFO] [stdout]   |                    no `AllocErr` in `alloc`
[INFO] [stdout]   |                    help: a similar name exists in the module: `AllocError`
[INFO] [stdout] 
[INFO] [stdout] 
[INFO] [stdout] error[E0554]: `#![feature]` may not be used on the stable release channel
[INFO] [stdout]  --> /opt/rustwide/cargo-home/registry/src/github.com-1ecc6299db9ec823/linked_list_allocator-0.6.4/src/lib.rs:1:1
[INFO] [stdout]   |
[INFO] [stdout] 1 | #![feature(const_fn)]
[INFO] [stdout]   | ^^^^^^^^^^^^^^^^^^^^^
[INFO] [stdout] 
[INFO] [stdout] 
[INFO] [stdout] error[E0554]: `#![feature]` may not be used on the stable release channel
[INFO] [stdout]  --> /opt/rustwide/cargo-home/registry/src/github.com-1ecc6299db9ec823/linked_list_allocator-0.6.4/src/lib.rs:2:1
[INFO] [stdout]   |
[INFO] [stdout] 2 | #![feature(alloc, allocator_api)]
[INFO] [stdout]   | ^^^^^^^^^^^^^^^^^^^^^^^^^^^^^^^^^
[INFO] [stdout] 
[INFO] [stdout] 
[INFO] [stdout] error: aborting due to 5 previous errors
[INFO] [stdout] 
[INFO] [stdout] 
[INFO] [stdout] Some errors have detailed explanations: E0432, E0554, E0557.
[INFO] [stdout] 
[INFO] [stdout] For more information about an error, try `rustc --explain E0432`.
[INFO] [stdout] 
[INFO] [stderr] error: could not compile `linked_list_allocator`
[INFO] [stderr] 
[INFO] [stderr] To learn more, run the command again with --verbose.
[INFO] [stderr] warning: build failed, waiting for other jobs to finish...
[INFO] [stderr] error: build failed
[INFO] running `Command { std: "docker" "inspect" "ff8977287250ea7650665572aa5e7762acb2b62287e6ddb586c8c17bcb6e9393", kill_on_drop: false }`
[INFO] running `Command { std: "docker" "rm" "-f" "ff8977287250ea7650665572aa5e7762acb2b62287e6ddb586c8c17bcb6e9393", kill_on_drop: false }`
[INFO] [stdout] ff8977287250ea7650665572aa5e7762acb2b62287e6ddb586c8c17bcb6e9393
