[INFO] cloning repository https://github.com/solargatsby/time_index_state_type_script
[INFO] running `Command { std: "git" "-c" "credential.helper=" "-c" "credential.helper=/workspace/cargo-home/bin/git-credential-null" "clone" "--bare" "https://github.com/solargatsby/time_index_state_type_script" "/workspace/cache/git-repos/https%3A%2F%2Fgithub.com%2Fsolargatsby%2Ftime_index_state_type_script", kill_on_drop: false }`
[INFO] [stderr] Cloning into bare repository '/workspace/cache/git-repos/https%3A%2F%2Fgithub.com%2Fsolargatsby%2Ftime_index_state_type_script'...
[INFO] running `Command { std: "git" "rev-parse" "HEAD", kill_on_drop: false }`
[INFO] [stdout] 683bc0c79c01e49ca0e9a1acd70a265baa757584
[INFO] testing solargatsby/time_index_state_type_script against beta-2021-08-01 for beta-1.55-1
[INFO] running `Command { std: "git" "clone" "/workspace/cache/git-repos/https%3A%2F%2Fgithub.com%2Fsolargatsby%2Ftime_index_state_type_script" "/workspace/builds/worker-4/source", kill_on_drop: false }`
[INFO] [stderr] Cloning into '/workspace/builds/worker-4/source'...
[INFO] [stderr] done.
[INFO] validating manifest of git repo https://github.com/solargatsby/time_index_state_type_script on toolchain beta-2021-08-01
[INFO] running `Command { std: "/workspace/cargo-home/bin/cargo" "+beta-2021-08-01" "metadata" "--manifest-path" "Cargo.toml" "--no-deps", kill_on_drop: false }`
[INFO] started tweaking git repo https://github.com/solargatsby/time_index_state_type_script
[INFO] finished tweaking git repo https://github.com/solargatsby/time_index_state_type_script
[INFO] tweaked toml for git repo https://github.com/solargatsby/time_index_state_type_script written to /workspace/builds/worker-4/source/Cargo.toml
[INFO] crate git repo https://github.com/solargatsby/time_index_state_type_script already has a lockfile, it will not be regenerated
[INFO] running `Command { std: "/workspace/cargo-home/bin/cargo" "+beta-2021-08-01" "fetch" "--manifest-path" "Cargo.toml", kill_on_drop: false }`
[INFO] running `Command { std: "docker" "create" "-v" "/var/lib/crater-agent-workspace/builds/worker-4/target:/opt/rustwide/target:rw,Z" "-v" "/var/lib/crater-agent-workspace/builds/worker-4/source:/opt/rustwide/workdir:ro,Z" "-v" "/var/lib/crater-agent-workspace/cargo-home:/opt/rustwide/cargo-home:ro,Z" "-v" "/var/lib/crater-agent-workspace/rustup-home:/opt/rustwide/rustup-home:ro,Z" "-e" "SOURCE_DIR=/opt/rustwide/workdir" "-e" "CARGO_TARGET_DIR=/opt/rustwide/target" "-e" "CARGO_HOME=/opt/rustwide/cargo-home" "-e" "RUSTUP_HOME=/opt/rustwide/rustup-home" "-w" "/opt/rustwide/workdir" "-m" "1610612736" "--user" "0:0" "--network" "none" "ghcr.io/rust-lang/crates-build-env/linux@sha256:34b6a614d2c27851fe6cbf88fbd1137609cefab8b10d0615aaeb6fd47975d74e" "/opt/rustwide/cargo-home/bin/cargo" "+beta-2021-08-01" "metadata" "--no-deps" "--format-version=1", kill_on_drop: false }`
[INFO] [stdout] 14c37f0d9bbd954201aafa4279c253fdd758d31d992d3de84946c6d8e4146ebc
[INFO] running `Command { std: "docker" "start" "-a" "14c37f0d9bbd954201aafa4279c253fdd758d31d992d3de84946c6d8e4146ebc", kill_on_drop: false }`
[INFO] running `Command { std: "docker" "inspect" "14c37f0d9bbd954201aafa4279c253fdd758d31d992d3de84946c6d8e4146ebc", kill_on_drop: false }`
[INFO] running `Command { std: "docker" "rm" "-f" "14c37f0d9bbd954201aafa4279c253fdd758d31d992d3de84946c6d8e4146ebc", kill_on_drop: false }`
[INFO] [stdout] 14c37f0d9bbd954201aafa4279c253fdd758d31d992d3de84946c6d8e4146ebc
[INFO] running `Command { std: "docker" "create" "-v" "/var/lib/crater-agent-workspace/builds/worker-4/target:/opt/rustwide/target:rw,Z" "-v" "/var/lib/crater-agent-workspace/builds/worker-4/source:/opt/rustwide/workdir:ro,Z" "-v" "/var/lib/crater-agent-workspace/cargo-home:/opt/rustwide/cargo-home:ro,Z" "-v" "/var/lib/crater-agent-workspace/rustup-home:/opt/rustwide/rustup-home:ro,Z" "-e" "SOURCE_DIR=/opt/rustwide/workdir" "-e" "CARGO_TARGET_DIR=/opt/rustwide/target" "-e" "CARGO_INCREMENTAL=0" "-e" "RUST_BACKTRACE=full" "-e" "RUSTFLAGS=--cap-lints=warn" "-e" "CARGO_HOME=/opt/rustwide/cargo-home" "-e" "RUSTUP_HOME=/opt/rustwide/rustup-home" "-w" "/opt/rustwide/workdir" "-m" "1610612736" "--user" "0:0" "--network" "none" "ghcr.io/rust-lang/crates-build-env/linux@sha256:34b6a614d2c27851fe6cbf88fbd1137609cefab8b10d0615aaeb6fd47975d74e" "/opt/rustwide/cargo-home/bin/cargo" "+beta-2021-08-01" "build" "--frozen" "--message-format=json", kill_on_drop: false }`
[INFO] [stdout] 95dac26b723880e138c8615d8a2683ad4d0134bed4019825012a4e8cdf31a59d
[INFO] running `Command { std: "docker" "start" "-a" "95dac26b723880e138c8615d8a2683ad4d0134bed4019825012a4e8cdf31a59d", kill_on_drop: false }`
[INFO] [stderr]    Compiling serde v1.0.123
[INFO] [stderr]    Compiling rayon-core v1.9.0
[INFO] [stderr]    Compiling futures v0.1.30
[INFO] [stderr]    Compiling faster-hex v0.4.1
[INFO] [stderr]    Compiling heapsize v0.4.2
[INFO] [stderr]    Compiling serde_json v1.0.61
[INFO] [stderr]    Compiling openssl v0.10.32
[INFO] [stderr]    Compiling bit-vec v0.5.1
[INFO] [stderr]    Compiling faster-hex v0.3.1
[INFO] [stderr]    Compiling eaglesong v0.1.0
[INFO] [stderr]    Compiling dtoa v0.4.7
[INFO] [stderr]    Compiling tentacle-secio v0.4.0
[INFO] [stderr]    Compiling path-clean v0.1.0
[INFO] [stderr]    Compiling ckb-build-info v0.37.0
[INFO] [stderr]    Compiling plain v0.2.3
[INFO] [stderr]    Compiling ckb-vm-definitions v0.19.3
[INFO] [stderr]    Compiling ckb-script v0.37.0
[INFO] [stderr]    Compiling buddy-alloc v0.4.1
[INFO] [stderr]    Compiling ckb-always-success-script v0.0.1
[INFO] [stderr]    Compiling blake2b-ref v0.1.0
[INFO] [stderr]    Compiling crossbeam-utils v0.8.1
[INFO] [stderr]    Compiling memoffset v0.6.1
[INFO] [stderr]    Compiling rayon v1.5.0
[INFO] [stderr]    Compiling merkle-cbt v0.3.0
[INFO] [stderr]    Compiling thread_local v1.1.2
[INFO] [stderr]    Compiling futures-task v0.3.12
[INFO] [stderr]    Compiling base64 v0.10.1
[INFO] [stderr]    Compiling phf_shared v0.7.24
[INFO] [stderr]    Compiling error-chain v0.12.4
[INFO] [stderr]    Compiling linked_hash_set v0.1.4
[INFO] [stderr]    Compiling crossbeam-channel v0.3.9
[INFO] [stderr]    Compiling lru v0.6.3
[INFO] [stderr]    Compiling lock_api v0.1.5
[INFO] [stderr]    Compiling rand_os v0.1.3
[INFO] [stderr]    Compiling time v0.1.43
[INFO] [stderr]    Compiling atty v0.2.14
[INFO] [stderr]    Compiling uname v0.1.1
[INFO] [stderr]    Compiling hostname v0.1.5
[INFO] [stderr]    Compiling mapr v0.8.0
[INFO] [stdout] error[E0061]: this function takes 1 argument but 2 arguments were supplied
[INFO] [stdout]     --> /opt/rustwide/cargo-home/registry/src/github.com-1ecc6299db9ec823/blake2b-ref-0.1.0/src/blake2b_ref.rs:88:7
[INFO] [stdout]      |
[INFO] [stdout] 88   |     v.fill(0, n);
[INFO] [stdout]      |       ^^^^ -  - supplied 2 arguments
[INFO] [stdout]      |       |
[INFO] [stdout]      |       expected 1 argument
[INFO] [stdout]      |
[INFO] [stdout] note: associated function defined here
[INFO] [stdout] 
[INFO] [stdout] 
[INFO] [stderr]    Compiling ckb-logger v0.37.0
[INFO] [stdout] error[E0061]: this function takes 1 argument but 2 arguments were supplied
[INFO] [stdout]     --> /opt/rustwide/cargo-home/registry/src/github.com-1ecc6299db9ec823/blake2b-ref-0.1.0/src/blake2b_ref.rs:425:10
[INFO] [stdout]      |
[INFO] [stdout] 425  |         .fill(0, ::core::mem::size_of::<[uint8_t; 14]>());
[INFO] [stdout]      |          ^^^^ -  --------------------------------------- supplied 2 arguments
[INFO] [stdout]      |          |
[INFO] [stdout]      |          expected 1 argument
[INFO] [stdout]      |
[INFO] [stdout] note: associated function defined here
[INFO] [stdout] 
[INFO] [stdout] 
[INFO] [stdout] error[E0061]: this function takes 1 argument but 2 arguments were supplied
[INFO] [stdout]     --> /opt/rustwide/cargo-home/registry/src/github.com-1ecc6299db9ec823/blake2b-ref-0.1.0/src/blake2b_ref.rs:428:10
[INFO] [stdout]      |
[INFO] [stdout] 428  |         .fill(0, ::core::mem::size_of::<[uint8_t; 16]>());
[INFO] [stdout]      |          ^^^^ -  --------------------------------------- supplied 2 arguments
[INFO] [stdout]      |          |
[INFO] [stdout]      |          expected 1 argument
[INFO] [stdout]      |
[INFO] [stdout] note: associated function defined here
[INFO] [stdout] 
[INFO] [stdout] 
[INFO] [stdout] error[E0061]: this function takes 1 argument but 2 arguments were supplied
[INFO] [stdout]     --> /opt/rustwide/cargo-home/registry/src/github.com-1ecc6299db9ec823/blake2b-ref-0.1.0/src/blake2b_ref.rs:431:10
[INFO] [stdout]      |
[INFO] [stdout] 431  |         .fill(0, ::core::mem::size_of::<[uint8_t; 16]>());
[INFO] [stdout]      |          ^^^^ -  --------------------------------------- supplied 2 arguments
[INFO] [stdout]      |          |
[INFO] [stdout]      |          expected 1 argument
[INFO] [stdout]      |
[INFO] [stdout] note: associated function defined here
[INFO] [stdout] 
[INFO] [stdout] 
[INFO] [stdout] error[E0061]: this function takes 1 argument but 2 arguments were supplied
[INFO] [stdout]     --> /opt/rustwide/cargo-home/registry/src/github.com-1ecc6299db9ec823/blake2b-ref-0.1.0/src/blake2b_ref.rs:482:10
[INFO] [stdout]      |
[INFO] [stdout] 482  |         .fill(0, ::core::mem::size_of::<[uint8_t; 14]>());
[INFO] [stdout]      |          ^^^^ -  --------------------------------------- supplied 2 arguments
[INFO] [stdout]      |          |
[INFO] [stdout]      |          expected 1 argument
[INFO] [stdout]      |
[INFO] [stdout] note: associated function defined here
[INFO] [stdout] 
[INFO] [stdout] 
[INFO] [stdout] error[E0061]: this function takes 1 argument but 2 arguments were supplied
[INFO] [stdout]     --> /opt/rustwide/cargo-home/registry/src/github.com-1ecc6299db9ec823/blake2b-ref-0.1.0/src/blake2b_ref.rs:485:10
[INFO] [stdout]      |
[INFO] [stdout] 485  |         .fill(0, ::core::mem::size_of::<[uint8_t; 16]>());
[INFO] [stdout]      |          ^^^^ -  --------------------------------------- supplied 2 arguments
[INFO] [stdout]      |          |
[INFO] [stdout]      |          expected 1 argument
[INFO] [stdout]      |
[INFO] [stdout] note: associated function defined here
[INFO] [stdout] 
[INFO] [stdout] 
[INFO] [stdout] error[E0061]: this function takes 1 argument but 2 arguments were supplied
[INFO] [stdout]     --> /opt/rustwide/cargo-home/registry/src/github.com-1ecc6299db9ec823/blake2b-ref-0.1.0/src/blake2b_ref.rs:488:10
[INFO] [stdout]      |
[INFO] [stdout] 488  |         .fill(0, ::core::mem::size_of::<[uint8_t; 16]>());
[INFO] [stdout]      |          ^^^^ -  --------------------------------------- supplied 2 arguments
[INFO] [stdout]      |          |
[INFO] [stdout]      |          expected 1 argument
[INFO] [stdout]      |
[INFO] [stdout] note: associated function defined here
[INFO] [stdout] 
[INFO] [stdout] 
[INFO] [stderr]    Compiling tracing v0.1.22
[INFO] [stderr]    Compiling im v12.3.4
[INFO] [stderr]    Compiling sentry v0.17.0
[INFO] [stderr]    Compiling smallvec v0.6.14
[INFO] [stderr]    Compiling idna v0.1.5
[INFO] [stderr]    Compiling enum-display-derive v0.1.0
[INFO] [stderr]    Compiling sized-chunks v0.1.3
[INFO] [stderr]    Compiling bytes v0.4.12
[INFO] [stderr]    Compiling phf v0.7.24
[INFO] [stderr]    Compiling mio v0.6.23
[INFO] [stderr]    Compiling rand_core v0.6.1
[INFO] [stderr]    Compiling clap v2.33.3
[INFO] [stderr]    Compiling regex v1.4.3
[INFO] [stderr]    Compiling crossbeam-epoch v0.8.2
[INFO] [stderr]    Compiling block-buffer v0.7.3
[INFO] [stderr]    Compiling serde_derive v1.0.123
[INFO] [stderr]    Compiling synstructure v0.12.4
[INFO] [stdout] error[E0061]: this function takes 1 argument but 2 arguments were supplied
[INFO] [stdout]     --> /opt/rustwide/cargo-home/registry/src/github.com-1ecc6299db9ec823/blake2b-ref-0.1.0/src/blake2b_ref.rs:3950:38
[INFO] [stdout]      |
[INFO] [stdout] 3950 |     (*S).buf[(*S).buflen as usize..].fill(
[INFO] [stdout]      |                                      ^^^^ expected 1 argument
[INFO] [stdout] 3951 |         0,
[INFO] [stdout]      |         -
[INFO] [stdout] 3952 |         (BLAKE2B_BLOCKBYTES as libc::c_int as libc::c_ulong).wrapping_sub((*S).buflen) as usize,
[INFO] [stdout]      |         --------------------------------------------------------------------------------------- supplied 2 arguments
[INFO] [stdout]      |
[INFO] [stdout] note: associated function defined here
[INFO] [stdout] 
[INFO] [stdout] 
[INFO] [stdout] error: aborting due to 8 previous errors
[INFO] [stdout] 
[INFO] [stdout] 
[INFO] [stdout] For more information about this error, try `rustc --explain E0061`.
[INFO] [stdout] 
[INFO] [stderr] error: could not compile `blake2b-ref` due to 9 previous errors
[INFO] [stderr] warning: build failed, waiting for other jobs to finish...
[INFO] [stderr] error: build failed
[INFO] running `Command { std: "docker" "inspect" "95dac26b723880e138c8615d8a2683ad4d0134bed4019825012a4e8cdf31a59d", kill_on_drop: false }`
[INFO] running `Command { std: "docker" "rm" "-f" "95dac26b723880e138c8615d8a2683ad4d0134bed4019825012a4e8cdf31a59d", kill_on_drop: false }`
[INFO] [stdout] 95dac26b723880e138c8615d8a2683ad4d0134bed4019825012a4e8cdf31a59d
