[INFO] cloning repository https://github.com/skade/async-await
[INFO] running `Command { std: "git" "-c" "credential.helper=" "-c" "credential.helper=/workspace/cargo-home/bin/git-credential-null" "clone" "--bare" "https://github.com/skade/async-await" "/workspace/cache/git-repos/https%3A%2F%2Fgithub.com%2Fskade%2Fasync-await", kill_on_drop: false }`
[INFO] [stderr] Cloning into bare repository '/workspace/cache/git-repos/https%3A%2F%2Fgithub.com%2Fskade%2Fasync-await'...
[INFO] running `Command { std: "git" "rev-parse" "HEAD", kill_on_drop: false }`
[INFO] [stdout] 90866b4824665ba35480f68ca2645b277227d06e
[INFO] testing skade/async-await against beta-2021-08-01 for beta-1.55-1
[INFO] running `Command { std: "git" "clone" "/workspace/cache/git-repos/https%3A%2F%2Fgithub.com%2Fskade%2Fasync-await" "/workspace/builds/worker-115/source", kill_on_drop: false }`
[INFO] [stderr] Cloning into '/workspace/builds/worker-115/source'...
[INFO] [stderr] done.
[INFO] validating manifest of git repo https://github.com/skade/async-await on toolchain beta-2021-08-01
[INFO] running `Command { std: "/workspace/cargo-home/bin/cargo" "+beta-2021-08-01" "metadata" "--manifest-path" "Cargo.toml" "--no-deps", kill_on_drop: false }`
[INFO] started tweaking git repo https://github.com/skade/async-await
[INFO] finished tweaking git repo https://github.com/skade/async-await
[INFO] tweaked toml for git repo https://github.com/skade/async-await written to /workspace/builds/worker-115/source/Cargo.toml
[INFO] crate git repo https://github.com/skade/async-await already has a lockfile, it will not be regenerated
[INFO] running `Command { std: "/workspace/cargo-home/bin/cargo" "+beta-2021-08-01" "fetch" "--manifest-path" "Cargo.toml", kill_on_drop: false }`
[INFO] [stderr] warning: the cargo feature `edition` has been stabilized in the 1.31 release and is no longer necessary to be listed in the manifest
[INFO] [stderr]   See https://doc.rust-lang.org/beta/cargo/reference/manifest.html#the-edition-field for more information about using this feature.
[INFO] [stderr]     Blocking waiting for file lock on package cache
[INFO] [stderr]     Blocking waiting for file lock on package cache
[INFO] running `Command { std: "docker" "create" "-v" "/var/lib/crater-agent-workspace/builds/worker-115/target:/opt/rustwide/target:rw,Z" "-v" "/var/lib/crater-agent-workspace/builds/worker-115/source:/opt/rustwide/workdir:ro,Z" "-v" "/var/lib/crater-agent-workspace/cargo-home:/opt/rustwide/cargo-home:ro,Z" "-v" "/var/lib/crater-agent-workspace/rustup-home:/opt/rustwide/rustup-home:ro,Z" "-e" "SOURCE_DIR=/opt/rustwide/workdir" "-e" "CARGO_TARGET_DIR=/opt/rustwide/target" "-e" "CARGO_HOME=/opt/rustwide/cargo-home" "-e" "RUSTUP_HOME=/opt/rustwide/rustup-home" "-w" "/opt/rustwide/workdir" "-m" "1610612736" "--user" "0:0" "--network" "none" "ghcr.io/rust-lang/crates-build-env/linux@sha256:34b6a614d2c27851fe6cbf88fbd1137609cefab8b10d0615aaeb6fd47975d74e" "/opt/rustwide/cargo-home/bin/cargo" "+beta-2021-08-01" "metadata" "--no-deps" "--format-version=1", kill_on_drop: false }`
[INFO] [stdout] ff8cd6320e2dfcccc0cd6d3f371d3d81d891226ab5a8fbab7052424d095877e6
[INFO] running `Command { std: "docker" "start" "-a" "ff8cd6320e2dfcccc0cd6d3f371d3d81d891226ab5a8fbab7052424d095877e6", kill_on_drop: false }`
[INFO] running `Command { std: "docker" "inspect" "ff8cd6320e2dfcccc0cd6d3f371d3d81d891226ab5a8fbab7052424d095877e6", kill_on_drop: false }`
[INFO] running `Command { std: "docker" "rm" "-f" "ff8cd6320e2dfcccc0cd6d3f371d3d81d891226ab5a8fbab7052424d095877e6", kill_on_drop: false }`
[INFO] [stdout] ff8cd6320e2dfcccc0cd6d3f371d3d81d891226ab5a8fbab7052424d095877e6
[INFO] running `Command { std: "docker" "create" "-v" "/var/lib/crater-agent-workspace/builds/worker-115/target:/opt/rustwide/target:rw,Z" "-v" "/var/lib/crater-agent-workspace/builds/worker-115/source:/opt/rustwide/workdir:ro,Z" "-v" "/var/lib/crater-agent-workspace/cargo-home:/opt/rustwide/cargo-home:ro,Z" "-v" "/var/lib/crater-agent-workspace/rustup-home:/opt/rustwide/rustup-home:ro,Z" "-e" "SOURCE_DIR=/opt/rustwide/workdir" "-e" "CARGO_TARGET_DIR=/opt/rustwide/target" "-e" "CARGO_INCREMENTAL=0" "-e" "RUST_BACKTRACE=full" "-e" "RUSTFLAGS=--cap-lints=warn" "-e" "CARGO_HOME=/opt/rustwide/cargo-home" "-e" "RUSTUP_HOME=/opt/rustwide/rustup-home" "-w" "/opt/rustwide/workdir" "-m" "1610612736" "--user" "0:0" "--network" "none" "ghcr.io/rust-lang/crates-build-env/linux@sha256:34b6a614d2c27851fe6cbf88fbd1137609cefab8b10d0615aaeb6fd47975d74e" "/opt/rustwide/cargo-home/bin/cargo" "+beta-2021-08-01" "build" "--frozen" "--message-format=json", kill_on_drop: false }`
[INFO] [stdout] 8662eea84f95c3dab58636b42b075ee18b55a0b2be270d151073536466c43e9e
[INFO] running `Command { std: "docker" "start" "-a" "8662eea84f95c3dab58636b42b075ee18b55a0b2be270d151073536466c43e9e", kill_on_drop: false }`
[INFO] [stderr] warning: the cargo feature `edition` has been stabilized in the 1.31 release and is no longer necessary to be listed in the manifest
[INFO] [stderr]   See https://doc.rust-lang.org/beta/cargo/reference/manifest.html#the-edition-field for more information about using this feature.
[INFO] [stderr]    Compiling async-await v0.1.0 (/opt/rustwide/workdir)
[INFO] [stdout] error: incorrect use of `await`
[INFO] [stdout]    --> src/main.rs:128:5
[INFO] [stdout]     |
[INFO] [stdout] 128 |     await!(w);
[INFO] [stdout]     |     ^^^^^^^^^ help: `await` is a postfix operation: `w.await`
[INFO] [stdout] 
[INFO] [stdout] 
[INFO] [stdout] warning[E0705]: the feature `rust_2018_preview` is included in the Rust 2018 edition
[INFO] [stdout]  --> src/main.rs:1:12
[INFO] [stdout]   |
[INFO] [stdout] 1 | #![feature(rust_2018_preview, async_await, await_macro, futures_api, pin, arbitrary_self_types)]
[INFO] [stdout]   |            ^^^^^^^^^^^^^^^^^
[INFO] [stdout] 
[INFO] [stdout] 
[INFO] [stdout] error[E0557]: feature has been removed
[INFO] [stdout]  --> src/main.rs:1:44
[INFO] [stdout]   |
[INFO] [stdout] 1 | #![feature(rust_2018_preview, async_await, await_macro, futures_api, pin, arbitrary_self_types)]
[INFO] [stdout]   |                                            ^^^^^^^^^^^ feature has been removed
[INFO] [stdout]   |
[INFO] [stdout]   = note: subsumed by `.await` syntax
[INFO] [stdout] 
[INFO] [stdout] 
[INFO] [stdout] error[E0432]: unresolved import `std::future::FutureObj`
[INFO] [stdout]  --> src/main.rs:3:27
[INFO] [stdout]   |
[INFO] [stdout] 3 | use std::future::{Future, FutureObj};
[INFO] [stdout]   |                           ^^^^^^^^^
[INFO] [stdout]   |                           |
[INFO] [stdout]   |                           no `FutureObj` in `future`
[INFO] [stdout]   |                           help: a similar name exists in the module: `Future`
[INFO] [stdout] 
[INFO] [stdout] 
[INFO] [stdout] error[E0432]: unresolved import `std::mem::PinMut`
[INFO] [stdout]  --> src/main.rs:4:5
[INFO] [stdout]   |
[INFO] [stdout] 4 | use std::mem::PinMut;
[INFO] [stdout]   |     ^^^^^^^^^^^^^^^^ no `PinMut` in `mem`
[INFO] [stdout] 
[INFO] [stdout] 
[INFO] [stdout] error[E0432]: unresolved imports `std::task::Executor`, `std::task::local_waker_from_nonlocal`, `std::task::SpawnErrorKind`, `std::task::SpawnObjError`
[INFO] [stdout]   --> src/main.rs:11:5
[INFO] [stdout]    |
[INFO] [stdout] 11 |     Executor as ExecutorTrait,
[INFO] [stdout]    |     ^^^^^^^^^^^^^^^^^^^^^^^^^ no `Executor` in `task`
[INFO] [stdout] 12 |     local_waker_from_nonlocal,
[INFO] [stdout]    |     ^^^^^^^^^^^^^^^^^^^^^^^^^ no `local_waker_from_nonlocal` in `task`
[INFO] [stdout] 13 |     Poll,
[INFO] [stdout] 14 |     SpawnErrorKind,
[INFO] [stdout]    |     ^^^^^^^^^^^^^^ no `SpawnErrorKind` in `task`
[INFO] [stdout] 15 |     SpawnObjError,
[INFO] [stdout]    |     ^^^^^^^^^^^^^ no `SpawnObjError` in `task`
[INFO] [stdout] 
[INFO] [stdout] 
[INFO] [stdout] error[E0412]: cannot find type `PinMut` in module `std::mem`
[INFO] [stdout]   --> src/main.rs:94:33
[INFO] [stdout]    |
[INFO] [stdout] 94 |     fn poll(mut self: std::mem::PinMut<Self>, ctx: &mut std::task::Context) -> std::task::Poll<()> {
[INFO] [stdout]    |                                 ^^^^^^ not found in `std::mem`
[INFO] [stdout] 
[INFO] [stdout] 
[INFO] [stdout] error[E0554]: `#![feature]` may not be used on the beta release channel
[INFO] [stdout]  --> src/main.rs:1:1
[INFO] [stdout]   |
[INFO] [stdout] 1 | #![feature(rust_2018_preview, async_await, await_macro, futures_api, pin, arbitrary_self_types)]
[INFO] [stdout]   | ^^^^^^^^^^^^^^^^^^^^^^^^^^^^^^^^^^^^^^^^^^^^^^^^^^^^^^^^^^^^^^^^^^^^^^^^^^^^^^^^^^^^^^^^^^^^^^^^
[INFO] [stdout]   |
[INFO] [stdout]   = help: the feature `async_await` has been stable since 1.39.0 and no longer requires an attribute to enable
[INFO] [stdout] 
[INFO] [stdout] 
[INFO] [stdout] error: aborting due to 7 previous errors; 1 warning emitted
[INFO] [stdout] 
[INFO] [stdout] 
[INFO] [stdout] Some errors have detailed explanations: E0412, E0432, E0554, E0557, E0705.
[INFO] [stdout] 
[INFO] [stdout] For more information about an error, try `rustc --explain E0412`.
[INFO] [stdout] 
[INFO] [stderr] error: could not compile `async-await` due to 8 previous errors; 1 warning emitted
[INFO] running `Command { std: "docker" "inspect" "8662eea84f95c3dab58636b42b075ee18b55a0b2be270d151073536466c43e9e", kill_on_drop: false }`
[INFO] running `Command { std: "docker" "rm" "-f" "8662eea84f95c3dab58636b42b075ee18b55a0b2be270d151073536466c43e9e", kill_on_drop: false }`
[INFO] [stdout] 8662eea84f95c3dab58636b42b075ee18b55a0b2be270d151073536466c43e9e
