[INFO] cloning repository https://github.com/sitegui/ptolemy
[INFO] running `Command { std: "git" "-c" "credential.helper=" "-c" "credential.helper=/workspace/cargo-home/bin/git-credential-null" "clone" "--bare" "https://github.com/sitegui/ptolemy" "/workspace/cache/git-repos/https%3A%2F%2Fgithub.com%2Fsitegui%2Fptolemy", kill_on_drop: false }`
[INFO] [stderr] Cloning into bare repository '/workspace/cache/git-repos/https%3A%2F%2Fgithub.com%2Fsitegui%2Fptolemy'...
[INFO] running `Command { std: "git" "rev-parse" "HEAD", kill_on_drop: false }`
[INFO] [stdout] 44f8daa0eb4b0c0cf088699aed14f158fae6a373
[INFO] testing sitegui/ptolemy against beta-2021-08-01 for beta-1.55-1
[INFO] running `Command { std: "git" "clone" "/workspace/cache/git-repos/https%3A%2F%2Fgithub.com%2Fsitegui%2Fptolemy" "/workspace/builds/worker-116/source", kill_on_drop: false }`
[INFO] [stderr] Cloning into '/workspace/builds/worker-116/source'...
[INFO] [stderr] done.
[INFO] validating manifest of git repo https://github.com/sitegui/ptolemy on toolchain beta-2021-08-01
[INFO] running `Command { std: "/workspace/cargo-home/bin/cargo" "+beta-2021-08-01" "metadata" "--manifest-path" "Cargo.toml" "--no-deps", kill_on_drop: false }`
[INFO] started tweaking git repo https://github.com/sitegui/ptolemy
[INFO] finished tweaking git repo https://github.com/sitegui/ptolemy
[INFO] tweaked toml for git repo https://github.com/sitegui/ptolemy written to /workspace/builds/worker-116/source/Cargo.toml
[INFO] crate git repo https://github.com/sitegui/ptolemy already has a lockfile, it will not be regenerated
[INFO] running `Command { std: "/workspace/cargo-home/bin/cargo" "+beta-2021-08-01" "fetch" "--manifest-path" "Cargo.toml", kill_on_drop: false }`
[INFO] [stderr]     Blocking waiting for file lock on package cache
[INFO] [stderr]     Blocking waiting for file lock on package cache
[INFO] [stderr]  Downloading crates ...
[INFO] [stderr]   Downloaded proc-macro-error-attr v0.4.5
[INFO] [stderr]   Downloaded structopt-derive v0.4.1
[INFO] [stderr]   Downloaded structopt v0.3.8
[INFO] [stderr]   Downloaded rstar v0.7.1
[INFO] [stderr]   Downloaded pin-project v0.4.7
[INFO] [stderr]   Downloaded actix-rt v1.0.0
[INFO] [stderr]   Downloaded actix-router v0.2.4
[INFO] [stderr]   Downloaded actix-macros v0.1.1
[INFO] [stderr]   Downloaded actix-threadpool v0.3.1
[INFO] [stderr]   Downloaded tokio v0.2.10
[INFO] [stderr]   Downloaded futures-io v0.3.1
[INFO] [stderr]   Downloaded actix-codec v0.2.0
[INFO] [stderr]   Downloaded bytestring v0.1.4
[INFO] [stderr]   Downloaded async-trait v0.1.22
[INFO] [stderr]   Downloaded trust-dns-resolver v0.18.0-alpha.2
[INFO] [stderr]   Downloaded inventory-impl v0.1.5
[INFO] [stderr]   Downloaded pyo3cls v0.8.5
[INFO] [stderr]   Downloaded indoc-impl v0.3.4
[INFO] [stderr]   Downloaded inventory v0.1.5
[INFO] [stderr]   Downloaded unindent v0.1.5
[INFO] [stderr]   Downloaded indoc v0.3.4
[INFO] [stderr]   Downloaded pyo3 v0.8.5
[INFO] [stderr]   Downloaded pyo3-derive-backend v0.8.5
[INFO] [stderr]   Downloaded backtrace v0.3.42
[INFO] [stderr]   Downloaded geo-types v0.4.3
[INFO] [stderr]   Downloaded actix-web-codegen v0.2.0
[INFO] [stderr]   Downloaded actix-utils v1.0.6
[INFO] [stderr]   Downloaded actix-http v1.0.1
[INFO] [stderr]   Downloaded actix-tls v1.0.0
[INFO] [stderr]   Downloaded actix-server v1.0.1
[INFO] [stderr]   Downloaded enum-as-inner v0.3.0
[INFO] [stderr]   Downloaded trust-dns-proto v0.18.0-alpha.2
[INFO] [stderr]   Downloaded serde_json v1.0.45
[INFO] [stderr]   Downloaded futures v0.3.1
[INFO] [stderr]   Downloaded awc v1.0.1
[INFO] [stderr]   Downloaded actix-service v1.0.5
[INFO] [stderr]   Downloaded actix-testing v1.0.0
[INFO] [stderr]   Downloaded derive_more v0.99.2
[INFO] [stderr]   Downloaded futures-executor v0.3.1
[INFO] [stderr]   Downloaded indexmap v1.3.1
[INFO] [stderr]   Downloaded petgraph v0.5.0
[INFO] [stderr]   Downloaded syn-mid v0.4.0
[INFO] [stderr]   Downloaded proc-macro-error v0.4.5
[INFO] [stderr]   Downloaded polyline v0.7.0
[INFO] [stderr]   Downloaded pin-project-internal v0.4.7
[INFO] [stderr]   Downloaded actix-web v2.0.0
[INFO] [stderr]   Downloaded futures-macro v0.3.1
[INFO] [stderr]   Downloaded protobuf v2.10.1
[INFO] [stderr]   Downloaded osmpbf v0.1.15
[INFO] [stderr]   Downloaded page_size v0.4.2
[INFO] [stderr]   Downloaded actix-connect v1.0.2
[INFO] running `Command { std: "docker" "create" "-v" "/var/lib/crater-agent-workspace/builds/worker-116/target:/opt/rustwide/target:rw,Z" "-v" "/var/lib/crater-agent-workspace/builds/worker-116/source:/opt/rustwide/workdir:ro,Z" "-v" "/var/lib/crater-agent-workspace/cargo-home:/opt/rustwide/cargo-home:ro,Z" "-v" "/var/lib/crater-agent-workspace/rustup-home:/opt/rustwide/rustup-home:ro,Z" "-e" "SOURCE_DIR=/opt/rustwide/workdir" "-e" "CARGO_TARGET_DIR=/opt/rustwide/target" "-e" "CARGO_HOME=/opt/rustwide/cargo-home" "-e" "RUSTUP_HOME=/opt/rustwide/rustup-home" "-w" "/opt/rustwide/workdir" "-m" "1610612736" "--user" "0:0" "--network" "none" "ghcr.io/rust-lang/crates-build-env/linux@sha256:34b6a614d2c27851fe6cbf88fbd1137609cefab8b10d0615aaeb6fd47975d74e" "/opt/rustwide/cargo-home/bin/cargo" "+beta-2021-08-01" "metadata" "--no-deps" "--format-version=1", kill_on_drop: false }`
[INFO] [stdout] b4403311d6fe4fde2c7afd6e499af13e671ef152d4c59c3bfce74e4f5ceb351a
[INFO] running `Command { std: "docker" "start" "-a" "b4403311d6fe4fde2c7afd6e499af13e671ef152d4c59c3bfce74e4f5ceb351a", kill_on_drop: false }`
[INFO] running `Command { std: "docker" "inspect" "b4403311d6fe4fde2c7afd6e499af13e671ef152d4c59c3bfce74e4f5ceb351a", kill_on_drop: false }`
[INFO] running `Command { std: "docker" "rm" "-f" "b4403311d6fe4fde2c7afd6e499af13e671ef152d4c59c3bfce74e4f5ceb351a", kill_on_drop: false }`
[INFO] [stdout] b4403311d6fe4fde2c7afd6e499af13e671ef152d4c59c3bfce74e4f5ceb351a
[INFO] running `Command { std: "docker" "create" "-v" "/var/lib/crater-agent-workspace/builds/worker-116/target:/opt/rustwide/target:rw,Z" "-v" "/var/lib/crater-agent-workspace/builds/worker-116/source:/opt/rustwide/workdir:ro,Z" "-v" "/var/lib/crater-agent-workspace/cargo-home:/opt/rustwide/cargo-home:ro,Z" "-v" "/var/lib/crater-agent-workspace/rustup-home:/opt/rustwide/rustup-home:ro,Z" "-e" "SOURCE_DIR=/opt/rustwide/workdir" "-e" "CARGO_TARGET_DIR=/opt/rustwide/target" "-e" "CARGO_INCREMENTAL=0" "-e" "RUST_BACKTRACE=full" "-e" "RUSTFLAGS=--cap-lints=warn" "-e" "CARGO_HOME=/opt/rustwide/cargo-home" "-e" "RUSTUP_HOME=/opt/rustwide/rustup-home" "-w" "/opt/rustwide/workdir" "-m" "1610612736" "--user" "0:0" "--network" "none" "ghcr.io/rust-lang/crates-build-env/linux@sha256:34b6a614d2c27851fe6cbf88fbd1137609cefab8b10d0615aaeb6fd47975d74e" "/opt/rustwide/cargo-home/bin/cargo" "+beta-2021-08-01" "build" "--frozen" "--message-format=json", kill_on_drop: false }`
[INFO] [stdout] 0f3252237af4d043ba35e3fb43881e3c23a0e573c2b04de9914ac5b2e0787138
[INFO] running `Command { std: "docker" "start" "-a" "0f3252237af4d043ba35e3fb43881e3c23a0e573c2b04de9914ac5b2e0787138", kill_on_drop: false }`
[INFO] [stderr]     Blocking waiting for file lock on package cache
[INFO] [stderr]    Compiling libc v0.2.66
[INFO] [stderr]    Compiling proc-macro2 v1.0.8
[INFO] [stderr]    Compiling syn v1.0.14
[INFO] [stderr]    Compiling memchr v2.3.0
[INFO] [stderr]    Compiling log v0.4.8
[INFO] [stderr]    Compiling futures-core v0.3.1
[INFO] [stderr]    Compiling futures-sink v0.3.1
[INFO] [stderr]    Compiling proc-macro-nested v0.1.3
[INFO] [stderr]    Compiling smallvec v1.1.0
[INFO] [stderr]    Compiling scopeguard v1.0.0
[INFO] [stderr]    Compiling bytes v0.5.4
[INFO] [stderr]    Compiling autocfg v1.0.0
[INFO] [stderr]    Compiling pin-utils v0.1.0-alpha.4
[INFO] [stderr]    Compiling futures-io v0.3.1
[INFO] [stderr]    Compiling arc-swap v0.4.4
[INFO] [stderr]    Compiling futures-task v0.3.1
[INFO] [stderr]    Compiling pin-project-lite v0.1.4
[INFO] [stderr]    Compiling cc v1.0.50
[INFO] [stderr]    Compiling getrandom v0.1.14
[INFO] [stderr]    Compiling either v1.5.3
[INFO] [stderr]    Compiling ppv-lite86 v0.2.6
[INFO] [stderr]    Compiling copyless v0.1.4
[INFO] [stderr]    Compiling failure_derive v0.1.6
[INFO] [stderr]    Compiling itoa v0.4.5
[INFO] [stderr]    Compiling rustc-demangle v0.1.16
[INFO] [stderr]    Compiling rustversion v1.0.2
[INFO] [stderr]    Compiling serde v1.0.104
[INFO] [stderr]    Compiling byteorder v1.3.2
[INFO] [stderr]    Compiling crc32fast v1.2.0
[INFO] [stderr]    Compiling adler32 v1.0.4
[INFO] [stderr]    Compiling linked-hash-map v0.5.2
[INFO] [stderr]    Compiling ryu v1.0.2
[INFO] [stderr]    Compiling encoding_rs v0.8.22
[INFO] [stderr]    Compiling regex-syntax v0.6.13
[INFO] [stderr]    Compiling httparse v1.3.4
[INFO] [stderr]    Compiling rayon-core v1.7.0
[INFO] [stderr]    Compiling dtoa v0.4.4
[INFO] [stderr]    Compiling sha1 v0.6.0
[INFO] [stderr]    Compiling protobuf v2.10.1
[INFO] [stderr]    Compiling unicode-width v0.1.7
[INFO] [stderr]    Compiling vec_map v0.8.1
[INFO] [stderr]    Compiling pdqselect v0.1.0
[INFO] [stderr]    Compiling fixedbitset v0.2.0
[INFO] [stderr]    Compiling remove_dir_all v0.5.2
[INFO] [stderr]    Compiling crossbeam-utils v0.7.0
[INFO] [stderr]    Compiling unicode-bidi v0.3.4
[INFO] [stderr]    Compiling crossbeam-epoch v0.8.0
[INFO] [stderr]    Compiling thread_local v1.0.1
[INFO] [stderr]    Compiling memoffset v0.5.3
[INFO] [stderr]    Compiling unicode-normalization v0.1.12
[INFO] [stderr]    Compiling miniz_oxide v0.3.5
[INFO] [stderr]    Compiling inflate v0.4.5
[INFO] [stderr]    Compiling textwrap v0.11.0
[INFO] [stderr]    Compiling lru-cache v0.1.2
[INFO] [stderr]    Compiling futures-channel v0.3.1
[INFO] [stderr]    Compiling lock_api v0.3.3
[INFO] [stderr]    Compiling num-traits v0.2.11
[INFO] [stderr]    Compiling indexmap v1.3.1
[INFO] [stderr]    Compiling num-integer v0.1.42
[INFO] [stderr]    Compiling http v0.2.0
[INFO] [stderr]    Compiling bytestring v0.1.4
[INFO] [stderr]    Compiling c2-chacha v0.2.3
[INFO] [stderr]    Compiling idna v0.2.0
[INFO] [stderr]    Compiling aho-corasick v0.7.6
[INFO] [stderr]    Compiling quote v1.0.2
[INFO] [stderr]    Compiling net2 v0.2.33
[INFO] [stderr]    Compiling iovec v0.1.4
[INFO] [stderr]    Compiling signal-hook-registry v1.2.0
[INFO] [stderr]    Compiling num_cpus v1.12.0
[INFO] [stderr]    Compiling parking_lot_core v0.7.0
[INFO] [stderr]    Compiling socket2 v0.3.11
[INFO] [stderr]    Compiling hostname v0.1.5
[INFO] [stderr]    Compiling time v0.1.42
[INFO] [stderr]    Compiling flate2 v1.0.13
[INFO] [stderr]    Compiling atty v0.2.14
[INFO] [stderr]    Compiling memmap v0.7.0
[INFO] [stderr]    Compiling page_size v0.4.2
[INFO] [stderr]    Compiling url v2.1.1
[INFO] [stderr]    Compiling crossbeam-queue v0.2.1
[INFO] [stderr]    Compiling crossbeam-channel v0.4.0
[INFO] [stderr]    Compiling backtrace-sys v0.1.32
[INFO] [stderr]    Compiling brotli-sys v0.3.2
[INFO] [stderr]    Compiling resolv-conf v0.6.2
[INFO] [stderr]    Compiling regex v1.3.3
[INFO] [stderr]    Compiling threadpool v1.7.1
[INFO] [stderr]    Compiling rand_core v0.5.1
[INFO] [stderr]    Compiling clap v2.33.0
[INFO] [stderr]    Compiling parking_lot v0.10.0
[INFO] [stderr]    Compiling mio v0.6.21
[INFO] [stderr]    Compiling crossbeam-deque v0.7.2
[INFO] [stderr]    Compiling rand_chacha v0.2.1
[INFO] [stderr]    Compiling crossbeam v0.7.3
[INFO] [stderr]    Compiling fxhash v0.2.1
[INFO] [stderr]    Compiling petgraph v0.5.0
[INFO] [stderr]    Compiling mio-uds v0.6.7
[INFO] [stderr]    Compiling rand v0.7.3
[INFO] [stderr]    Compiling tokio v0.2.10
[INFO] [stderr]    Compiling rayon v1.3.0
[INFO] [stderr]    Compiling tempfile v3.1.0
[INFO] [stderr]    Compiling backtrace v0.3.42
[INFO] [stderr]    Compiling geo-types v0.4.3
[INFO] [stderr]    Compiling rstar v0.7.1
[INFO] [stderr]    Compiling polyline v0.7.0
[INFO] [stderr]    Compiling chrono v0.4.10
[INFO] [stderr]    Compiling osmpbf v0.1.15
[INFO] [stderr]    Compiling synstructure v0.12.3
[INFO] [stderr]    Compiling syn-mid v0.4.0
[INFO] [stderr]    Compiling tokio-util v0.2.0
[INFO] [stderr]    Compiling actix-codec v0.2.0
[INFO] [stderr]    Compiling brotli2 v0.3.2
[INFO] [stderr]    Compiling proc-macro-hack v0.5.11
[INFO] [stderr]    Compiling pin-project-internal v0.4.7
[INFO] [stderr]    Compiling derive_more v0.99.2
[INFO] [stderr]    Compiling actix-macros v0.1.1
[INFO] [stderr]    Compiling serde_derive v1.0.104
[INFO] [stderr]    Compiling enum-as-inner v0.3.0
[INFO] [stderr]    Compiling async-trait v0.1.22
[INFO] [stderr]    Compiling actix-web-codegen v0.2.0
[INFO] [stderr]    Compiling proc-macro-error v0.4.5
[INFO] [stderr]    Compiling proc-macro-error-attr v0.4.5
[INFO] [stderr]    Compiling failure v0.1.6
[INFO] [stderr]    Compiling futures-macro v0.3.1
[INFO] [stderr]    Compiling structopt-derive v0.4.1
[INFO] [stderr]    Compiling pin-project v0.4.7
[INFO] [stderr]    Compiling futures-util v0.3.1
[INFO] [stderr]    Compiling actix-threadpool v0.3.1
[INFO] [stderr]    Compiling structopt v0.3.8
[INFO] [stderr]    Compiling futures-executor v0.3.1
[INFO] [stderr]    Compiling actix-service v1.0.5
[INFO] [stderr]    Compiling h2 v0.2.1
[INFO] [stderr]    Compiling futures v0.3.1
[INFO] [stderr]    Compiling actix-rt v1.0.0
[INFO] [stderr]    Compiling trust-dns-proto v0.18.0-alpha.2
[INFO] [stderr]    Compiling actix-utils v1.0.6
[INFO] [stderr]    Compiling actix-server v1.0.1
[INFO] [stderr]    Compiling actix-tls v1.0.0
[INFO] [stderr]    Compiling actix-testing v1.0.0
[INFO] [stderr]    Compiling trust-dns-resolver v0.18.0-alpha.2
[INFO] [stderr]    Compiling actix-connect v1.0.2
[INFO] [stderr]    Compiling serde_json v1.0.45
[INFO] [stderr]    Compiling serde_urlencoded v0.6.1
[INFO] [stderr]    Compiling actix-router v0.2.4
[INFO] [stderr]    Compiling actix-http v1.0.1
[INFO] [stderr]    Compiling awc v1.0.1
[INFO] [stderr]    Compiling actix-web v2.0.0
[INFO] [stderr]    Compiling ptolemy v0.1.0 (/opt/rustwide/workdir)
[INFO] [stdout] warning: associated function is never used: `length_2`
[INFO] [stdout]   --> src/cartograph/data_types.rs:24:12
[INFO] [stdout]    |
[INFO] [stdout] 24 |     pub fn length_2(&self) -> P::Scalar {
[INFO] [stdout]    |            ^^^^^^^^
[INFO] [stdout]    |
[INFO] [stdout]    = note: `#[warn(dead_code)]` on by default
[INFO] [stdout] 
[INFO] [stdout] 
[INFO] [stdout] warning: associated function is never used: `sample_edges`
[INFO] [stdout]   --> src/cartograph.rs:99:12
[INFO] [stdout]    |
[INFO] [stdout] 99 |     pub fn sample_edges<'a>(
[INFO] [stdout]    |            ^^^^^^^^^^^^
[INFO] [stdout] 
[INFO] [stdout] 
[INFO] [stdout] warning: associated function is never used: `edge_info`
[INFO] [stdout]    --> src/cartograph.rs:129:12
[INFO] [stdout]     |
[INFO] [stdout] 129 |     pub fn edge_info(&self, edge: EdgeIndex) -> (&EdgeInfo, &GeoPoint, &GeoPoint) {
[INFO] [stdout]     |            ^^^^^^^^^
[INFO] [stdout] 
[INFO] [stdout] 
[INFO] [stdout] warning: associated function is never used: `strongly_connected_components`
[INFO] [stdout]    --> src/cartograph.rs:136:12
[INFO] [stdout]     |
[INFO] [stdout] 136 |     pub fn strongly_connected_components(&self) -> Vec<Vec<NodeIndex>> {
[INFO] [stdout]     |            ^^^^^^^^^^^^^^^^^^^^^^^^^^^^^
[INFO] [stdout] 
[INFO] [stdout] 
[INFO] [stdout] warning: associated function is never used: `shortest_path_multi`
[INFO] [stdout]    --> src/cartograph.rs:200:12
[INFO] [stdout]     |
[INFO] [stdout] 200 |     pub fn shortest_path_multi(&self, from: &ProjectedPoint, to: &Vec<ProjectedPoint>) -> Vec<u32> {
[INFO] [stdout]     |            ^^^^^^^^^^^^^^^^^^^
[INFO] [stdout] 
[INFO] [stdout] 
[INFO] [stdout] warning: function is never used: `estimate_cost`
[INFO] [stdout]    --> src/cartograph.rs:223:12
[INFO] [stdout]     |
[INFO] [stdout] 223 |         fn estimate_cost(
[INFO] [stdout]     |            ^^^^^^^^^^^^^
[INFO] [stdout] 
[INFO] [stdout] 
[INFO] [stdout] warning: associated function is never used: `decode`
[INFO] [stdout]    --> src/generator/data_types/osm_file.rs:108:12
[INFO] [stdout]     |
[INFO] [stdout] 108 |     pub fn decode(&self) -> Box<HeaderBlock> {
[INFO] [stdout]     |            ^^^^^^
[INFO] [stdout] 
[INFO] [stdout] 
[INFO] [stdout] warning: associated function is never used: `for_each`
[INFO] [stdout]    --> src/generator/data_types/osm_file.rs:147:12
[INFO] [stdout]     |
[INFO] [stdout] 147 |     pub fn for_each<F: FnMut(Relation)>(&self, mut fun: F) {
[INFO] [stdout]     |            ^^^^^^^^
[INFO] [stdout] 
[INFO] [stdout] 
[INFO] [stdout] warning: 8 warnings emitted
[INFO] [stdout] 
[INFO] [stdout] 
[INFO] [stderr]     Finished dev [unoptimized + debuginfo] target(s) in 1m 22s
[INFO] running `Command { std: "docker" "inspect" "0f3252237af4d043ba35e3fb43881e3c23a0e573c2b04de9914ac5b2e0787138", kill_on_drop: false }`
[INFO] running `Command { std: "docker" "rm" "-f" "0f3252237af4d043ba35e3fb43881e3c23a0e573c2b04de9914ac5b2e0787138", kill_on_drop: false }`
[INFO] [stdout] 0f3252237af4d043ba35e3fb43881e3c23a0e573c2b04de9914ac5b2e0787138
[INFO] running `Command { std: "docker" "create" "-v" "/var/lib/crater-agent-workspace/builds/worker-116/target:/opt/rustwide/target:rw,Z" "-v" "/var/lib/crater-agent-workspace/builds/worker-116/source:/opt/rustwide/workdir:ro,Z" "-v" "/var/lib/crater-agent-workspace/cargo-home:/opt/rustwide/cargo-home:ro,Z" "-v" "/var/lib/crater-agent-workspace/rustup-home:/opt/rustwide/rustup-home:ro,Z" "-e" "SOURCE_DIR=/opt/rustwide/workdir" "-e" "CARGO_TARGET_DIR=/opt/rustwide/target" "-e" "CARGO_INCREMENTAL=0" "-e" "RUST_BACKTRACE=full" "-e" "RUSTFLAGS=--cap-lints=warn" "-e" "CARGO_HOME=/opt/rustwide/cargo-home" "-e" "RUSTUP_HOME=/opt/rustwide/rustup-home" "-w" "/opt/rustwide/workdir" "-m" "1610612736" "--user" "0:0" "--network" "none" "ghcr.io/rust-lang/crates-build-env/linux@sha256:34b6a614d2c27851fe6cbf88fbd1137609cefab8b10d0615aaeb6fd47975d74e" "/opt/rustwide/cargo-home/bin/cargo" "+beta-2021-08-01" "test" "--frozen" "--no-run" "--message-format=json", kill_on_drop: false }`
[INFO] [stdout] c18ecd73cf5434dc6498277e732aa592f79063e6faf7ff9a20f9f1e542d93e9b
[INFO] running `Command { std: "docker" "start" "-a" "c18ecd73cf5434dc6498277e732aa592f79063e6faf7ff9a20f9f1e542d93e9b", kill_on_drop: false }`
[INFO] [stderr]     Blocking waiting for file lock on package cache
[INFO] [stderr]     Blocking waiting for file lock on package cache
[INFO] [stderr]     Blocking waiting for file lock on package cache
[INFO] [stderr]    Compiling ptolemy v0.1.0 (/opt/rustwide/workdir)
[INFO] [stdout] warning: associated function is never used: `length_2`
[INFO] [stdout]   --> src/cartograph/data_types.rs:24:12
[INFO] [stdout]    |
[INFO] [stdout] 24 |     pub fn length_2(&self) -> P::Scalar {
[INFO] [stdout]    |            ^^^^^^^^
[INFO] [stdout]    |
[INFO] [stdout]    = note: `#[warn(dead_code)]` on by default
[INFO] [stdout] 
[INFO] [stdout] 
[INFO] [stdout] warning: associated function is never used: `sample_edges`
[INFO] [stdout]   --> src/cartograph.rs:99:12
[INFO] [stdout]    |
[INFO] [stdout] 99 |     pub fn sample_edges<'a>(
[INFO] [stdout]    |            ^^^^^^^^^^^^
[INFO] [stdout] 
[INFO] [stdout] 
[INFO] [stdout] warning: associated function is never used: `edge_info`
[INFO] [stdout]    --> src/cartograph.rs:129:12
[INFO] [stdout]     |
[INFO] [stdout] 129 |     pub fn edge_info(&self, edge: EdgeIndex) -> (&EdgeInfo, &GeoPoint, &GeoPoint) {
[INFO] [stdout]     |            ^^^^^^^^^
[INFO] [stdout] 
[INFO] [stdout] 
[INFO] [stdout] warning: associated function is never used: `strongly_connected_components`
[INFO] [stdout]    --> src/cartograph.rs:136:12
[INFO] [stdout]     |
[INFO] [stdout] 136 |     pub fn strongly_connected_components(&self) -> Vec<Vec<NodeIndex>> {
[INFO] [stdout]     |            ^^^^^^^^^^^^^^^^^^^^^^^^^^^^^
[INFO] [stdout] 
[INFO] [stdout] 
[INFO] [stdout] warning: associated function is never used: `shortest_path_multi`
[INFO] [stdout]    --> src/cartograph.rs:200:12
[INFO] [stdout]     |
[INFO] [stdout] 200 |     pub fn shortest_path_multi(&self, from: &ProjectedPoint, to: &Vec<ProjectedPoint>) -> Vec<u32> {
[INFO] [stdout]     |            ^^^^^^^^^^^^^^^^^^^
[INFO] [stdout] 
[INFO] [stdout] 
[INFO] [stdout] warning: function is never used: `estimate_cost`
[INFO] [stdout]    --> src/cartograph.rs:223:12
[INFO] [stdout]     |
[INFO] [stdout] 223 |         fn estimate_cost(
[INFO] [stdout]     |            ^^^^^^^^^^^^^
[INFO] [stdout] 
[INFO] [stdout] 
[INFO] [stdout] warning: associated function is never used: `decode`
[INFO] [stdout]    --> src/generator/data_types/osm_file.rs:108:12
[INFO] [stdout]     |
[INFO] [stdout] 108 |     pub fn decode(&self) -> Box<HeaderBlock> {
[INFO] [stdout]     |            ^^^^^^
[INFO] [stdout] 
[INFO] [stdout] 
[INFO] [stdout] warning: associated function is never used: `for_each`
[INFO] [stdout]    --> src/generator/data_types/osm_file.rs:147:12
[INFO] [stdout]     |
[INFO] [stdout] 147 |     pub fn for_each<F: FnMut(Relation)>(&self, mut fun: F) {
[INFO] [stdout]     |            ^^^^^^^^
[INFO] [stdout] 
[INFO] [stdout] 
[INFO] [stdout] warning: 8 warnings emitted
[INFO] [stdout] 
[INFO] [stdout] 
[INFO] [stdout] error[E0599]: no method named `offset` found for struct `generator::data_types::node::Nodes` in the current scope
[INFO] [stdout]    --> src/generator/data_types/node.rs:376:30
[INFO] [stdout]     |
[INFO] [stdout] 150 | pub struct Nodes {
[INFO] [stdout]     | ---------------- method `offset` not found for this
[INFO] [stdout] ...
[INFO] [stdout] 376 |             assert_eq!(nodes.offset(id), Some(id as usize));
[INFO] [stdout]     |                              ^^^^^^ method not found in `generator::data_types::node::Nodes`
[INFO] [stdout] 
[INFO] [stdout] 
[INFO] [stdout] error[E0599]: no method named `offset` found for struct `generator::data_types::node::Nodes` in the current scope
[INFO] [stdout]    --> src/generator/data_types/node.rs:395:34
[INFO] [stdout]     |
[INFO] [stdout] 150 | pub struct Nodes {
[INFO] [stdout]     | ---------------- method `offset` not found for this
[INFO] [stdout] ...
[INFO] [stdout] 395 |                 assert_eq!(nodes.offset(id), Some(offset));
[INFO] [stdout]     |                                  ^^^^^^ method not found in `generator::data_types::node::Nodes`
[INFO] [stdout] 
[INFO] [stdout] 
[INFO] [stdout] error[E0599]: no method named `offset` found for struct `generator::data_types::node::Nodes` in the current scope
[INFO] [stdout]    --> src/generator/data_types/node.rs:419:34
[INFO] [stdout]     |
[INFO] [stdout] 150 | pub struct Nodes {
[INFO] [stdout]     | ---------------- method `offset` not found for this
[INFO] [stdout] ...
[INFO] [stdout] 419 |                 assert_eq!(nodes.offset(id), Some(offset));
[INFO] [stdout]     |                                  ^^^^^^ method not found in `generator::data_types::node::Nodes`
[INFO] [stdout] 
[INFO] [stdout] 
[INFO] [stdout] error: aborting due to 3 previous errors
[INFO] [stdout] 
[INFO] [stdout] 
[INFO] [stdout] For more information about this error, try `rustc --explain E0599`.
[INFO] [stdout] 
[INFO] [stderr] error: could not compile `ptolemy` due to 4 previous errors
[INFO] [stderr] warning: build failed, waiting for other jobs to finish...
[INFO] [stderr] error: build failed
[INFO] running `Command { std: "docker" "inspect" "c18ecd73cf5434dc6498277e732aa592f79063e6faf7ff9a20f9f1e542d93e9b", kill_on_drop: false }`
[INFO] running `Command { std: "docker" "rm" "-f" "c18ecd73cf5434dc6498277e732aa592f79063e6faf7ff9a20f9f1e542d93e9b", kill_on_drop: false }`
[INFO] [stdout] c18ecd73cf5434dc6498277e732aa592f79063e6faf7ff9a20f9f1e542d93e9b
