[INFO] cloning repository https://github.com/simon-auch/projecteuler
[INFO] running `Command { std: "git" "-c" "credential.helper=" "-c" "credential.helper=/workspace/cargo-home/bin/git-credential-null" "clone" "--bare" "https://github.com/simon-auch/projecteuler" "/workspace/cache/git-repos/https%3A%2F%2Fgithub.com%2Fsimon-auch%2Fprojecteuler", kill_on_drop: false }`
[INFO] [stderr] Cloning into bare repository '/workspace/cache/git-repos/https%3A%2F%2Fgithub.com%2Fsimon-auch%2Fprojecteuler'...
[INFO] running `Command { std: "git" "rev-parse" "HEAD", kill_on_drop: false }`
[INFO] [stdout] 0518e55423a7defe009e8bfaf07cdbd08d9f47f8
[INFO] testing simon-auch/projecteuler against 1.54.0 for beta-1.55-1
[INFO] running `Command { std: "git" "clone" "/workspace/cache/git-repos/https%3A%2F%2Fgithub.com%2Fsimon-auch%2Fprojecteuler" "/workspace/builds/worker-77/source", kill_on_drop: false }`
[INFO] [stderr] Cloning into '/workspace/builds/worker-77/source'...
[INFO] [stderr] done.
[INFO] validating manifest of git repo https://github.com/simon-auch/projecteuler on toolchain 1.54.0
[INFO] running `Command { std: "/workspace/cargo-home/bin/cargo" "+1.54.0" "metadata" "--manifest-path" "Cargo.toml" "--no-deps", kill_on_drop: false }`
[INFO] started tweaking git repo https://github.com/simon-auch/projecteuler
[INFO] finished tweaking git repo https://github.com/simon-auch/projecteuler
[INFO] tweaked toml for git repo https://github.com/simon-auch/projecteuler written to /workspace/builds/worker-77/source/Cargo.toml
[INFO] crate git repo https://github.com/simon-auch/projecteuler already has a lockfile, it will not be regenerated
[INFO] running `Command { std: "/workspace/cargo-home/bin/cargo" "+1.54.0" "fetch" "--manifest-path" "Cargo.toml", kill_on_drop: false }`
[INFO] [stderr]     Blocking waiting for file lock on package cache
[INFO] [stderr]     Blocking waiting for file lock on package cache
[INFO] running `Command { std: "docker" "create" "-v" "/var/lib/crater-agent-workspace/builds/worker-77/target:/opt/rustwide/target:rw,Z" "-v" "/var/lib/crater-agent-workspace/builds/worker-77/source:/opt/rustwide/workdir:ro,Z" "-v" "/var/lib/crater-agent-workspace/cargo-home:/opt/rustwide/cargo-home:ro,Z" "-v" "/var/lib/crater-agent-workspace/rustup-home:/opt/rustwide/rustup-home:ro,Z" "-e" "SOURCE_DIR=/opt/rustwide/workdir" "-e" "CARGO_TARGET_DIR=/opt/rustwide/target" "-e" "CARGO_HOME=/opt/rustwide/cargo-home" "-e" "RUSTUP_HOME=/opt/rustwide/rustup-home" "-w" "/opt/rustwide/workdir" "-m" "1610612736" "--user" "0:0" "--network" "none" "ghcr.io/rust-lang/crates-build-env/linux@sha256:34b6a614d2c27851fe6cbf88fbd1137609cefab8b10d0615aaeb6fd47975d74e" "/opt/rustwide/cargo-home/bin/cargo" "+1.54.0" "metadata" "--no-deps" "--format-version=1", kill_on_drop: false }`
[INFO] [stdout] bc5decdbad740faa9b613c9c15d5d646703a3b61612b06a73837df581082663d
[INFO] running `Command { std: "docker" "start" "-a" "bc5decdbad740faa9b613c9c15d5d646703a3b61612b06a73837df581082663d", kill_on_drop: false }`
[INFO] running `Command { std: "docker" "inspect" "bc5decdbad740faa9b613c9c15d5d646703a3b61612b06a73837df581082663d", kill_on_drop: false }`
[INFO] running `Command { std: "docker" "rm" "-f" "bc5decdbad740faa9b613c9c15d5d646703a3b61612b06a73837df581082663d", kill_on_drop: false }`
[INFO] [stdout] bc5decdbad740faa9b613c9c15d5d646703a3b61612b06a73837df581082663d
[INFO] running `Command { std: "docker" "create" "-v" "/var/lib/crater-agent-workspace/builds/worker-77/target:/opt/rustwide/target:rw,Z" "-v" "/var/lib/crater-agent-workspace/builds/worker-77/source:/opt/rustwide/workdir:ro,Z" "-v" "/var/lib/crater-agent-workspace/cargo-home:/opt/rustwide/cargo-home:ro,Z" "-v" "/var/lib/crater-agent-workspace/rustup-home:/opt/rustwide/rustup-home:ro,Z" "-e" "SOURCE_DIR=/opt/rustwide/workdir" "-e" "CARGO_TARGET_DIR=/opt/rustwide/target" "-e" "CARGO_INCREMENTAL=0" "-e" "RUST_BACKTRACE=full" "-e" "RUSTFLAGS=--cap-lints=warn" "-e" "CARGO_HOME=/opt/rustwide/cargo-home" "-e" "RUSTUP_HOME=/opt/rustwide/rustup-home" "-w" "/opt/rustwide/workdir" "-m" "1610612736" "--user" "0:0" "--network" "none" "ghcr.io/rust-lang/crates-build-env/linux@sha256:34b6a614d2c27851fe6cbf88fbd1137609cefab8b10d0615aaeb6fd47975d74e" "/opt/rustwide/cargo-home/bin/cargo" "+1.54.0" "build" "--frozen" "--message-format=json", kill_on_drop: false }`
[INFO] [stdout] 9c411b0b511e36f9c9c0129010d2e87ca29a2fab7084f966fea722376dcb6d39
[INFO] running `Command { std: "docker" "start" "-a" "9c411b0b511e36f9c9c0129010d2e87ca29a2fab7084f966fea722376dcb6d39", kill_on_drop: false }`
[INFO] [stderr]    Compiling gcd v2.0.1
[INFO] [stderr]    Compiling num-traits v0.2.12
[INFO] [stderr]    Compiling num-integer v0.1.43
[INFO] [stderr]    Compiling num-bigint v0.3.0
[INFO] [stderr]    Compiling num-rational v0.3.0
[INFO] [stderr]    Compiling num-iter v0.1.41
[INFO] [stderr]    Compiling num-complex v0.3.0
[INFO] [stderr]    Compiling num v0.3.0
[INFO] [stderr]    Compiling projecteuler v0.1.0 (/opt/rustwide/workdir)
[INFO] [stderr] error: could not compile `projecteuler`
[INFO] [stderr] 
[INFO] [stderr] Caused by:
[INFO] [stderr]   process didn't exit successfully: `rustc --crate-name problem_0084 --edition=2018 src/bin/problem_0084.rs --error-format=json --json=diagnostic-rendered-ansi --crate-type bin --emit=dep-info,link -C embed-bitcode=no -C debuginfo=2 -C metadata=9c3d9e7a11404046 -C extra-filename=-9c3d9e7a11404046 --out-dir /opt/rustwide/target/debug/deps -L dependency=/opt/rustwide/target/debug/deps --extern gcd=/opt/rustwide/target/debug/deps/libgcd-eceb65a06d90b872.rlib --extern num=/opt/rustwide/target/debug/deps/libnum-a2c3a33626ae7731.rlib --extern projecteuler=/opt/rustwide/target/debug/deps/libprojecteuler-b425491ac928be0f.rlib --cap-lints=warn` (signal: 9, SIGKILL: kill)
[INFO] [stderr] warning: build failed, waiting for other jobs to finish...
[INFO] [stdout] error[E0554]: `#![feature]` may not be used on the stable release channel
[INFO] [stdout]  --> src/bin/problem_0071.rs:1:1
[INFO] [stdout]   |
[INFO] [stdout] 1 | #![feature(test)]
[INFO] [stdout]   | ^^^^^^^^^^^^^^^^^
[INFO] [stdout] 
[INFO] [stdout] 
[INFO] [stdout] error[E0658]: use of unstable library feature 'bench_black_box'
[INFO] [stdout]   --> src/bin/problem_0071.rs:12:13
[INFO] [stdout]    |
[INFO] [stdout] 12 |             core::hint::black_box(solve(1_000_000));
[INFO] [stdout]    |             ^^^^^^^^^^^^^^^^^^^^^
[INFO] [stdout]    |
[INFO] [stdout]    = note: see issue #64102 <https://github.com/rust-lang/rust/issues/64102> for more information
[INFO] [stdout] 
[INFO] [stdout] 
[INFO] [stdout] error[E0554]: `#![feature]` may not be used on the stable release channel
[INFO] [stdout]  --> src/bin/problem_0073.rs:1:1
[INFO] [stdout]   |
[INFO] [stdout] 1 | #![feature(test)]
[INFO] [stdout]   | ^^^^^^^^^^^^^^^^^
[INFO] [stdout] 
[INFO] [stdout] 
[INFO] [stdout] error[E0554]: `#![feature]` may not be used on the stable release channel
[INFO] [stdout]  --> src/bin/problem_0073.rs:2:1
[INFO] [stdout]   |
[INFO] [stdout] 2 | #![feature(map_first_last)]
[INFO] [stdout]   | ^^^^^^^^^^^^^^^^^^^^^^^^^^^
[INFO] [stdout] 
[INFO] [stdout] 
[INFO] [stdout] error[E0554]: `#![feature]` may not be used on the stable release channel
[INFO] [stdout]  --> src/bin/problem_0599.rs:1:1
[INFO] [stdout]   |
[INFO] [stdout] 1 | #![feature(map_first_last)]
[INFO] [stdout]   | ^^^^^^^^^^^^^^^^^^^^^^^^^^^
[INFO] [stdout] 
[INFO] [stdout] 
[INFO] [stdout] warning: unused import: `projecteuler::helper`
[INFO] [stdout]  --> src/bin/problem_0599.rs:3:5
[INFO] [stdout]   |
[INFO] [stdout] 3 | use projecteuler::helper;
[INFO] [stdout]   |     ^^^^^^^^^^^^^^^^^^^^
[INFO] [stdout]   |
[INFO] [stdout]   = note: `#[warn(unused_imports)]` on by default
[INFO] [stdout] 
[INFO] [stdout] 
[INFO] [stdout] error: aborting due to 2 previous errors
[INFO] [stdout] 
[INFO] [stdout] 
[INFO] [stdout] Some errors have detailed explanations: E0554, E0658.
[INFO] [stdout] 
[INFO] [stdout] For more information about an error, try `rustc --explain E0554`.
[INFO] [stdout] 
[INFO] [stdout] error: aborting due to 2 previous errors
[INFO] [stdout] 
[INFO] [stdout] 
[INFO] [stdout] For more information about this error, try `rustc --explain E0554`.
[INFO] [stdout] 
[INFO] [stdout] error: aborting due to previous error; 1 warning emitted
[INFO] [stdout] 
[INFO] [stdout] 
[INFO] [stdout] For more information about this error, try `rustc --explain E0554`.
[INFO] [stdout] 
[INFO] [stderr] error: build failed
[INFO] running `Command { std: "docker" "inspect" "9c411b0b511e36f9c9c0129010d2e87ca29a2fab7084f966fea722376dcb6d39", kill_on_drop: false }`
[INFO] running `Command { std: "docker" "rm" "-f" "9c411b0b511e36f9c9c0129010d2e87ca29a2fab7084f966fea722376dcb6d39", kill_on_drop: false }`
[INFO] [stdout] 9c411b0b511e36f9c9c0129010d2e87ca29a2fab7084f966fea722376dcb6d39
