[INFO] cloning repository https://github.com/shurizzle/tomography
[INFO] running `Command { std: "git" "-c" "credential.helper=" "-c" "credential.helper=/workspace/cargo-home/bin/git-credential-null" "clone" "--bare" "https://github.com/shurizzle/tomography" "/workspace/cache/git-repos/https%3A%2F%2Fgithub.com%2Fshurizzle%2Ftomography", kill_on_drop: false }`
[INFO] [stderr] Cloning into bare repository '/workspace/cache/git-repos/https%3A%2F%2Fgithub.com%2Fshurizzle%2Ftomography'...
[INFO] running `Command { std: "git" "rev-parse" "HEAD", kill_on_drop: false }`
[INFO] [stdout] 8c700f91a23b2066620a6994efdd4d58632a7518
[INFO] testing shurizzle/tomography against beta-2021-08-01 for beta-1.55-1
[INFO] running `Command { std: "git" "clone" "/workspace/cache/git-repos/https%3A%2F%2Fgithub.com%2Fshurizzle%2Ftomography" "/workspace/builds/worker-24/source", kill_on_drop: false }`
[INFO] [stderr] Cloning into '/workspace/builds/worker-24/source'...
[INFO] [stderr] done.
[INFO] validating manifest of git repo https://github.com/shurizzle/tomography on toolchain beta-2021-08-01
[INFO] running `Command { std: "/workspace/cargo-home/bin/cargo" "+beta-2021-08-01" "metadata" "--manifest-path" "Cargo.toml" "--no-deps", kill_on_drop: false }`
[INFO] started tweaking git repo https://github.com/shurizzle/tomography
[INFO] finished tweaking git repo https://github.com/shurizzle/tomography
[INFO] tweaked toml for git repo https://github.com/shurizzle/tomography written to /workspace/builds/worker-24/source/Cargo.toml
[INFO] crate git repo https://github.com/shurizzle/tomography already has a lockfile, it will not be regenerated
[INFO] running `Command { std: "/workspace/cargo-home/bin/cargo" "+beta-2021-08-01" "fetch" "--manifest-path" "Cargo.toml", kill_on_drop: false }`
[INFO] [stderr]     Blocking waiting for file lock on package cache
[INFO] [stderr]     Blocking waiting for file lock on package cache
[INFO] [stderr]  Downloading crates ...
[INFO] [stderr]   Downloaded ioctl-rs v0.2.0
[INFO] [stderr]   Downloaded gmp-mpfr-sys v1.4.5
[INFO] [stderr]   Downloaded ifstructs v0.1.1
[INFO] [stderr]   Downloaded four-char-code v0.0.5
[INFO] [stderr]   Downloaded four-char-code-macros-impl v0.0.2
[INFO] [stderr]   Downloaded smc v0.2.2
[INFO] running `Command { std: "docker" "create" "-v" "/var/lib/crater-agent-workspace/builds/worker-24/target:/opt/rustwide/target:rw,Z" "-v" "/var/lib/crater-agent-workspace/builds/worker-24/source:/opt/rustwide/workdir:ro,Z" "-v" "/var/lib/crater-agent-workspace/cargo-home:/opt/rustwide/cargo-home:ro,Z" "-v" "/var/lib/crater-agent-workspace/rustup-home:/opt/rustwide/rustup-home:ro,Z" "-e" "SOURCE_DIR=/opt/rustwide/workdir" "-e" "CARGO_TARGET_DIR=/opt/rustwide/target" "-e" "CARGO_HOME=/opt/rustwide/cargo-home" "-e" "RUSTUP_HOME=/opt/rustwide/rustup-home" "-w" "/opt/rustwide/workdir" "-m" "1610612736" "--user" "0:0" "--network" "none" "ghcr.io/rust-lang/crates-build-env/linux@sha256:34b6a614d2c27851fe6cbf88fbd1137609cefab8b10d0615aaeb6fd47975d74e" "/opt/rustwide/cargo-home/bin/cargo" "+beta-2021-08-01" "metadata" "--no-deps" "--format-version=1", kill_on_drop: false }`
[INFO] [stdout] d2c40e995cbf7f603e16453efa40f4624b8e28f04ebf8c5a14d2e9e8a1fa1dc7
[INFO] running `Command { std: "docker" "start" "-a" "d2c40e995cbf7f603e16453efa40f4624b8e28f04ebf8c5a14d2e9e8a1fa1dc7", kill_on_drop: false }`
[INFO] running `Command { std: "docker" "inspect" "d2c40e995cbf7f603e16453efa40f4624b8e28f04ebf8c5a14d2e9e8a1fa1dc7", kill_on_drop: false }`
[INFO] running `Command { std: "docker" "rm" "-f" "d2c40e995cbf7f603e16453efa40f4624b8e28f04ebf8c5a14d2e9e8a1fa1dc7", kill_on_drop: false }`
[INFO] [stdout] d2c40e995cbf7f603e16453efa40f4624b8e28f04ebf8c5a14d2e9e8a1fa1dc7
[INFO] running `Command { std: "docker" "create" "-v" "/var/lib/crater-agent-workspace/builds/worker-24/target:/opt/rustwide/target:rw,Z" "-v" "/var/lib/crater-agent-workspace/builds/worker-24/source:/opt/rustwide/workdir:ro,Z" "-v" "/var/lib/crater-agent-workspace/cargo-home:/opt/rustwide/cargo-home:ro,Z" "-v" "/var/lib/crater-agent-workspace/rustup-home:/opt/rustwide/rustup-home:ro,Z" "-e" "SOURCE_DIR=/opt/rustwide/workdir" "-e" "CARGO_TARGET_DIR=/opt/rustwide/target" "-e" "CARGO_INCREMENTAL=0" "-e" "RUST_BACKTRACE=full" "-e" "RUSTFLAGS=--cap-lints=warn" "-e" "CARGO_HOME=/opt/rustwide/cargo-home" "-e" "RUSTUP_HOME=/opt/rustwide/rustup-home" "-w" "/opt/rustwide/workdir" "-m" "1610612736" "--user" "0:0" "--network" "none" "ghcr.io/rust-lang/crates-build-env/linux@sha256:34b6a614d2c27851fe6cbf88fbd1137609cefab8b10d0615aaeb6fd47975d74e" "/opt/rustwide/cargo-home/bin/cargo" "+beta-2021-08-01" "build" "--frozen" "--message-format=json", kill_on_drop: false }`
[INFO] [stdout] 65168eaad23f3cd7287104472c66e39e347062f10db8c12804d888f9fd667268
[INFO] running `Command { std: "docker" "start" "-a" "65168eaad23f3cd7287104472c66e39e347062f10db8c12804d888f9fd667268", kill_on_drop: false }`
[INFO] [stderr]     Blocking waiting for file lock on package cache
[INFO] [stderr]    Compiling libc v0.2.94
[INFO] [stderr]    Compiling gmp-mpfr-sys v1.4.5
[INFO] [stderr]    Compiling az v1.1.1
[INFO] [stderr]    Compiling rug v1.12.0
[INFO] [stderr]    Compiling tomography v0.1.0 (/opt/rustwide/workdir)
[INFO] [stderr]    Compiling cfg-if v1.0.0
[INFO] [stderr]    Compiling errno v0.2.7
[INFO] [stdout] error: Target OS unsupported
[INFO] [stdout]   --> src/platform/mod.rs:12:9
[INFO] [stdout]    |
[INFO] [stdout] 12 |         compile_error!("Target OS unsupported");
[INFO] [stdout]    |         ^^^^^^^^^^^^^^^^^^^^^^^^^^^^^^^^^^^^^^^^
[INFO] [stdout] 
[INFO] [stdout] 
[INFO] [stdout] error[E0432]: unresolved import `platform::imp`
[INFO] [stdout]   --> src/lib.rs:16:19
[INFO] [stdout]    |
[INFO] [stdout] 16 | pub use platform::imp::*;
[INFO] [stdout]    |                   ^^^ could not find `imp` in `platform`
[INFO] [stdout] 
[INFO] [stdout] 
[INFO] [stdout] error[E0432]: unresolved import `crate::platform::imp`
[INFO] [stdout]  --> src/cpu.rs:1:22
[INFO] [stdout]   |
[INFO] [stdout] 1 | use crate::platform::imp::cpu;
[INFO] [stdout]   |                      ^^^ could not find `imp` in `platform`
[INFO] [stdout] 
[INFO] [stdout] 
[INFO] [stdout] error[E0432]: unresolved import `crate::platform::imp`
[INFO] [stdout]  --> src/fs.rs:1:22
[INFO] [stdout]   |
[INFO] [stdout] 1 | use crate::platform::imp::fs;
[INFO] [stdout]   |                      ^^^ could not find `imp` in `platform`
[INFO] [stdout] 
[INFO] [stdout] 
[INFO] [stdout] error[E0432]: unresolved import `crate::platform::imp`
[INFO] [stdout]  --> src/mem.rs:1:22
[INFO] [stdout]   |
[INFO] [stdout] 1 | use crate::platform::imp::mem;
[INFO] [stdout]   |                      ^^^ could not find `imp` in `platform`
[INFO] [stdout] 
[INFO] [stdout] 
[INFO] [stdout] error[E0432]: unresolved import `crate::platform::imp`
[INFO] [stdout]  --> src/misc.rs:1:22
[INFO] [stdout]   |
[INFO] [stdout] 1 | use crate::platform::imp::boottime;
[INFO] [stdout]   |                      ^^^ could not find `imp` in `platform`
[INFO] [stdout] 
[INFO] [stdout] 
[INFO] [stdout] error[E0432]: unresolved import `crate::platform::imp`
[INFO] [stdout]  --> src/network.rs:1:22
[INFO] [stdout]   |
[INFO] [stdout] 1 | use crate::platform::imp::network;
[INFO] [stdout]   |                      ^^^ could not find `imp` in `platform`
[INFO] [stdout] 
[INFO] [stdout] 
[INFO] [stdout] error[E0432]: unresolved import `crate::platform::imp`
[INFO] [stdout]  --> src/power.rs:1:22
[INFO] [stdout]   |
[INFO] [stdout] 1 | use crate::platform::imp::power;
[INFO] [stdout]   |                      ^^^ could not find `imp` in `platform`
[INFO] [stdout] 
[INFO] [stdout] 
[INFO] [stdout] error[E0432]: unresolved imports `crate::platform::imp`, `crate::Timer`, `crate::Timer`
[INFO] [stdout]  --> src/cpu.rs:3:5
[INFO] [stdout]   |
[INFO] [stdout] 3 | use crate::Timer;
[INFO] [stdout]   |     ^^^^^^^^^^^^
[INFO] [stdout]   | 
[INFO] [stdout]  ::: src/thermal.rs:1:22
[INFO] [stdout]   |
[INFO] [stdout] 1 | use crate::platform::imp::thermal;
[INFO] [stdout]   |                      ^^^ could not find `imp` in `platform`
[INFO] [stdout]   | 
[INFO] [stdout]  ::: src/network.rs:3:5
[INFO] [stdout]   |
[INFO] [stdout] 3 | use crate::Timer;
[INFO] [stdout]   |     ^^^^^^^^^^^^
[INFO] [stdout] 
[INFO] [stdout] 
[INFO] [stdout] warning: unnecessary braces around function argument
[INFO] [stdout]   --> src/timer/stated_timer.rs:20:23
[INFO] [stdout]    |
[INFO] [stdout] 20 |             let s = f({ state.lock().unwrap().clone() });
[INFO] [stdout]    |                       ^^^^^^^^^^^^^^^^^^^^^^^^^^^^^^^^^ help: remove these braces
[INFO] [stdout]    |
[INFO] [stdout]    = note: `#[warn(unused_braces)]` on by default
[INFO] [stdout] 
[INFO] [stdout] 
[INFO] [stdout] warning: use of deprecated associated function `std::error::Error::description`: use the Display impl or to_string()
[INFO] [stdout]   --> src/types/error.rs:55:16
[INFO] [stdout]    |
[INFO] [stdout] 55 |         self.0.description()
[INFO] [stdout]    |                ^^^^^^^^^^^
[INFO] [stdout]    |
[INFO] [stdout]    = note: `#[warn(deprecated)]` on by default
[INFO] [stdout] 
[INFO] [stdout] 
[INFO] [stdout] error: aborting due to 9 previous errors; 2 warnings emitted
[INFO] [stdout] 
[INFO] [stdout] 
[INFO] [stdout] For more information about this error, try `rustc --explain E0432`.
[INFO] [stdout] 
[INFO] [stderr] error: could not compile `tomography` due to 10 previous errors; 2 warnings emitted
[INFO] [stderr] warning: build failed, waiting for other jobs to finish...
[INFO] [stderr] error: build failed
[INFO] running `Command { std: "docker" "inspect" "65168eaad23f3cd7287104472c66e39e347062f10db8c12804d888f9fd667268", kill_on_drop: false }`
[INFO] running `Command { std: "docker" "rm" "-f" "65168eaad23f3cd7287104472c66e39e347062f10db8c12804d888f9fd667268", kill_on_drop: false }`
[INFO] [stdout] 65168eaad23f3cd7287104472c66e39e347062f10db8c12804d888f9fd667268
