[INFO] cloning repository https://github.com/shssoichiro/avsser
[INFO] running `Command { std: "git" "-c" "credential.helper=" "-c" "credential.helper=/workspace/cargo-home/bin/git-credential-null" "clone" "--bare" "https://github.com/shssoichiro/avsser" "/workspace/cache/git-repos/https%3A%2F%2Fgithub.com%2Fshssoichiro%2Favsser", kill_on_drop: false }`
[INFO] [stderr] Cloning into bare repository '/workspace/cache/git-repos/https%3A%2F%2Fgithub.com%2Fshssoichiro%2Favsser'...
[INFO] running `Command { std: "git" "rev-parse" "HEAD", kill_on_drop: false }`
[INFO] [stdout] 11bdb773d0645f3ffac04bc9507d1cb58e1ec5a4
[INFO] testing shssoichiro/avsser against 1.54.0 for beta-1.55-1
[INFO] running `Command { std: "git" "clone" "/workspace/cache/git-repos/https%3A%2F%2Fgithub.com%2Fshssoichiro%2Favsser" "/workspace/builds/worker-9/source", kill_on_drop: false }`
[INFO] [stderr] Cloning into '/workspace/builds/worker-9/source'...
[INFO] [stderr] done.
[INFO] validating manifest of git repo https://github.com/shssoichiro/avsser on toolchain 1.54.0
[INFO] running `Command { std: "/workspace/cargo-home/bin/cargo" "+1.54.0" "metadata" "--manifest-path" "Cargo.toml" "--no-deps", kill_on_drop: false }`
[INFO] started tweaking git repo https://github.com/shssoichiro/avsser
[INFO] finished tweaking git repo https://github.com/shssoichiro/avsser
[INFO] tweaked toml for git repo https://github.com/shssoichiro/avsser written to /workspace/builds/worker-9/source/Cargo.toml
[INFO] crate git repo https://github.com/shssoichiro/avsser already has a lockfile, it will not be regenerated
[INFO] running `Command { std: "/workspace/cargo-home/bin/cargo" "+1.54.0" "fetch" "--manifest-path" "Cargo.toml", kill_on_drop: false }`
[INFO] running `Command { std: "docker" "create" "-v" "/var/lib/crater-agent-workspace/builds/worker-9/target:/opt/rustwide/target:rw,Z" "-v" "/var/lib/crater-agent-workspace/builds/worker-9/source:/opt/rustwide/workdir:ro,Z" "-v" "/var/lib/crater-agent-workspace/cargo-home:/opt/rustwide/cargo-home:ro,Z" "-v" "/var/lib/crater-agent-workspace/rustup-home:/opt/rustwide/rustup-home:ro,Z" "-e" "SOURCE_DIR=/opt/rustwide/workdir" "-e" "CARGO_TARGET_DIR=/opt/rustwide/target" "-e" "CARGO_HOME=/opt/rustwide/cargo-home" "-e" "RUSTUP_HOME=/opt/rustwide/rustup-home" "-w" "/opt/rustwide/workdir" "-m" "1610612736" "--user" "0:0" "--network" "none" "ghcr.io/rust-lang/crates-build-env/linux@sha256:34b6a614d2c27851fe6cbf88fbd1137609cefab8b10d0615aaeb6fd47975d74e" "/opt/rustwide/cargo-home/bin/cargo" "+1.54.0" "metadata" "--no-deps" "--format-version=1", kill_on_drop: false }`
[INFO] [stdout] 559fdd74d79d4f9a00e406898e46c610a94c8ed567d67a92dd5059bb72ff1935
[INFO] running `Command { std: "docker" "start" "-a" "559fdd74d79d4f9a00e406898e46c610a94c8ed567d67a92dd5059bb72ff1935", kill_on_drop: false }`
[INFO] running `Command { std: "docker" "inspect" "559fdd74d79d4f9a00e406898e46c610a94c8ed567d67a92dd5059bb72ff1935", kill_on_drop: false }`
[INFO] running `Command { std: "docker" "rm" "-f" "559fdd74d79d4f9a00e406898e46c610a94c8ed567d67a92dd5059bb72ff1935", kill_on_drop: false }`
[INFO] [stdout] 559fdd74d79d4f9a00e406898e46c610a94c8ed567d67a92dd5059bb72ff1935
[INFO] running `Command { std: "docker" "create" "-v" "/var/lib/crater-agent-workspace/builds/worker-9/target:/opt/rustwide/target:rw,Z" "-v" "/var/lib/crater-agent-workspace/builds/worker-9/source:/opt/rustwide/workdir:ro,Z" "-v" "/var/lib/crater-agent-workspace/cargo-home:/opt/rustwide/cargo-home:ro,Z" "-v" "/var/lib/crater-agent-workspace/rustup-home:/opt/rustwide/rustup-home:ro,Z" "-e" "SOURCE_DIR=/opt/rustwide/workdir" "-e" "CARGO_TARGET_DIR=/opt/rustwide/target" "-e" "CARGO_INCREMENTAL=0" "-e" "RUST_BACKTRACE=full" "-e" "RUSTFLAGS=--cap-lints=warn" "-e" "CARGO_HOME=/opt/rustwide/cargo-home" "-e" "RUSTUP_HOME=/opt/rustwide/rustup-home" "-w" "/opt/rustwide/workdir" "-m" "1610612736" "--user" "0:0" "--network" "none" "ghcr.io/rust-lang/crates-build-env/linux@sha256:34b6a614d2c27851fe6cbf88fbd1137609cefab8b10d0615aaeb6fd47975d74e" "/opt/rustwide/cargo-home/bin/cargo" "+1.54.0" "build" "--frozen" "--message-format=json", kill_on_drop: false }`
[INFO] [stdout] 29a313fa9b64590748e738e35e547c55097b76068e82f64a7f59b3c5aef3dd91
[INFO] running `Command { std: "docker" "start" "-a" "29a313fa9b64590748e738e35e547c55097b76068e82f64a7f59b3c5aef3dd91", kill_on_drop: false }`
[INFO] [stderr]    Compiling libc v0.2.66
[INFO] [stderr]    Compiling memchr v2.2.1
[INFO] [stderr]    Compiling bitflags v1.2.1
[INFO] [stderr]    Compiling unicode-width v0.1.7
[INFO] [stderr]    Compiling lazy_static v1.4.0
[INFO] [stderr]    Compiling vec_map v0.8.1
[INFO] [stderr]    Compiling regex-syntax v0.6.12
[INFO] [stderr]    Compiling strsim v0.8.0
[INFO] [stderr]    Compiling ansi_term v0.11.0
[INFO] [stderr]    Compiling uuid v0.8.1
[INFO] [stderr]    Compiling thread_local v0.3.6
[INFO] [stderr]    Compiling textwrap v0.11.0
[INFO] [stderr]    Compiling aho-corasick v0.7.6
[INFO] [stderr]    Compiling atty v0.2.13
[INFO] [stderr]    Compiling clap v2.33.0
[INFO] [stderr]    Compiling regex v1.3.1
[INFO] [stderr]    Compiling avsser v0.9.0 (/opt/rustwide/workdir)
[INFO] [stdout] warning: use of deprecated associated function `std::error::Error::description`: use the Display impl or to_string()
[INFO] [stdout]   --> src/parsers/mkvinfo.rs:59:32
[INFO] [stdout]    |
[INFO] [stdout] 59 |         Err(x) => return Err(x.description().to_owned()),
[INFO] [stdout]    |                                ^^^^^^^^^^^
[INFO] [stdout]    |
[INFO] [stdout]    = note: `#[warn(deprecated)]` on by default
[INFO] [stdout] 
[INFO] [stdout] 
[INFO] [stdout] warning: use of deprecated associated function `std::error::Error::description`: use the Display impl or to_string()
[INFO] [stdout]    --> src/parsers/mkvinfo.rs:106:32
[INFO] [stdout]     |
[INFO] [stdout] 106 |         Err(x) => return Err(x.description().to_owned()),
[INFO] [stdout]     |                                ^^^^^^^^^^^
[INFO] [stdout] 
[INFO] [stdout] 
[INFO] [stdout] warning: 2 warnings emitted
[INFO] [stdout] 
[INFO] [stdout] 
[INFO] [stderr]     Finished dev [unoptimized + debuginfo] target(s) in 19.74s
[INFO] running `Command { std: "docker" "inspect" "29a313fa9b64590748e738e35e547c55097b76068e82f64a7f59b3c5aef3dd91", kill_on_drop: false }`
[INFO] running `Command { std: "docker" "rm" "-f" "29a313fa9b64590748e738e35e547c55097b76068e82f64a7f59b3c5aef3dd91", kill_on_drop: false }`
[INFO] [stdout] 29a313fa9b64590748e738e35e547c55097b76068e82f64a7f59b3c5aef3dd91
[INFO] running `Command { std: "docker" "create" "-v" "/var/lib/crater-agent-workspace/builds/worker-9/target:/opt/rustwide/target:rw,Z" "-v" "/var/lib/crater-agent-workspace/builds/worker-9/source:/opt/rustwide/workdir:ro,Z" "-v" "/var/lib/crater-agent-workspace/cargo-home:/opt/rustwide/cargo-home:ro,Z" "-v" "/var/lib/crater-agent-workspace/rustup-home:/opt/rustwide/rustup-home:ro,Z" "-e" "SOURCE_DIR=/opt/rustwide/workdir" "-e" "CARGO_TARGET_DIR=/opt/rustwide/target" "-e" "CARGO_INCREMENTAL=0" "-e" "RUST_BACKTRACE=full" "-e" "RUSTFLAGS=--cap-lints=warn" "-e" "CARGO_HOME=/opt/rustwide/cargo-home" "-e" "RUSTUP_HOME=/opt/rustwide/rustup-home" "-w" "/opt/rustwide/workdir" "-m" "1610612736" "--user" "0:0" "--network" "none" "ghcr.io/rust-lang/crates-build-env/linux@sha256:34b6a614d2c27851fe6cbf88fbd1137609cefab8b10d0615aaeb6fd47975d74e" "/opt/rustwide/cargo-home/bin/cargo" "+1.54.0" "test" "--frozen" "--no-run" "--message-format=json", kill_on_drop: false }`
[INFO] [stdout] ef7d6ad3c5f7fe5f69059caa4454036370eb52330288e0369e36d4f229d3fccb
[INFO] running `Command { std: "docker" "start" "-a" "ef7d6ad3c5f7fe5f69059caa4454036370eb52330288e0369e36d4f229d3fccb", kill_on_drop: false }`
[INFO] [stderr]     Blocking waiting for file lock on package cache
[INFO] [stderr]    Compiling avsser v0.9.0 (/opt/rustwide/workdir)
[INFO] [stdout] warning: use of deprecated associated function `std::error::Error::description`: use the Display impl or to_string()
[INFO] [stdout]   --> src/parsers/mkvinfo.rs:59:32
[INFO] [stdout]    |
[INFO] [stdout] 59 |         Err(x) => return Err(x.description().to_owned()),
[INFO] [stdout]    |                                ^^^^^^^^^^^
[INFO] [stdout]    |
[INFO] [stdout]    = note: `#[warn(deprecated)]` on by default
[INFO] [stdout] 
[INFO] [stdout] 
[INFO] [stdout] warning: use of deprecated associated function `std::error::Error::description`: use the Display impl or to_string()
[INFO] [stdout]    --> src/parsers/mkvinfo.rs:106:32
[INFO] [stdout]     |
[INFO] [stdout] 106 |         Err(x) => return Err(x.description().to_owned()),
[INFO] [stdout]     |                                ^^^^^^^^^^^
[INFO] [stdout] 
[INFO] [stdout] 
[INFO] [stdout] warning: 2 warnings emitted
[INFO] [stdout] 
[INFO] [stdout] 
[INFO] [stdout] error[E0063]: missing field `fast_fp` in initializer of `output::AvsOptions`
[INFO] [stdout]    --> src/output/avisynth.rs:159:20
[INFO] [stdout]     |
[INFO] [stdout] 159 |         let opts = AvsOptions {
[INFO] [stdout]     |                    ^^^^^^^^^^ missing `fast_fp`
[INFO] [stdout] 
[INFO] [stdout] 
[INFO] [stdout] error[E0063]: missing field `fast_fp` in initializer of `output::AvsOptions`
[INFO] [stdout]    --> src/output/avisynth.rs:178:20
[INFO] [stdout]     |
[INFO] [stdout] 178 |         let opts = AvsOptions {
[INFO] [stdout]     |                    ^^^^^^^^^^ missing `fast_fp`
[INFO] [stdout] 
[INFO] [stdout] 
[INFO] [stdout] error[E0063]: missing field `fast_fp` in initializer of `output::AvsOptions`
[INFO] [stdout]    --> src/output/avisynth.rs:197:20
[INFO] [stdout]     |
[INFO] [stdout] 197 |         let opts = AvsOptions {
[INFO] [stdout]     |                    ^^^^^^^^^^ missing `fast_fp`
[INFO] [stdout] 
[INFO] [stdout] 
[INFO] [stdout] error[E0063]: missing field `fast_fp` in initializer of `output::AvsOptions`
[INFO] [stdout]    --> src/output/avisynth.rs:216:20
[INFO] [stdout]     |
[INFO] [stdout] 216 |         let opts = AvsOptions {
[INFO] [stdout]     |                    ^^^^^^^^^^ missing `fast_fp`
[INFO] [stdout] 
[INFO] [stdout] 
[INFO] [stdout] error[E0063]: missing field `fast_fp` in initializer of `output::AvsOptions`
[INFO] [stdout]    --> src/output/avisynth.rs:235:20
[INFO] [stdout]     |
[INFO] [stdout] 235 |         let opts = AvsOptions {
[INFO] [stdout]     |                    ^^^^^^^^^^ missing `fast_fp`
[INFO] [stdout] 
[INFO] [stdout] 
[INFO] [stdout] error[E0063]: missing field `fast_fp` in initializer of `output::AvsOptions`
[INFO] [stdout]    --> src/output/avisynth.rs:254:20
[INFO] [stdout]     |
[INFO] [stdout] 254 |         let opts = AvsOptions {
[INFO] [stdout]     |                    ^^^^^^^^^^ missing `fast_fp`
[INFO] [stdout] 
[INFO] [stdout] 
[INFO] [stdout] error[E0063]: missing field `fast_fp` in initializer of `output::AvsOptions`
[INFO] [stdout]    --> src/output/vapoursynth.rs:184:20
[INFO] [stdout]     |
[INFO] [stdout] 184 |         let opts = AvsOptions {
[INFO] [stdout]     |                    ^^^^^^^^^^ missing `fast_fp`
[INFO] [stdout] 
[INFO] [stdout] 
[INFO] [stdout] error[E0061]: this function takes 3 arguments but 2 arguments were supplied
[INFO] [stdout]    --> src/output/vapoursynth.rs:193:26
[INFO] [stdout]     |
[INFO] [stdout] 193 |         let mut writer = VapoursynthWriter::new(opts, true);
[INFO] [stdout]     |                          ^^^^^^^^^^^^^^^^^^^^^^ ----  ---- supplied 2 arguments
[INFO] [stdout]     |                          |
[INFO] [stdout]     |                          expected 3 arguments
[INFO] [stdout]     |
[INFO] [stdout] note: associated function defined here
[INFO] [stdout]    --> src/output/vapoursynth.rs:134:12
[INFO] [stdout]     |
[INFO] [stdout] 134 |     pub fn new(
[INFO] [stdout]     |            ^^^
[INFO] [stdout] 135 |         mut opts: AvsOptions,
[INFO] [stdout]     |         --------------------
[INFO] [stdout] 136 |         apply_default_filters: bool,
[INFO] [stdout]     |         ---------------------------
[INFO] [stdout] 137 |         audio_filename: Option<PathBuf>,
[INFO] [stdout]     |         -------------------------------
[INFO] [stdout] 
[INFO] [stdout] 
[INFO] [stdout] error[E0063]: missing field `fast_fp` in initializer of `output::AvsOptions`
[INFO] [stdout]    --> src/output/vapoursynth.rs:203:20
[INFO] [stdout]     |
[INFO] [stdout] 203 |         let opts = AvsOptions {
[INFO] [stdout]     |                    ^^^^^^^^^^ missing `fast_fp`
[INFO] [stdout] 
[INFO] [stdout] 
[INFO] [stdout] error[E0061]: this function takes 3 arguments but 2 arguments were supplied
[INFO] [stdout]    --> src/output/vapoursynth.rs:212:26
[INFO] [stdout]     |
[INFO] [stdout] 212 |         let mut writer = VapoursynthWriter::new(opts, true);
[INFO] [stdout]     |                          ^^^^^^^^^^^^^^^^^^^^^^ ----  ---- supplied 2 arguments
[INFO] [stdout]     |                          |
[INFO] [stdout]     |                          expected 3 arguments
[INFO] [stdout]     |
[INFO] [stdout] note: associated function defined here
[INFO] [stdout]    --> src/output/vapoursynth.rs:134:12
[INFO] [stdout]     |
[INFO] [stdout] 134 |     pub fn new(
[INFO] [stdout]     |            ^^^
[INFO] [stdout] 135 |         mut opts: AvsOptions,
[INFO] [stdout]     |         --------------------
[INFO] [stdout] 136 |         apply_default_filters: bool,
[INFO] [stdout]     |         ---------------------------
[INFO] [stdout] 137 |         audio_filename: Option<PathBuf>,
[INFO] [stdout]     |         -------------------------------
[INFO] [stdout] 
[INFO] [stdout] 
[INFO] [stdout] error[E0063]: missing field `fast_fp` in initializer of `output::AvsOptions`
[INFO] [stdout]    --> src/output/vapoursynth.rs:222:20
[INFO] [stdout]     |
[INFO] [stdout] 222 |         let opts = AvsOptions {
[INFO] [stdout]     |                    ^^^^^^^^^^ missing `fast_fp`
[INFO] [stdout] 
[INFO] [stdout] 
[INFO] [stdout] error[E0061]: this function takes 3 arguments but 2 arguments were supplied
[INFO] [stdout]    --> src/output/vapoursynth.rs:231:26
[INFO] [stdout]     |
[INFO] [stdout] 231 |         let mut writer = VapoursynthWriter::new(opts, true);
[INFO] [stdout]     |                          ^^^^^^^^^^^^^^^^^^^^^^ ----  ---- supplied 2 arguments
[INFO] [stdout]     |                          |
[INFO] [stdout]     |                          expected 3 arguments
[INFO] [stdout]     |
[INFO] [stdout] note: associated function defined here
[INFO] [stdout]    --> src/output/vapoursynth.rs:134:12
[INFO] [stdout]     |
[INFO] [stdout] 134 |     pub fn new(
[INFO] [stdout]     |            ^^^
[INFO] [stdout] 135 |         mut opts: AvsOptions,
[INFO] [stdout]     |         --------------------
[INFO] [stdout] 136 |         apply_default_filters: bool,
[INFO] [stdout]     |         ---------------------------
[INFO] [stdout] 137 |         audio_filename: Option<PathBuf>,
[INFO] [stdout]     |         -------------------------------
[INFO] [stdout] 
[INFO] [stdout] 
[INFO] [stdout] error[E0063]: missing field `fast_fp` in initializer of `output::AvsOptions`
[INFO] [stdout]    --> src/output/vapoursynth.rs:241:20
[INFO] [stdout]     |
[INFO] [stdout] 241 |         let opts = AvsOptions {
[INFO] [stdout]     |                    ^^^^^^^^^^ missing `fast_fp`
[INFO] [stdout] 
[INFO] [stdout] 
[INFO] [stdout] error[E0061]: this function takes 3 arguments but 2 arguments were supplied
[INFO] [stdout]    --> src/output/vapoursynth.rs:250:26
[INFO] [stdout]     |
[INFO] [stdout] 250 |         let mut writer = VapoursynthWriter::new(opts, true);
[INFO] [stdout]     |                          ^^^^^^^^^^^^^^^^^^^^^^ ----  ---- supplied 2 arguments
[INFO] [stdout]     |                          |
[INFO] [stdout]     |                          expected 3 arguments
[INFO] [stdout]     |
[INFO] [stdout] note: associated function defined here
[INFO] [stdout]    --> src/output/vapoursynth.rs:134:12
[INFO] [stdout]     |
[INFO] [stdout] 134 |     pub fn new(
[INFO] [stdout]     |            ^^^
[INFO] [stdout] 135 |         mut opts: AvsOptions,
[INFO] [stdout]     |         --------------------
[INFO] [stdout] 136 |         apply_default_filters: bool,
[INFO] [stdout]     |         ---------------------------
[INFO] [stdout] 137 |         audio_filename: Option<PathBuf>,
[INFO] [stdout]     |         -------------------------------
[INFO] [stdout] 
[INFO] [stdout] 
[INFO] [stdout] error[E0063]: missing field `fast_fp` in initializer of `output::AvsOptions`
[INFO] [stdout]    --> src/output/vapoursynth.rs:260:20
[INFO] [stdout]     |
[INFO] [stdout] 260 |         let opts = AvsOptions {
[INFO] [stdout]     |                    ^^^^^^^^^^ missing `fast_fp`
[INFO] [stdout] 
[INFO] [stdout] 
[INFO] [stdout] error[E0061]: this function takes 3 arguments but 2 arguments were supplied
[INFO] [stdout]    --> src/output/vapoursynth.rs:269:26
[INFO] [stdout]     |
[INFO] [stdout] 269 |         let mut writer = VapoursynthWriter::new(opts, true);
[INFO] [stdout]     |                          ^^^^^^^^^^^^^^^^^^^^^^ ----  ---- supplied 2 arguments
[INFO] [stdout]     |                          |
[INFO] [stdout]     |                          expected 3 arguments
[INFO] [stdout]     |
[INFO] [stdout] note: associated function defined here
[INFO] [stdout]    --> src/output/vapoursynth.rs:134:12
[INFO] [stdout]     |
[INFO] [stdout] 134 |     pub fn new(
[INFO] [stdout]     |            ^^^
[INFO] [stdout] 135 |         mut opts: AvsOptions,
[INFO] [stdout]     |         --------------------
[INFO] [stdout] 136 |         apply_default_filters: bool,
[INFO] [stdout]     |         ---------------------------
[INFO] [stdout] 137 |         audio_filename: Option<PathBuf>,
[INFO] [stdout]     |         -------------------------------
[INFO] [stdout] 
[INFO] [stdout] 
[INFO] [stdout] error[E0063]: missing field `fast_fp` in initializer of `output::AvsOptions`
[INFO] [stdout]    --> src/output/vapoursynth.rs:279:20
[INFO] [stdout]     |
[INFO] [stdout] 279 |         let opts = AvsOptions {
[INFO] [stdout]     |                    ^^^^^^^^^^ missing `fast_fp`
[INFO] [stdout] 
[INFO] [stdout] 
[INFO] [stdout] error[E0061]: this function takes 3 arguments but 2 arguments were supplied
[INFO] [stdout]    --> src/output/vapoursynth.rs:288:26
[INFO] [stdout]     |
[INFO] [stdout] 288 |         let mut writer = VapoursynthWriter::new(opts, true);
[INFO] [stdout]     |                          ^^^^^^^^^^^^^^^^^^^^^^ ----  ---- supplied 2 arguments
[INFO] [stdout]     |                          |
[INFO] [stdout]     |                          expected 3 arguments
[INFO] [stdout]     |
[INFO] [stdout] note: associated function defined here
[INFO] [stdout]    --> src/output/vapoursynth.rs:134:12
[INFO] [stdout]     |
[INFO] [stdout] 134 |     pub fn new(
[INFO] [stdout]     |            ^^^
[INFO] [stdout] 135 |         mut opts: AvsOptions,
[INFO] [stdout]     |         --------------------
[INFO] [stdout] 136 |         apply_default_filters: bool,
[INFO] [stdout]     |         ---------------------------
[INFO] [stdout] 137 |         audio_filename: Option<PathBuf>,
[INFO] [stdout]     |         -------------------------------
[INFO] [stdout] 
[INFO] [stdout] 
[INFO] [stdout] warning: use of deprecated associated function `std::error::Error::description`: use the Display impl or to_string()
[INFO] [stdout]   --> src/parsers/mkvinfo.rs:59:32
[INFO] [stdout]    |
[INFO] [stdout] 59 |         Err(x) => return Err(x.description().to_owned()),
[INFO] [stdout]    |                                ^^^^^^^^^^^
[INFO] [stdout]    |
[INFO] [stdout]    = note: `#[warn(deprecated)]` on by default
[INFO] [stdout] 
[INFO] [stdout] 
[INFO] [stdout] warning: use of deprecated associated function `std::error::Error::description`: use the Display impl or to_string()
[INFO] [stdout]    --> src/parsers/mkvinfo.rs:106:32
[INFO] [stdout]     |
[INFO] [stdout] 106 |         Err(x) => return Err(x.description().to_owned()),
[INFO] [stdout]     |                                ^^^^^^^^^^^
[INFO] [stdout] 
[INFO] [stdout] 
[INFO] [stdout] error: aborting due to 18 previous errors; 2 warnings emitted
[INFO] [stdout] 
[INFO] [stdout] 
[INFO] [stdout] Some errors have detailed explanations: E0061, E0063.
[INFO] [stdout] 
[INFO] [stdout] For more information about an error, try `rustc --explain E0061`.
[INFO] [stdout] 
[INFO] [stderr] error: could not compile `avsser`
[INFO] [stderr] 
[INFO] [stderr] To learn more, run the command again with --verbose.
[INFO] [stderr] warning: build failed, waiting for other jobs to finish...
[INFO] [stderr] error: build failed
[INFO] running `Command { std: "docker" "inspect" "ef7d6ad3c5f7fe5f69059caa4454036370eb52330288e0369e36d4f229d3fccb", kill_on_drop: false }`
[INFO] running `Command { std: "docker" "rm" "-f" "ef7d6ad3c5f7fe5f69059caa4454036370eb52330288e0369e36d4f229d3fccb", kill_on_drop: false }`
[INFO] [stdout] ef7d6ad3c5f7fe5f69059caa4454036370eb52330288e0369e36d4f229d3fccb
