[INFO] cloning repository https://github.com/shepmaster/diesel-join-to-subquery
[INFO] running `Command { std: "git" "-c" "credential.helper=" "-c" "credential.helper=/workspace/cargo-home/bin/git-credential-null" "clone" "--bare" "https://github.com/shepmaster/diesel-join-to-subquery" "/workspace/cache/git-repos/https%3A%2F%2Fgithub.com%2Fshepmaster%2Fdiesel-join-to-subquery", kill_on_drop: false }`
[INFO] [stderr] Cloning into bare repository '/workspace/cache/git-repos/https%3A%2F%2Fgithub.com%2Fshepmaster%2Fdiesel-join-to-subquery'...
[INFO] running `Command { std: "git" "rev-parse" "HEAD", kill_on_drop: false }`
[INFO] [stdout] dce05790d152afd5a8d01528524ccaa74006f915
[INFO] testing shepmaster/diesel-join-to-subquery against beta-2021-08-01 for beta-1.55-1
[INFO] running `Command { std: "git" "clone" "/workspace/cache/git-repos/https%3A%2F%2Fgithub.com%2Fshepmaster%2Fdiesel-join-to-subquery" "/workspace/builds/worker-12/source", kill_on_drop: false }`
[INFO] [stderr] Cloning into '/workspace/builds/worker-12/source'...
[INFO] [stderr] done.
[INFO] validating manifest of git repo https://github.com/shepmaster/diesel-join-to-subquery on toolchain beta-2021-08-01
[INFO] running `Command { std: "/workspace/cargo-home/bin/cargo" "+beta-2021-08-01" "metadata" "--manifest-path" "Cargo.toml" "--no-deps", kill_on_drop: false }`
[INFO] started tweaking git repo https://github.com/shepmaster/diesel-join-to-subquery
[INFO] finished tweaking git repo https://github.com/shepmaster/diesel-join-to-subquery
[INFO] tweaked toml for git repo https://github.com/shepmaster/diesel-join-to-subquery written to /workspace/builds/worker-12/source/Cargo.toml
[INFO] crate git repo https://github.com/shepmaster/diesel-join-to-subquery already has a lockfile, it will not be regenerated
[INFO] running `Command { std: "/workspace/cargo-home/bin/cargo" "+beta-2021-08-01" "fetch" "--manifest-path" "Cargo.toml", kill_on_drop: false }`
[INFO] [stderr]     Blocking waiting for file lock on package cache
[INFO] [stderr]     Blocking waiting for file lock on package cache
[INFO] [stderr]  Downloading crates ...
[INFO] [stderr]   Downloaded diesel v0.14.0
[INFO] running `Command { std: "docker" "create" "-v" "/var/lib/crater-agent-workspace/builds/worker-12/target:/opt/rustwide/target:rw,Z" "-v" "/var/lib/crater-agent-workspace/builds/worker-12/source:/opt/rustwide/workdir:ro,Z" "-v" "/var/lib/crater-agent-workspace/cargo-home:/opt/rustwide/cargo-home:ro,Z" "-v" "/var/lib/crater-agent-workspace/rustup-home:/opt/rustwide/rustup-home:ro,Z" "-e" "SOURCE_DIR=/opt/rustwide/workdir" "-e" "CARGO_TARGET_DIR=/opt/rustwide/target" "-e" "CARGO_HOME=/opt/rustwide/cargo-home" "-e" "RUSTUP_HOME=/opt/rustwide/rustup-home" "-w" "/opt/rustwide/workdir" "-m" "1610612736" "--user" "0:0" "--network" "none" "ghcr.io/rust-lang/crates-build-env/linux@sha256:34b6a614d2c27851fe6cbf88fbd1137609cefab8b10d0615aaeb6fd47975d74e" "/opt/rustwide/cargo-home/bin/cargo" "+beta-2021-08-01" "metadata" "--no-deps" "--format-version=1", kill_on_drop: false }`
[INFO] [stdout] 3dce36bcb1238e5b09a117e9d92027ddd1b577de63a91a75dad700f670e67d97
[INFO] running `Command { std: "docker" "start" "-a" "3dce36bcb1238e5b09a117e9d92027ddd1b577de63a91a75dad700f670e67d97", kill_on_drop: false }`
[INFO] running `Command { std: "docker" "inspect" "3dce36bcb1238e5b09a117e9d92027ddd1b577de63a91a75dad700f670e67d97", kill_on_drop: false }`
[INFO] running `Command { std: "docker" "rm" "-f" "3dce36bcb1238e5b09a117e9d92027ddd1b577de63a91a75dad700f670e67d97", kill_on_drop: false }`
[INFO] [stdout] 3dce36bcb1238e5b09a117e9d92027ddd1b577de63a91a75dad700f670e67d97
[INFO] running `Command { std: "docker" "create" "-v" "/var/lib/crater-agent-workspace/builds/worker-12/target:/opt/rustwide/target:rw,Z" "-v" "/var/lib/crater-agent-workspace/builds/worker-12/source:/opt/rustwide/workdir:ro,Z" "-v" "/var/lib/crater-agent-workspace/cargo-home:/opt/rustwide/cargo-home:ro,Z" "-v" "/var/lib/crater-agent-workspace/rustup-home:/opt/rustwide/rustup-home:ro,Z" "-e" "SOURCE_DIR=/opt/rustwide/workdir" "-e" "CARGO_TARGET_DIR=/opt/rustwide/target" "-e" "CARGO_INCREMENTAL=0" "-e" "RUST_BACKTRACE=full" "-e" "RUSTFLAGS=--cap-lints=warn" "-e" "CARGO_HOME=/opt/rustwide/cargo-home" "-e" "RUSTUP_HOME=/opt/rustwide/rustup-home" "-w" "/opt/rustwide/workdir" "-m" "1610612736" "--user" "0:0" "--network" "none" "ghcr.io/rust-lang/crates-build-env/linux@sha256:34b6a614d2c27851fe6cbf88fbd1137609cefab8b10d0615aaeb6fd47975d74e" "/opt/rustwide/cargo-home/bin/cargo" "+beta-2021-08-01" "build" "--frozen" "--message-format=json", kill_on_drop: false }`
[INFO] [stdout] 24f8119acbd4ec72bf9d1fd3a3c65a6adbaf43556b884d001031fc63ebc09c1b
[INFO] running `Command { std: "docker" "start" "-a" "24f8119acbd4ec72bf9d1fd3a3c65a6adbaf43556b884d001031fc63ebc09c1b", kill_on_drop: false }`
[INFO] [stderr]    Compiling libc v0.2.24
[INFO] [stderr]    Compiling gcc v0.3.51
[INFO] [stderr]    Compiling void v1.0.2
[INFO] [stderr]    Compiling cfg-if v0.1.2
[INFO] [stderr]    Compiling regex-syntax v0.4.1
[INFO] [stderr]    Compiling utf8-ranges v1.0.0
[INFO] [stderr]    Compiling libsqlite3-sys v0.8.1
[INFO] [stderr]    Compiling syn v0.11.11
[INFO] [stderr]    Compiling unreachable v1.0.0
[INFO] [stderr]    Compiling thread_local v0.3.4
[INFO] [stderr]    Compiling memchr v1.0.1
[INFO] [stderr]    Compiling aho-corasick v0.6.3
[INFO] [stderr]    Compiling backtrace-sys v0.1.11
[INFO] [stderr]    Compiling regex v0.2.2
[INFO] [stderr]    Compiling diesel v0.14.0
[INFO] [stderr]    Compiling dotenv v0.9.0
[INFO] [stderr]    Compiling derive-error-chain v0.10.1
[INFO] [stderr]    Compiling diesel_infer_schema v0.14.0
[INFO] [stderr]    Compiling backtrace v0.3.2
[INFO] [stderr]    Compiling error-chain v0.10.0
[INFO] [stderr]    Compiling dotenv v0.10.1
[INFO] [stderr]    Compiling diesel_codegen v0.14.0
[INFO] [stderr]    Compiling join-to-subquery v0.1.0 (/opt/rustwide/workdir)
[INFO] [stdout] error: proc-macro derive panicked
[INFO] [stdout]   --> src/main.rs:59:5
[INFO] [stdout]    |
[INFO] [stdout] 59 |     infer_schema!("dotenv:DATABASE_URL");
[INFO] [stdout]    |     ^^^^^^^^^^^^^^^^^^^^^^^^^^^^^^^^^^^^^
[INFO] [stdout]    |
[INFO] [stdout]    = help: message: Could not load table names from database `database`: "Failed to establish a database connection at database. Error: BadConnection(\"Unable to open the database file\")"
[INFO] [stdout]    = note: this error originates in the macro `infer_schema` (in Nightly builds, run with -Z macro-backtrace for more info)
[INFO] [stdout] 
[INFO] [stdout] 
[INFO] [stdout] error[E0432]: unresolved imports `super::schema::users`, `super::schema::posts`, `super::schema::votes`
[INFO] [stdout]   --> src/main.rs:13:25
[INFO] [stdout]    |
[INFO] [stdout] 13 |     use super::schema::{users, posts, votes, total_votes};
[INFO] [stdout]    |                         ^^^^^  ^^^^^  ^^^^^ no `votes` in `schema`
[INFO] [stdout]    |                         |      |
[INFO] [stdout]    |                         |      no `posts` in `schema`
[INFO] [stdout]    |                         no `users` in `schema`
[INFO] [stdout] 
[INFO] [stdout] 
[INFO] [stdout] error[E0432]: unresolved imports `schema::users`, `schema::posts`, `schema::votes`
[INFO] [stdout]   --> src/main.rs:82:18
[INFO] [stdout]    |
[INFO] [stdout] 82 |     use schema::{users, posts, votes, total_votes};
[INFO] [stdout]    |                  ^^^^^  ^^^^^  ^^^^^ no `votes` in `schema`
[INFO] [stdout]    |                  |      |
[INFO] [stdout]    |                  |      no `posts` in `schema`
[INFO] [stdout]    |                  no `users` in `schema`
[INFO] [stdout] 
[INFO] [stdout] 
[INFO] [stdout] error[E0119]: conflicting implementations of trait `diesel::JoinTo<[type error]>` for type `schema::total_votes::table`
[INFO] [stdout]   --> src/main.rs:49:46
[INFO] [stdout]    |
[INFO] [stdout] 49 |     #[derive(Debug, Identifiable, Queryable, Associations)]
[INFO] [stdout]    |                                              ^^^^^^^^^^^^
[INFO] [stdout]    |                                              |
[INFO] [stdout]    |                                              first implementation here
[INFO] [stdout]    |                                              conflicting implementation for `schema::total_votes::table`
[INFO] [stdout]    |
[INFO] [stdout]    = note: this error originates in the macro `joinable_inner` (in Nightly builds, run with -Z macro-backtrace for more info)
[INFO] [stdout] 
[INFO] [stdout] 
[INFO] [stdout] error[E0119]: conflicting implementations of trait `diesel::JoinTo<[type error]>` for type `schema::total_votes::table`
[INFO] [stdout]   --> src/main.rs:63:5
[INFO] [stdout]    |
[INFO] [stdout] 49 |       #[derive(Debug, Identifiable, Queryable, Associations)]
[INFO] [stdout]    |                                                ------------ first implementation here
[INFO] [stdout] ...
[INFO] [stdout] 63 | /     table! {
[INFO] [stdout] 64 | |         total_votes (user_id) {
[INFO] [stdout] 65 | |             user_id -> Integer,
[INFO] [stdout] 66 | |             total -> Integer,
[INFO] [stdout] 67 | |         }
[INFO] [stdout] 68 | |     }
[INFO] [stdout]    | |_____^ conflicting implementation for `schema::total_votes::table`
[INFO] [stdout]    |
[INFO] [stdout]    = note: downstream crates may implement trait `diesel::JoinTo<schema::total_votes::table>`
[INFO] [stdout]    = note: downstream crates may implement trait `diesel::JoinTo<diesel::query_source::joins::PleaseGenerateInverseJoinImpls<schema::total_votes::table>>`
[INFO] [stdout]    = note: this error originates in the macro `table_body` (in Nightly builds, run with -Z macro-backtrace for more info)
[INFO] [stdout] 
[INFO] [stdout] 
[INFO] [stdout] error[E0119]: conflicting implementations of trait `diesel::query_source::AppearsInFromClause<schema::total_votes::table>` for type `schema::total_votes::table`
[INFO] [stdout]   --> src/main.rs:63:5
[INFO] [stdout]    |
[INFO] [stdout] 63 | /     table! {
[INFO] [stdout] 64 | |         total_votes (user_id) {
[INFO] [stdout] 65 | |             user_id -> Integer,
[INFO] [stdout] 66 | |             total -> Integer,
[INFO] [stdout] 67 | |         }
[INFO] [stdout] 68 | |     }
[INFO] [stdout]    | |     ^
[INFO] [stdout]    | |     |
[INFO] [stdout]    | |_____first implementation here
[INFO] [stdout]    |       conflicting implementation for `schema::total_votes::table`
[INFO] [stdout]    |
[INFO] [stdout]    = note: this error originates in the macro `table_body` (in Nightly builds, run with -Z macro-backtrace for more info)
[INFO] [stdout] 
[INFO] [stdout] 
[INFO] [stdout] error: aborting due to 6 previous errors
[INFO] [stdout] 
[INFO] [stdout] 
[INFO] [stdout] Some errors have detailed explanations: E0119, E0432.
[INFO] [stdout] 
[INFO] [stdout] For more information about an error, try `rustc --explain E0119`.
[INFO] [stdout] 
[INFO] [stderr] error: could not compile `join-to-subquery` due to 7 previous errors
[INFO] running `Command { std: "docker" "inspect" "24f8119acbd4ec72bf9d1fd3a3c65a6adbaf43556b884d001031fc63ebc09c1b", kill_on_drop: false }`
[INFO] running `Command { std: "docker" "rm" "-f" "24f8119acbd4ec72bf9d1fd3a3c65a6adbaf43556b884d001031fc63ebc09c1b", kill_on_drop: false }`
[INFO] [stdout] 24f8119acbd4ec72bf9d1fd3a3c65a6adbaf43556b884d001031fc63ebc09c1b
