[INFO] cloning repository https://github.com/shameless3/rust_kvserver
[INFO] running `Command { std: "git" "-c" "credential.helper=" "-c" "credential.helper=/workspace/cargo-home/bin/git-credential-null" "clone" "--bare" "https://github.com/shameless3/rust_kvserver" "/workspace/cache/git-repos/https%3A%2F%2Fgithub.com%2Fshameless3%2Frust_kvserver", kill_on_drop: false }`
[INFO] [stderr] Cloning into bare repository '/workspace/cache/git-repos/https%3A%2F%2Fgithub.com%2Fshameless3%2Frust_kvserver'...
[INFO] running `Command { std: "git" "rev-parse" "HEAD", kill_on_drop: false }`
[INFO] [stdout] f06bab2ca55876d12cbe8b86b75246f2a172509b
[INFO] testing shameless3/rust_kvserver against 1.54.0 for beta-1.55-1
[INFO] running `Command { std: "git" "clone" "/workspace/cache/git-repos/https%3A%2F%2Fgithub.com%2Fshameless3%2Frust_kvserver" "/workspace/builds/worker-60/source", kill_on_drop: false }`
[INFO] [stderr] Cloning into '/workspace/builds/worker-60/source'...
[INFO] [stderr] done.
[INFO] validating manifest of git repo https://github.com/shameless3/rust_kvserver on toolchain 1.54.0
[INFO] running `Command { std: "/workspace/cargo-home/bin/cargo" "+1.54.0" "metadata" "--manifest-path" "Cargo.toml" "--no-deps", kill_on_drop: false }`
[INFO] started tweaking git repo https://github.com/shameless3/rust_kvserver
[INFO] finished tweaking git repo https://github.com/shameless3/rust_kvserver
[INFO] tweaked toml for git repo https://github.com/shameless3/rust_kvserver written to /workspace/builds/worker-60/source/Cargo.toml
[INFO] crate git repo https://github.com/shameless3/rust_kvserver already has a lockfile, it will not be regenerated
[INFO] running `Command { std: "/workspace/cargo-home/bin/cargo" "+1.54.0" "fetch" "--manifest-path" "Cargo.toml", kill_on_drop: false }`
[INFO] [stderr]     Blocking waiting for file lock on package cache
[INFO] [stderr]     Blocking waiting for file lock on package cache
[INFO] [stderr]  Downloading crates ...
[INFO] [stderr]   Downloaded derive-new v0.5.6
[INFO] [stderr]   Downloaded prost v0.5.0
[INFO] [stderr]   Downloaded protobuf v2.7.0
[INFO] [stderr]   Downloaded multimap v0.4.0
[INFO] [stderr]   Downloaded prost-derive v0.5.0
[INFO] [stderr]   Downloaded grpcio v0.4.4
[INFO] [stderr]   Downloaded prost-types v0.5.0
[INFO] [stderr]   Downloaded redox_syscall v0.1.55
[INFO] [stderr]   Downloaded prost-build v0.5.0
[INFO] [stderr]   Downloaded grpcio-sys v0.4.4
[INFO] [stderr]   Downloaded grpcio-compiler v0.5.0-alpha
[INFO] [stderr]   Downloaded protobuf-codegen v2.7.0
[INFO] [stderr]   Downloaded protoc v2.7.0
[INFO] [stderr]   Downloaded protoc-grpcio v1.0.2
[INFO] running `Command { std: "docker" "create" "-v" "/var/lib/crater-agent-workspace/builds/worker-60/target:/opt/rustwide/target:rw,Z" "-v" "/var/lib/crater-agent-workspace/builds/worker-60/source:/opt/rustwide/workdir:ro,Z" "-v" "/var/lib/crater-agent-workspace/cargo-home:/opt/rustwide/cargo-home:ro,Z" "-v" "/var/lib/crater-agent-workspace/rustup-home:/opt/rustwide/rustup-home:ro,Z" "-e" "SOURCE_DIR=/opt/rustwide/workdir" "-e" "CARGO_TARGET_DIR=/opt/rustwide/target" "-e" "CARGO_HOME=/opt/rustwide/cargo-home" "-e" "RUSTUP_HOME=/opt/rustwide/rustup-home" "-w" "/opt/rustwide/workdir" "-m" "1610612736" "--user" "0:0" "--network" "none" "ghcr.io/rust-lang/crates-build-env/linux@sha256:34b6a614d2c27851fe6cbf88fbd1137609cefab8b10d0615aaeb6fd47975d74e" "/opt/rustwide/cargo-home/bin/cargo" "+1.54.0" "metadata" "--no-deps" "--format-version=1", kill_on_drop: false }`
[INFO] [stdout] efb4eb69bf80bd96bc7a5496b86594a4f74e3ba43c33cf48bdb801cea17bc145
[INFO] running `Command { std: "docker" "start" "-a" "efb4eb69bf80bd96bc7a5496b86594a4f74e3ba43c33cf48bdb801cea17bc145", kill_on_drop: false }`
[INFO] running `Command { std: "docker" "inspect" "efb4eb69bf80bd96bc7a5496b86594a4f74e3ba43c33cf48bdb801cea17bc145", kill_on_drop: false }`
[INFO] running `Command { std: "docker" "rm" "-f" "efb4eb69bf80bd96bc7a5496b86594a4f74e3ba43c33cf48bdb801cea17bc145", kill_on_drop: false }`
[INFO] [stdout] efb4eb69bf80bd96bc7a5496b86594a4f74e3ba43c33cf48bdb801cea17bc145
[INFO] running `Command { std: "docker" "create" "-v" "/var/lib/crater-agent-workspace/builds/worker-60/target:/opt/rustwide/target:rw,Z" "-v" "/var/lib/crater-agent-workspace/builds/worker-60/source:/opt/rustwide/workdir:ro,Z" "-v" "/var/lib/crater-agent-workspace/cargo-home:/opt/rustwide/cargo-home:ro,Z" "-v" "/var/lib/crater-agent-workspace/rustup-home:/opt/rustwide/rustup-home:ro,Z" "-e" "SOURCE_DIR=/opt/rustwide/workdir" "-e" "CARGO_TARGET_DIR=/opt/rustwide/target" "-e" "CARGO_INCREMENTAL=0" "-e" "RUST_BACKTRACE=full" "-e" "RUSTFLAGS=--cap-lints=warn" "-e" "CARGO_HOME=/opt/rustwide/cargo-home" "-e" "RUSTUP_HOME=/opt/rustwide/rustup-home" "-w" "/opt/rustwide/workdir" "-m" "1610612736" "--user" "0:0" "--network" "none" "ghcr.io/rust-lang/crates-build-env/linux@sha256:34b6a614d2c27851fe6cbf88fbd1137609cefab8b10d0615aaeb6fd47975d74e" "/opt/rustwide/cargo-home/bin/cargo" "+1.54.0" "build" "--frozen" "--message-format=json", kill_on_drop: false }`
[INFO] [stdout] 4b3e30c99b822240364762ad9590b992235a7f7ac43d4d767e520ccf0c9e7080
[INFO] running `Command { std: "docker" "start" "-a" "4b3e30c99b822240364762ad9590b992235a7f7ac43d4d767e520ccf0c9e7080", kill_on_drop: false }`
[INFO] [stderr]     Blocking waiting for file lock on package cache
[INFO] [stderr]    Compiling libc v0.2.58
[INFO] [stderr]    Compiling cc v1.0.37
[INFO] [stderr]    Compiling proc-macro2 v0.4.30
[INFO] [stderr]    Compiling cfg-if v0.1.9
[INFO] [stderr]    Compiling syn v0.15.39
[INFO] [stderr]    Compiling failure_derive v0.1.5
[INFO] [stderr]    Compiling rustc-demangle v0.1.15
[INFO] [stderr]    Compiling spin v0.5.0
[INFO] [stderr]    Compiling autocfg v0.1.4
[INFO] [stderr]    Compiling byteorder v1.3.2
[INFO] [stderr]    Compiling either v1.5.2
[INFO] [stderr]    Compiling ppv-lite86 v0.2.5
[INFO] [stderr]    Compiling protobuf v2.7.0
[INFO] [stderr]    Compiling remove_dir_all v0.5.2
[INFO] [stderr]    Compiling fixedbitset v0.1.9
[INFO] [stderr]    Compiling unicode-segmentation v1.3.0
[INFO] [stderr]    Compiling multimap v0.4.0
[INFO] [stderr]    Compiling pkg-config v0.3.14
[INFO] [stderr]    Compiling futures v0.1.28
[INFO] [stderr]    Compiling log v0.4.6
[INFO] [stderr]    Compiling petgraph v0.4.13
[INFO] [stderr]    Compiling itertools v0.8.0
[INFO] [stderr]    Compiling protoc v2.7.0
[INFO] [stderr]    Compiling cmake v0.1.40
[INFO] [stderr]    Compiling heck v0.3.1
[INFO] [stderr]    Compiling lazy_static v1.3.0
[INFO] [stderr]    Compiling rand_chacha v0.2.0
[INFO] [stderr]    Compiling c2-chacha v0.2.2
[INFO] [stderr]    Compiling backtrace-sys v0.1.30
[INFO] [stderr]    Compiling grpcio-sys v0.4.4
[INFO] [stderr]    Compiling getrandom v0.1.6
[INFO] [stderr]    Compiling iovec v0.1.2
[INFO] [stderr]    Compiling bytes v0.4.12
[INFO] [stderr]    Compiling rand_core v0.5.0
[INFO] [stderr]    Compiling quote v0.6.12
[INFO] [stderr]    Compiling rand v0.7.0
[INFO] [stderr]    Compiling backtrace v0.3.32
[INFO] [stderr]    Compiling tempfile v3.1.0
[INFO] [stderr]    Compiling protobuf-codegen v2.7.0
[INFO] [stderr]    Compiling synstructure v0.10.2
[INFO] [stderr]    Compiling derive-new v0.5.6
[INFO] [stderr]    Compiling failure v0.1.5
[INFO] [stderr]    Compiling which v2.0.1
[INFO] [stderr]    Compiling prost-derive v0.5.0
[INFO] [stderr]    Compiling prost-build v0.5.0
[INFO] [stderr]    Compiling prost v0.5.0
[INFO] [stderr]    Compiling prost-types v0.5.0
[INFO] [stderr]    Compiling grpcio-compiler v0.5.0-alpha
[INFO] [stderr]    Compiling protoc-grpcio v1.0.2
[INFO] [stderr]    Compiling week1 v0.1.0 (/opt/rustwide/workdir)
[INFO] [stderr] error: failed to run custom build command for `week1 v0.1.0 (/opt/rustwide/workdir)`
[INFO] [stderr] 
[INFO] [stderr] Caused by:
[INFO] [stderr]   process didn't exit successfully: `/opt/rustwide/target/debug/build/week1-fce8e7d95058de23/build-script-build` (exit status: 101)
[INFO] [stderr]   --- stdout
[INFO] [stderr]   cargo:return-if-changed=src/protos
[INFO] [stderr] 
[INFO] [stderr]   --- stderr
[INFO] [stderr]   thread 'main' panicked at 'Failed to compile gRPC definitions!: Os { code: 30, kind: Other, message: "Read-only file system" }
[INFO] [stderr] 
[INFO] [stderr]   stack backtrace:
[INFO] [stderr]      0: failure::backtrace::internal::InternalBacktrace::new::hf396778a14731ffb (0x55aa527f5fbb)
[INFO] [stderr]                at /opt/rustwide/cargo-home/registry/src/github.com-1ecc6299db9ec823/failure-0.1.5/src/backtrace/internal.rs:44
[INFO] [stderr]      1: failure::backtrace::Backtrace::new::h83053cb6ac20d3c0 (0x55aa527f51b8)
[INFO] [stderr]                at /opt/rustwide/cargo-home/registry/src/github.com-1ecc6299db9ec823/failure-0.1.5/src/backtrace/mod.rs:111
[INFO] [stderr]      2: <failure::error::error_impl::ErrorImpl as core::convert::From<F>>::from::h0580c96d306dbc17 (0x55aa527d69df)
[INFO] [stderr]                at /opt/rustwide/cargo-home/registry/src/github.com-1ecc6299db9ec823/failure-0.1.5/src/error/error_impl.rs:19
[INFO] [stderr]      3: <failure::error::Error as core::convert::From<F>>::from::h6723570ca303f58d (0x55aa527d5291)
[INFO] [stderr]                at /opt/rustwide/cargo-home/registry/src/github.com-1ecc6299db9ec823/failure-0.1.5/src/error/mod.rs:36
[INFO] [stderr]      4: <T as core::convert::Into<U>>::into::h0426c64b9e241903 (0x55aa527d8481)
[INFO] [stderr]                at /rustc/a178d0322ce20e33eac124758e837cbd80a6f633/library/core/src/convert/mod.rs:538
[INFO] [stderr]      5: failure::context::Context<D>::with_err::h175d0707e43f86e2 (0x55aa527d8d1c)
[INFO] [stderr]                at /opt/rustwide/cargo-home/registry/src/github.com-1ecc6299db9ec823/failure-0.1.5/src/context.rs:105
[INFO] [stderr]      6: failure::Fail::context::h11c51283ff8de3d0 (0x55aa527d8baf)
[INFO] [stderr]                at /opt/rustwide/cargo-home/registry/src/github.com-1ecc6299db9ec823/failure-0.1.5/src/lib.rs:160
[INFO] [stderr]      7: <core::result::Result<T,E> as failure::result_ext::ResultExt<T,E>>::context::{{closure}}::h6a3ea746c72752ba (0x55aa527d94ef)
[INFO] [stderr]                at /opt/rustwide/cargo-home/registry/src/github.com-1ecc6299db9ec823/failure-0.1.5/src/result_ext.rs:164
[INFO] [stderr]      8: core::result::Result<T,E>::map_err::h00269469ecd81c0b (0x55aa527d2899)
[INFO] [stderr]                at /rustc/a178d0322ce20e33eac124758e837cbd80a6f633/library/core/src/result.rs:591
[INFO] [stderr]      9: <core::result::Result<T,E> as failure::result_ext::ResultExt<T,E>>::context::hed0eac0ff2894120 (0x55aa527d3d7e)
[INFO] [stderr]                at /opt/rustwide/cargo-home/registry/src/github.com-1ecc6299db9ec823/failure-0.1.5/src/result_ext.rs:164
[INFO] [stderr]     10: protoc_grpcio::write_out_generated_files::h830a8170f38a72ae (0x55aa527dff51)
[INFO] [stderr]                at /opt/rustwide/cargo-home/registry/src/github.com-1ecc6299db9ec823/protoc-grpcio-1.0.2/src/lib.rs:91
[INFO] [stderr]     11: protoc_grpcio::compile_grpc_protos::h7f79159f73b25d76 (0x55aa527df590)
[INFO] [stderr]                at /opt/rustwide/cargo-home/registry/src/github.com-1ecc6299db9ec823/protoc-grpcio-1.0.2/src/lib.rs:260
[INFO] [stderr]     12: build_script_build::main::hb551270fda3df62d (0x55aa527e524d)
[INFO] [stderr]                at /opt/rustwide/workdir/build.rs:6
[INFO] [stderr]     13: core::ops::function::FnOnce::call_once::h93b7256ff4170ae3 (0x55aa527e3e1b)
[INFO] [stderr]                at /rustc/a178d0322ce20e33eac124758e837cbd80a6f633/library/core/src/ops/function.rs:227
[INFO] [stderr]     14: std::sys_common::backtrace::__rust_begin_short_backtrace::h22e20696b021c21b (0x55aa527d49ae)
[INFO] [stderr]                at /rustc/a178d0322ce20e33eac124758e837cbd80a6f633/library/std/src/sys_common/backtrace.rs:125
[INFO] [stderr]     15: std::rt::lang_start::{{closure}}::h781cd8c2cbe115ec (0x55aa527e3ab1)
[INFO] [stderr]                at /rustc/a178d0322ce20e33eac124758e837cbd80a6f633/library/std/src/rt.rs:49
[INFO] [stderr]     16: core::ops::function::impls::<impl core::ops::function::FnOnce<A> for &F>::call_once::h2aabc384aab89b7b (0x55aa52aac7e9)
[INFO] [stderr]                at /rustc/a178d0322ce20e33eac124758e837cbd80a6f633/library/core/src/ops/function.rs:259
[INFO] [stderr]         std::panicking::try::do_call::hc5fcacb7a85fc7b1
[INFO] [stderr]                at library/std/src/panicking.rs:401
[INFO] [stderr]         std::panicking::try::hb5d9603af3abbe3a
[INFO] [stderr]                at library/std/src/panicking.rs:365
[INFO] [stderr]         std::panic::catch_unwind::h98fe6ac3925e64b4
[INFO] [stderr]                at library/std/src/panic.rs:434
[INFO] [stderr]         std::rt::lang_start_internal::h22ac7383c516f93e
[INFO] [stderr]                at library/std/src/rt.rs:34
[INFO] [stderr]     17: std::rt::lang_start::h18a2ec8467edd643 (0x55aa527e3a90)
[INFO] [stderr]                at /rustc/a178d0322ce20e33eac124758e837cbd80a6f633/library/std/src/rt.rs:48
[INFO] [stderr]     18: main (0x55aa527e52ac)
[INFO] [stderr]     19: __libc_start_main (0x7fe37ffc70b3)
[INFO] [stderr]     20: _start (0x55aa527cef8e)
[INFO] [stderr]     21: <unknown> (0x0)
[INFO] [stderr] 
[INFO] [stderr]   failed to create "src/protos/kvserver_grpc.rs"
[INFO] [stderr] 
[INFO] [stderr]   failed to write generated grpc definitions', build.rs:11:7
[INFO] [stderr]   stack backtrace:
[INFO] [stderr]      0:     0x55aa52aa9cc0 - std::backtrace_rs::backtrace::libunwind::trace::h34055254b57d8e79
[INFO] [stderr]                                  at /rustc/a178d0322ce20e33eac124758e837cbd80a6f633/library/std/src/../../backtrace/src/backtrace/libunwind.rs:90:5
[INFO] [stderr]      1:     0x55aa52aa9cc0 - std::backtrace_rs::backtrace::trace_unsynchronized::h8f1e3fbd9afff6ec
[INFO] [stderr]                                  at /rustc/a178d0322ce20e33eac124758e837cbd80a6f633/library/std/src/../../backtrace/src/backtrace/mod.rs:66:5
[INFO] [stderr]      2:     0x55aa52aa9cc0 - std::sys_common::backtrace::_print_fmt::h3a99a796b770c360
[INFO] [stderr]                                  at /rustc/a178d0322ce20e33eac124758e837cbd80a6f633/library/std/src/sys_common/backtrace.rs:67:5
[INFO] [stderr]      3:     0x55aa52aa9cc0 - <std::sys_common::backtrace::_print::DisplayBacktrace as core::fmt::Display>::fmt::h32d1f94a80615d18
[INFO] [stderr]                                  at /rustc/a178d0322ce20e33eac124758e837cbd80a6f633/library/std/src/sys_common/backtrace.rs:46:22
[INFO] [stderr]      4:     0x55aa52ace2dc - core::fmt::write::h306731c068f7162c
[INFO] [stderr]                                  at /rustc/a178d0322ce20e33eac124758e837cbd80a6f633/library/core/src/fmt/mod.rs:1110:17
[INFO] [stderr]      5:     0x55aa52aa7905 - std::io::Write::write_fmt::hd2fa90334eee2a21
[INFO] [stderr]                                  at /rustc/a178d0322ce20e33eac124758e837cbd80a6f633/library/std/src/io/mod.rs:1588:15
[INFO] [stderr]      6:     0x55aa52aabc1b - std::sys_common::backtrace::_print::h5abaa2601a852287
[INFO] [stderr]                                  at /rustc/a178d0322ce20e33eac124758e837cbd80a6f633/library/std/src/sys_common/backtrace.rs:49:5
[INFO] [stderr]      7:     0x55aa52aabc1b - std::sys_common::backtrace::print::h8d81445442bb638f
[INFO] [stderr]                                  at /rustc/a178d0322ce20e33eac124758e837cbd80a6f633/library/std/src/sys_common/backtrace.rs:36:9
[INFO] [stderr]      8:     0x55aa52aabc1b - std::panicking::default_hook::{{closure}}::hcfe804496a9fa747
[INFO] [stderr]                                  at /rustc/a178d0322ce20e33eac124758e837cbd80a6f633/library/std/src/panicking.rs:208:50
[INFO] [stderr]      9:     0x55aa52aab6f1 - std::panicking::default_hook::hbea8e3ccf2ba8901
[INFO] [stderr]                                  at /rustc/a178d0322ce20e33eac124758e837cbd80a6f633/library/std/src/panicking.rs:225:9
[INFO] [stderr]     10:     0x55aa52aac2e4 - std::panicking::rust_panic_with_hook::h7ee9e1a2d0f8975a
[INFO] [stderr]                                  at /rustc/a178d0322ce20e33eac124758e837cbd80a6f633/library/std/src/panicking.rs:622:17
[INFO] [stderr]     11:     0x55aa52aabdc7 - std::panicking::begin_panic_handler::{{closure}}::h8ab3b4491718b2c7
[INFO] [stderr]                                  at /rustc/a178d0322ce20e33eac124758e837cbd80a6f633/library/std/src/panicking.rs:519:13
[INFO] [stderr]     12:     0x55aa52aaa1bc - std::sys_common::backtrace::__rust_end_short_backtrace::hd489062ffa586a9f
[INFO] [stderr]                                  at /rustc/a178d0322ce20e33eac124758e837cbd80a6f633/library/std/src/sys_common/backtrace.rs:141:18
[INFO] [stderr]     13:     0x55aa52aabd29 - rust_begin_unwind
[INFO] [stderr]                                  at /rustc/a178d0322ce20e33eac124758e837cbd80a6f633/library/std/src/panicking.rs:515:5
[INFO] [stderr]     14:     0x55aa527ce7d1 - core::panicking::panic_fmt::hca6330e3e14086b4
[INFO] [stderr]                                  at /rustc/a178d0322ce20e33eac124758e837cbd80a6f633/library/core/src/panicking.rs:92:14
[INFO] [stderr]     15:     0x55aa527ce8c3 - core::result::unwrap_failed::h6160d2b4bfbb0e87
[INFO] [stderr]                                  at /rustc/a178d0322ce20e33eac124758e837cbd80a6f633/library/core/src/result.rs:1355:5
[INFO] [stderr]     16:     0x55aa527d26db - core::result::Result<T,E>::expect::h675053b9cb043329
[INFO] [stderr]                                  at /rustc/a178d0322ce20e33eac124758e837cbd80a6f633/library/core/src/result.rs:997:23
[INFO] [stderr]     17:     0x55aa527e5279 - build_script_build::main::hb551270fda3df62d
[INFO] [stderr]                                  at /opt/rustwide/workdir/build.rs:6:5
[INFO] [stderr]     18:     0x55aa527e3e1b - core::ops::function::FnOnce::call_once::h93b7256ff4170ae3
[INFO] [stderr]                                  at /rustc/a178d0322ce20e33eac124758e837cbd80a6f633/library/core/src/ops/function.rs:227:5
[INFO] [stderr]     19:     0x55aa527d49ae - std::sys_common::backtrace::__rust_begin_short_backtrace::h22e20696b021c21b
[INFO] [stderr]                                  at /rustc/a178d0322ce20e33eac124758e837cbd80a6f633/library/std/src/sys_common/backtrace.rs:125:18
[INFO] [stderr]     20:     0x55aa527e3ab1 - std::rt::lang_start::{{closure}}::h781cd8c2cbe115ec
[INFO] [stderr]                                  at /rustc/a178d0322ce20e33eac124758e837cbd80a6f633/library/std/src/rt.rs:49:18
[INFO] [stderr]     21:     0x55aa52aac7e9 - core::ops::function::impls::<impl core::ops::function::FnOnce<A> for &F>::call_once::h2aabc384aab89b7b
[INFO] [stderr]                                  at /rustc/a178d0322ce20e33eac124758e837cbd80a6f633/library/core/src/ops/function.rs:259:13
[INFO] [stderr]     22:     0x55aa52aac7e9 - std::panicking::try::do_call::hc5fcacb7a85fc7b1
[INFO] [stderr]                                  at /rustc/a178d0322ce20e33eac124758e837cbd80a6f633/library/std/src/panicking.rs:401:40
[INFO] [stderr]     23:     0x55aa52aac7e9 - std::panicking::try::hb5d9603af3abbe3a
[INFO] [stderr]                                  at /rustc/a178d0322ce20e33eac124758e837cbd80a6f633/library/std/src/panicking.rs:365:19
[INFO] [stderr]     24:     0x55aa52aac7e9 - std::panic::catch_unwind::h98fe6ac3925e64b4
[INFO] [stderr]                                  at /rustc/a178d0322ce20e33eac124758e837cbd80a6f633/library/std/src/panic.rs:434:14
[INFO] [stderr]     25:     0x55aa52aac7e9 - std::rt::lang_start_internal::h22ac7383c516f93e
[INFO] [stderr]                                  at /rustc/a178d0322ce20e33eac124758e837cbd80a6f633/library/std/src/rt.rs:34:21
[INFO] [stderr]     26:     0x55aa527e3a90 - std::rt::lang_start::h18a2ec8467edd643
[INFO] [stderr]                                  at /rustc/a178d0322ce20e33eac124758e837cbd80a6f633/library/std/src/rt.rs:48:5
[INFO] [stderr]     27:     0x55aa527e52ac - main
[INFO] [stderr]     28:     0x7fe37ffc70b3 - __libc_start_main
[INFO] [stderr]     29:     0x55aa527cef8e - _start
[INFO] [stderr]     30:                0x0 - <unknown>
[INFO] [stderr] warning: build failed, waiting for other jobs to finish...
[INFO] [stderr] error: build failed
[INFO] running `Command { std: "docker" "inspect" "4b3e30c99b822240364762ad9590b992235a7f7ac43d4d767e520ccf0c9e7080", kill_on_drop: false }`
[INFO] running `Command { std: "docker" "rm" "-f" "4b3e30c99b822240364762ad9590b992235a7f7ac43d4d767e520ccf0c9e7080", kill_on_drop: false }`
[INFO] [stdout] 4b3e30c99b822240364762ad9590b992235a7f7ac43d4d767e520ccf0c9e7080
