[INFO] cloning repository https://github.com/senseiod/AiliceOS
[INFO] running `Command { std: "git" "-c" "credential.helper=" "-c" "credential.helper=/workspace/cargo-home/bin/git-credential-null" "clone" "--bare" "https://github.com/senseiod/AiliceOS" "/workspace/cache/git-repos/https%3A%2F%2Fgithub.com%2Fsenseiod%2FAiliceOS", kill_on_drop: false }`
[INFO] [stderr] Cloning into bare repository '/workspace/cache/git-repos/https%3A%2F%2Fgithub.com%2Fsenseiod%2FAiliceOS'...
[INFO] running `Command { std: "git" "rev-parse" "HEAD", kill_on_drop: false }`
[INFO] [stdout] ffa37d45c6ed9df7367bf32ce6bf89ed13f67419
[INFO] testing senseiod/AiliceOS against beta-2021-08-01 for beta-1.55-1
[INFO] running `Command { std: "git" "clone" "/workspace/cache/git-repos/https%3A%2F%2Fgithub.com%2Fsenseiod%2FAiliceOS" "/workspace/builds/worker-0/source", kill_on_drop: false }`
[INFO] [stderr] Cloning into '/workspace/builds/worker-0/source'...
[INFO] [stderr] done.
[INFO] validating manifest of git repo https://github.com/senseiod/AiliceOS on toolchain beta-2021-08-01
[INFO] running `Command { std: "/workspace/cargo-home/bin/cargo" "+beta-2021-08-01" "metadata" "--manifest-path" "Cargo.toml" "--no-deps", kill_on_drop: false }`
[INFO] started tweaking git repo https://github.com/senseiod/AiliceOS
[INFO] finished tweaking git repo https://github.com/senseiod/AiliceOS
[INFO] tweaked toml for git repo https://github.com/senseiod/AiliceOS written to /workspace/builds/worker-0/source/Cargo.toml
[INFO] crate git repo https://github.com/senseiod/AiliceOS already has a lockfile, it will not be regenerated
[INFO] running `Command { std: "/workspace/cargo-home/bin/cargo" "+beta-2021-08-01" "fetch" "--manifest-path" "Cargo.toml", kill_on_drop: false }`
[INFO] [stderr]     Blocking waiting for file lock on package cache
[INFO] [stderr]     Updating git repository `https://github.com/rcore-os/apic-rs.git`
[INFO] [stderr]     Updating git repository `https://github.com/rcore-os/bitmap-allocator.git`
[INFO] [stderr]     Updating git repository `https://github.com/rcore-os/executor.git`
[INFO] [stderr]     Updating git repository `https://github.com/rcore-os/isomorphic_drivers.git`
[INFO] [stderr]     Updating git repository `https://github.com/rcore-os/pci-rs.git`
[INFO] [stderr]     Updating git repository `https://github.com/rcore-os/rcore-console.git`
[INFO] [stderr]     Updating git repository `https://github.com/rcore-os/rcore-fs.git`
[INFO] [stderr]     Updating git repository `https://github.com/rcore-os/trapframe-rs.git`
[INFO] [stderr]  Downloading crates ...
[INFO] [stderr]   Downloaded vte_generate_state_changes v0.1.1
[INFO] [stderr]   Downloaded volatile v0.2.7
[INFO] [stderr]   Downloaded ucs2 v0.3.2
[INFO] [stderr]   Downloaded acpi v1.1.0
[INFO] [stderr]   Downloaded uart_16550 v0.2.10
[INFO] [stderr]   Downloaded woke v0.0.2
[INFO] [stderr]   Downloaded vte v0.7.1
[INFO] [stderr]   Downloaded raw-cpuid v8.0.0
[INFO] [stderr]   Downloaded uefi-macros v0.3.3
[INFO] [stderr]   Downloaded x86_64 v0.12.2
[INFO] [stderr]   Downloaded scroll_derive v0.10.4
[INFO] [stderr]   Downloaded pc-keyboard v0.5.1
[INFO] [stderr]   Downloaded spin v0.6.0
[INFO] [stderr]   Downloaded x86 v0.33.0
[INFO] [stderr]   Downloaded uefi-services v0.3.0
[INFO] [stderr]   Downloaded xmas-elf v0.7.0
[INFO] [stderr]   Downloaded buddy_system_allocator v0.5.0
[INFO] [stderr]   Downloaded uefi v0.6.0
[INFO] running `Command { std: "docker" "create" "-v" "/var/lib/crater-agent-workspace/builds/worker-0/target:/opt/rustwide/target:rw,Z" "-v" "/var/lib/crater-agent-workspace/builds/worker-0/source:/opt/rustwide/workdir:ro,Z" "-v" "/var/lib/crater-agent-workspace/cargo-home:/opt/rustwide/cargo-home:ro,Z" "-v" "/var/lib/crater-agent-workspace/rustup-home:/opt/rustwide/rustup-home:ro,Z" "-e" "SOURCE_DIR=/opt/rustwide/workdir" "-e" "CARGO_TARGET_DIR=/opt/rustwide/target" "-e" "CARGO_HOME=/opt/rustwide/cargo-home" "-e" "RUSTUP_HOME=/opt/rustwide/rustup-home" "-w" "/opt/rustwide/workdir" "-m" "1610612736" "--user" "0:0" "--network" "none" "ghcr.io/rust-lang/crates-build-env/linux@sha256:34b6a614d2c27851fe6cbf88fbd1137609cefab8b10d0615aaeb6fd47975d74e" "/opt/rustwide/cargo-home/bin/cargo" "+beta-2021-08-01" "metadata" "--no-deps" "--format-version=1", kill_on_drop: false }`
[INFO] [stdout] 29150d7a1dc7fc08d16a4ec622f3b3c482361149a69aa6c06d2fa142d695ddd6
[INFO] [stderr] WARNING: Your kernel does not support swap limit capabilities or the cgroup is not mounted. Memory limited without swap.
[INFO] running `Command { std: "docker" "start" "-a" "29150d7a1dc7fc08d16a4ec622f3b3c482361149a69aa6c06d2fa142d695ddd6", kill_on_drop: false }`
[INFO] running `Command { std: "docker" "inspect" "29150d7a1dc7fc08d16a4ec622f3b3c482361149a69aa6c06d2fa142d695ddd6", kill_on_drop: false }`
[INFO] running `Command { std: "docker" "rm" "-f" "29150d7a1dc7fc08d16a4ec622f3b3c482361149a69aa6c06d2fa142d695ddd6", kill_on_drop: false }`
[INFO] [stdout] 29150d7a1dc7fc08d16a4ec622f3b3c482361149a69aa6c06d2fa142d695ddd6
[INFO] running `Command { std: "docker" "create" "-v" "/var/lib/crater-agent-workspace/builds/worker-0/target:/opt/rustwide/target:rw,Z" "-v" "/var/lib/crater-agent-workspace/builds/worker-0/source:/opt/rustwide/workdir:ro,Z" "-v" "/var/lib/crater-agent-workspace/cargo-home:/opt/rustwide/cargo-home:ro,Z" "-v" "/var/lib/crater-agent-workspace/rustup-home:/opt/rustwide/rustup-home:ro,Z" "-e" "SOURCE_DIR=/opt/rustwide/workdir" "-e" "CARGO_TARGET_DIR=/opt/rustwide/target" "-e" "CARGO_INCREMENTAL=0" "-e" "RUST_BACKTRACE=full" "-e" "RUSTFLAGS=--cap-lints=warn" "-e" "CARGO_HOME=/opt/rustwide/cargo-home" "-e" "RUSTUP_HOME=/opt/rustwide/rustup-home" "-w" "/opt/rustwide/workdir" "-m" "1610612736" "--user" "0:0" "--network" "none" "ghcr.io/rust-lang/crates-build-env/linux@sha256:34b6a614d2c27851fe6cbf88fbd1137609cefab8b10d0615aaeb6fd47975d74e" "/opt/rustwide/cargo-home/bin/cargo" "+beta-2021-08-01" "build" "--frozen" "--message-format=json", kill_on_drop: false }`
[INFO] [stdout] d0cc3ce9b68b6ce2a57dfacc3c0b33eb590569a160d017e3313f0cb2334cf306
[INFO] [stderr] WARNING: Your kernel does not support swap limit capabilities or the cgroup is not mounted. Memory limited without swap.
[INFO] running `Command { std: "docker" "start" "-a" "d0cc3ce9b68b6ce2a57dfacc3c0b33eb590569a160d017e3313f0cb2334cf306", kill_on_drop: false }`
[INFO] [stderr]    Compiling cfg-if v0.1.10
[INFO] [stderr]    Compiling spin v0.5.2
[INFO] [stderr]    Compiling bit_field v0.9.0
[INFO] [stderr]    Compiling x86_64 v0.12.2
[INFO] [stderr]    Compiling bit_field v0.10.1
[INFO] [stderr]    Compiling byteorder v1.3.4
[INFO] [stderr]    Compiling x86 v0.33.0
[INFO] [stderr]    Compiling zero v0.1.2
[INFO] [stderr]    Compiling arrayvec v0.5.2
[INFO] [stderr]    Compiling rcore-console v0.1.0 (https://github.com/rcore-os/rcore-console.git#a980897b)
[INFO] [stderr]    Compiling either v1.6.1
[INFO] [stderr]    Compiling radium v0.3.0
[INFO] [stderr]    Compiling trapframe v0.6.0 (https://github.com/rcore-os/trapframe-rs.git#edd39f04)
[INFO] [stderr]    Compiling utf8parse v0.2.0
[INFO] [stderr]    Compiling static_assertions v0.3.4
[INFO] [stderr]    Compiling volatile v0.2.7
[INFO] [stderr]    Compiling plain v0.2.3
[INFO] [stderr]    Compiling woke v0.0.2
[INFO] [stderr]    Compiling spin v0.6.0
[INFO] [stderr]    Compiling pc-keyboard v0.5.1
[INFO] [stderr]    Compiling zeroize v1.1.1
[INFO] [stderr]    Compiling bitmap-allocator v0.1.0 (https://github.com/rcore-os/bitmap-allocator.git#03bd9909)
[INFO] [stderr]    Compiling bitvec v0.17.4
[INFO] [stderr]    Compiling xmas-elf v0.7.0
[INFO] [stderr]    Compiling bitflags v1.2.1
[INFO] [stderr]    Compiling log v0.4.11
[INFO] [stderr]    Compiling rcore-fs v0.1.0 (https://github.com/rcore-os/rcore-fs.git#6df6cd24)
[INFO] [stderr]    Compiling lazy_static v1.4.0
[INFO] [stderr]    Compiling buddy_system_allocator v0.5.0
[INFO] [stderr]    Compiling ucs2 v0.3.2
[INFO] [stderr]    Compiling raw-cpuid v8.0.0
[INFO] [stderr]    Compiling pci v0.0.1 (https://github.com/rcore-os/pci-rs.git#a4e7cea6)
[INFO] [stderr]    Compiling vte_generate_state_changes v0.1.1
[INFO] [stderr]    Compiling uefi-macros v0.3.3
[INFO] [stderr]    Compiling scroll_derive v0.10.4
[INFO] [stdout] error[E0554]: `#![feature]` may not be used on the beta release channel
[INFO] [stdout]  --> /opt/rustwide/cargo-home/git/checkouts/rcore-fs-7fdf258332f6146d/6df6cd2/rcore-fs/src/lib.rs:2:1
[INFO] [stdout]   |
[INFO] [stdout] 2 | #![feature(async_closure)]
[INFO] [stdout]   | ^^^^^^^^^^^^^^^^^^^^^^^^^^
[INFO] [stdout] 
[INFO] [stdout] 
[INFO] [stderr]    Compiling executor-macros v0.0.1 (https://github.com/rcore-os/executor.git#a2d02ee9)
[INFO] [stdout] error: aborting due to previous error
[INFO] [stdout] 
[INFO] [stdout] 
[INFO] [stdout] For more information about this error, try `rustc --explain E0554`.
[INFO] [stdout] 
[INFO] [stderr] error: could not compile `rcore-fs` due to 2 previous errors
[INFO] [stderr] warning: build failed, waiting for other jobs to finish...
[INFO] [stdout] error[E0554]: `#![feature]` may not be used on the beta release channel
[INFO] [stdout]   --> /opt/rustwide/cargo-home/git/checkouts/pci-rs-d01252b9013d3d37/a4e7cea/src/lib.rs:10:1
[INFO] [stdout]    |
[INFO] [stdout] 10 | #![feature(alloc)]
[INFO] [stdout]    | ^^^^^^^^^^^^^^^^^^
[INFO] [stdout] 
[INFO] [stdout] 
[INFO] [stdout] error[E0557]: feature has been removed
[INFO] [stdout]  --> /opt/rustwide/cargo-home/registry/src/github.com-1ecc6299db9ec823/x86_64-0.12.2/src/lib.rs:5:43
[INFO] [stdout]   |
[INFO] [stdout] 5 | #![cfg_attr(feature = "const_fn", feature(const_fn))]
[INFO] [stdout]   |                                           ^^^^^^^^ feature has been removed
[INFO] [stdout]   |
[INFO] [stdout]   = note: split into finer-grained feature gates
[INFO] [stdout] 
[INFO] [stdout] 
[INFO] [stdout] error[E0557]: feature has been removed
[INFO] [stdout]  --> /opt/rustwide/cargo-home/registry/src/github.com-1ecc6299db9ec823/x86_64-0.12.2/src/lib.rs:8:43
[INFO] [stdout]   |
[INFO] [stdout] 8 | #![cfg_attr(feature = "const_fn", feature(const_in_array_repeat_expressions))]
[INFO] [stdout]   |                                           ^^^^^^^^^^^^^^^^^^^^^^^^^^^^^^^^^ feature has been removed
[INFO] [stdout]   |
[INFO] [stdout]   = note: removed due to causing promotable bugs
[INFO] [stdout] 
[INFO] [stdout] 
[INFO] [stdout] error: aborting due to previous error
[INFO] [stdout] 
[INFO] [stdout] 
[INFO] [stdout] For more information about this error, try `rustc --explain E0554`.
[INFO] [stdout] 
[INFO] [stdout] error[E0554]: `#![feature]` may not be used on the beta release channel
[INFO] [stdout]  --> /opt/rustwide/cargo-home/registry/src/github.com-1ecc6299db9ec823/x86_64-0.12.2/src/lib.rs:5:35
[INFO] [stdout]   |
[INFO] [stdout] 5 | #![cfg_attr(feature = "const_fn", feature(const_fn))]
[INFO] [stdout]   |                                   ^^^^^^^^^^^^^^^^^
[INFO] [stdout] 
[INFO] [stdout] 
[INFO] [stdout] error[E0554]: `#![feature]` may not be used on the beta release channel
[INFO] [stdout]  --> /opt/rustwide/cargo-home/registry/src/github.com-1ecc6299db9ec823/x86_64-0.12.2/src/lib.rs:6:35
[INFO] [stdout]   |
[INFO] [stdout] 6 | #![cfg_attr(feature = "const_fn", feature(const_mut_refs))]
[INFO] [stdout]   |                                   ^^^^^^^^^^^^^^^^^^^^^^^
[INFO] [stdout] 
[INFO] [stdout] 
[INFO] [stdout] error[E0554]: `#![feature]` may not be used on the beta release channel
[INFO] [stdout]  --> /opt/rustwide/cargo-home/registry/src/github.com-1ecc6299db9ec823/x86_64-0.12.2/src/lib.rs:7:35
[INFO] [stdout]   |
[INFO] [stdout] 7 | #![cfg_attr(feature = "const_fn", feature(const_fn_fn_ptr_basics))]
[INFO] [stdout]   |                                   ^^^^^^^^^^^^^^^^^^^^^^^^^^^^^^^
[INFO] [stdout] 
[INFO] [stdout] 
[INFO] [stdout] error[E0554]: `#![feature]` may not be used on the beta release channel
[INFO] [stdout]  --> /opt/rustwide/cargo-home/registry/src/github.com-1ecc6299db9ec823/x86_64-0.12.2/src/lib.rs:8:35
[INFO] [stdout]   |
[INFO] [stdout] 8 | #![cfg_attr(feature = "const_fn", feature(const_in_array_repeat_expressions))]
[INFO] [stdout]   |                                   ^^^^^^^^^^^^^^^^^^^^^^^^^^^^^^^^^^^^^^^^^^
[INFO] [stdout] 
[INFO] [stdout] 
[INFO] [stdout] error[E0554]: `#![feature]` may not be used on the beta release channel
[INFO] [stdout]  --> /opt/rustwide/cargo-home/registry/src/github.com-1ecc6299db9ec823/x86_64-0.12.2/src/lib.rs:9:37
[INFO] [stdout]   |
[INFO] [stdout] 9 | #![cfg_attr(feature = "inline_asm", feature(llvm_asm))]
[INFO] [stdout]   |                                     ^^^^^^^^^^^^^^^^^
[INFO] [stdout] 
[INFO] [stdout] 
[INFO] [stdout] error[E0554]: `#![feature]` may not be used on the beta release channel
[INFO] [stdout]   --> /opt/rustwide/cargo-home/registry/src/github.com-1ecc6299db9ec823/x86_64-0.12.2/src/lib.rs:10:44
[INFO] [stdout]    |
[INFO] [stdout] 10 | #![cfg_attr(feature = "abi_x86_interrupt", feature(abi_x86_interrupt))]
[INFO] [stdout]    |                                            ^^^^^^^^^^^^^^^^^^^^^^^^^^
[INFO] [stdout] 
[INFO] [stdout] 
[INFO] [stdout] error: aborting due to 8 previous errors
[INFO] [stdout] 
[INFO] [stdout] 
[INFO] [stdout] Some errors have detailed explanations: E0554, E0557.
[INFO] [stdout] 
[INFO] [stdout] For more information about an error, try `rustc --explain E0554`.
[INFO] [stdout] 
[INFO] [stderr] error: build failed
[INFO] running `Command { std: "docker" "inspect" "d0cc3ce9b68b6ce2a57dfacc3c0b33eb590569a160d017e3313f0cb2334cf306", kill_on_drop: false }`
[INFO] running `Command { std: "docker" "rm" "-f" "d0cc3ce9b68b6ce2a57dfacc3c0b33eb590569a160d017e3313f0cb2334cf306", kill_on_drop: false }`
[INFO] [stdout] d0cc3ce9b68b6ce2a57dfacc3c0b33eb590569a160d017e3313f0cb2334cf306
