[INFO] cloning repository https://github.com/second-state/WasmEdge-paratime
[INFO] running `Command { std: "git" "-c" "credential.helper=" "-c" "credential.helper=/workspace/cargo-home/bin/git-credential-null" "clone" "--bare" "https://github.com/second-state/WasmEdge-paratime" "/workspace/cache/git-repos/https%3A%2F%2Fgithub.com%2Fsecond-state%2FWasmEdge-paratime", kill_on_drop: false }`
[INFO] [stderr] Cloning into bare repository '/workspace/cache/git-repos/https%3A%2F%2Fgithub.com%2Fsecond-state%2FWasmEdge-paratime'...
[INFO] running `Command { std: "git" "rev-parse" "HEAD", kill_on_drop: false }`
[INFO] [stdout] 0d556f6a41ddaa71c2b6d23ca2aba19344906ba9
[INFO] testing second-state/WasmEdge-paratime against 1.54.0 for beta-1.55-1
[INFO] running `Command { std: "git" "clone" "/workspace/cache/git-repos/https%3A%2F%2Fgithub.com%2Fsecond-state%2FWasmEdge-paratime" "/workspace/builds/worker-1/source", kill_on_drop: false }`
[INFO] [stderr] Cloning into '/workspace/builds/worker-1/source'...
[INFO] [stderr] done.
[INFO] validating manifest of git repo https://github.com/second-state/WasmEdge-paratime on toolchain 1.54.0
[INFO] running `Command { std: "/workspace/cargo-home/bin/cargo" "+1.54.0" "metadata" "--manifest-path" "Cargo.toml" "--no-deps", kill_on_drop: false }`
[INFO] removed /workspace/builds/worker-1/source/.cargo/config
[INFO] started tweaking git repo https://github.com/second-state/WasmEdge-paratime
[INFO] finished tweaking git repo https://github.com/second-state/WasmEdge-paratime
[INFO] tweaked toml for git repo https://github.com/second-state/WasmEdge-paratime written to /workspace/builds/worker-1/source/Cargo.toml
[INFO] crate git repo https://github.com/second-state/WasmEdge-paratime already has a lockfile, it will not be regenerated
[INFO] running `Command { std: "/workspace/cargo-home/bin/cargo" "+1.54.0" "fetch" "--manifest-path" "Cargo.toml", kill_on_drop: false }`
[INFO] [stderr]     Blocking waiting for file lock on package cache
[INFO] [stderr]     Blocking waiting for file lock on package cache
[INFO] running `Command { std: "docker" "create" "-v" "/var/lib/crater-agent-workspace/builds/worker-1/target:/opt/rustwide/target:rw,Z" "-v" "/var/lib/crater-agent-workspace/builds/worker-1/source:/opt/rustwide/workdir:ro,Z" "-v" "/var/lib/crater-agent-workspace/cargo-home:/opt/rustwide/cargo-home:ro,Z" "-v" "/var/lib/crater-agent-workspace/rustup-home:/opt/rustwide/rustup-home:ro,Z" "-e" "SOURCE_DIR=/opt/rustwide/workdir" "-e" "CARGO_TARGET_DIR=/opt/rustwide/target" "-e" "CARGO_HOME=/opt/rustwide/cargo-home" "-e" "RUSTUP_HOME=/opt/rustwide/rustup-home" "-w" "/opt/rustwide/workdir" "-m" "1610612736" "--user" "0:0" "--network" "none" "ghcr.io/rust-lang/crates-build-env/linux@sha256:34b6a614d2c27851fe6cbf88fbd1137609cefab8b10d0615aaeb6fd47975d74e" "/opt/rustwide/cargo-home/bin/cargo" "+1.54.0" "metadata" "--no-deps" "--format-version=1", kill_on_drop: false }`
[INFO] [stdout] d7be4b07c989aadcac24bbc1388f2a7f323b2674cd5a1bc32de157a1b8f56b73
[INFO] [stderr] WARNING: Your kernel does not support swap limit capabilities or the cgroup is not mounted. Memory limited without swap.
[INFO] running `Command { std: "docker" "start" "-a" "d7be4b07c989aadcac24bbc1388f2a7f323b2674cd5a1bc32de157a1b8f56b73", kill_on_drop: false }`
[INFO] running `Command { std: "docker" "inspect" "d7be4b07c989aadcac24bbc1388f2a7f323b2674cd5a1bc32de157a1b8f56b73", kill_on_drop: false }`
[INFO] running `Command { std: "docker" "rm" "-f" "d7be4b07c989aadcac24bbc1388f2a7f323b2674cd5a1bc32de157a1b8f56b73", kill_on_drop: false }`
[INFO] [stdout] d7be4b07c989aadcac24bbc1388f2a7f323b2674cd5a1bc32de157a1b8f56b73
[INFO] running `Command { std: "docker" "create" "-v" "/var/lib/crater-agent-workspace/builds/worker-1/target:/opt/rustwide/target:rw,Z" "-v" "/var/lib/crater-agent-workspace/builds/worker-1/source:/opt/rustwide/workdir:ro,Z" "-v" "/var/lib/crater-agent-workspace/cargo-home:/opt/rustwide/cargo-home:ro,Z" "-v" "/var/lib/crater-agent-workspace/rustup-home:/opt/rustwide/rustup-home:ro,Z" "-e" "SOURCE_DIR=/opt/rustwide/workdir" "-e" "CARGO_TARGET_DIR=/opt/rustwide/target" "-e" "CARGO_INCREMENTAL=0" "-e" "RUST_BACKTRACE=full" "-e" "RUSTFLAGS=--cap-lints=warn" "-e" "CARGO_HOME=/opt/rustwide/cargo-home" "-e" "RUSTUP_HOME=/opt/rustwide/rustup-home" "-w" "/opt/rustwide/workdir" "-m" "1610612736" "--user" "0:0" "--network" "none" "ghcr.io/rust-lang/crates-build-env/linux@sha256:34b6a614d2c27851fe6cbf88fbd1137609cefab8b10d0615aaeb6fd47975d74e" "/opt/rustwide/cargo-home/bin/cargo" "+1.54.0" "build" "--frozen" "--message-format=json", kill_on_drop: false }`
[INFO] [stdout] 0bf1dbc1d7cb95ed87d7db5852151197f5e7d4425589c910fbdded37b12e36c9
[INFO] [stderr] WARNING: Your kernel does not support swap limit capabilities or the cgroup is not mounted. Memory limited without swap.
[INFO] running `Command { std: "docker" "start" "-a" "0bf1dbc1d7cb95ed87d7db5852151197f5e7d4425589c910fbdded37b12e36c9", kill_on_drop: false }`
[INFO] [stderr]    Compiling syn v1.0.73
[INFO] [stderr]    Compiling libc v0.2.97
[INFO] [stderr]    Compiling serde v1.0.126
[INFO] [stderr]    Compiling byteorder v1.4.3
[INFO] [stderr]    Compiling funty v1.1.0
[INFO] [stderr]    Compiling anyhow v1.0.41
[INFO] [stderr]    Compiling futures-core v0.3.15
[INFO] [stderr]    Compiling crossbeam-utils v0.8.5
[INFO] [stderr]    Compiling futures-task v0.3.15
[INFO] [stderr]    Compiling rustc-hex v2.1.0
[INFO] [stderr]    Compiling futures-channel v0.3.15
[INFO] [stderr]    Compiling futures-sink v0.3.15
[INFO] [stderr]    Compiling slog v2.7.0
[INFO] [stderr]    Compiling rustc-demangle v0.1.20
[INFO] [stderr]    Compiling futures-io v0.3.15
[INFO] [stderr]    Compiling ident_case v1.0.1
[INFO] [stderr]    Compiling crossbeam-queue v0.3.2
[INFO] [stderr]    Compiling const-oid v0.3.5
[INFO] [stderr]    Compiling tap v1.0.1
[INFO] [stderr]    Compiling arrayvec v0.7.1
[INFO] [stderr]    Compiling futures v0.1.31
[INFO] [stderr]    Compiling arc-swap v1.3.0
[INFO] [stderr]    Compiling honggfuzz v0.5.54
[INFO] [stderr]    Compiling half v1.7.1
[INFO] [stderr]    Compiling io-context v0.2.0
[INFO] [stderr]    Compiling bech32 v0.8.1
[INFO] [stderr]    Compiling bech32 v0.7.3
[INFO] [stderr]    Compiling futures-macro v0.3.15
[INFO] [stderr]    Compiling futures-util v0.3.15
[INFO] [stderr]    Compiling ring v0.16.20
[INFO] [stderr]    Compiling backtrace v0.3.60
[INFO] [stderr]    Compiling num-bigint v0.4.0
[INFO] [stderr]    Compiling thread_local v1.1.3
[INFO] [stderr]    Compiling pkcs8 v0.1.1
[INFO] [stderr]    Compiling pem v0.8.3
[INFO] [stderr]    Compiling bitvec v0.18.5
[INFO] [stderr]    Compiling object v0.25.3
[INFO] [stderr]    Compiling tiny-keccak v2.0.2
[INFO] [stderr]    Compiling tiny-keccak v1.5.0
[INFO] [stderr]    Compiling uint v0.9.0
[INFO] [stderr]    Compiling bitvec v0.20.4
[INFO] [stderr]    Compiling snow v0.7.2
[INFO] [stderr]    Compiling sgx-isa v0.3.3
[INFO] [stderr]    Compiling block-cipher v0.8.0
[INFO] [stderr]    Compiling universal-hash v0.4.0
[INFO] [stderr]    Compiling crypto-mac v0.8.0
[INFO] [stderr]    Compiling crypto-mac v0.10.0
[INFO] [stderr]    Compiling crypto-mac v0.11.0
[INFO] [stderr]    Compiling intrusive-collections v0.8.5
[INFO] [stderr]    Compiling tokio-executor v0.1.10
[INFO] [stderr]    Compiling sp800-185 v0.2.0
[INFO] [stderr]    Compiling crossbeam-epoch v0.9.5
[INFO] [stderr]    Compiling crossbeam-channel v0.5.1
[INFO] [stderr]    Compiling stream-cipher v0.7.1
[INFO] [stderr]    Compiling aes-soft v0.5.0
[INFO] [stderr]    Compiling polyval v0.4.5
[INFO] [stderr]    Compiling poly1305 v0.6.2
[INFO] [stderr]    Compiling hmac v0.10.1
[INFO] [stderr]    Compiling getrandom v0.1.16
[INFO] [stderr]    Compiling getrandom v0.2.3
[INFO] [stderr]    Compiling time v0.1.44
[INFO] [stderr]    Compiling slog-scope v4.4.0
[INFO] [stderr]    Compiling blake2 v0.9.1
[INFO] [stderr]    Compiling hmac v0.11.0
[INFO] [stderr]    Compiling tokio-current-thread v0.1.7
[INFO] [stderr]    Compiling crossbeam-deque v0.8.0
[INFO] [stderr]    Compiling aes v0.5.0
[INFO] [stderr]    Compiling ghash v0.3.1
[INFO] [stderr]    Compiling rand_core v0.5.1
[INFO] [stderr]    Compiling rand_core v0.6.3
[INFO] [stderr]    Compiling slog-stdlog v4.1.0
[INFO] [stderr]    Compiling aes-gcm v0.7.0
[INFO] [stderr]    Compiling crossbeam v0.8.1
[INFO] [stderr]    Compiling rand_chacha v0.3.1
[INFO] [stderr]    Compiling signature v1.2.2
[INFO] [stderr]    Compiling rand_chacha v0.2.2
[INFO] [stderr]    Compiling ff v0.8.0
[INFO] [stderr]    Compiling group v0.8.0
[INFO] [stderr]    Compiling rand v0.7.3
[INFO] [stderr]    Compiling rand v0.8.4
[INFO] [stderr]    Compiling fixed-hash v0.7.0
[INFO] [stderr]    Compiling anomaly v0.2.0
[INFO] [stderr]    Compiling webpki v0.21.4
[INFO] [stderr]    Compiling synstructure v0.12.4
[INFO] [stderr]    Compiling darling_core v0.12.4
[INFO] [stderr]    Compiling serde_derive v1.0.126
[INFO] [stderr]    Compiling zeroize_derive v1.1.0
[INFO] [stderr]    Compiling prost-derive v0.7.0
[INFO] [stderr]    Compiling thiserror-impl v1.0.25
[INFO] [stderr]    Compiling num-derive v0.3.3
[INFO] [stderr]    Compiling derive_arbitrary v1.0.1
[INFO] [stderr]    Compiling async-trait v0.1.50
[INFO] [stderr]    Compiling serde_repr v0.1.7
[INFO] [stderr]    Compiling impl-trait-for-tuples v0.2.1
[INFO] [stderr]    Compiling tracing-attributes v0.1.15
[INFO] [stderr]    Compiling darling_macro v0.12.4
[INFO] [stderr]    Compiling arbitrary v1.0.1
[INFO] [stderr]    Compiling zeroize v1.3.0
[INFO] [stderr]    Compiling curve25519-dalek v3.1.0
[INFO] [stderr]    Compiling chacha20 v0.5.0
[INFO] [stderr]    Compiling subtle-encoding v0.5.1
[INFO] [stderr]    Compiling elliptic-curve v0.7.1
[INFO] [stderr]    Compiling chacha20poly1305 v0.6.0
[INFO] [stderr]    Compiling darling v0.12.4
[INFO] [stderr]    Compiling oasis-runtime-sdk-macros v0.1.0 (https://github.com/oasisprotocol/oasis-sdk?rev=5af8e65c2e1d38aa04580ea089b67094648396a7#5af8e65c)
[INFO] [stderr]    Compiling ecdsa v0.9.0
[INFO] [stderr]    Compiling thiserror v1.0.25
[INFO] [stdout] error[E0554]: `#![feature]` may not be used on the stable release channel
[INFO] [stdout]  --> /opt/rustwide/cargo-home/git/checkouts/oasis-sdk-c51e681916015383/5af8e65/runtime-sdk-macros/src/lib.rs:1:1
[INFO] [stdout]   |
[INFO] [stdout] 1 | #![feature(proc_macro_diagnostic)]
[INFO] [stdout]   | ^^^^^^^^^^^^^^^^^^^^^^^^^^^^^^^^^^
[INFO] [stdout] 
[INFO] [stdout] 
[INFO] [stdout] error[E0554]: `#![feature]` may not be used on the stable release channel
[INFO] [stdout]  --> /opt/rustwide/cargo-home/git/checkouts/oasis-sdk-c51e681916015383/5af8e65/runtime-sdk-macros/src/lib.rs:2:1
[INFO] [stdout]   |
[INFO] [stdout] 2 | #![feature(bool_to_option)]
[INFO] [stdout]   | ^^^^^^^^^^^^^^^^^^^^^^^^^^^
[INFO] [stdout] 
[INFO] [stdout] 
[INFO] [stderr]    Compiling deoxysii v0.2.2 (https://github.com/oasisprotocol/deoxysii-rust#915990a2)
[INFO] [stdout] error: aborting due to 2 previous errors
[INFO] [stdout] 
[INFO] [stdout] 
[INFO] [stdout] For more information about this error, try `rustc --explain E0554`.
[INFO] [stdout] 
[INFO] [stderr] error: could not compile `oasis-runtime-sdk-macros`
[INFO] [stderr] 
[INFO] [stderr] To learn more, run the command again with --verbose.
[INFO] [stderr] warning: build failed, waiting for other jobs to finish...
[INFO] [stdout] error: The following target_feature flags must be set: +aes,+ssse3.
[INFO] [stdout]   --> /opt/rustwide/cargo-home/git/checkouts/deoxysii-rust-f9657329c58fffdd/915990a/src/lib.rs:27:1
[INFO] [stdout]    |
[INFO] [stdout] 27 | compile_error!("The following target_feature flags must be set: +aes,+ssse3.");
[INFO] [stdout]    | ^^^^^^^^^^^^^^^^^^^^^^^^^^^^^^^^^^^^^^^^^^^^^^^^^^^^^^^^^^^^^^^^^^^^^^^^^^^^^^^
[INFO] [stdout] 
[INFO] [stdout] 
[INFO] [stdout] error[E0554]: `#![feature]` may not be used on the stable release channel
[INFO] [stdout]   --> /opt/rustwide/cargo-home/git/checkouts/deoxysii-rust-f9657329c58fffdd/915990a/src/lib.rs:24:1
[INFO] [stdout]    |
[INFO] [stdout] 24 | #![feature(llvm_asm, test)]
[INFO] [stdout]    | ^^^^^^^^^^^^^^^^^^^^^^^^^^^
[INFO] [stdout] 
[INFO] [stdout] 
[INFO] [stdout] error: aborting due to 2 previous errors
[INFO] [stdout] 
[INFO] [stdout] 
[INFO] [stdout] For more information about this error, try `rustc --explain E0554`.
[INFO] [stdout] 
[INFO] [stderr] error: build failed
[INFO] running `Command { std: "docker" "inspect" "0bf1dbc1d7cb95ed87d7db5852151197f5e7d4425589c910fbdded37b12e36c9", kill_on_drop: false }`
[INFO] running `Command { std: "docker" "rm" "-f" "0bf1dbc1d7cb95ed87d7db5852151197f5e7d4425589c910fbdded37b12e36c9", kill_on_drop: false }`
[INFO] [stdout] 0bf1dbc1d7cb95ed87d7db5852151197f5e7d4425589c910fbdded37b12e36c9
