[INFO] cloning repository https://github.com/sebglazebrook/ws_server
[INFO] running `Command { std: "git" "-c" "credential.helper=" "-c" "credential.helper=/workspace/cargo-home/bin/git-credential-null" "clone" "--bare" "https://github.com/sebglazebrook/ws_server" "/workspace/cache/git-repos/https%3A%2F%2Fgithub.com%2Fsebglazebrook%2Fws_server", kill_on_drop: false }`
[INFO] [stderr] Cloning into bare repository '/workspace/cache/git-repos/https%3A%2F%2Fgithub.com%2Fsebglazebrook%2Fws_server'...
[INFO] running `Command { std: "git" "rev-parse" "HEAD", kill_on_drop: false }`
[INFO] [stdout] 2e2f8a109b51ddd365c82b55d3a9283404eaa2a3
[INFO] testing sebglazebrook/ws_server against beta-2021-08-01 for beta-1.55-1
[INFO] running `Command { std: "git" "clone" "/workspace/cache/git-repos/https%3A%2F%2Fgithub.com%2Fsebglazebrook%2Fws_server" "/workspace/builds/worker-2/source", kill_on_drop: false }`
[INFO] [stderr] Cloning into '/workspace/builds/worker-2/source'...
[INFO] [stderr] done.
[INFO] validating manifest of git repo https://github.com/sebglazebrook/ws_server on toolchain beta-2021-08-01
[INFO] running `Command { std: "/workspace/cargo-home/bin/cargo" "+beta-2021-08-01" "metadata" "--manifest-path" "Cargo.toml" "--no-deps", kill_on_drop: false }`
[INFO] started tweaking git repo https://github.com/sebglazebrook/ws_server
[INFO] finished tweaking git repo https://github.com/sebglazebrook/ws_server
[INFO] tweaked toml for git repo https://github.com/sebglazebrook/ws_server written to /workspace/builds/worker-2/source/Cargo.toml
[INFO] crate git repo https://github.com/sebglazebrook/ws_server already has a lockfile, it will not be regenerated
[INFO] running `Command { std: "/workspace/cargo-home/bin/cargo" "+beta-2021-08-01" "fetch" "--manifest-path" "Cargo.toml", kill_on_drop: false }`
[INFO] [stderr]  Downloading crates ...
[INFO] [stderr]   Downloaded num_cpus v0.2.7
[INFO] [stderr]   Downloaded time v0.1.33
[INFO] [stderr]   Downloaded slab v0.1.2
[INFO] [stderr]   Downloaded bytes v0.2.11
[INFO] [stderr]   Downloaded httparse v1.0.0
[INFO] [stderr]   Downloaded mime v0.1.0
[INFO] [stderr]   Downloaded unicase v1.0.1
[INFO] [stderr]   Downloaded hyper v0.6.15
[INFO] [stderr]   Downloaded nix v0.3.9
[INFO] [stderr]   Downloaded ws2_32-sys v0.1.0
[INFO] [stderr]   Downloaded winapi v0.1.23
[INFO] [stderr]   Downloaded clock_ticks v0.0.5
[INFO] [stderr]   Downloaded mio v0.4.3
[INFO] [stderr]   Downloaded ws v0.3.0
[INFO] [stderr]   Downloaded websocket v0.13.1
[INFO] [stderr]   Downloaded net2 v0.2.16
[INFO] running `Command { std: "docker" "create" "-v" "/var/lib/crater-agent-workspace/builds/worker-2/target:/opt/rustwide/target:rw,Z" "-v" "/var/lib/crater-agent-workspace/builds/worker-2/source:/opt/rustwide/workdir:ro,Z" "-v" "/var/lib/crater-agent-workspace/cargo-home:/opt/rustwide/cargo-home:ro,Z" "-v" "/var/lib/crater-agent-workspace/rustup-home:/opt/rustwide/rustup-home:ro,Z" "-e" "SOURCE_DIR=/opt/rustwide/workdir" "-e" "CARGO_TARGET_DIR=/opt/rustwide/target" "-e" "CARGO_HOME=/opt/rustwide/cargo-home" "-e" "RUSTUP_HOME=/opt/rustwide/rustup-home" "-w" "/opt/rustwide/workdir" "-m" "1610612736" "--user" "0:0" "--network" "none" "ghcr.io/rust-lang/crates-build-env/linux@sha256:34b6a614d2c27851fe6cbf88fbd1137609cefab8b10d0615aaeb6fd47975d74e" "/opt/rustwide/cargo-home/bin/cargo" "+beta-2021-08-01" "metadata" "--no-deps" "--format-version=1", kill_on_drop: false }`
[INFO] [stderr] WARNING: Your kernel does not support swap limit capabilities or the cgroup is not mounted. Memory limited without swap.
[INFO] [stdout] 6169d7a5f33ae0bd7e8a0353badc9173bd05a871925fc65747f9d0dc67b89dc4
[INFO] running `Command { std: "docker" "start" "-a" "6169d7a5f33ae0bd7e8a0353badc9173bd05a871925fc65747f9d0dc67b89dc4", kill_on_drop: false }`
[INFO] running `Command { std: "docker" "inspect" "6169d7a5f33ae0bd7e8a0353badc9173bd05a871925fc65747f9d0dc67b89dc4", kill_on_drop: false }`
[INFO] running `Command { std: "docker" "rm" "-f" "6169d7a5f33ae0bd7e8a0353badc9173bd05a871925fc65747f9d0dc67b89dc4", kill_on_drop: false }`
[INFO] [stdout] 6169d7a5f33ae0bd7e8a0353badc9173bd05a871925fc65747f9d0dc67b89dc4
[INFO] running `Command { std: "docker" "create" "-v" "/var/lib/crater-agent-workspace/builds/worker-2/target:/opt/rustwide/target:rw,Z" "-v" "/var/lib/crater-agent-workspace/builds/worker-2/source:/opt/rustwide/workdir:ro,Z" "-v" "/var/lib/crater-agent-workspace/cargo-home:/opt/rustwide/cargo-home:ro,Z" "-v" "/var/lib/crater-agent-workspace/rustup-home:/opt/rustwide/rustup-home:ro,Z" "-e" "SOURCE_DIR=/opt/rustwide/workdir" "-e" "CARGO_TARGET_DIR=/opt/rustwide/target" "-e" "CARGO_INCREMENTAL=0" "-e" "RUST_BACKTRACE=full" "-e" "RUSTFLAGS=--cap-lints=warn" "-e" "CARGO_HOME=/opt/rustwide/cargo-home" "-e" "RUSTUP_HOME=/opt/rustwide/rustup-home" "-w" "/opt/rustwide/workdir" "-m" "1610612736" "--user" "0:0" "--network" "none" "ghcr.io/rust-lang/crates-build-env/linux@sha256:34b6a614d2c27851fe6cbf88fbd1137609cefab8b10d0615aaeb6fd47975d74e" "/opt/rustwide/cargo-home/bin/cargo" "+beta-2021-08-01" "build" "--frozen" "--message-format=json", kill_on_drop: false }`
[INFO] [stdout] ad006ce9e5fdb9dfa5e66020a200db8cba9c4f8032ac0091cb70b9abffb9e221
[INFO] [stderr] WARNING: Your kernel does not support swap limit capabilities or the cgroup is not mounted. Memory limited without swap.
[INFO] running `Command { std: "docker" "start" "-a" "ad006ce9e5fdb9dfa5e66020a200db8cba9c4f8032ac0091cb70b9abffb9e221", kill_on_drop: false }`
[INFO] [stderr]    Compiling winapi v0.2.4
[INFO] [stderr]    Compiling pkg-config v0.3.6
[INFO] [stderr]    Compiling gcc v0.3.19
[INFO] [stderr]    Compiling rustc-serialize v0.3.16
[INFO] [stderr]    Compiling lazy_static v0.1.15
[INFO] [stderr]    Compiling bitflags v0.3.2
[INFO] [stderr]    Compiling byteorder v0.3.13
[INFO] [stderr]    Compiling httparse v1.0.0
[INFO] [stderr]    Compiling unicase v1.0.1
[INFO] [stderr]    Compiling slab v0.1.2
[INFO] [stderr]    Compiling bytes v0.2.11
[INFO] [stderr]    Compiling crossbeam v0.1.6
[INFO] [stderr]    Compiling log v0.3.3
[INFO] [stderr]    Compiling num_cpus v0.2.7
[INFO] [stderr]    Compiling winapi v0.1.23
[INFO] [stderr]    Compiling clock_ticks v0.0.5
[INFO] [stderr]    Compiling kernel32-sys v0.1.4
[INFO] [stderr]    Compiling advapi32-sys v0.1.2
[INFO] [stderr]    Compiling ws2_32-sys v0.1.0
[INFO] [stderr]    Compiling nix v0.3.9
[INFO] [stdout] error[E0642]: patterns aren't allowed in functions without bodies
[INFO] [stdout]    --> /opt/rustwide/cargo-home/registry/src/github.com-1ecc6299db9ec823/rustc-serialize-0.3.16/src/serialize.rs:145:45
[INFO] [stdout]     |
[INFO] [stdout] 145 | ...                   &f_name: &str,
[INFO] [stdout]     |                       ^^^^^^^ pattern not allowed in function without body
[INFO] [stdout] 
[INFO] [stdout] 
[INFO] [stderr]    Compiling sha1 v0.1.1
[INFO] [stdout] error[E0512]: cannot transmute between types of different sizes, or dependently-sized types
[INFO] [stdout]   --> /opt/rustwide/cargo-home/registry/src/github.com-1ecc6299db9ec823/crossbeam-0.1.6/src/sync/seg_queue.rs:34:29
[INFO] [stdout]    |
[INFO] [stdout] 34 |             ready: unsafe { mem::transmute([0usize; SEG_SIZE]) },
[INFO] [stdout]    |                             ^^^^^^^^^^^^^^
[INFO] [stdout]    |
[INFO] [stdout]    = note: source type: `[usize; 32]` (2048 bits)
[INFO] [stdout]    = note: target type: `[AtomicBool; 32]` (256 bits)
[INFO] [stdout] 
[INFO] [stdout] 
[INFO] [stdout] error: aborting due to previous error
[INFO] [stdout] 
[INFO] [stdout] 
[INFO] [stdout] For more information about this error, try `rustc --explain E0512`.
[INFO] [stdout] 
[INFO] [stderr]    Compiling hpack v0.2.0
[INFO] [stderr] error: could not compile `crossbeam` due to 2 previous errors
[INFO] [stderr] warning: build failed, waiting for other jobs to finish...
[INFO] [stdout] error[E0591]: can't transmute zero-sized type
[INFO] [stdout]    --> /opt/rustwide/cargo-home/registry/src/github.com-1ecc6299db9ec823/nix-0.3.9/src/sched.rs:168:20
[INFO] [stdout]     |
[INFO] [stdout] 168 |         ffi::clone(mem::transmute(callback), ptr as *mut c_void, flags, &mut cb)
[INFO] [stdout]     |                    ^^^^^^^^^^^^^^
[INFO] [stdout]     |
[INFO] [stdout]     = note: source type: for<'r> extern "C" fn(*mut Box<(dyn FnMut() -> isize + 'r)>) -> i32 {callback}
[INFO] [stdout]     = note: target type: *const for<'r> extern "C" fn(*const Box<(dyn FnMut() -> isize + 'r)>) -> i32
[INFO] [stdout]     = help: cast with `as` to a pointer instead
[INFO] [stdout] 
[INFO] [stdout] 
[INFO] [stdout] error: aborting due to previous error
[INFO] [stdout] 
[INFO] [stdout] 
[INFO] [stdout] For more information about this error, try `rustc --explain E0591`.
[INFO] [stdout] 
[INFO] [stdout] error: aborting due to previous error
[INFO] [stdout] 
[INFO] [stdout] 
[INFO] [stdout] For more information about this error, try `rustc --explain E0642`.
[INFO] [stdout] 
[INFO] [stderr] error: build failed
[INFO] running `Command { std: "docker" "inspect" "ad006ce9e5fdb9dfa5e66020a200db8cba9c4f8032ac0091cb70b9abffb9e221", kill_on_drop: false }`
[INFO] running `Command { std: "docker" "rm" "-f" "ad006ce9e5fdb9dfa5e66020a200db8cba9c4f8032ac0091cb70b9abffb9e221", kill_on_drop: false }`
[INFO] [stdout] ad006ce9e5fdb9dfa5e66020a200db8cba9c4f8032ac0091cb70b9abffb9e221
