[INFO] cloning repository https://github.com/sdleffler/carthage-rs
[INFO] running `Command { std: "git" "-c" "credential.helper=" "-c" "credential.helper=/workspace/cargo-home/bin/git-credential-null" "clone" "--bare" "https://github.com/sdleffler/carthage-rs" "/workspace/cache/git-repos/https%3A%2F%2Fgithub.com%2Fsdleffler%2Fcarthage-rs", kill_on_drop: false }`
[INFO] [stderr] Cloning into bare repository '/workspace/cache/git-repos/https%3A%2F%2Fgithub.com%2Fsdleffler%2Fcarthage-rs'...
[INFO] running `Command { std: "git" "rev-parse" "HEAD", kill_on_drop: false }`
[INFO] [stdout] 707d085d291b67e38bf70a7f428196c5b75a7ef4
[INFO] testing sdleffler/carthage-rs against beta-2021-08-01 for beta-1.55-1
[INFO] running `Command { std: "git" "clone" "/workspace/cache/git-repos/https%3A%2F%2Fgithub.com%2Fsdleffler%2Fcarthage-rs" "/workspace/builds/worker-5/source", kill_on_drop: false }`
[INFO] [stderr] Cloning into '/workspace/builds/worker-5/source'...
[INFO] [stderr] done.
[INFO] validating manifest of git repo https://github.com/sdleffler/carthage-rs on toolchain beta-2021-08-01
[INFO] running `Command { std: "/workspace/cargo-home/bin/cargo" "+beta-2021-08-01" "metadata" "--manifest-path" "Cargo.toml" "--no-deps", kill_on_drop: false }`
[INFO] started tweaking git repo https://github.com/sdleffler/carthage-rs
[INFO] finished tweaking git repo https://github.com/sdleffler/carthage-rs
[INFO] tweaked toml for git repo https://github.com/sdleffler/carthage-rs written to /workspace/builds/worker-5/source/Cargo.toml
[INFO] crate git repo https://github.com/sdleffler/carthage-rs already has a lockfile, it will not be regenerated
[INFO] running `Command { std: "/workspace/cargo-home/bin/cargo" "+beta-2021-08-01" "fetch" "--manifest-path" "Cargo.toml", kill_on_drop: false }`
[INFO] [stderr]  Downloading crates ...
[INFO] [stderr]   Downloaded bitwise v0.1.1
[INFO] [stderr]   Downloaded cc v1.0.8
[INFO] [stderr]   Downloaded lalrpop-util v0.14.0
[INFO] [stderr]   Downloaded lalrpop-intern v0.14.0
[INFO] [stderr]   Downloaded bitintr v0.1.18
[INFO] [stderr]   Downloaded lalrpop v0.14.0
[INFO] [stderr]   Downloaded lalrpop-snap v0.14.0
[INFO] running `Command { std: "docker" "create" "-v" "/var/lib/crater-agent-workspace/builds/worker-5/target:/opt/rustwide/target:rw,Z" "-v" "/var/lib/crater-agent-workspace/builds/worker-5/source:/opt/rustwide/workdir:ro,Z" "-v" "/var/lib/crater-agent-workspace/cargo-home:/opt/rustwide/cargo-home:ro,Z" "-v" "/var/lib/crater-agent-workspace/rustup-home:/opt/rustwide/rustup-home:ro,Z" "-e" "SOURCE_DIR=/opt/rustwide/workdir" "-e" "CARGO_TARGET_DIR=/opt/rustwide/target" "-e" "CARGO_HOME=/opt/rustwide/cargo-home" "-e" "RUSTUP_HOME=/opt/rustwide/rustup-home" "-w" "/opt/rustwide/workdir" "-m" "1610612736" "--user" "0:0" "--network" "none" "ghcr.io/rust-lang/crates-build-env/linux@sha256:34b6a614d2c27851fe6cbf88fbd1137609cefab8b10d0615aaeb6fd47975d74e" "/opt/rustwide/cargo-home/bin/cargo" "+beta-2021-08-01" "metadata" "--no-deps" "--format-version=1", kill_on_drop: false }`
[INFO] [stdout] 76cb49a62ae1c3ee1b2f61296b735808f8b26be4b1cd6c8ac56d43db0469808e
[INFO] [stderr] WARNING: Your kernel does not support swap limit capabilities or the cgroup is not mounted. Memory limited without swap.
[INFO] running `Command { std: "docker" "start" "-a" "76cb49a62ae1c3ee1b2f61296b735808f8b26be4b1cd6c8ac56d43db0469808e", kill_on_drop: false }`
[INFO] running `Command { std: "docker" "inspect" "76cb49a62ae1c3ee1b2f61296b735808f8b26be4b1cd6c8ac56d43db0469808e", kill_on_drop: false }`
[INFO] running `Command { std: "docker" "rm" "-f" "76cb49a62ae1c3ee1b2f61296b735808f8b26be4b1cd6c8ac56d43db0469808e", kill_on_drop: false }`
[INFO] [stdout] 76cb49a62ae1c3ee1b2f61296b735808f8b26be4b1cd6c8ac56d43db0469808e
[INFO] running `Command { std: "docker" "create" "-v" "/var/lib/crater-agent-workspace/builds/worker-5/target:/opt/rustwide/target:rw,Z" "-v" "/var/lib/crater-agent-workspace/builds/worker-5/source:/opt/rustwide/workdir:ro,Z" "-v" "/var/lib/crater-agent-workspace/cargo-home:/opt/rustwide/cargo-home:ro,Z" "-v" "/var/lib/crater-agent-workspace/rustup-home:/opt/rustwide/rustup-home:ro,Z" "-e" "SOURCE_DIR=/opt/rustwide/workdir" "-e" "CARGO_TARGET_DIR=/opt/rustwide/target" "-e" "CARGO_INCREMENTAL=0" "-e" "RUST_BACKTRACE=full" "-e" "RUSTFLAGS=--cap-lints=warn" "-e" "CARGO_HOME=/opt/rustwide/cargo-home" "-e" "RUSTUP_HOME=/opt/rustwide/rustup-home" "-w" "/opt/rustwide/workdir" "-m" "1610612736" "--user" "0:0" "--network" "none" "ghcr.io/rust-lang/crates-build-env/linux@sha256:34b6a614d2c27851fe6cbf88fbd1137609cefab8b10d0615aaeb6fd47975d74e" "/opt/rustwide/cargo-home/bin/cargo" "+beta-2021-08-01" "build" "--frozen" "--message-format=json", kill_on_drop: false }`
[INFO] [stdout] 203e5ee3994162e522de85905b224f2f1f1419eb7b74cf5d0691ea9e802b7826
[INFO] [stderr] WARNING: Your kernel does not support swap limit capabilities or the cgroup is not mounted. Memory limited without swap.
[INFO] running `Command { std: "docker" "start" "-a" "203e5ee3994162e522de85905b224f2f1f1419eb7b74cf5d0691ea9e802b7826", kill_on_drop: false }`
[INFO] [stderr]    Compiling libc v0.2.39
[INFO] [stderr]    Compiling regex v0.2.9
[INFO] [stderr]    Compiling fixedbitset v0.1.8
[INFO] [stderr]    Compiling either v1.4.0
[INFO] [stderr]    Compiling lalrpop-util v0.14.0
[INFO] [stderr]    Compiling lalrpop-intern v0.14.0
[INFO] [stderr]    Compiling ena v0.5.0
[INFO] [stderr]    Compiling regex-syntax v0.4.2
[INFO] [stderr]    Compiling diff v0.1.11
[INFO] [stderr]    Compiling cc v1.0.8
[INFO] [stderr]    Compiling serde v1.0.33
[INFO] [stderr]    Compiling bitflags v1.0.1
[INFO] [stderr]    Compiling bit-set v0.4.0
[INFO] [stderr]    Compiling ascii-canvas v1.0.0
[INFO] [stderr]    Compiling thread_local v0.3.5
[INFO] [stderr]    Compiling bitintr v0.1.18
[INFO] [stderr]    Compiling bitwise v0.1.1
[INFO] [stderr]    Compiling debug_unreachable v0.1.1
[INFO] [stderr]    Compiling itertools v0.5.10
[INFO] [stderr]    Compiling synstructure v0.6.1
[INFO] [stderr]    Compiling petgraph v0.4.11
[INFO] [stderr]    Compiling url v1.7.0
[INFO] [stderr]    Compiling memchr v2.0.1
[INFO] [stderr]    Compiling rand v0.4.2
[INFO] [stderr]    Compiling atty v0.1.2
[INFO] [stderr]    Compiling aho-corasick v0.6.4
[INFO] [stdout] error[E0034]: multiple applicable items in scope
[INFO] [stdout]     --> /opt/rustwide/cargo-home/registry/src/github.com-1ecc6299db9ec823/petgraph-0.4.11/src/graph_impl/stable_graph/mod.rs:1173:19
[INFO] [stdout]      |
[INFO] [stdout] 1173 |         self.iter.find_map(|(i, node)| {
[INFO] [stdout]      |                   ^^^^^^^^ multiple `find_map` found
[INFO] [stdout]      |
[INFO] [stdout] note: candidate #1 is defined in an impl of the trait `IterUtilsExt` for the type `I`
[INFO] [stdout]     --> /opt/rustwide/cargo-home/registry/src/github.com-1ecc6299db9ec823/petgraph-0.4.11/src/iter_utils.rs:5:5
[INFO] [stdout]      |
[INFO] [stdout] 5    | /     fn find_map<F, R>(&mut self, mut f: F) -> Option<R>
[INFO] [stdout] 6    | |         where F: FnMut(Self::Item) -> Option<R>
[INFO] [stdout]      | |_______________________________________________^
[INFO] [stdout]      = note: candidate #2 is defined in an impl of the trait `Iterator` for the type `Enumerate<I>`
[INFO] [stdout] help: disambiguate the associated function for candidate #1
[INFO] [stdout]      |
[INFO] [stdout] 1173 |         IterUtilsExt::find_map(&mut self.iter, |(i, node)| {
[INFO] [stdout] 1174 |             node.weight.as_ref().map(move |w| (node_index(i), w))
[INFO] [stdout] 1175 |         })
[INFO] [stdout]      |
[INFO] [stdout] help: disambiguate the associated function for candidate #2
[INFO] [stdout]      |
[INFO] [stdout] 1173 |         Iterator::find_map(&mut self.iter, |(i, node)| {
[INFO] [stdout] 1174 |             node.weight.as_ref().map(move |w| (node_index(i), w))
[INFO] [stdout] 1175 |         })
[INFO] [stdout]      |
[INFO] [stdout] 
[INFO] [stdout] 
[INFO] [stdout] error[E0034]: multiple applicable items in scope
[INFO] [stdout]     --> /opt/rustwide/cargo-home/registry/src/github.com-1ecc6299db9ec823/petgraph-0.4.11/src/graph_impl/stable_graph/mod.rs:1365:19
[INFO] [stdout]      |
[INFO] [stdout] 1365 |         self.iter.find_map(|(i, edge)|
[INFO] [stdout]      |                   ^^^^^^^^ multiple `find_map` found
[INFO] [stdout]      |
[INFO] [stdout] note: candidate #1 is defined in an impl of the trait `IterUtilsExt` for the type `I`
[INFO] [stdout]     --> /opt/rustwide/cargo-home/registry/src/github.com-1ecc6299db9ec823/petgraph-0.4.11/src/iter_utils.rs:5:5
[INFO] [stdout]      |
[INFO] [stdout] 5    | /     fn find_map<F, R>(&mut self, mut f: F) -> Option<R>
[INFO] [stdout] 6    | |         where F: FnMut(Self::Item) -> Option<R>
[INFO] [stdout]      | |_______________________________________________^
[INFO] [stdout]      = note: candidate #2 is defined in an impl of the trait `Iterator` for the type `Enumerate<I>`
[INFO] [stdout] help: disambiguate the associated function for candidate #1
[INFO] [stdout]      |
[INFO] [stdout] 1365 |         IterUtilsExt::find_map(&mut self.iter, |(i, edge)|
[INFO] [stdout] 1366 |             edge.weight.as_ref().map(move |weight| {
[INFO] [stdout] 1367 |                 EdgeReference {
[INFO] [stdout] 1368 |                     index: edge_index(i),
[INFO] [stdout] 1369 |                     node: edge.node,
[INFO] [stdout] 1370 |                     weight: weight,
[INFO] [stdout]    ...
[INFO] [stdout] help: disambiguate the associated function for candidate #2
[INFO] [stdout]      |
[INFO] [stdout] 1365 |         Iterator::find_map(&mut self.iter, |(i, edge)|
[INFO] [stdout] 1366 |             edge.weight.as_ref().map(move |weight| {
[INFO] [stdout] 1367 |                 EdgeReference {
[INFO] [stdout] 1368 |                     index: edge_index(i),
[INFO] [stdout] 1369 |                     node: edge.node,
[INFO] [stdout] 1370 |                     weight: weight,
[INFO] [stdout]    ...
[INFO] [stdout] 
[INFO] [stdout] 
[INFO] [stdout] error[E0034]: multiple applicable items in scope
[INFO] [stdout]     --> /opt/rustwide/cargo-home/registry/src/github.com-1ecc6299db9ec823/petgraph-0.4.11/src/graph_impl/stable_graph/mod.rs:1529:19
[INFO] [stdout]      |
[INFO] [stdout] 1529 |         self.iter.find_map(|(i, node)| {
[INFO] [stdout]      |                   ^^^^^^^^ multiple `find_map` found
[INFO] [stdout]      |
[INFO] [stdout] note: candidate #1 is defined in an impl of the trait `IterUtilsExt` for the type `I`
[INFO] [stdout]     --> /opt/rustwide/cargo-home/registry/src/github.com-1ecc6299db9ec823/petgraph-0.4.11/src/iter_utils.rs:5:5
[INFO] [stdout]      |
[INFO] [stdout] 5    | /     fn find_map<F, R>(&mut self, mut f: F) -> Option<R>
[INFO] [stdout] 6    | |         where F: FnMut(Self::Item) -> Option<R>
[INFO] [stdout]      | |_______________________________________________^
[INFO] [stdout]      = note: candidate #2 is defined in an impl of the trait `Iterator` for the type `Enumerate<I>`
[INFO] [stdout] help: disambiguate the associated function for candidate #1
[INFO] [stdout]      |
[INFO] [stdout] 1529 |         IterUtilsExt::find_map(&mut self.iter, |(i, node)| {
[INFO] [stdout] 1530 |             if node.weight.is_some() {
[INFO] [stdout] 1531 |                 Some(node_index(i))
[INFO] [stdout] 1532 |             } else { None }
[INFO] [stdout] 1533 |         })
[INFO] [stdout]      |
[INFO] [stdout] help: disambiguate the associated function for candidate #2
[INFO] [stdout]      |
[INFO] [stdout] 1529 |         Iterator::find_map(&mut self.iter, |(i, node)| {
[INFO] [stdout] 1530 |             if node.weight.is_some() {
[INFO] [stdout] 1531 |                 Some(node_index(i))
[INFO] [stdout] 1532 |             } else { None }
[INFO] [stdout] 1533 |         })
[INFO] [stdout]      |
[INFO] [stdout] 
[INFO] [stdout] 
[INFO] [stdout] error[E0034]: multiple applicable items in scope
[INFO] [stdout]     --> /opt/rustwide/cargo-home/registry/src/github.com-1ecc6299db9ec823/petgraph-0.4.11/src/graph_impl/stable_graph/mod.rs:1575:19
[INFO] [stdout]      |
[INFO] [stdout] 1575 |         self.iter.find_map(|(i, node)| {
[INFO] [stdout]      |                   ^^^^^^^^ multiple `find_map` found
[INFO] [stdout]      |
[INFO] [stdout] note: candidate #1 is defined in an impl of the trait `IterUtilsExt` for the type `I`
[INFO] [stdout]     --> /opt/rustwide/cargo-home/registry/src/github.com-1ecc6299db9ec823/petgraph-0.4.11/src/iter_utils.rs:5:5
[INFO] [stdout]      |
[INFO] [stdout] 5    | /     fn find_map<F, R>(&mut self, mut f: F) -> Option<R>
[INFO] [stdout] 6    | |         where F: FnMut(Self::Item) -> Option<R>
[INFO] [stdout]      | |_______________________________________________^
[INFO] [stdout]      = note: candidate #2 is defined in an impl of the trait `Iterator` for the type `Enumerate<I>`
[INFO] [stdout] help: disambiguate the associated function for candidate #1
[INFO] [stdout]      |
[INFO] [stdout] 1575 |         IterUtilsExt::find_map(&mut self.iter, |(i, node)| {
[INFO] [stdout] 1576 |             if node.weight.is_some() {
[INFO] [stdout] 1577 |                 Some(edge_index(i))
[INFO] [stdout] 1578 |             } else { None }
[INFO] [stdout] 1579 |         })
[INFO] [stdout]      |
[INFO] [stdout] help: disambiguate the associated function for candidate #2
[INFO] [stdout]      |
[INFO] [stdout] 1575 |         Iterator::find_map(&mut self.iter, |(i, node)| {
[INFO] [stdout] 1576 |             if node.weight.is_some() {
[INFO] [stdout] 1577 |                 Some(edge_index(i))
[INFO] [stdout] 1578 |             } else { None }
[INFO] [stdout] 1579 |         })
[INFO] [stdout]      |
[INFO] [stdout] 
[INFO] [stdout] 
[INFO] [stderr]    Compiling backtrace-sys v0.1.16
[INFO] [stdout] error[E0713]: borrow may still be in use when destructor runs
[INFO] [stdout]    --> /opt/rustwide/cargo-home/registry/src/github.com-1ecc6299db9ec823/url-1.7.0/src/form_urlencoded.rs:261:40
[INFO] [stdout]     |
[INFO] [stdout] 259 | impl<'a> Target for ::UrlQuery<'a> {
[INFO] [stdout]     |      -- lifetime `'a` defined here
[INFO] [stdout] 260 |     fn as_mut_string(&mut self) -> &mut String { &mut self.url.serialization }
[INFO] [stdout] 261 |     fn finish(self) -> &'a mut ::Url { self.url }
[INFO] [stdout]     |                                        ^^^^^^^^ - here, drop of `self` needs exclusive access to `*self.url`, because the type `UrlQuery<'_>` implements the `Drop` trait
[INFO] [stdout]     |                                        |
[INFO] [stdout]     |                                        returning this value requires that `*self.url` is borrowed for `'a`
[INFO] [stdout] 
[INFO] [stdout] 
[INFO] [stdout] error: aborting due to previous error
[INFO] [stdout] 
[INFO] [stdout] 
[INFO] [stdout] For more information about this error, try `rustc --explain E0713`.
[INFO] [stdout] 
[INFO] [stderr] error: could not compile `url` due to 2 previous errors
[INFO] [stderr] warning: build failed, waiting for other jobs to finish...
[INFO] [stdout] error: aborting due to 4 previous errors
[INFO] [stdout] 
[INFO] [stdout] 
[INFO] [stdout] For more information about this error, try `rustc --explain E0034`.
[INFO] [stdout] 
[INFO] [stderr] error: build failed
[INFO] running `Command { std: "docker" "inspect" "203e5ee3994162e522de85905b224f2f1f1419eb7b74cf5d0691ea9e802b7826", kill_on_drop: false }`
[INFO] running `Command { std: "docker" "rm" "-f" "203e5ee3994162e522de85905b224f2f1f1419eb7b74cf5d0691ea9e802b7826", kill_on_drop: false }`
[INFO] [stdout] 203e5ee3994162e522de85905b224f2f1f1419eb7b74cf5d0691ea9e802b7826
