[INFO] cloning repository https://github.com/sbwtw/filecoin-scheduler
[INFO] running `Command { std: "git" "-c" "credential.helper=" "-c" "credential.helper=/workspace/cargo-home/bin/git-credential-null" "clone" "--bare" "https://github.com/sbwtw/filecoin-scheduler" "/workspace/cache/git-repos/https%3A%2F%2Fgithub.com%2Fsbwtw%2Ffilecoin-scheduler", kill_on_drop: false }`
[INFO] [stderr] Cloning into bare repository '/workspace/cache/git-repos/https%3A%2F%2Fgithub.com%2Fsbwtw%2Ffilecoin-scheduler'...
[INFO] running `Command { std: "git" "rev-parse" "HEAD", kill_on_drop: false }`
[INFO] [stdout] 8a4f73d0954d330d181e9215a62685bef99854d3
[INFO] testing sbwtw/filecoin-scheduler against 1.54.0 for beta-1.55-1
[INFO] running `Command { std: "git" "clone" "/workspace/cache/git-repos/https%3A%2F%2Fgithub.com%2Fsbwtw%2Ffilecoin-scheduler" "/workspace/builds/worker-1/source", kill_on_drop: false }`
[INFO] [stderr] Cloning into '/workspace/builds/worker-1/source'...
[INFO] [stderr] done.
[INFO] validating manifest of git repo https://github.com/sbwtw/filecoin-scheduler on toolchain 1.54.0
[INFO] running `Command { std: "/workspace/cargo-home/bin/cargo" "+1.54.0" "metadata" "--manifest-path" "Cargo.toml" "--no-deps", kill_on_drop: false }`
[INFO] started tweaking git repo https://github.com/sbwtw/filecoin-scheduler
[INFO] finished tweaking git repo https://github.com/sbwtw/filecoin-scheduler
[INFO] tweaked toml for git repo https://github.com/sbwtw/filecoin-scheduler written to /workspace/builds/worker-1/source/Cargo.toml
[INFO] crate git repo https://github.com/sbwtw/filecoin-scheduler already has a lockfile, it will not be regenerated
[INFO] running `Command { std: "/workspace/cargo-home/bin/cargo" "+1.54.0" "fetch" "--manifest-path" "Cargo.toml", kill_on_drop: false }`
[INFO] [stderr]     Blocking waiting for file lock on package cache
[INFO] running `Command { std: "docker" "create" "-v" "/var/lib/crater-agent-workspace/builds/worker-1/target:/opt/rustwide/target:rw,Z" "-v" "/var/lib/crater-agent-workspace/builds/worker-1/source:/opt/rustwide/workdir:ro,Z" "-v" "/var/lib/crater-agent-workspace/cargo-home:/opt/rustwide/cargo-home:ro,Z" "-v" "/var/lib/crater-agent-workspace/rustup-home:/opt/rustwide/rustup-home:ro,Z" "-e" "SOURCE_DIR=/opt/rustwide/workdir" "-e" "CARGO_TARGET_DIR=/opt/rustwide/target" "-e" "CARGO_HOME=/opt/rustwide/cargo-home" "-e" "RUSTUP_HOME=/opt/rustwide/rustup-home" "-w" "/opt/rustwide/workdir" "-m" "1610612736" "--user" "0:0" "--network" "none" "ghcr.io/rust-lang/crates-build-env/linux@sha256:34b6a614d2c27851fe6cbf88fbd1137609cefab8b10d0615aaeb6fd47975d74e" "/opt/rustwide/cargo-home/bin/cargo" "+1.54.0" "metadata" "--no-deps" "--format-version=1", kill_on_drop: false }`
[INFO] [stdout] 5b3ff52404ea428ef8fe26c92e01586830efa278f59b3438bc564c0cd6cf400a
[INFO] [stderr] WARNING: Your kernel does not support swap limit capabilities or the cgroup is not mounted. Memory limited without swap.
[INFO] running `Command { std: "docker" "start" "-a" "5b3ff52404ea428ef8fe26c92e01586830efa278f59b3438bc564c0cd6cf400a", kill_on_drop: false }`
[INFO] running `Command { std: "docker" "inspect" "5b3ff52404ea428ef8fe26c92e01586830efa278f59b3438bc564c0cd6cf400a", kill_on_drop: false }`
[INFO] running `Command { std: "docker" "rm" "-f" "5b3ff52404ea428ef8fe26c92e01586830efa278f59b3438bc564c0cd6cf400a", kill_on_drop: false }`
[INFO] [stdout] 5b3ff52404ea428ef8fe26c92e01586830efa278f59b3438bc564c0cd6cf400a
[INFO] running `Command { std: "docker" "create" "-v" "/var/lib/crater-agent-workspace/builds/worker-1/target:/opt/rustwide/target:rw,Z" "-v" "/var/lib/crater-agent-workspace/builds/worker-1/source:/opt/rustwide/workdir:ro,Z" "-v" "/var/lib/crater-agent-workspace/cargo-home:/opt/rustwide/cargo-home:ro,Z" "-v" "/var/lib/crater-agent-workspace/rustup-home:/opt/rustwide/rustup-home:ro,Z" "-e" "SOURCE_DIR=/opt/rustwide/workdir" "-e" "CARGO_TARGET_DIR=/opt/rustwide/target" "-e" "CARGO_INCREMENTAL=0" "-e" "RUST_BACKTRACE=full" "-e" "RUSTFLAGS=--cap-lints=warn" "-e" "CARGO_HOME=/opt/rustwide/cargo-home" "-e" "RUSTUP_HOME=/opt/rustwide/rustup-home" "-w" "/opt/rustwide/workdir" "-m" "1610612736" "--user" "0:0" "--network" "none" "ghcr.io/rust-lang/crates-build-env/linux@sha256:34b6a614d2c27851fe6cbf88fbd1137609cefab8b10d0615aaeb6fd47975d74e" "/opt/rustwide/cargo-home/bin/cargo" "+1.54.0" "build" "--frozen" "--message-format=json", kill_on_drop: false }`
[INFO] [stdout] 6cd6207f3af044ccf75770c75e8f74c3a4013c06811c8bb03de160bd8f4a53aa
[INFO] [stderr] WARNING: Your kernel does not support swap limit capabilities or the cgroup is not mounted. Memory limited without swap.
[INFO] running `Command { std: "docker" "start" "-a" "6cd6207f3af044ccf75770c75e8f74c3a4013c06811c8bb03de160bd8f4a53aa", kill_on_drop: false }`
[INFO] [stderr]    Compiling syn v1.0.42
[INFO] [stderr]    Compiling cc v1.0.61
[INFO] [stderr]    Compiling protobuf v2.18.0
[INFO] [stderr]    Compiling pin-project-internal v0.4.26
[INFO] [stderr]    Compiling bindgen v0.51.1
[INFO] [stderr]    Compiling futures-core v0.3.6
[INFO] [stderr]    Compiling once_cell v1.4.1
[INFO] [stderr]    Compiling futures-sink v0.3.6
[INFO] [stderr]    Compiling rustc-demangle v0.1.17
[INFO] [stderr]    Compiling futures-io v0.3.6
[INFO] [stderr]    Compiling clang-sys v0.28.1
[INFO] [stderr]    Compiling owning_ref v0.3.3
[INFO] [stderr]    Compiling yaml-rust v0.4.4
[INFO] [stderr]    Compiling getrandom v0.1.15
[INFO] [stderr]    Compiling parking_lot_core v0.7.2
[INFO] [stderr]    Compiling nom v4.2.3
[INFO] [stderr]    Compiling parking_lot_core v0.2.14
[INFO] [stderr]    Compiling env_logger v0.7.1
[INFO] [stderr]    Compiling futures-channel v0.3.6
[INFO] [stderr]    Compiling futures-task v0.3.6
[INFO] [stderr]    Compiling backtrace v0.3.52
[INFO] [stderr]    Compiling rand_core v0.5.1
[INFO] [stderr]    Compiling cmake v0.1.44
[INFO] [stderr]    Compiling parking_lot v0.10.2
[INFO] [stderr]    Compiling parking_lot v0.4.8
[INFO] [stderr]    Compiling rand_chacha v0.2.2
[INFO] [stderr]    Compiling semaphore v0.4.0
[INFO] [stderr]    Compiling cexpr v0.3.6
[INFO] [stderr]    Compiling rand v0.7.3
[INFO] [stderr]    Compiling libloading v0.5.2
[INFO] [stderr]    Compiling libz-sys v1.1.2
[INFO] [stderr]    Compiling tempfile v3.1.0
[INFO] [stderr]    Compiling protobuf-codegen v2.18.0
[INFO] [stderr]    Compiling grpcio-compiler v0.6.0
[INFO] [stderr]    Compiling synstructure v0.12.4
[INFO] [stderr]    Compiling thiserror-impl v1.0.21
[INFO] [stderr]    Compiling futures-macro v0.3.6
[INFO] [stderr]    Compiling failure_derive v0.1.8
[INFO] [stderr]    Compiling serde_derive v1.0.116
[INFO] [stderr]    Compiling failure v0.1.8
[INFO] [stderr]    Compiling thiserror v1.0.21
[INFO] [stderr]    Compiling which v4.0.2
[INFO] [stderr]    Compiling pin-project v0.4.26
[INFO] [stderr]    Compiling grpcio-sys v0.6.0
[INFO] [stderr]    Compiling futures-util v0.3.6
[INFO] [stderr]    Compiling protoc v2.18.0
[INFO] [stderr]    Compiling protoc-grpcio v2.0.0
[INFO] [stderr]    Compiling filecoin-scheduler v0.1.0 (/opt/rustwide/workdir)
[INFO] [stderr]    Compiling serde v1.0.116
[INFO] [stderr]    Compiling futures-executor v0.3.6
[INFO] [stderr] error: failed to run custom build command for `filecoin-scheduler v0.1.0 (/opt/rustwide/workdir)`
[INFO] [stderr] 
[INFO] [stderr] Caused by:
[INFO] [stderr]   process didn't exit successfully: `/opt/rustwide/target/debug/build/filecoin-scheduler-0dcb841b593c91d4/build-script-build` (exit status: 101)
[INFO] [stderr]   --- stdout
[INFO] [stderr]   cargo:rerun-if-changed=src/protos
[INFO] [stderr] 
[INFO] [stderr]   --- stderr
[INFO] [stderr]   thread 'main' panicked at 'called `Result::unwrap()` on an `Err` value: Os { code: 30, kind: Other, message: "Read-only file system" }
[INFO] [stderr] 
[INFO] [stderr]      0: failure::backtrace::internal::InternalBacktrace::new
[INFO] [stderr]                at /opt/rustwide/cargo-home/registry/src/github.com-1ecc6299db9ec823/failure-0.1.8/src/backtrace/internal.rs:46:44
[INFO] [stderr]      1: failure::backtrace::Backtrace::new
[INFO] [stderr]                at /opt/rustwide/cargo-home/registry/src/github.com-1ecc6299db9ec823/failure-0.1.8/src/backtrace/mod.rs:121:35
[INFO] [stderr]      2: <failure::error::error_impl::ErrorImpl as core::convert::From<F>>::from
[INFO] [stderr]                at /opt/rustwide/cargo-home/registry/src/github.com-1ecc6299db9ec823/failure-0.1.8/src/error/error_impl.rs:19:17
[INFO] [stderr]      3: <failure::error::Error as core::convert::From<F>>::from
[INFO] [stderr]                at /opt/rustwide/cargo-home/registry/src/github.com-1ecc6299db9ec823/failure-0.1.8/src/error/mod.rs:36:18
[INFO] [stderr]      4: <T as core::convert::Into<U>>::into
[INFO] [stderr]                at /rustc/a178d0322ce20e33eac124758e837cbd80a6f633/library/core/src/convert/mod.rs:538:9
[INFO] [stderr]      5: failure::context::Context<D>::with_err
[INFO] [stderr]                at /opt/rustwide/cargo-home/registry/src/github.com-1ecc6299db9ec823/failure-0.1.8/src/context.rs:105:40
[INFO] [stderr]      6: failure::Fail::context
[INFO] [stderr]                at /opt/rustwide/cargo-home/registry/src/github.com-1ecc6299db9ec823/failure-0.1.8/src/lib.rs:160:9
[INFO] [stderr]      7: <core::result::Result<T,E> as failure::result_ext::ResultExt<T,E>>::context::{{closure}}
[INFO] [stderr]                at /opt/rustwide/cargo-home/registry/src/github.com-1ecc6299db9ec823/failure-0.1.8/src/result_ext.rs:164:32
[INFO] [stderr]      8: core::result::Result<T,E>::map_err
[INFO] [stderr]                at /rustc/a178d0322ce20e33eac124758e837cbd80a6f633/library/core/src/result.rs:591:27
[INFO] [stderr]      9: <core::result::Result<T,E> as failure::result_ext::ResultExt<T,E>>::context
[INFO] [stderr]                at /opt/rustwide/cargo-home/registry/src/github.com-1ecc6299db9ec823/failure-0.1.8/src/result_ext.rs:164:9
[INFO] [stderr]     10: protoc_grpcio::write_out_generated_files
[INFO] [stderr]                at /opt/rustwide/cargo-home/registry/src/github.com-1ecc6299db9ec823/protoc-grpcio-2.0.0/src/lib.rs:91:9
[INFO] [stderr]     11: protoc_grpcio::compile_grpc_protos
[INFO] [stderr]                at /opt/rustwide/cargo-home/registry/src/github.com-1ecc6299db9ec823/protoc-grpcio-2.0.0/src/lib.rs:261:5
[INFO] [stderr]     12: build_script_build::main
[INFO] [stderr]                at build.rs:5:5
[INFO] [stderr]     13: core::ops::function::FnOnce::call_once
[INFO] [stderr]                at /rustc/a178d0322ce20e33eac124758e837cbd80a6f633/library/core/src/ops/function.rs:227:5
[INFO] [stderr]     14: std::sys_common::backtrace::__rust_begin_short_backtrace
[INFO] [stderr]                at /rustc/a178d0322ce20e33eac124758e837cbd80a6f633/library/std/src/sys_common/backtrace.rs:125:18
[INFO] [stderr]     15: std::rt::lang_start::{{closure}}
[INFO] [stderr]                at /rustc/a178d0322ce20e33eac124758e837cbd80a6f633/library/std/src/rt.rs:49:18
[INFO] [stderr]     16: core::ops::function::impls::<impl core::ops::function::FnOnce<A> for &F>::call_once
[INFO] [stderr]                at /rustc/a178d0322ce20e33eac124758e837cbd80a6f633/library/core/src/ops/function.rs:259:13
[INFO] [stderr]         std::panicking::try::do_call
[INFO] [stderr]                at /rustc/a178d0322ce20e33eac124758e837cbd80a6f633/library/std/src/panicking.rs:401:40
[INFO] [stderr]         std::panicking::try
[INFO] [stderr]                at /rustc/a178d0322ce20e33eac124758e837cbd80a6f633/library/std/src/panicking.rs:365:19
[INFO] [stderr]         std::panic::catch_unwind
[INFO] [stderr]                at /rustc/a178d0322ce20e33eac124758e837cbd80a6f633/library/std/src/panic.rs:434:14
[INFO] [stderr]         std::rt::lang_start_internal
[INFO] [stderr]                at /rustc/a178d0322ce20e33eac124758e837cbd80a6f633/library/std/src/rt.rs:34:21
[INFO] [stderr]     17: std::rt::lang_start
[INFO] [stderr]                at /rustc/a178d0322ce20e33eac124758e837cbd80a6f633/library/std/src/rt.rs:48:5
[INFO] [stderr]     18: main
[INFO] [stderr]     19: __libc_start_main
[INFO] [stderr]     20: _start
[INFO] [stderr] 
[INFO] [stderr] 
[INFO] [stderr]   failed to create "src/protos/scheduler_grpc.rs"
[INFO] [stderr] 
[INFO] [stderr]   failed to write generated grpc definitions', build.rs:6:10
[INFO] [stderr]   stack backtrace:
[INFO] [stderr]      0:     0x555e3264ea60 - std::backtrace_rs::backtrace::libunwind::trace::h34055254b57d8e79
[INFO] [stderr]                                  at /rustc/a178d0322ce20e33eac124758e837cbd80a6f633/library/std/src/../../backtrace/src/backtrace/libunwind.rs:90:5
[INFO] [stderr]      1:     0x555e3264ea60 - std::backtrace_rs::backtrace::trace_unsynchronized::h8f1e3fbd9afff6ec
[INFO] [stderr]                                  at /rustc/a178d0322ce20e33eac124758e837cbd80a6f633/library/std/src/../../backtrace/src/backtrace/mod.rs:66:5
[INFO] [stderr]      2:     0x555e3264ea60 - std::sys_common::backtrace::_print_fmt::h3a99a796b770c360
[INFO] [stderr]                                  at /rustc/a178d0322ce20e33eac124758e837cbd80a6f633/library/std/src/sys_common/backtrace.rs:67:5
[INFO] [stderr]      3:     0x555e3264ea60 - <std::sys_common::backtrace::_print::DisplayBacktrace as core::fmt::Display>::fmt::h32d1f94a80615d18
[INFO] [stderr]                                  at /rustc/a178d0322ce20e33eac124758e837cbd80a6f633/library/std/src/sys_common/backtrace.rs:46:22
[INFO] [stderr]      4:     0x555e3267314c - core::fmt::write::h306731c068f7162c
[INFO] [stderr]                                  at /rustc/a178d0322ce20e33eac124758e837cbd80a6f633/library/core/src/fmt/mod.rs:1110:17
[INFO] [stderr]      5:     0x555e3264c575 - std::io::Write::write_fmt::hd2fa90334eee2a21
[INFO] [stderr]                                  at /rustc/a178d0322ce20e33eac124758e837cbd80a6f633/library/std/src/io/mod.rs:1588:15
[INFO] [stderr]      6:     0x555e326509db - std::sys_common::backtrace::_print::h5abaa2601a852287
[INFO] [stderr]                                  at /rustc/a178d0322ce20e33eac124758e837cbd80a6f633/library/std/src/sys_common/backtrace.rs:49:5
[INFO] [stderr]      7:     0x555e326509db - std::sys_common::backtrace::print::h8d81445442bb638f
[INFO] [stderr]                                  at /rustc/a178d0322ce20e33eac124758e837cbd80a6f633/library/std/src/sys_common/backtrace.rs:36:9
[INFO] [stderr]      8:     0x555e326509db - std::panicking::default_hook::{{closure}}::hcfe804496a9fa747
[INFO] [stderr]                                  at /rustc/a178d0322ce20e33eac124758e837cbd80a6f633/library/std/src/panicking.rs:208:50
[INFO] [stderr]      9:     0x555e326504b1 - std::panicking::default_hook::hbea8e3ccf2ba8901
[INFO] [stderr]                                  at /rustc/a178d0322ce20e33eac124758e837cbd80a6f633/library/std/src/panicking.rs:225:9
[INFO] [stderr]     10:     0x555e326510a4 - std::panicking::rust_panic_with_hook::h7ee9e1a2d0f8975a
[INFO] [stderr]                                  at /rustc/a178d0322ce20e33eac124758e837cbd80a6f633/library/std/src/panicking.rs:622:17
[INFO] [stderr]     11:     0x555e32650b87 - std::panicking::begin_panic_handler::{{closure}}::h8ab3b4491718b2c7
[INFO] [stderr]                                  at /rustc/a178d0322ce20e33eac124758e837cbd80a6f633/library/std/src/panicking.rs:519:13
[INFO] [stderr]     12:     0x555e3264ef5c - std::sys_common::backtrace::__rust_end_short_backtrace::hd489062ffa586a9f
[INFO] [stderr]                                  at /rustc/a178d0322ce20e33eac124758e837cbd80a6f633/library/std/src/sys_common/backtrace.rs:141:18
[INFO] [stderr]     13:     0x555e32650ae9 - rust_begin_unwind
[INFO] [stderr]                                  at /rustc/a178d0322ce20e33eac124758e837cbd80a6f633/library/std/src/panicking.rs:515:5
[INFO] [stderr]     14:     0x555e322e2801 - core::panicking::panic_fmt::hca6330e3e14086b4
[INFO] [stderr]                                  at /rustc/a178d0322ce20e33eac124758e837cbd80a6f633/library/core/src/panicking.rs:92:14
[INFO] [stderr]     15:     0x555e322e28f3 - core::result::unwrap_failed::h6160d2b4bfbb0e87
[INFO] [stderr]                                  at /rustc/a178d0322ce20e33eac124758e837cbd80a6f633/library/core/src/result.rs:1355:5
[INFO] [stderr]     16:     0x555e322e60c9 - core::result::Result<T,E>::unwrap::h86a78b556252e66b
[INFO] [stderr]                                  at /rustc/a178d0322ce20e33eac124758e837cbd80a6f633/library/core/src/result.rs:1037:23
[INFO] [stderr]     17:     0x555e322e9d45 - build_script_build::main::he12cb8fc0707cf01
[INFO] [stderr]                                  at /opt/rustwide/workdir/build.rs:5:5
[INFO] [stderr]     18:     0x555e322ea97b - core::ops::function::FnOnce::call_once::h94080913d2e712ab
[INFO] [stderr]                                  at /rustc/a178d0322ce20e33eac124758e837cbd80a6f633/library/core/src/ops/function.rs:227:5
[INFO] [stderr]     19:     0x555e322ea70e - std::sys_common::backtrace::__rust_begin_short_backtrace::h4dbe1382a0fa183d
[INFO] [stderr]                                  at /rustc/a178d0322ce20e33eac124758e837cbd80a6f633/library/std/src/sys_common/backtrace.rs:125:18
[INFO] [stderr]     20:     0x555e322e9411 - std::rt::lang_start::{{closure}}::h614aa9cf686b7b95
[INFO] [stderr]                                  at /rustc/a178d0322ce20e33eac124758e837cbd80a6f633/library/std/src/rt.rs:49:18
[INFO] [stderr]     21:     0x555e326515a9 - core::ops::function::impls::<impl core::ops::function::FnOnce<A> for &F>::call_once::h2aabc384aab89b7b
[INFO] [stderr]                                  at /rustc/a178d0322ce20e33eac124758e837cbd80a6f633/library/core/src/ops/function.rs:259:13
[INFO] [stderr]     22:     0x555e326515a9 - std::panicking::try::do_call::hc5fcacb7a85fc7b1
[INFO] [stderr]                                  at /rustc/a178d0322ce20e33eac124758e837cbd80a6f633/library/std/src/panicking.rs:401:40
[INFO] [stderr]     23:     0x555e326515a9 - std::panicking::try::hb5d9603af3abbe3a
[INFO] [stderr]                                  at /rustc/a178d0322ce20e33eac124758e837cbd80a6f633/library/std/src/panicking.rs:365:19
[INFO] [stderr]     24:     0x555e326515a9 - std::panic::catch_unwind::h98fe6ac3925e64b4
[INFO] [stderr]                                  at /rustc/a178d0322ce20e33eac124758e837cbd80a6f633/library/std/src/panic.rs:434:14
[INFO] [stderr]     25:     0x555e326515a9 - std::rt::lang_start_internal::h22ac7383c516f93e
[INFO] [stderr]                                  at /rustc/a178d0322ce20e33eac124758e837cbd80a6f633/library/std/src/rt.rs:34:21
[INFO] [stderr]     26:     0x555e322e93f0 - std::rt::lang_start::h7805ed193d2abe6b
[INFO] [stderr]                                  at /rustc/a178d0322ce20e33eac124758e837cbd80a6f633/library/std/src/rt.rs:48:5
[INFO] [stderr]     27:     0x555e322e9d6c - main
[INFO] [stderr]     28:     0x7f38e7b040b3 - __libc_start_main
[INFO] [stderr]     29:     0x555e322e2fbe - _start
[INFO] [stderr]     30:                0x0 - <unknown>
[INFO] [stderr] warning: build failed, waiting for other jobs to finish...
[INFO] [stderr] error: build failed
[INFO] running `Command { std: "docker" "inspect" "6cd6207f3af044ccf75770c75e8f74c3a4013c06811c8bb03de160bd8f4a53aa", kill_on_drop: false }`
[INFO] running `Command { std: "docker" "rm" "-f" "6cd6207f3af044ccf75770c75e8f74c3a4013c06811c8bb03de160bd8f4a53aa", kill_on_drop: false }`
[INFO] [stdout] 6cd6207f3af044ccf75770c75e8f74c3a4013c06811c8bb03de160bd8f4a53aa
