[INFO] cloning repository https://github.com/saschagrunert/yew-router
[INFO] running `Command { std: "git" "-c" "credential.helper=" "-c" "credential.helper=/workspace/cargo-home/bin/git-credential-null" "clone" "--bare" "https://github.com/saschagrunert/yew-router" "/workspace/cache/git-repos/https%3A%2F%2Fgithub.com%2Fsaschagrunert%2Fyew-router", kill_on_drop: false }`
[INFO] [stderr] Cloning into bare repository '/workspace/cache/git-repos/https%3A%2F%2Fgithub.com%2Fsaschagrunert%2Fyew-router'...
[INFO] running `Command { std: "git" "rev-parse" "HEAD", kill_on_drop: false }`
[INFO] [stdout] f18148bb06f3d047dc5cdbc81287a404a619834d
[INFO] testing saschagrunert/yew-router against beta-2021-08-01 for beta-1.55-1
[INFO] running `Command { std: "git" "clone" "/workspace/cache/git-repos/https%3A%2F%2Fgithub.com%2Fsaschagrunert%2Fyew-router" "/workspace/builds/worker-10/source", kill_on_drop: false }`
[INFO] [stderr] Cloning into '/workspace/builds/worker-10/source'...
[INFO] [stderr] done.
[INFO] validating manifest of git repo https://github.com/saschagrunert/yew-router on toolchain beta-2021-08-01
[INFO] running `Command { std: "/workspace/cargo-home/bin/cargo" "+beta-2021-08-01" "metadata" "--manifest-path" "Cargo.toml" "--no-deps", kill_on_drop: false }`
[INFO] started tweaking git repo https://github.com/saschagrunert/yew-router
[INFO] finished tweaking git repo https://github.com/saschagrunert/yew-router
[INFO] tweaked toml for git repo https://github.com/saschagrunert/yew-router written to /workspace/builds/worker-10/source/Cargo.toml
[INFO] crate git repo https://github.com/saschagrunert/yew-router already has a lockfile, it will not be regenerated
[INFO] running `Command { std: "/workspace/cargo-home/bin/cargo" "+beta-2021-08-01" "fetch" "--manifest-path" "Cargo.toml", kill_on_drop: false }`
[INFO] [stderr]     Blocking waiting for file lock on package cache
[INFO] [stderr]  Downloading crates ...
[INFO] [stderr]   Downloaded stdweb-derive v0.5.2
[INFO] [stderr]   Downloaded wasm-bindgen-macro-support v0.2.42
[INFO] [stderr]   Downloaded wasm-bindgen-shared v0.2.42
[INFO] [stderr]   Downloaded yew-macro v0.9.0
[INFO] [stderr]   Downloaded yew v0.9.0
[INFO] [stderr]   Downloaded wasm-bindgen v0.2.42
[INFO] [stderr]   Downloaded stdweb-internal-macros v0.2.8
[INFO] [stderr]   Downloaded wasm-bindgen-backend v0.2.42
[INFO] [stderr]   Downloaded wasm-bindgen-macro v0.2.42
[INFO] [stderr]   Downloaded stdweb v0.4.19
[INFO] running `Command { std: "docker" "create" "-v" "/var/lib/crater-agent-workspace/builds/worker-10/target:/opt/rustwide/target:rw,Z" "-v" "/var/lib/crater-agent-workspace/builds/worker-10/source:/opt/rustwide/workdir:ro,Z" "-v" "/var/lib/crater-agent-workspace/cargo-home:/opt/rustwide/cargo-home:ro,Z" "-v" "/var/lib/crater-agent-workspace/rustup-home:/opt/rustwide/rustup-home:ro,Z" "-e" "SOURCE_DIR=/opt/rustwide/workdir" "-e" "CARGO_TARGET_DIR=/opt/rustwide/target" "-e" "CARGO_HOME=/opt/rustwide/cargo-home" "-e" "RUSTUP_HOME=/opt/rustwide/rustup-home" "-w" "/opt/rustwide/workdir" "-m" "1610612736" "--user" "0:0" "--network" "none" "ghcr.io/rust-lang/crates-build-env/linux@sha256:34b6a614d2c27851fe6cbf88fbd1137609cefab8b10d0615aaeb6fd47975d74e" "/opt/rustwide/cargo-home/bin/cargo" "+beta-2021-08-01" "metadata" "--no-deps" "--format-version=1", kill_on_drop: false }`
[INFO] [stdout] db9311aa42280ca195e6da7618829799c0168c25c7a52f63d63cd118f2862f86
[INFO] running `Command { std: "docker" "start" "-a" "db9311aa42280ca195e6da7618829799c0168c25c7a52f63d63cd118f2862f86", kill_on_drop: false }`
[INFO] running `Command { std: "docker" "inspect" "db9311aa42280ca195e6da7618829799c0168c25c7a52f63d63cd118f2862f86", kill_on_drop: false }`
[INFO] running `Command { std: "docker" "rm" "-f" "db9311aa42280ca195e6da7618829799c0168c25c7a52f63d63cd118f2862f86", kill_on_drop: false }`
[INFO] [stdout] db9311aa42280ca195e6da7618829799c0168c25c7a52f63d63cd118f2862f86
[INFO] running `Command { std: "docker" "create" "-v" "/var/lib/crater-agent-workspace/builds/worker-10/target:/opt/rustwide/target:rw,Z" "-v" "/var/lib/crater-agent-workspace/builds/worker-10/source:/opt/rustwide/workdir:ro,Z" "-v" "/var/lib/crater-agent-workspace/cargo-home:/opt/rustwide/cargo-home:ro,Z" "-v" "/var/lib/crater-agent-workspace/rustup-home:/opt/rustwide/rustup-home:ro,Z" "-e" "SOURCE_DIR=/opt/rustwide/workdir" "-e" "CARGO_TARGET_DIR=/opt/rustwide/target" "-e" "CARGO_INCREMENTAL=0" "-e" "RUST_BACKTRACE=full" "-e" "RUSTFLAGS=--cap-lints=warn" "-e" "CARGO_HOME=/opt/rustwide/cargo-home" "-e" "RUSTUP_HOME=/opt/rustwide/rustup-home" "-w" "/opt/rustwide/workdir" "-m" "1610612736" "--user" "0:0" "--network" "none" "ghcr.io/rust-lang/crates-build-env/linux@sha256:34b6a614d2c27851fe6cbf88fbd1137609cefab8b10d0615aaeb6fd47975d74e" "/opt/rustwide/cargo-home/bin/cargo" "+beta-2021-08-01" "build" "--frozen" "--message-format=json", kill_on_drop: false }`
[INFO] [stdout] 271eeba31b41e45e813d646bdc2f4fcba4a4a343057a2744b6a43dded2c1287f
[INFO] running `Command { std: "docker" "start" "-a" "271eeba31b41e45e813d646bdc2f4fcba4a4a343057a2744b6a43dded2c1287f", kill_on_drop: false }`
[INFO] [stderr]    Compiling proc-macro2 v1.0.4
[INFO] [stderr]    Compiling syn v1.0.5
[INFO] [stderr]    Compiling libc v0.2.62
[INFO] [stderr]    Compiling proc-macro2 v0.4.30
[INFO] [stderr]    Compiling serde v1.0.101
[INFO] [stderr]    Compiling unicode-xid v0.1.0
[INFO] [stderr]    Compiling ryu v1.0.0
[INFO] [stderr]    Compiling syn v0.15.44
[INFO] [stderr]    Compiling cc v1.0.45
[INFO] [stderr]    Compiling failure_derive v0.1.5
[INFO] [stderr]    Compiling stdweb-internal-runtime v0.1.5
[INFO] [stderr]    Compiling autocfg v0.1.6
[INFO] [stderr]    Compiling base-x v0.2.5
[INFO] [stderr]    Compiling boolinator v2.4.0
[INFO] [stderr]    Compiling discard v1.0.4
[INFO] [stderr]    Compiling yew v0.9.0
[INFO] [stderr]    Compiling indexmap v1.2.0
[INFO] [stderr]    Compiling stdweb v0.4.19
[INFO] [stderr]    Compiling yew-macro v0.9.0
[INFO] [stderr]    Compiling quote v0.6.13
[INFO] [stderr]    Compiling backtrace-sys v0.1.31
[INFO] [stderr]    Compiling quote v1.0.2
[INFO] [stderr]    Compiling iovec v0.1.4
[INFO] [stderr]    Compiling bytes v0.4.12
[INFO] [stderr]    Compiling http v0.1.18
[INFO] [stderr]    Compiling backtrace v0.3.38
[INFO] [stderr]    Compiling synstructure v0.10.2
[INFO] [stderr]    Compiling serde_derive v1.0.101
[INFO] [stderr]    Compiling proc-macro-hack v0.5.10
[INFO] [stderr]    Compiling failure v0.1.5
[INFO] [stderr]    Compiling serde_json v1.0.41
[INFO] [stderr]    Compiling bincode v1.0.1
[INFO] [stderr]    Compiling stdweb-derive v0.5.2
[INFO] [stderr]    Compiling stdweb-internal-macros v0.2.8
[INFO] [stderr]    Compiling yew-router v0.5.0 (/opt/rustwide/workdir)
[INFO] [stderr]     Finished dev [unoptimized + debuginfo] target(s) in 1m 01s
[INFO] running `Command { std: "docker" "inspect" "271eeba31b41e45e813d646bdc2f4fcba4a4a343057a2744b6a43dded2c1287f", kill_on_drop: false }`
[INFO] running `Command { std: "docker" "rm" "-f" "271eeba31b41e45e813d646bdc2f4fcba4a4a343057a2744b6a43dded2c1287f", kill_on_drop: false }`
[INFO] [stdout] 271eeba31b41e45e813d646bdc2f4fcba4a4a343057a2744b6a43dded2c1287f
[INFO] running `Command { std: "docker" "create" "-v" "/var/lib/crater-agent-workspace/builds/worker-10/target:/opt/rustwide/target:rw,Z" "-v" "/var/lib/crater-agent-workspace/builds/worker-10/source:/opt/rustwide/workdir:ro,Z" "-v" "/var/lib/crater-agent-workspace/cargo-home:/opt/rustwide/cargo-home:ro,Z" "-v" "/var/lib/crater-agent-workspace/rustup-home:/opt/rustwide/rustup-home:ro,Z" "-e" "SOURCE_DIR=/opt/rustwide/workdir" "-e" "CARGO_TARGET_DIR=/opt/rustwide/target" "-e" "CARGO_INCREMENTAL=0" "-e" "RUST_BACKTRACE=full" "-e" "RUSTFLAGS=--cap-lints=warn" "-e" "CARGO_HOME=/opt/rustwide/cargo-home" "-e" "RUSTUP_HOME=/opt/rustwide/rustup-home" "-w" "/opt/rustwide/workdir" "-m" "1610612736" "--user" "0:0" "--network" "none" "ghcr.io/rust-lang/crates-build-env/linux@sha256:34b6a614d2c27851fe6cbf88fbd1137609cefab8b10d0615aaeb6fd47975d74e" "/opt/rustwide/cargo-home/bin/cargo" "+beta-2021-08-01" "test" "--frozen" "--no-run" "--message-format=json", kill_on_drop: false }`
[INFO] [stdout] f531ebd6db09d2d434b1660480efc4cde672c57632aea6981d6bf0d296308b82
[INFO] running `Command { std: "docker" "start" "-a" "f531ebd6db09d2d434b1660480efc4cde672c57632aea6981d6bf0d296308b82", kill_on_drop: false }`
[INFO] [stderr]    Compiling smart-default v0.5.2
[INFO] [stderr]    Compiling web_logger v0.2.0
[INFO] [stderr]    Compiling yew-router v0.5.0 (/opt/rustwide/workdir)
[INFO] [stdout] error[E0554]: `#![feature]` may not be used on the beta release channel
[INFO] [stdout]  --> examples/history_state.rs:2:1
[INFO] [stdout]   |
[INFO] [stdout] 2 | #![feature(slice_patterns)]
[INFO] [stdout]   | ^^^^^^^^^^^^^^^^^^^^^^^^^^^ help: remove the attribute
[INFO] [stdout]   |
[INFO] [stdout]   = help: the feature `slice_patterns` has been stable since 1.42.0 and no longer requires an attribute to enable
[INFO] [stdout] 
[INFO] [stdout] 
[INFO] [stdout] error[E0599]: no method named `join` found for reference `&&str` in the current scope
[INFO] [stdout]   --> examples/history_state.rs:86:80
[INFO] [stdout]    |
[INFO] [stdout] 86 |             ["settings", sub_route] => RouterTarget::Settings(parse(&sub_route.join("/"))?),
[INFO] [stdout]    |                                                                                ^^^^ method not found in `&&str`
[INFO] [stdout] 
[INFO] [stdout] 
[INFO] [stdout] error: aborting due to 2 previous errors
[INFO] [stdout] 
[INFO] [stdout] 
[INFO] [stdout] Some errors have detailed explanations: E0554, E0599.
[INFO] [stdout] 
[INFO] [stdout] For more information about an error, try `rustc --explain E0554`.
[INFO] [stdout] 
[INFO] [stderr] error: could not compile `yew-router` due to 3 previous errors
[INFO] [stderr] warning: build failed, waiting for other jobs to finish...
[INFO] [stdout] error: linking with `cc` failed: exit status: 1
[INFO] [stdout]   |
[INFO] [stdout]   = note: "cc" "-m64" "/opt/rustwide/target/debug/examples/minimal-0db1d123fe27aa5d.minimal.052b5328-cgu.0.rcgu.o" "/opt/rustwide/target/debug/examples/minimal-0db1d123fe27aa5d.minimal.052b5328-cgu.1.rcgu.o" "/opt/rustwide/target/debug/examples/minimal-0db1d123fe27aa5d.minimal.052b5328-cgu.10.rcgu.o" "/opt/rustwide/target/debug/examples/minimal-0db1d123fe27aa5d.minimal.052b5328-cgu.11.rcgu.o" "/opt/rustwide/target/debug/examples/minimal-0db1d123fe27aa5d.minimal.052b5328-cgu.12.rcgu.o" "/opt/rustwide/target/debug/examples/minimal-0db1d123fe27aa5d.minimal.052b5328-cgu.13.rcgu.o" "/opt/rustwide/target/debug/examples/minimal-0db1d123fe27aa5d.minimal.052b5328-cgu.14.rcgu.o" "/opt/rustwide/target/debug/examples/minimal-0db1d123fe27aa5d.minimal.052b5328-cgu.15.rcgu.o" "/opt/rustwide/target/debug/examples/minimal-0db1d123fe27aa5d.minimal.052b5328-cgu.2.rcgu.o" "/opt/rustwide/target/debug/examples/minimal-0db1d123fe27aa5d.minimal.052b5328-cgu.3.rcgu.o" "/opt/rustwide/target/debug/examples/minimal-0db1d123fe27aa5d.minimal.052b5328-cgu.4.rcgu.o" "/opt/rustwide/target/debug/examples/minimal-0db1d123fe27aa5d.minimal.052b5328-cgu.5.rcgu.o" "/opt/rustwide/target/debug/examples/minimal-0db1d123fe27aa5d.minimal.052b5328-cgu.6.rcgu.o" "/opt/rustwide/target/debug/examples/minimal-0db1d123fe27aa5d.minimal.052b5328-cgu.7.rcgu.o" "/opt/rustwide/target/debug/examples/minimal-0db1d123fe27aa5d.minimal.052b5328-cgu.8.rcgu.o" "/opt/rustwide/target/debug/examples/minimal-0db1d123fe27aa5d.minimal.052b5328-cgu.9.rcgu.o" "/opt/rustwide/target/debug/examples/minimal-0db1d123fe27aa5d.2omi9qvuhhdfhwsn.rcgu.o" "-Wl,--as-needed" "-L" "/opt/rustwide/target/debug/deps" "-L" "/opt/rustwide/target/debug/build/backtrace-sys-dc12024964d83ad8/out" "-L" "/opt/rustwide/rustup-home/toolchains/beta-2021-08-01-x86_64-unknown-linux-gnu/lib/rustlib/x86_64-unknown-linux-gnu/lib" "-Wl,-Bstatic" "/opt/rustwide/target/debug/deps/libyew_router-e64a32df58da50ea.rlib" "/opt/rustwide/target/debug/deps/libyew-c5b4b6017cdd0993.rlib" "/opt/rustwide/target/debug/deps/libproc_macro_nested-c5f76d7d0e75628c.rlib" "/opt/rustwide/target/debug/deps/libindexmap-e9a9fde41c8f0423.rlib" "/opt/rustwide/target/debug/deps/libhttp-d0949689d86ef08a.rlib" "/opt/rustwide/target/debug/deps/libfnv-4051482eb6a94926.rlib" "/opt/rustwide/target/debug/deps/libbytes-ebfb696ea60e3ff7.rlib" "/opt/rustwide/target/debug/deps/libiovec-cc9a804af0a6731f.rlib" "/opt/rustwide/target/debug/deps/libfailure-5f4087d7a6b40571.rlib" "/opt/rustwide/target/debug/deps/libbacktrace-12cad4dac8cafbbc.rlib" "/opt/rustwide/target/debug/deps/libbacktrace_sys-724c748c986bf610.rlib" "/opt/rustwide/target/debug/deps/liblibc-a012fd13b11a4e4b.rlib" "/opt/rustwide/target/debug/deps/librustc_demangle-e1f96c1a6b5a5723.rlib" "/opt/rustwide/target/debug/deps/libstdweb-7f548f0cffeeeb8b.rlib" "/opt/rustwide/target/debug/deps/libdiscard-26e25f9a297f0b3c.rlib" "/opt/rustwide/target/debug/deps/libstdweb_internal_runtime-734c4d3ae6d221e3.rlib" "/opt/rustwide/target/debug/deps/libserde_json-459247c5d8d9c175.rlib" "/opt/rustwide/target/debug/deps/libryu-f3931e56ce76a559.rlib" "/opt/rustwide/target/debug/deps/libitoa-7dcb2f7665383233.rlib" "/opt/rustwide/target/debug/deps/libslab-19bed823898320f8.rlib" "/opt/rustwide/target/debug/deps/liblog-16d52523558e8926.rlib" "/opt/rustwide/target/debug/deps/libcfg_if-ffb7f11ad1437080.rlib" "/opt/rustwide/target/debug/deps/libbincode-09a7ba8621624302.rlib" "/opt/rustwide/target/debug/deps/libserde-5d55ca4cc48d67b4.rlib" "/opt/rustwide/target/debug/deps/libbyteorder-8e4f11aee85214a8.rlib" "/opt/rustwide/target/debug/deps/libanymap-c7ee211834be1d6a.rlib" "-Wl,--start-group" "/opt/rustwide/rustup-home/toolchains/beta-2021-08-01-x86_64-unknown-linux-gnu/lib/rustlib/x86_64-unknown-linux-gnu/lib/libstd-197d933f09d9a590.rlib" "/opt/rustwide/rustup-home/toolchains/beta-2021-08-01-x86_64-unknown-linux-gnu/lib/rustlib/x86_64-unknown-linux-gnu/lib/libpanic_unwind-46a006cddfd334f0.rlib" "/opt/rustwide/rustup-home/toolchains/beta-2021-08-01-x86_64-unknown-linux-gnu/lib/rustlib/x86_64-unknown-linux-gnu/lib/libminiz_oxide-5b9870310e470b38.rlib" "/opt/rustwide/rustup-home/toolchains/beta-2021-08-01-x86_64-unknown-linux-gnu/lib/rustlib/x86_64-unknown-linux-gnu/lib/libadler-260022ba8f1ab4ee.rlib" "/opt/rustwide/rustup-home/toolchains/beta-2021-08-01-x86_64-unknown-linux-gnu/lib/rustlib/x86_64-unknown-linux-gnu/lib/libobject-71377435a799394f.rlib" "/opt/rustwide/rustup-home/toolchains/beta-2021-08-01-x86_64-unknown-linux-gnu/lib/rustlib/x86_64-unknown-linux-gnu/lib/libaddr2line-658ee5924fde57cd.rlib" "/opt/rustwide/rustup-home/toolchains/beta-2021-08-01-x86_64-unknown-linux-gnu/lib/rustlib/x86_64-unknown-linux-gnu/lib/libgimli-9e8627da6bd1b94a.rlib" "/opt/rustwide/rustup-home/toolchains/beta-2021-08-01-x86_64-unknown-linux-gnu/lib/rustlib/x86_64-unknown-linux-gnu/lib/libstd_detect-19fdaac49f59be84.rlib" "/opt/rustwide/rustup-home/toolchains/beta-2021-08-01-x86_64-unknown-linux-gnu/lib/rustlib/x86_64-unknown-linux-gnu/lib/librustc_demangle-cb00e2691ea45905.rlib" "/opt/rustwide/rustup-home/toolchains/beta-2021-08-01-x86_64-unknown-linux-gnu/lib/rustlib/x86_64-unknown-linux-gnu/lib/libhashbrown-50f6726defae5ae1.rlib" "/opt/rustwide/rustup-home/toolchains/beta-2021-08-01-x86_64-unknown-linux-gnu/lib/rustlib/x86_64-unknown-linux-gnu/lib/librustc_std_workspace_alloc-2afc16311deea26e.rlib" "/opt/rustwide/rustup-home/toolchains/beta-2021-08-01-x86_64-unknown-linux-gnu/lib/rustlib/x86_64-unknown-linux-gnu/lib/libunwind-bb5cb0fe086ee8cf.rlib" "/opt/rustwide/rustup-home/toolchains/beta-2021-08-01-x86_64-unknown-linux-gnu/lib/rustlib/x86_64-unknown-linux-gnu/lib/libcfg_if-896053247b5dfd0b.rlib" "/opt/rustwide/rustup-home/toolchains/beta-2021-08-01-x86_64-unknown-linux-gnu/lib/rustlib/x86_64-unknown-linux-gnu/lib/liblibc-735e1f2ac3cf23be.rlib" "/opt/rustwide/rustup-home/toolchains/beta-2021-08-01-x86_64-unknown-linux-gnu/lib/rustlib/x86_64-unknown-linux-gnu/lib/liballoc-9dfb6622644c732c.rlib" "/opt/rustwide/rustup-home/toolchains/beta-2021-08-01-x86_64-unknown-linux-gnu/lib/rustlib/x86_64-unknown-linux-gnu/lib/librustc_std_workspace_core-beea7d9617fe25c5.rlib" "/opt/rustwide/rustup-home/toolchains/beta-2021-08-01-x86_64-unknown-linux-gnu/lib/rustlib/x86_64-unknown-linux-gnu/lib/libcore-8ef7dd43fc671f88.rlib" "-Wl,--end-group" "/opt/rustwide/rustup-home/toolchains/beta-2021-08-01-x86_64-unknown-linux-gnu/lib/rustlib/x86_64-unknown-linux-gnu/lib/libcompiler_builtins-a9a3b2ad67977f47.rlib" "-Wl,-Bdynamic" "-lutil" "-lgcc_s" "-lutil" "-lrt" "-lpthread" "-lm" "-ldl" "-lc" "-Wl,--eh-frame-hdr" "-Wl,-znoexecstack" "-L" "/opt/rustwide/rustup-home/toolchains/beta-2021-08-01-x86_64-unknown-linux-gnu/lib/rustlib/x86_64-unknown-linux-gnu/lib" "-o" "/opt/rustwide/target/debug/examples/minimal-0db1d123fe27aa5d" "-Wl,--gc-sections" "-pie" "-Wl,-zrelro" "-Wl,-znow" "-nodefaultlibs"
[INFO] [stdout]   = note: /usr/bin/ld: /opt/rustwide/target/debug/deps/libyew_router-e64a32df58da50ea.rlib(yew_router-e64a32df58da50ea.yew_router.ec1719b2-cgu.0.rcgu.o): in function `yew_router::router::RouterService<T>::get_state::snippet::__cargo_web_snippet_7a16449fc689111d4959ea419d959cb136353be1':
[INFO] [stdout]           /opt/rustwide/cargo-home/registry/src/github.com-1ecc6299db9ec823/stdweb-0.4.19/src/webcore/macros.rs:101: undefined reference to `emscripten_asm_const_int'
[INFO] [stdout]           /usr/bin/ld: /opt/rustwide/target/debug/deps/libyew-c5b4b6017cdd0993.rlib(yew-c5b4b6017cdd0993.yew.9aaf1222-cgu.6.rcgu.o): in function `yew::virtual_dom::vtag::VTag<COMP>::apply_diffs::snippet::__cargo_web_snippet_0da47658267a7497de743e1b0892f992ba6ca6ef':
[INFO] [stdout]           /opt/rustwide/cargo-home/registry/src/github.com-1ecc6299db9ec823/stdweb-0.4.19/src/webcore/macros.rs:91: undefined reference to `emscripten_asm_const_int'
[INFO] [stdout]           /usr/bin/ld: /opt/rustwide/target/debug/deps/libyew-c5b4b6017cdd0993.rlib(yew-c5b4b6017cdd0993.yew.9aaf1222-cgu.6.rcgu.o): in function `yew::virtual_dom::vtag::set_attribute::snippet::__cargo_web_snippet_da2febd72f9938d90bc2bf2905643f595b07abd9':
[INFO] [stdout]           /opt/rustwide/cargo-home/registry/src/github.com-1ecc6299db9ec823/stdweb-0.4.19/src/webcore/macros.rs:91: undefined reference to `emscripten_asm_const_int'
[INFO] [stdout]           /usr/bin/ld: /opt/rustwide/target/debug/deps/libyew-c5b4b6017cdd0993.rlib(yew-c5b4b6017cdd0993.yew.9aaf1222-cgu.6.rcgu.o): in function `yew::virtual_dom::vtag::remove_attribute::snippet::__cargo_web_snippet_f6358c198ebcc61c9da370cca2679c0b8bc81a7b':
[INFO] [stdout]           /opt/rustwide/cargo-home/registry/src/github.com-1ecc6299db9ec823/stdweb-0.4.19/src/webcore/macros.rs:91: undefined reference to `emscripten_asm_const_int'
[INFO] [stdout]           /usr/bin/ld: /opt/rustwide/target/debug/deps/libyew-c5b4b6017cdd0993.rlib(yew-c5b4b6017cdd0993.yew.9aaf1222-cgu.6.rcgu.o): in function `yew::virtual_dom::vtag::set_checked::snippet::__cargo_web_snippet_a1f43b583e011a9bbeae64030b81f677e6c29005':
[INFO] [stdout]           /opt/rustwide/cargo-home/registry/src/github.com-1ecc6299db9ec823/stdweb-0.4.19/src/webcore/macros.rs:91: undefined reference to `emscripten_asm_const_int'
[INFO] [stdout]           /usr/bin/ld: /opt/rustwide/target/debug/deps/libstdweb-7f548f0cffeeeb8b.rlib(stdweb-7f548f0cffeeeb8b.stdweb.81ad00b7-cgu.1.rcgu.o):/opt/rustwide/cargo-home/registry/src/github.com-1ecc6299db9ec823/stdweb-0.4.19/src/webcore/macros.rs:101: more undefined references to `emscripten_asm_const_int' follow
[INFO] [stdout]           /usr/bin/ld: /opt/rustwide/target/debug/deps/libstdweb-7f548f0cffeeeb8b.rlib(stdweb-7f548f0cffeeeb8b.stdweb.81ad00b7-cgu.7.rcgu.o): in function `stdweb::webcore::ffi::emscripten::event_loop':
[INFO] [stdout]           /opt/rustwide/cargo-home/registry/src/github.com-1ecc6299db9ec823/stdweb-0.4.19/src/webcore/ffi/emscripten.rs:11: undefined reference to `emscripten_pause_main_loop'
[INFO] [stdout]           /usr/bin/ld: /opt/rustwide/cargo-home/registry/src/github.com-1ecc6299db9ec823/stdweb-0.4.19/src/webcore/ffi/emscripten.rs:11: undefined reference to `emscripten_set_main_loop'
[INFO] [stdout]           /usr/bin/ld: /opt/rustwide/target/debug/deps/libstdweb-7f548f0cffeeeb8b.rlib(stdweb-7f548f0cffeeeb8b.stdweb.81ad00b7-cgu.7.rcgu.o): in function `stdweb::webcore::value::Reference::from_raw_unchecked::snippet::__cargo_web_snippet_9f22d4ca7bc938409787341b7db181f8dd41e6df':
[INFO] [stdout]           /opt/rustwide/cargo-home/registry/src/github.com-1ecc6299db9ec823/stdweb-0.4.19/src/webcore/macros.rs:32: undefined reference to `emscripten_asm_const_int'
[INFO] [stdout]           /usr/bin/ld: /opt/rustwide/target/debug/deps/libstdweb-7f548f0cffeeeb8b.rlib(stdweb-7f548f0cffeeeb8b.stdweb.81ad00b7-cgu.7.rcgu.o): in function `<stdweb::webcore::value::Reference as core::ops::drop::Drop>::drop::snippet::__cargo_web_snippet_80d6d56760c65e49b7be8b6b01c1ea861b046bf0':
[INFO] [stdout]           /opt/rustwide/cargo-home/registry/src/github.com-1ecc6299db9ec823/stdweb-0.4.19/src/webcore/macros.rs:32: undefined reference to `emscripten_asm_const_int'
[INFO] [stdout]           /usr/bin/ld: /opt/rustwide/target/debug/deps/libstdweb-7f548f0cffeeeb8b.rlib(stdweb-7f548f0cffeeeb8b.stdweb.81ad00b7-cgu.7.rcgu.o): in function `<stdweb::webcore::symbol::Symbol as core::clone::Clone>::clone::snippet::__cargo_web_snippet_0aced9e2351ced72f1ff99645a129132b16c0d3c':
[INFO] [stdout]           /opt/rustwide/cargo-home/registry/src/github.com-1ecc6299db9ec823/stdweb-0.4.19/src/webcore/macros.rs:32: undefined reference to `emscripten_asm_const_int'
[INFO] [stdout]           /usr/bin/ld: /opt/rustwide/target/debug/deps/libstdweb-7f548f0cffeeeb8b.rlib(stdweb-7f548f0cffeeeb8b.stdweb.81ad00b7-cgu.7.rcgu.o): in function `<stdweb::webcore::symbol::Symbol as core::ops::drop::Drop>::drop::snippet::__cargo_web_snippet_e9638d6405ab65f78daf4a5af9c9de14ecf1e2ec':
[INFO] [stdout]           /opt/rustwide/cargo-home/registry/src/github.com-1ecc6299db9ec823/stdweb-0.4.19/src/webcore/macros.rs:91: undefined reference to `emscripten_asm_const_int'
[INFO] [stdout]           /usr/bin/ld: /opt/rustwide/target/debug/deps/libstdweb-7f548f0cffeeeb8b.rlib(stdweb-7f548f0cffeeeb8b.stdweb.81ad00b7-cgu.7.rcgu.o): in function `stdweb::webapi::event::IEvent::stop_propagation::snippet::__cargo_web_snippet_85b9ecbdb8513465b790546acfd0cd530441b8a4':
[INFO] [stdout]           /opt/rustwide/cargo-home/registry/src/github.com-1ecc6299db9ec823/stdweb-0.4.19/src/webcore/macros.rs:91: undefined reference to `emscripten_asm_const_int'
[INFO] [stdout]           /usr/bin/ld: /opt/rustwide/target/debug/deps/libstdweb-7f548f0cffeeeb8b.rlib(stdweb-7f548f0cffeeeb8b.stdweb.81ad00b7-cgu.9.rcgu.o):/opt/rustwide/cargo-home/registry/src/github.com-1ecc6299db9ec823/stdweb-0.4.19/src/webcore/macros.rs:91: more undefined references to `emscripten_asm_const_int' follow
[INFO] [stdout]           collect2: error: ld returned 1 exit status
[INFO] [stdout]           
[INFO] [stdout]   = help: some `extern` functions couldn't be found; some native libraries may need to be installed or have their path specified
[INFO] [stdout]   = note: use the `-l` flag to specify native libraries to link
[INFO] [stdout]   = note: use the `cargo:rustc-link-lib` directive to specify the native libraries to link with Cargo (see https://doc.rust-lang.org/cargo/reference/build-scripts.html#cargorustc-link-libkindname)
[INFO] [stdout] 
[INFO] [stdout] 
[INFO] [stdout] error: aborting due to previous error
[INFO] [stdout] 
[INFO] [stdout] 
[INFO] [stderr] error: build failed
[INFO] running `Command { std: "docker" "inspect" "f531ebd6db09d2d434b1660480efc4cde672c57632aea6981d6bf0d296308b82", kill_on_drop: false }`
[INFO] running `Command { std: "docker" "rm" "-f" "f531ebd6db09d2d434b1660480efc4cde672c57632aea6981d6bf0d296308b82", kill_on_drop: false }`
[INFO] [stdout] f531ebd6db09d2d434b1660480efc4cde672c57632aea6981d6bf0d296308b82
