[INFO] cloning repository https://github.com/sam-kirby/among-us-bot
[INFO] running `Command { std: "git" "-c" "credential.helper=" "-c" "credential.helper=/workspace/cargo-home/bin/git-credential-null" "clone" "--bare" "https://github.com/sam-kirby/among-us-bot" "/workspace/cache/git-repos/https%3A%2F%2Fgithub.com%2Fsam-kirby%2Famong-us-bot", kill_on_drop: false }`
[INFO] [stderr] Cloning into bare repository '/workspace/cache/git-repos/https%3A%2F%2Fgithub.com%2Fsam-kirby%2Famong-us-bot'...
[INFO] running `Command { std: "git" "rev-parse" "HEAD", kill_on_drop: false }`
[INFO] [stdout] 8ab2eff4ea77ebc9455cba895cbff4ddadc4aaa2
[INFO] testing sam-kirby/among-us-bot against beta-2021-08-01 for beta-1.55-1
[INFO] running `Command { std: "git" "clone" "/workspace/cache/git-repos/https%3A%2F%2Fgithub.com%2Fsam-kirby%2Famong-us-bot" "/workspace/builds/worker-7/source", kill_on_drop: false }`
[INFO] [stderr] Cloning into '/workspace/builds/worker-7/source'...
[INFO] [stderr] done.
[INFO] validating manifest of git repo https://github.com/sam-kirby/among-us-bot on toolchain beta-2021-08-01
[INFO] running `Command { std: "/workspace/cargo-home/bin/cargo" "+beta-2021-08-01" "metadata" "--manifest-path" "Cargo.toml" "--no-deps", kill_on_drop: false }`
[INFO] started tweaking git repo https://github.com/sam-kirby/among-us-bot
[INFO] finished tweaking git repo https://github.com/sam-kirby/among-us-bot
[INFO] tweaked toml for git repo https://github.com/sam-kirby/among-us-bot written to /workspace/builds/worker-7/source/Cargo.toml
[INFO] crate git repo https://github.com/sam-kirby/among-us-bot already has a lockfile, it will not be regenerated
[INFO] running `Command { std: "/workspace/cargo-home/bin/cargo" "+beta-2021-08-01" "fetch" "--manifest-path" "Cargo.toml", kill_on_drop: false }`
[INFO] [stderr]     Updating git repository `https://github.com/sam-kirby/taskinator-communicator.git`
[INFO] [stderr]  Downloading crates ...
[INFO] [stderr]   Downloaded twilight-embed-builder v0.5.1
[INFO] [stderr]   Downloaded twilight-gateway-queue v0.5.0
[INFO] [stderr]   Downloaded ordered-float v2.6.0
[INFO] [stderr]   Downloaded twilight-command-parser v0.5.0
[INFO] [stderr]   Downloaded twilight-mention v0.5.1
[INFO] [stderr]   Downloaded twilight-standby v0.5.0
[INFO] [stderr]   Downloaded twilight-gateway v0.5.2
[INFO] [stderr]   Downloaded sysinfo v0.18.2
[INFO] [stderr]   Downloaded twilight-cache-inmemory v0.5.1
[INFO] [stderr]   Downloaded twilight-util v0.5.1
[INFO] [stderr]   Downloaded twilight-model v0.5.2
[INFO] [stderr]   Downloaded twilight-http v0.5.3
[INFO] running `Command { std: "docker" "create" "-v" "/var/lib/crater-agent-workspace/builds/worker-7/target:/opt/rustwide/target:rw,Z" "-v" "/var/lib/crater-agent-workspace/builds/worker-7/source:/opt/rustwide/workdir:ro,Z" "-v" "/var/lib/crater-agent-workspace/cargo-home:/opt/rustwide/cargo-home:ro,Z" "-v" "/var/lib/crater-agent-workspace/rustup-home:/opt/rustwide/rustup-home:ro,Z" "-e" "SOURCE_DIR=/opt/rustwide/workdir" "-e" "CARGO_TARGET_DIR=/opt/rustwide/target" "-e" "CARGO_HOME=/opt/rustwide/cargo-home" "-e" "RUSTUP_HOME=/opt/rustwide/rustup-home" "-w" "/opt/rustwide/workdir" "-m" "1610612736" "--user" "0:0" "--network" "none" "ghcr.io/rust-lang/crates-build-env/linux@sha256:34b6a614d2c27851fe6cbf88fbd1137609cefab8b10d0615aaeb6fd47975d74e" "/opt/rustwide/cargo-home/bin/cargo" "+beta-2021-08-01" "metadata" "--no-deps" "--format-version=1", kill_on_drop: false }`
[INFO] [stdout] df5a42bbf9c7c2f94019eccb2fb0c4e56170a8173d06a50f9b4365dbbfd4be8f
[INFO] running `Command { std: "docker" "start" "-a" "df5a42bbf9c7c2f94019eccb2fb0c4e56170a8173d06a50f9b4365dbbfd4be8f", kill_on_drop: false }`
[INFO] running `Command { std: "docker" "inspect" "df5a42bbf9c7c2f94019eccb2fb0c4e56170a8173d06a50f9b4365dbbfd4be8f", kill_on_drop: false }`
[INFO] running `Command { std: "docker" "rm" "-f" "df5a42bbf9c7c2f94019eccb2fb0c4e56170a8173d06a50f9b4365dbbfd4be8f", kill_on_drop: false }`
[INFO] [stdout] df5a42bbf9c7c2f94019eccb2fb0c4e56170a8173d06a50f9b4365dbbfd4be8f
[INFO] running `Command { std: "docker" "create" "-v" "/var/lib/crater-agent-workspace/builds/worker-7/target:/opt/rustwide/target:rw,Z" "-v" "/var/lib/crater-agent-workspace/builds/worker-7/source:/opt/rustwide/workdir:ro,Z" "-v" "/var/lib/crater-agent-workspace/cargo-home:/opt/rustwide/cargo-home:ro,Z" "-v" "/var/lib/crater-agent-workspace/rustup-home:/opt/rustwide/rustup-home:ro,Z" "-e" "SOURCE_DIR=/opt/rustwide/workdir" "-e" "CARGO_TARGET_DIR=/opt/rustwide/target" "-e" "CARGO_INCREMENTAL=0" "-e" "RUST_BACKTRACE=full" "-e" "RUSTFLAGS=--cap-lints=warn" "-e" "CARGO_HOME=/opt/rustwide/cargo-home" "-e" "RUSTUP_HOME=/opt/rustwide/rustup-home" "-w" "/opt/rustwide/workdir" "-m" "1610612736" "--user" "0:0" "--network" "none" "ghcr.io/rust-lang/crates-build-env/linux@sha256:34b6a614d2c27851fe6cbf88fbd1137609cefab8b10d0615aaeb6fd47975d74e" "/opt/rustwide/cargo-home/bin/cargo" "+beta-2021-08-01" "build" "--frozen" "--message-format=json", kill_on_drop: false }`
[INFO] [stdout] cda5880623a2facd0eb149e4be754fc7f22a620fc309dc9f982644c9ee0bb4e9
[INFO] running `Command { std: "docker" "start" "-a" "cda5880623a2facd0eb149e4be754fc7f22a620fc309dc9f982644c9ee0bb4e9", kill_on_drop: false }`
[INFO] [stderr]    Compiling syn v1.0.73
[INFO] [stderr]    Compiling pin-project-lite v0.2.7
[INFO] [stderr]    Compiling once_cell v1.8.0
[INFO] [stderr]    Compiling cc v1.0.69
[INFO] [stderr]    Compiling serde v1.0.126
[INFO] [stderr]    Compiling futures-task v0.3.15
[INFO] [stderr]    Compiling hashbrown v0.11.2
[INFO] [stderr]    Compiling serde_json v1.0.64
[INFO] [stderr]    Compiling cpufeatures v0.1.5
[INFO] [stderr]    Compiling winapi v0.3.9
[INFO] [stderr]    Compiling utf-8 v0.7.6
[INFO] [stderr]    Compiling sysinfo v0.18.2
[INFO] [stderr]    Compiling ansi_term v0.12.1
[INFO] [stderr]    Compiling twilight-util v0.5.1
[INFO] [stderr]    Compiling num-traits v0.2.14
[INFO] [stderr]    Compiling tokio v1.8.1
[INFO] [stderr]    Compiling indexmap v1.7.0
[INFO] [stderr]    Compiling tracing-core v0.1.18
[INFO] [stderr]    Compiling input_buffer v0.4.0
[INFO] [stderr]    Compiling instant v0.1.10
[INFO] [stderr]    Compiling sharded-slab v0.1.1
[INFO] [stderr]    Compiling regex-automata v0.1.10
[INFO] [stderr]    Compiling regex v1.5.4
[INFO] [stderr]    Compiling signal-hook-registry v1.4.0
[INFO] [stderr]    Compiling mio v0.7.13
[INFO] [stderr]    Compiling getrandom v0.2.3
[INFO] [stderr]    Compiling socket2 v0.4.0
[INFO] [stderr]    Compiling idna v0.2.3
[INFO] [stderr]    Compiling dashmap v4.0.2
[INFO] [stderr]    Compiling digest v0.9.0
[INFO] [stderr]    Compiling block-buffer v0.9.0
[INFO] [stderr]    Compiling crossbeam-deque v0.8.0
[INFO] [stderr]    Compiling twilight-command-parser v0.5.0
[INFO] [stderr]    Compiling http-body v0.4.2
[INFO] [stderr]    Compiling parking_lot_core v0.8.3
[INFO] [stderr]    Compiling thread_local v1.1.3
[INFO] [stderr]    Compiling sha-1 v0.9.6
[INFO] [stderr]    Compiling rayon-core v1.9.1
[INFO] [stderr]    Compiling rand_core v0.6.3
[INFO] [stderr]    Compiling tracing-log v0.1.2
[INFO] [stderr]    Compiling parking_lot v0.11.1
[INFO] [stderr]    Compiling url v2.2.2
[INFO] [stderr]    Compiling rand_chacha v0.3.1
[INFO] [stderr]    Compiling matchers v0.0.1
[INFO] [stderr]    Compiling rayon v1.5.1
[INFO] [stderr]    Compiling rand v0.8.4
[INFO] [stderr]    Compiling ring v0.16.20
[INFO] [stderr]    Compiling libz-sys v1.1.3
[INFO] [stderr]    Compiling ordered-float v2.6.0
[INFO] [stderr]    Compiling num-integer v0.1.44
[INFO] [stderr]    Compiling flate2 v1.0.20
[INFO] [stderr]    Compiling chrono v0.4.19
[INFO] [stderr]    Compiling webpki v0.21.4
[INFO] [stderr]    Compiling sct v0.6.1
[INFO] [stderr]    Compiling ct-logs v0.8.0
[INFO] [stderr]    Compiling rustls v0.19.1
[INFO] [stderr]    Compiling webpki-roots v0.21.1
[INFO] [stderr]    Compiling serde_derive v1.0.126
[INFO] [stderr]    Compiling tracing-attributes v0.1.15
[INFO] [stderr]    Compiling tokio-macros v1.3.0
[INFO] [stderr]    Compiling futures-macro v0.3.15
[INFO] [stderr]    Compiling serde_repr v0.1.7
[INFO] [stderr]    Compiling thiserror-impl v1.0.26
[INFO] [stderr]    Compiling pin-project-internal v1.0.7
[INFO] [stderr]    Compiling rustls-native-certs v0.5.0
[INFO] [stderr]    Compiling futures-util v0.3.15
[INFO] [stderr]    Compiling tracing v0.1.26
[INFO] [stderr]    Compiling thiserror v1.0.26
[INFO] [stderr]    Compiling pin-project v1.0.7
[INFO] [stderr]    Compiling tungstenite v0.13.0
[INFO] [stderr]    Compiling taskinator-communicator v0.1.6 (https://github.com/sam-kirby/taskinator-communicator.git?branch=main#12a4c79a)
[INFO] [stdout] error[E0433]: failed to resolve: could not find `shared` in `winapi`
[INFO] [stdout]  --> /opt/rustwide/cargo-home/git/checkouts/taskinator-communicator-0df82283653bbb23/12a4c79/src/game.rs:8:5
[INFO] [stdout]   |
[INFO] [stdout] 8 |     shared::minwindef::HMODULE,
[INFO] [stdout]   |     ^^^^^^ could not find `shared` in `winapi`
[INFO] [stdout] 
[INFO] [stdout] 
[INFO] [stdout] error[E0433]: failed to resolve: could not find `um` in `winapi`
[INFO] [stdout]  --> /opt/rustwide/cargo-home/git/checkouts/taskinator-communicator-0df82283653bbb23/12a4c79/src/game.rs:9:5
[INFO] [stdout]   |
[INFO] [stdout] 9 |     um::{
[INFO] [stdout]   |     ^^ could not find `um` in `winapi`
[INFO] [stdout] 
[INFO] [stdout] 
[INFO] [stdout] error[E0425]: cannot find function, tuple struct or tuple variant `OpenProcess` in this scope
[INFO] [stdout]   --> /opt/rustwide/cargo-home/git/checkouts/taskinator-communicator-0df82283653bbb23/12a4c79/src/game.rs:84:13
[INFO] [stdout]    |
[INFO] [stdout] 84 |             OpenProcess(
[INFO] [stdout]    |             ^^^^^^^^^^^ not found in this scope
[INFO] [stdout] 
[INFO] [stdout] 
[INFO] [stdout] error[E0425]: cannot find value `PROCESS_QUERY_INFORMATION` in this scope
[INFO] [stdout]   --> /opt/rustwide/cargo-home/git/checkouts/taskinator-communicator-0df82283653bbb23/12a4c79/src/game.rs:85:17
[INFO] [stdout]    |
[INFO] [stdout] 85 |                 PROCESS_QUERY_INFORMATION | PROCESS_VM_READ,
[INFO] [stdout]    |                 ^^^^^^^^^^^^^^^^^^^^^^^^^ not found in this scope
[INFO] [stdout] 
[INFO] [stdout] 
[INFO] [stdout] error[E0425]: cannot find value `PROCESS_VM_READ` in this scope
[INFO] [stdout]   --> /opt/rustwide/cargo-home/git/checkouts/taskinator-communicator-0df82283653bbb23/12a4c79/src/game.rs:85:45
[INFO] [stdout]    |
[INFO] [stdout] 85 |                 PROCESS_QUERY_INFORMATION | PROCESS_VM_READ,
[INFO] [stdout]    |                                             ^^^^^^^^^^^^^^^ not found in this scope
[INFO] [stdout] 
[INFO] [stdout] 
[INFO] [stdout] error[E0412]: cannot find type `HMODULE` in this scope
[INFO] [stdout]   --> /opt/rustwide/cargo-home/git/checkouts/taskinator-communicator-0df82283653bbb23/12a4c79/src/game.rs:91:30
[INFO] [stdout]    |
[INFO] [stdout] 78 | impl Game {
[INFO] [stdout]    |     - help: you might be missing a type parameter: `<HMODULE>`
[INFO] [stdout] ...
[INFO] [stdout] 91 |         let mut modules: Vec<HMODULE> = Vec::with_capacity(MAX_MODULE_COUNT);
[INFO] [stdout]    |                              ^^^^^^^ not found in this scope
[INFO] [stdout] 
[INFO] [stdout] 
[INFO] [stdout] error[E0425]: cannot find function, tuple struct or tuple variant `EnumProcessModulesEx` in this scope
[INFO] [stdout]   --> /opt/rustwide/cargo-home/git/checkouts/taskinator-communicator-0df82283653bbb23/12a4c79/src/game.rs:95:13
[INFO] [stdout]    |
[INFO] [stdout] 95 |             EnumProcessModulesEx(
[INFO] [stdout]    |             ^^^^^^^^^^^^^^^^^^^^ not found in this scope
[INFO] [stdout] 
[INFO] [stdout] 
[INFO] [stdout] error[E0425]: cannot find function, tuple struct or tuple variant `GetLastError` in this scope
[INFO] [stdout]    --> /opt/rustwide/cargo-home/git/checkouts/taskinator-communicator-0df82283653bbb23/12a4c79/src/game.rs:107:56
[INFO] [stdout]     |
[INFO] [stdout] 107 |             return Err(Error::EnumModuleError(unsafe { GetLastError() }).into());
[INFO] [stdout]     |                                                        ^^^^^^^^^^^^ not found in this scope
[INFO] [stdout] 
[INFO] [stdout] 
[INFO] [stdout] error[E0425]: cannot find function, tuple struct or tuple variant `GetModuleBaseNameW` in this scope
[INFO] [stdout]    --> /opt/rustwide/cargo-home/git/checkouts/taskinator-communicator-0df82283653bbb23/12a4c79/src/game.rs:114:17
[INFO] [stdout]     |
[INFO] [stdout] 114 |                 GetModuleBaseNameW(
[INFO] [stdout]     |                 ^^^^^^^^^^^^^^^^^^ not found in this scope
[INFO] [stdout] 
[INFO] [stdout] 
[INFO] [stdout] error[E0425]: cannot find function, tuple struct or tuple variant `ReadProcessMemory` in this scope
[INFO] [stdout]    --> /opt/rustwide/cargo-home/git/checkouts/taskinator-communicator-0df82283653bbb23/12a4c79/src/game.rs:185:27
[INFO] [stdout]     |
[INFO] [stdout] 185 |         let read_result = ReadProcessMemory(
[INFO] [stdout]     |                           ^^^^^^^^^^^^^^^^^ not found in this scope
[INFO] [stdout] 
[INFO] [stdout] 
[INFO] [stdout] error[E0425]: cannot find function, tuple struct or tuple variant `GetLastError` in this scope
[INFO] [stdout]    --> /opt/rustwide/cargo-home/git/checkouts/taskinator-communicator-0df82283653bbb23/12a4c79/src/game.rs:194:41
[INFO] [stdout]     |
[INFO] [stdout] 194 |             return Err(Error::ReadError(GetLastError(), count, "internal state").into());
[INFO] [stdout]     |                                         ^^^^^^^^^^^^ not found in this scope
[INFO] [stdout] 
[INFO] [stdout] 
[INFO] [stdout] error[E0425]: cannot find function, tuple struct or tuple variant `ReadProcessMemory` in this scope
[INFO] [stdout]    --> /opt/rustwide/cargo-home/git/checkouts/taskinator-communicator-0df82283653bbb23/12a4c79/src/game.rs:212:27
[INFO] [stdout]     |
[INFO] [stdout] 212 |         let read_result = ReadProcessMemory(
[INFO] [stdout]     |                           ^^^^^^^^^^^^^^^^^ not found in this scope
[INFO] [stdout] 
[INFO] [stdout] 
[INFO] [stdout] error[E0425]: cannot find function, tuple struct or tuple variant `GetLastError` in this scope
[INFO] [stdout]    --> /opt/rustwide/cargo-home/git/checkouts/taskinator-communicator-0df82283653bbb23/12a4c79/src/game.rs:221:41
[INFO] [stdout]     |
[INFO] [stdout] 221 |             return Err(Error::ReadError(GetLastError(), count, "player list size").into());
[INFO] [stdout]     |                                         ^^^^^^^^^^^^ not found in this scope
[INFO] [stdout] 
[INFO] [stdout] 
[INFO] [stdout] error[E0425]: cannot find function, tuple struct or tuple variant `ReadProcessMemory` in this scope
[INFO] [stdout]    --> /opt/rustwide/cargo-home/git/checkouts/taskinator-communicator-0df82283653bbb23/12a4c79/src/game.rs:247:27
[INFO] [stdout]     |
[INFO] [stdout] 247 |         let read_result = ReadProcessMemory(
[INFO] [stdout]     |                           ^^^^^^^^^^^^^^^^^ not found in this scope
[INFO] [stdout] 
[INFO] [stdout] 
[INFO] [stdout] error[E0425]: cannot find function, tuple struct or tuple variant `GetLastError` in this scope
[INFO] [stdout]    --> /opt/rustwide/cargo-home/git/checkouts/taskinator-communicator-0df82283653bbb23/12a4c79/src/game.rs:256:41
[INFO] [stdout]     |
[INFO] [stdout] 256 |             return Err(Error::ReadError(GetLastError(), count, "raw player").into());
[INFO] [stdout]     |                                         ^^^^^^^^^^^^ not found in this scope
[INFO] [stdout] 
[INFO] [stdout] 
[INFO] [stdout] error[E0425]: cannot find function, tuple struct or tuple variant `ReadProcessMemory` in this scope
[INFO] [stdout]    --> /opt/rustwide/cargo-home/git/checkouts/taskinator-communicator-0df82283653bbb23/12a4c79/src/game.rs:300:27
[INFO] [stdout]     |
[INFO] [stdout] 300 |         let read_result = ReadProcessMemory(
[INFO] [stdout]     |                           ^^^^^^^^^^^^^^^^^ not found in this scope
[INFO] [stdout] 
[INFO] [stdout] 
[INFO] [stdout] error[E0425]: cannot find function, tuple struct or tuple variant `GetLastError` in this scope
[INFO] [stdout]    --> /opt/rustwide/cargo-home/git/checkouts/taskinator-communicator-0df82283653bbb23/12a4c79/src/game.rs:309:41
[INFO] [stdout]     |
[INFO] [stdout] 309 |             return Err(Error::ReadError(GetLastError(), count, "task overview").into());
[INFO] [stdout]     |                                         ^^^^^^^^^^^^ not found in this scope
[INFO] [stdout] 
[INFO] [stdout] 
[INFO] [stdout] error[E0425]: cannot find function, tuple struct or tuple variant `ReadProcessMemory` in this scope
[INFO] [stdout]    --> /opt/rustwide/cargo-home/git/checkouts/taskinator-communicator-0df82283653bbb23/12a4c79/src/game.rs:321:27
[INFO] [stdout]     |
[INFO] [stdout] 321 |         let read_result = ReadProcessMemory(
[INFO] [stdout]     |                           ^^^^^^^^^^^^^^^^^ not found in this scope
[INFO] [stdout] 
[INFO] [stdout] 
[INFO] [stdout] error[E0425]: cannot find function, tuple struct or tuple variant `GetLastError` in this scope
[INFO] [stdout]    --> /opt/rustwide/cargo-home/git/checkouts/taskinator-communicator-0df82283653bbb23/12a4c79/src/game.rs:330:41
[INFO] [stdout]     |
[INFO] [stdout] 330 |             return Err(Error::ReadError(GetLastError(), count, "meeting state").into());
[INFO] [stdout]     |                                         ^^^^^^^^^^^^ not found in this scope
[INFO] [stdout] 
[INFO] [stdout] 
[INFO] [stdout] error[E0425]: cannot find function, tuple struct or tuple variant `ReadProcessMemory` in this scope
[INFO] [stdout]    --> /opt/rustwide/cargo-home/git/checkouts/taskinator-communicator-0df82283653bbb23/12a4c79/src/game.rs:348:27
[INFO] [stdout]     |
[INFO] [stdout] 348 |         let read_result = ReadProcessMemory(
[INFO] [stdout]     |                           ^^^^^^^^^^^^^^^^^ not found in this scope
[INFO] [stdout] 
[INFO] [stdout] 
[INFO] [stdout] error[E0425]: cannot find function, tuple struct or tuple variant `GetLastError` in this scope
[INFO] [stdout]    --> /opt/rustwide/cargo-home/git/checkouts/taskinator-communicator-0df82283653bbb23/12a4c79/src/game.rs:357:41
[INFO] [stdout]     |
[INFO] [stdout] 357 |             return Err(Error::ReadError(GetLastError(), count, "pointer").into());
[INFO] [stdout]     |                                         ^^^^^^^^^^^^ not found in this scope
[INFO] [stdout] 
[INFO] [stdout] 
[INFO] [stdout] error[E0425]: cannot find function, tuple struct or tuple variant `ReadProcessMemory` in this scope
[INFO] [stdout]    --> /opt/rustwide/cargo-home/git/checkouts/taskinator-communicator-0df82283653bbb23/12a4c79/src/game.rs:368:27
[INFO] [stdout]     |
[INFO] [stdout] 368 |         let read_result = ReadProcessMemory(
[INFO] [stdout]     |                           ^^^^^^^^^^^^^^^^^ not found in this scope
[INFO] [stdout] 
[INFO] [stdout] 
[INFO] [stdout] error[E0425]: cannot find function, tuple struct or tuple variant `GetLastError` in this scope
[INFO] [stdout]    --> /opt/rustwide/cargo-home/git/checkouts/taskinator-communicator-0df82283653bbb23/12a4c79/src/game.rs:377:41
[INFO] [stdout]     |
[INFO] [stdout] 377 |             return Err(Error::ReadError(GetLastError(), count, "string").into());
[INFO] [stdout]     |                                         ^^^^^^^^^^^^ not found in this scope
[INFO] [stdout] 
[INFO] [stdout] 
[INFO] [stdout] error: aborting due to 23 previous errors
[INFO] [stdout] 
[INFO] [stdout] 
[INFO] [stdout] Some errors have detailed explanations: E0412, E0425, E0433.
[INFO] [stdout] 
[INFO] [stdout] For more information about an error, try `rustc --explain E0412`.
[INFO] [stdout] 
[INFO] [stderr] error: could not compile `taskinator-communicator` due to 24 previous errors
[INFO] [stderr] warning: build failed, waiting for other jobs to finish...
[INFO] [stderr] error: build failed
[INFO] running `Command { std: "docker" "inspect" "cda5880623a2facd0eb149e4be754fc7f22a620fc309dc9f982644c9ee0bb4e9", kill_on_drop: false }`
[INFO] running `Command { std: "docker" "rm" "-f" "cda5880623a2facd0eb149e4be754fc7f22a620fc309dc9f982644c9ee0bb4e9", kill_on_drop: false }`
[INFO] [stdout] cda5880623a2facd0eb149e4be754fc7f22a620fc309dc9f982644c9ee0bb4e9
