[INFO] cloning repository https://github.com/sacooper/GeneticAlgorithms-Rust
[INFO] running `Command { std: "git" "-c" "credential.helper=" "-c" "credential.helper=/workspace/cargo-home/bin/git-credential-null" "clone" "--bare" "https://github.com/sacooper/GeneticAlgorithms-Rust" "/workspace/cache/git-repos/https%3A%2F%2Fgithub.com%2Fsacooper%2FGeneticAlgorithms-Rust", kill_on_drop: false }`
[INFO] [stderr] Cloning into bare repository '/workspace/cache/git-repos/https%3A%2F%2Fgithub.com%2Fsacooper%2FGeneticAlgorithms-Rust'...
[INFO] running `Command { std: "git" "rev-parse" "HEAD", kill_on_drop: false }`
[INFO] [stdout] e3f1bea271ed5efeadffaccb61f5f113a6bf5e60
[INFO] testing sacooper/GeneticAlgorithms-Rust against 1.54.0 for beta-1.55-1
[INFO] running `Command { std: "git" "clone" "/workspace/cache/git-repos/https%3A%2F%2Fgithub.com%2Fsacooper%2FGeneticAlgorithms-Rust" "/workspace/builds/worker-14/source", kill_on_drop: false }`
[INFO] [stderr] Cloning into '/workspace/builds/worker-14/source'...
[INFO] [stderr] done.
[INFO] validating manifest of git repo https://github.com/sacooper/GeneticAlgorithms-Rust on toolchain 1.54.0
[INFO] running `Command { std: "/workspace/cargo-home/bin/cargo" "+1.54.0" "metadata" "--manifest-path" "Cargo.toml" "--no-deps", kill_on_drop: false }`
[INFO] started tweaking git repo https://github.com/sacooper/GeneticAlgorithms-Rust
[INFO] finished tweaking git repo https://github.com/sacooper/GeneticAlgorithms-Rust
[INFO] tweaked toml for git repo https://github.com/sacooper/GeneticAlgorithms-Rust written to /workspace/builds/worker-14/source/Cargo.toml
[INFO] crate git repo https://github.com/sacooper/GeneticAlgorithms-Rust already has a lockfile, it will not be regenerated
[INFO] running `Command { std: "/workspace/cargo-home/bin/cargo" "+1.54.0" "fetch" "--manifest-path" "Cargo.toml", kill_on_drop: false }`
[INFO] [stderr]     Blocking waiting for file lock on package cache
[INFO] running `Command { std: "docker" "create" "-v" "/var/lib/crater-agent-workspace/builds/worker-14/target:/opt/rustwide/target:rw,Z" "-v" "/var/lib/crater-agent-workspace/builds/worker-14/source:/opt/rustwide/workdir:ro,Z" "-v" "/var/lib/crater-agent-workspace/cargo-home:/opt/rustwide/cargo-home:ro,Z" "-v" "/var/lib/crater-agent-workspace/rustup-home:/opt/rustwide/rustup-home:ro,Z" "-e" "SOURCE_DIR=/opt/rustwide/workdir" "-e" "CARGO_TARGET_DIR=/opt/rustwide/target" "-e" "CARGO_HOME=/opt/rustwide/cargo-home" "-e" "RUSTUP_HOME=/opt/rustwide/rustup-home" "-w" "/opt/rustwide/workdir" "-m" "1610612736" "--user" "0:0" "--network" "none" "ghcr.io/rust-lang/crates-build-env/linux@sha256:34b6a614d2c27851fe6cbf88fbd1137609cefab8b10d0615aaeb6fd47975d74e" "/opt/rustwide/cargo-home/bin/cargo" "+1.54.0" "metadata" "--no-deps" "--format-version=1", kill_on_drop: false }`
[INFO] [stdout] 3d9113c19d17e06b988c3d377bdc719a1c3ed5af561df4c30dd4f3dd3884b21f
[INFO] running `Command { std: "docker" "start" "-a" "3d9113c19d17e06b988c3d377bdc719a1c3ed5af561df4c30dd4f3dd3884b21f", kill_on_drop: false }`
[INFO] running `Command { std: "docker" "inspect" "3d9113c19d17e06b988c3d377bdc719a1c3ed5af561df4c30dd4f3dd3884b21f", kill_on_drop: false }`
[INFO] running `Command { std: "docker" "rm" "-f" "3d9113c19d17e06b988c3d377bdc719a1c3ed5af561df4c30dd4f3dd3884b21f", kill_on_drop: false }`
[INFO] [stdout] 3d9113c19d17e06b988c3d377bdc719a1c3ed5af561df4c30dd4f3dd3884b21f
[INFO] running `Command { std: "docker" "create" "-v" "/var/lib/crater-agent-workspace/builds/worker-14/target:/opt/rustwide/target:rw,Z" "-v" "/var/lib/crater-agent-workspace/builds/worker-14/source:/opt/rustwide/workdir:ro,Z" "-v" "/var/lib/crater-agent-workspace/cargo-home:/opt/rustwide/cargo-home:ro,Z" "-v" "/var/lib/crater-agent-workspace/rustup-home:/opt/rustwide/rustup-home:ro,Z" "-e" "SOURCE_DIR=/opt/rustwide/workdir" "-e" "CARGO_TARGET_DIR=/opt/rustwide/target" "-e" "CARGO_INCREMENTAL=0" "-e" "RUST_BACKTRACE=full" "-e" "RUSTFLAGS=--cap-lints=warn" "-e" "CARGO_HOME=/opt/rustwide/cargo-home" "-e" "RUSTUP_HOME=/opt/rustwide/rustup-home" "-w" "/opt/rustwide/workdir" "-m" "1610612736" "--user" "0:0" "--network" "none" "ghcr.io/rust-lang/crates-build-env/linux@sha256:34b6a614d2c27851fe6cbf88fbd1137609cefab8b10d0615aaeb6fd47975d74e" "/opt/rustwide/cargo-home/bin/cargo" "+1.54.0" "build" "--frozen" "--message-format=json", kill_on_drop: false }`
[INFO] [stdout] bd3719dc88ecc5a9e37e5ec5a027d4faa5e5d66530359d0015b789ecd205e37f
[INFO] running `Command { std: "docker" "start" "-a" "bd3719dc88ecc5a9e37e5ec5a027d4faa5e5d66530359d0015b789ecd205e37f", kill_on_drop: false }`
[INFO] [stderr]    Compiling parallel v0.0.0 (https://github.com/japaric/parallel.rs#ad3e60d5)
[INFO] [stdout] error[E0432]: unresolved import `std::thread::JoinGuard`
[INFO] [stdout]   --> /opt/rustwide/cargo-home/git/checkouts/parallel.rs-8c5334aac900dd4d/ad3e60d/src/lib.rs:29:19
[INFO] [stdout]    |
[INFO] [stdout] 29 | use std::thread::{JoinGuard, Thread};
[INFO] [stdout]    |                   ^^^^^^^^^ no `JoinGuard` in `thread`
[INFO] [stdout] 
[INFO] [stdout] 
[INFO] [stdout] error[E0412]: cannot find type `Slice` in module `raw`
[INFO] [stdout]   --> /opt/rustwide/cargo-home/git/checkouts/parallel.rs-8c5334aac900dd4d/ad3e60d/src/divide.rs:53:70
[INFO] [stdout]    |
[INFO] [stdout] 53 |     let raw::Slice { data, len } = unsafe { mem::transmute::<_, raw::Slice<T>>(data) };
[INFO] [stdout]    |                                                                      ^^^^^ not found in `raw`
[INFO] [stdout] 
[INFO] [stdout] 
[INFO] [stdout] error[E0422]: cannot find struct, variant or union type `Slice` in module `raw`
[INFO] [stdout]   --> /opt/rustwide/cargo-home/git/checkouts/parallel.rs-8c5334aac900dd4d/ad3e60d/src/divide.rs:53:14
[INFO] [stdout]    |
[INFO] [stdout] 53 |     let raw::Slice { data, len } = unsafe { mem::transmute::<_, raw::Slice<T>>(data) };
[INFO] [stdout]    |              ^^^^^ not found in `raw`
[INFO] [stdout] 
[INFO] [stdout] 
[INFO] [stdout] error[E0425]: cannot find function `range_step` in module `iter`
[INFO] [stdout]   --> /opt/rustwide/cargo-home/git/checkouts/parallel.rs-8c5334aac900dd4d/ad3e60d/src/divide.rs:57:25
[INFO] [stdout]    |
[INFO] [stdout] 57 |     let threads = iter::range_step(0, len, granularity).map(|offset| {
[INFO] [stdout]    |                         ^^^^^^^^^^ not found in `iter`
[INFO] [stdout] 
[INFO] [stdout] 
[INFO] [stdout] error[E0422]: cannot find struct, variant or union type `Slice` in module `raw`
[INFO] [stdout]   --> /opt/rustwide/cargo-home/git/checkouts/parallel.rs-8c5334aac900dd4d/ad3e60d/src/divide.rs:60:30
[INFO] [stdout]    |
[INFO] [stdout] 60 |             let slice = raw::Slice {
[INFO] [stdout]    |                              ^^^^^ not found in `raw`
[INFO] [stdout] 
[INFO] [stdout] 
[INFO] [stdout] error[E0554]: `#![feature]` may not be used on the stable release channel
[INFO] [stdout]   --> /opt/rustwide/cargo-home/git/checkouts/parallel.rs-8c5334aac900dd4d/ad3e60d/src/lib.rs:20:1
[INFO] [stdout]    |
[INFO] [stdout] 20 | #![feature(plugin)]
[INFO] [stdout]    | ^^^^^^^^^^^^^^^^^^^
[INFO] [stdout] 
[INFO] [stdout] 
[INFO] [stdout] error[E0658]: use of unstable library feature 'raw'
[INFO] [stdout]  --> /opt/rustwide/cargo-home/git/checkouts/parallel.rs-8c5334aac900dd4d/ad3e60d/src/divide.rs:2:27
[INFO] [stdout]   |
[INFO] [stdout] 2 | use std::{cmp, iter, mem, raw};
[INFO] [stdout]   |                           ^^^
[INFO] [stdout]   |
[INFO] [stdout]   = note: see issue #27751 <https://github.com/rust-lang/rust/issues/27751> for more information
[INFO] [stdout] 
[INFO] [stdout] 
[INFO] [stdout] error[E0277]: the trait bound `RawPtr<T>: Clone` is not satisfied
[INFO] [stdout]    --> /opt/rustwide/cargo-home/git/checkouts/parallel.rs-8c5334aac900dd4d/ad3e60d/src/divide.rs:7:9
[INFO] [stdout]     |
[INFO] [stdout] 7   | impl<T> Copy for RawPtr<T> {}
[INFO] [stdout]     |         ^^^^ the trait `Clone` is not implemented for `RawPtr<T>`
[INFO] [stdout] 
[INFO] [stdout] 
[INFO] [stdout] error: aborting due to 8 previous errors
[INFO] [stdout] 
[INFO] [stdout] 
[INFO] [stdout] Some errors have detailed explanations: E0277, E0412, E0422, E0425, E0432, E0554, E0658.
[INFO] [stdout] 
[INFO] [stdout] For more information about an error, try `rustc --explain E0277`.
[INFO] [stdout] 
[INFO] [stderr] error: could not compile `parallel`
[INFO] [stderr] 
[INFO] [stderr] To learn more, run the command again with --verbose.
[INFO] running `Command { std: "docker" "inspect" "bd3719dc88ecc5a9e37e5ec5a027d4faa5e5d66530359d0015b789ecd205e37f", kill_on_drop: false }`
[INFO] running `Command { std: "docker" "rm" "-f" "bd3719dc88ecc5a9e37e5ec5a027d4faa5e5d66530359d0015b789ecd205e37f", kill_on_drop: false }`
[INFO] [stdout] bd3719dc88ecc5a9e37e5ec5a027d4faa5e5d66530359d0015b789ecd205e37f
