[INFO] cloning repository https://github.com/rustkas/programmistov_rust_1_26
[INFO] running `Command { std: "git" "-c" "credential.helper=" "-c" "credential.helper=/workspace/cargo-home/bin/git-credential-null" "clone" "--bare" "https://github.com/rustkas/programmistov_rust_1_26" "/workspace/cache/git-repos/https%3A%2F%2Fgithub.com%2Frustkas%2Fprogrammistov_rust_1_26", kill_on_drop: false }`
[INFO] [stderr] Cloning into bare repository '/workspace/cache/git-repos/https%3A%2F%2Fgithub.com%2Frustkas%2Fprogrammistov_rust_1_26'...
[INFO] running `Command { std: "git" "rev-parse" "HEAD", kill_on_drop: false }`
[INFO] [stdout] b279716b8a3aff088a047a8fc0673d4b0af6930a
[INFO] testing rustkas/programmistov_rust_1_26 against 1.54.0 for beta-1.55-1
[INFO] running `Command { std: "git" "clone" "/workspace/cache/git-repos/https%3A%2F%2Fgithub.com%2Frustkas%2Fprogrammistov_rust_1_26" "/workspace/builds/worker-8/source", kill_on_drop: false }`
[INFO] [stderr] Cloning into '/workspace/builds/worker-8/source'...
[INFO] [stderr] done.
[INFO] validating manifest of git repo https://github.com/rustkas/programmistov_rust_1_26 on toolchain 1.54.0
[INFO] running `Command { std: "/workspace/cargo-home/bin/cargo" "+1.54.0" "metadata" "--manifest-path" "Cargo.toml" "--no-deps", kill_on_drop: false }`
[INFO] started tweaking git repo https://github.com/rustkas/programmistov_rust_1_26
[INFO] finished tweaking git repo https://github.com/rustkas/programmistov_rust_1_26
[INFO] tweaked toml for git repo https://github.com/rustkas/programmistov_rust_1_26 written to /workspace/builds/worker-8/source/Cargo.toml
[INFO] crate git repo https://github.com/rustkas/programmistov_rust_1_26 already has a lockfile, it will not be regenerated
[INFO] running `Command { std: "/workspace/cargo-home/bin/cargo" "+1.54.0" "fetch" "--manifest-path" "Cargo.toml", kill_on_drop: false }`
[INFO] [stderr]     Blocking waiting for file lock on package cache
[INFO] running `Command { std: "docker" "create" "-v" "/var/lib/crater-agent-workspace/builds/worker-8/target:/opt/rustwide/target:rw,Z" "-v" "/var/lib/crater-agent-workspace/builds/worker-8/source:/opt/rustwide/workdir:ro,Z" "-v" "/var/lib/crater-agent-workspace/cargo-home:/opt/rustwide/cargo-home:ro,Z" "-v" "/var/lib/crater-agent-workspace/rustup-home:/opt/rustwide/rustup-home:ro,Z" "-e" "SOURCE_DIR=/opt/rustwide/workdir" "-e" "CARGO_TARGET_DIR=/opt/rustwide/target" "-e" "CARGO_HOME=/opt/rustwide/cargo-home" "-e" "RUSTUP_HOME=/opt/rustwide/rustup-home" "-w" "/opt/rustwide/workdir" "-m" "1610612736" "--user" "0:0" "--network" "none" "ghcr.io/rust-lang/crates-build-env/linux@sha256:34b6a614d2c27851fe6cbf88fbd1137609cefab8b10d0615aaeb6fd47975d74e" "/opt/rustwide/cargo-home/bin/cargo" "+1.54.0" "metadata" "--no-deps" "--format-version=1", kill_on_drop: false }`
[INFO] [stdout] 3f70becb8c580613f09ddd74360b64c6cf5d4ee1fd1b804fdcd9caf1cdb99ac6
[INFO] running `Command { std: "docker" "start" "-a" "3f70becb8c580613f09ddd74360b64c6cf5d4ee1fd1b804fdcd9caf1cdb99ac6", kill_on_drop: false }`
[INFO] running `Command { std: "docker" "inspect" "3f70becb8c580613f09ddd74360b64c6cf5d4ee1fd1b804fdcd9caf1cdb99ac6", kill_on_drop: false }`
[INFO] running `Command { std: "docker" "rm" "-f" "3f70becb8c580613f09ddd74360b64c6cf5d4ee1fd1b804fdcd9caf1cdb99ac6", kill_on_drop: false }`
[INFO] [stdout] 3f70becb8c580613f09ddd74360b64c6cf5d4ee1fd1b804fdcd9caf1cdb99ac6
[INFO] running `Command { std: "docker" "create" "-v" "/var/lib/crater-agent-workspace/builds/worker-8/target:/opt/rustwide/target:rw,Z" "-v" "/var/lib/crater-agent-workspace/builds/worker-8/source:/opt/rustwide/workdir:ro,Z" "-v" "/var/lib/crater-agent-workspace/cargo-home:/opt/rustwide/cargo-home:ro,Z" "-v" "/var/lib/crater-agent-workspace/rustup-home:/opt/rustwide/rustup-home:ro,Z" "-e" "SOURCE_DIR=/opt/rustwide/workdir" "-e" "CARGO_TARGET_DIR=/opt/rustwide/target" "-e" "CARGO_INCREMENTAL=0" "-e" "RUST_BACKTRACE=full" "-e" "RUSTFLAGS=--cap-lints=warn" "-e" "CARGO_HOME=/opt/rustwide/cargo-home" "-e" "RUSTUP_HOME=/opt/rustwide/rustup-home" "-w" "/opt/rustwide/workdir" "-m" "1610612736" "--user" "0:0" "--network" "none" "ghcr.io/rust-lang/crates-build-env/linux@sha256:34b6a614d2c27851fe6cbf88fbd1137609cefab8b10d0615aaeb6fd47975d74e" "/opt/rustwide/cargo-home/bin/cargo" "+1.54.0" "build" "--frozen" "--message-format=json", kill_on_drop: false }`
[INFO] [stdout] f982106039209306bdb6209af13780c8e1258d1497e121f3ba01cf6562d7f955
[INFO] running `Command { std: "docker" "start" "-a" "f982106039209306bdb6209af13780c8e1258d1497e121f3ba01cf6562d7f955", kill_on_drop: false }`
[INFO] [stderr]     Blocking waiting for file lock on package cache
[INFO] [stderr]    Compiling impl_trait v0.1.0 (/opt/rustwide/workdir/impl_trait)
[INFO] [stderr]     Finished dev [unoptimized + debuginfo] target(s) in 0.84s
[INFO] running `Command { std: "docker" "inspect" "f982106039209306bdb6209af13780c8e1258d1497e121f3ba01cf6562d7f955", kill_on_drop: false }`
[INFO] running `Command { std: "docker" "rm" "-f" "f982106039209306bdb6209af13780c8e1258d1497e121f3ba01cf6562d7f955", kill_on_drop: false }`
[INFO] [stdout] f982106039209306bdb6209af13780c8e1258d1497e121f3ba01cf6562d7f955
[INFO] running `Command { std: "docker" "create" "-v" "/var/lib/crater-agent-workspace/builds/worker-8/target:/opt/rustwide/target:rw,Z" "-v" "/var/lib/crater-agent-workspace/builds/worker-8/source:/opt/rustwide/workdir:ro,Z" "-v" "/var/lib/crater-agent-workspace/cargo-home:/opt/rustwide/cargo-home:ro,Z" "-v" "/var/lib/crater-agent-workspace/rustup-home:/opt/rustwide/rustup-home:ro,Z" "-e" "SOURCE_DIR=/opt/rustwide/workdir" "-e" "CARGO_TARGET_DIR=/opt/rustwide/target" "-e" "CARGO_INCREMENTAL=0" "-e" "RUST_BACKTRACE=full" "-e" "RUSTFLAGS=--cap-lints=warn" "-e" "CARGO_HOME=/opt/rustwide/cargo-home" "-e" "RUSTUP_HOME=/opt/rustwide/rustup-home" "-w" "/opt/rustwide/workdir" "-m" "1610612736" "--user" "0:0" "--network" "none" "ghcr.io/rust-lang/crates-build-env/linux@sha256:34b6a614d2c27851fe6cbf88fbd1137609cefab8b10d0615aaeb6fd47975d74e" "/opt/rustwide/cargo-home/bin/cargo" "+1.54.0" "test" "--frozen" "--no-run" "--message-format=json", kill_on_drop: false }`
[INFO] [stdout] 6188faad6581556b4db07a99c985a6d8d1385b00e0d1775b81268f8f803aa550
[INFO] running `Command { std: "docker" "start" "-a" "6188faad6581556b4db07a99c985a6d8d1385b00e0d1775b81268f8f803aa550", kill_on_drop: false }`
[INFO] [stderr]    Compiling impl_trait v0.1.0 (/opt/rustwide/workdir/impl_trait)
[INFO] [stdout] error[E0554]: `#![feature]` may not be used on the stable release channel
[INFO] [stdout]  --> impl_trait/tests/fn_argument.rs:1:1
[INFO] [stdout]   |
[INFO] [stdout] 1 | #![feature(impl_trait_in_bindings)]
[INFO] [stdout]   | ^^^^^^^^^^^^^^^^^^^^^^^^^^^^^^^^^^^
[INFO] [stdout] 
[INFO] [stdout] 
[INFO] [stdout] warning: the feature `impl_trait_in_bindings` is incomplete and may not be safe to use and/or cause compiler crashes
[INFO] [stdout]  --> impl_trait/tests/fn_argument.rs:1:12
[INFO] [stdout]   |
[INFO] [stdout] 1 | #![feature(impl_trait_in_bindings)]
[INFO] [stdout]   |            ^^^^^^^^^^^^^^^^^^^^^^
[INFO] [stdout]   |
[INFO] [stdout]   = note: `#[warn(incomplete_features)]` on by default
[INFO] [stdout]   = note: see issue #63065 <https://github.com/rust-lang/rust/issues/63065> for more information
[INFO] [stdout] 
[INFO] [stdout] 
[INFO] [stdout] warning: unused variable: `f`
[INFO] [stdout]   --> impl_trait/tests/main_enhancements1.rs:43:13
[INFO] [stdout]    |
[INFO] [stdout] 43 |         let f = File::open("bar.txt")?;
[INFO] [stdout]    |             ^ help: if this is intentional, prefix it with an underscore: `_f`
[INFO] [stdout]    |
[INFO] [stdout]    = note: `#[warn(unused_variables)]` on by default
[INFO] [stdout] 
[INFO] [stdout] 
[INFO] [stdout] warning: function is never used: `main`
[INFO] [stdout]   --> impl_trait/tests/main_enhancements1.rs:42:8
[INFO] [stdout]    |
[INFO] [stdout] 42 |     fn main() -> Result<(), std::io::Error> {
[INFO] [stdout]    |        ^^^^
[INFO] [stdout]    |
[INFO] [stdout]    = note: `#[warn(dead_code)]` on by default
[INFO] [stdout] 
[INFO] [stdout] 
[INFO] [stdout] error[E0554]: `#![feature]` may not be used on the stable release channel
[INFO] [stdout]  --> impl_trait/tests/closure1.rs:1:1
[INFO] [stdout]   |
[INFO] [stdout] 1 | #![feature(impl_trait_in_bindings)]
[INFO] [stdout]   | ^^^^^^^^^^^^^^^^^^^^^^^^^^^^^^^^^^^
[INFO] [stdout] 
[INFO] [stdout] 
[INFO] [stdout] warning: the feature `impl_trait_in_bindings` is incomplete and may not be safe to use and/or cause compiler crashes
[INFO] [stdout]  --> impl_trait/tests/closure1.rs:1:12
[INFO] [stdout]   |
[INFO] [stdout] 1 | #![feature(impl_trait_in_bindings)]
[INFO] [stdout]   |            ^^^^^^^^^^^^^^^^^^^^^^
[INFO] [stdout]   |
[INFO] [stdout]   = note: `#[warn(incomplete_features)]` on by default
[INFO] [stdout]   = note: see issue #63065 <https://github.com/rust-lang/rust/issues/63065> for more information
[INFO] [stdout] 
[INFO] [stdout] 
[INFO] [stdout] warning: trait objects without an explicit `dyn` are deprecated
[INFO] [stdout]   --> impl_trait/tests/closure1.rs:10:21
[INFO] [stdout]    |
[INFO] [stdout] 10 |     fn foo() -> Box<Fn(i32) -> i32> {
[INFO] [stdout]    |                     ^^^^^^^^^^^^^^ help: use `dyn`: `dyn Fn(i32) -> i32`
[INFO] [stdout]    |
[INFO] [stdout]    = note: `#[warn(bare_trait_objects)]` on by default
[INFO] [stdout]    = warning: this was previously accepted by the compiler but is being phased out; it will become a hard error in the 2021 edition!
[INFO] [stdout]    = note: for more information, see issue #80165 <https://github.com/rust-lang/rust/issues/80165>
[INFO] [stdout] 
[INFO] [stdout] 
[INFO] [stdout] error[E0554]: `#![feature]` may not be used on the stable release channel
[INFO] [stdout]  --> impl_trait/tests/example2.rs:1:1
[INFO] [stdout]   |
[INFO] [stdout] 1 | #![feature(impl_trait_in_bindings)]
[INFO] [stdout]   | ^^^^^^^^^^^^^^^^^^^^^^^^^^^^^^^^^^^
[INFO] [stdout] 
[INFO] [stdout] 
[INFO] [stdout] warning: the feature `impl_trait_in_bindings` is incomplete and may not be safe to use and/or cause compiler crashes
[INFO] [stdout]  --> impl_trait/tests/example2.rs:1:12
[INFO] [stdout]   |
[INFO] [stdout] 1 | #![feature(impl_trait_in_bindings)]
[INFO] [stdout]   |            ^^^^^^^^^^^^^^^^^^^^^^
[INFO] [stdout]   |
[INFO] [stdout]   = note: `#[warn(incomplete_features)]` on by default
[INFO] [stdout]   = note: see issue #63065 <https://github.com/rust-lang/rust/issues/63065> for more information
[INFO] [stdout] 
[INFO] [stdout] 
[INFO] [stdout] warning: trait objects without an explicit `dyn` are deprecated
[INFO] [stdout]   --> impl_trait/tests/example2.rs:26:21
[INFO] [stdout]    |
[INFO] [stdout] 26 |     fn foo() -> Box<Trait> {
[INFO] [stdout]    |                     ^^^^^ help: use `dyn`: `dyn Trait`
[INFO] [stdout]    |
[INFO] [stdout]    = note: `#[warn(bare_trait_objects)]` on by default
[INFO] [stdout]    = warning: this was previously accepted by the compiler but is being phased out; it will become a hard error in the 2021 edition!
[INFO] [stdout]    = note: for more information, see issue #80165 <https://github.com/rust-lang/rust/issues/80165>
[INFO] [stdout] 
[INFO] [stdout] 
[INFO] [stdout] warning: trait objects without an explicit `dyn` are deprecated
[INFO] [stdout]   --> impl_trait/tests/example2.rs:27:28
[INFO] [stdout]    |
[INFO] [stdout] 27 |         Box::new(5) as Box<Trait>
[INFO] [stdout]    |                            ^^^^^ help: use `dyn`: `dyn Trait`
[INFO] [stdout]    |
[INFO] [stdout]    = warning: this was previously accepted by the compiler but is being phased out; it will become a hard error in the 2021 edition!
[INFO] [stdout]    = note: for more information, see issue #80165 <https://github.com/rust-lang/rust/issues/80165>
[INFO] [stdout] 
[INFO] [stdout] 
[INFO] [stdout] error[E0554]: `#![feature]` may not be used on the stable release channel
[INFO] [stdout]  --> impl_trait/tests/example1.rs:1:1
[INFO] [stdout]   |
[INFO] [stdout] 1 | #![feature(impl_trait_in_bindings)]
[INFO] [stdout]   | ^^^^^^^^^^^^^^^^^^^^^^^^^^^^^^^^^^^
[INFO] [stdout] 
[INFO] [stdout] 
[INFO] [stdout] warning: the feature `impl_trait_in_bindings` is incomplete and may not be safe to use and/or cause compiler crashes
[INFO] [stdout]  --> impl_trait/tests/example1.rs:1:12
[INFO] [stdout]   |
[INFO] [stdout] 1 | #![feature(impl_trait_in_bindings)]
[INFO] [stdout]   |            ^^^^^^^^^^^^^^^^^^^^^^
[INFO] [stdout]   |
[INFO] [stdout]   = note: `#[warn(incomplete_features)]` on by default
[INFO] [stdout]   = note: see issue #63065 <https://github.com/rust-lang/rust/issues/63065> for more information
[INFO] [stdout] 
[INFO] [stdout] 
[INFO] [stdout] error: aborting due to previous error; 2 warnings emitted
[INFO] [stdout] 
[INFO] [stdout] 
[INFO] [stdout] error[E0554]: `#![feature]` may not be used on the stable release channel
[INFO] [stdout]  --> impl_trait/tests/iterator1.rs:1:1
[INFO] [stdout]   |
[INFO] [stdout] 1 | #![feature(impl_trait_in_bindings)]
[INFO] [stdout]   | ^^^^^^^^^^^^^^^^^^^^^^^^^^^^^^^^^^^
[INFO] [stdout] 
[INFO] [stdout] 
[INFO] [stdout] For more information about this error, try `rustc --explain E0554`.
[INFO] [stdout] 
[INFO] [stdout] error[E0554]: `#![feature]` may not be used on the stable release channel
[INFO] [stdout]  --> impl_trait/tests/iterator1.rs:2:1
[INFO] [stdout]   |
[INFO] [stdout] 2 | #![feature(core_intrinsics)]
[INFO] [stdout]   | ^^^^^^^^^^^^^^^^^^^^^^^^^^^^
[INFO] [stdout] 
[INFO] [stdout] 
[INFO] [stdout] warning: the feature `impl_trait_in_bindings` is incomplete and may not be safe to use and/or cause compiler crashes
[INFO] [stdout]  --> impl_trait/tests/iterator1.rs:1:12
[INFO] [stdout]   |
[INFO] [stdout] 1 | #![feature(impl_trait_in_bindings)]
[INFO] [stdout]   |            ^^^^^^^^^^^^^^^^^^^^^^
[INFO] [stdout]   |
[INFO] [stdout]   = note: `#[warn(incomplete_features)]` on by default
[INFO] [stdout]   = note: see issue #63065 <https://github.com/rust-lang/rust/issues/63065> for more information
[INFO] [stdout] 
[INFO] [stdout] 
[INFO] [stdout] warning: trait objects without an explicit `dyn` are deprecated
[INFO] [stdout]   --> impl_trait/tests/iterator1.rs:55:27
[INFO] [stdout]    |
[INFO] [stdout] 55 |     fn foo(x: i32) -> Box<Iterator<Item = u8>> {
[INFO] [stdout]    |                           ^^^^^^^^^^^^^^^^^^^ help: use `dyn`: `dyn Iterator<Item = u8>`
[INFO] [stdout]    |
[INFO] [stdout]    = note: `#[warn(bare_trait_objects)]` on by default
[INFO] [stdout]    = warning: this was previously accepted by the compiler but is being phased out; it will become a hard error in the 2021 edition!
[INFO] [stdout]    = note: for more information, see issue #80165 <https://github.com/rust-lang/rust/issues/80165>
[INFO] [stdout] 
[INFO] [stdout] 
[INFO] [stdout] warning: trait objects without an explicit `dyn` are deprecated
[INFO] [stdout]   --> impl_trait/tests/iterator1.rs:64:21
[INFO] [stdout]    |
[INFO] [stdout] 64 |     let value1: Box<Iterator<Item = u8>> = foo(2);
[INFO] [stdout]    |                     ^^^^^^^^^^^^^^^^^^^ help: use `dyn`: `dyn Iterator<Item = u8>`
[INFO] [stdout]    |
[INFO] [stdout]    = warning: this was previously accepted by the compiler but is being phased out; it will become a hard error in the 2021 edition!
[INFO] [stdout]    = note: for more information, see issue #80165 <https://github.com/rust-lang/rust/issues/80165>
[INFO] [stdout] 
[INFO] [stdout] 
[INFO] [stdout] warning: trait objects without an explicit `dyn` are deprecated
[INFO] [stdout]   --> impl_trait/tests/iterator1.rs:65:21
[INFO] [stdout]    |
[INFO] [stdout] 65 |     let value2: Box<Iterator<Item = u8>> = foo(3);
[INFO] [stdout]    |                     ^^^^^^^^^^^^^^^^^^^ help: use `dyn`: `dyn Iterator<Item = u8>`
[INFO] [stdout]    |
[INFO] [stdout]    = warning: this was previously accepted by the compiler but is being phased out; it will become a hard error in the 2021 edition!
[INFO] [stdout]    = note: for more information, see issue #80165 <https://github.com/rust-lang/rust/issues/80165>
[INFO] [stdout] 
[INFO] [stdout] 
[INFO] [stdout] error: aborting due to previous error; 1 warning emitted
[INFO] [stdout] 
[INFO] [stdout] 
[INFO] [stdout] For more information about this error, try `rustc --explain E0554`.
[INFO] [stdout] 
[INFO] [stderr] error: could not compile `impl_trait`
[INFO] [stderr] 
[INFO] [stderr] To learn more, run the command again with --verbose.
[INFO] [stderr] warning: build failed, waiting for other jobs to finish...
[INFO] [stdout] error: aborting due to previous error; 3 warnings emitted
[INFO] [stdout] 
[INFO] [stdout] 
[INFO] [stdout] For more information about this error, try `rustc --explain E0554`.
[INFO] [stdout] 
[INFO] [stdout] error: aborting due to previous error; 1 warning emitted
[INFO] [stdout] 
[INFO] [stdout] 
[INFO] [stdout] For more information about this error, try `rustc --explain E0554`.
[INFO] [stdout] 
[INFO] [stdout] error: aborting due to 2 previous errors; 4 warnings emitted
[INFO] [stdout] 
[INFO] [stdout] 
[INFO] [stdout] For more information about this error, try `rustc --explain E0554`.
[INFO] [stdout] 
[INFO] [stdout] warning: 2 warnings emitted
[INFO] [stdout] 
[INFO] [stdout] 
[INFO] [stderr] error: build failed
[INFO] running `Command { std: "docker" "inspect" "6188faad6581556b4db07a99c985a6d8d1385b00e0d1775b81268f8f803aa550", kill_on_drop: false }`
[INFO] running `Command { std: "docker" "rm" "-f" "6188faad6581556b4db07a99c985a6d8d1385b00e0d1775b81268f8f803aa550", kill_on_drop: false }`
[INFO] [stdout] 6188faad6581556b4db07a99c985a6d8d1385b00e0d1775b81268f8f803aa550
