[INFO] cloning repository https://github.com/rustit-be/madparts-rs
[INFO] running `Command { std: "git" "-c" "credential.helper=" "-c" "credential.helper=/workspace/cargo-home/bin/git-credential-null" "clone" "--bare" "https://github.com/rustit-be/madparts-rs" "/workspace/cache/git-repos/https%3A%2F%2Fgithub.com%2Frustit-be%2Fmadparts-rs", kill_on_drop: false }`
[INFO] [stderr] Cloning into bare repository '/workspace/cache/git-repos/https%3A%2F%2Fgithub.com%2Frustit-be%2Fmadparts-rs'...
[INFO] running `Command { std: "git" "rev-parse" "HEAD", kill_on_drop: false }`
[INFO] [stdout] 4a918e0557254d0380a655f5dff236700d579612
[INFO] testing rustit-be/madparts-rs against beta-2021-08-01 for beta-1.55-1
[INFO] running `Command { std: "git" "clone" "/workspace/cache/git-repos/https%3A%2F%2Fgithub.com%2Frustit-be%2Fmadparts-rs" "/workspace/builds/worker-76/source", kill_on_drop: false }`
[INFO] [stderr] Cloning into '/workspace/builds/worker-76/source'...
[INFO] [stderr] done.
[INFO] validating manifest of git repo https://github.com/rustit-be/madparts-rs on toolchain beta-2021-08-01
[INFO] running `Command { std: "/workspace/cargo-home/bin/cargo" "+beta-2021-08-01" "metadata" "--manifest-path" "Cargo.toml" "--no-deps", kill_on_drop: false }`
[INFO] started tweaking git repo https://github.com/rustit-be/madparts-rs
[INFO] finished tweaking git repo https://github.com/rustit-be/madparts-rs
[INFO] tweaked toml for git repo https://github.com/rustit-be/madparts-rs written to /workspace/builds/worker-76/source/Cargo.toml
[INFO] crate git repo https://github.com/rustit-be/madparts-rs already has a lockfile, it will not be regenerated
[INFO] running `Command { std: "/workspace/cargo-home/bin/cargo" "+beta-2021-08-01" "fetch" "--manifest-path" "Cargo.toml", kill_on_drop: false }`
[INFO] [stderr]     Blocking waiting for file lock on package cache
[INFO] [stderr]     Blocking waiting for file lock on package cache
[INFO] [stderr]  Downloading crates ...
[INFO] [stderr]   Downloaded wincolor v1.0.0
[INFO] [stderr]   Downloaded termcolor v1.0.1
[INFO] [stderr]   Downloaded proc-macro2 v0.4.11
[INFO] [stderr]   Downloaded pango-sys v0.6.0
[INFO] [stderr]   Downloaded gdk-pixbuf-sys v0.6.0
[INFO] [stderr]   Downloaded glib-sys v0.6.0
[INFO] [stderr]   Downloaded gobject-sys v0.6.0
[INFO] [stderr]   Downloaded cairo-sys-rs v0.6.0
[INFO] [stderr]   Downloaded c_vec v1.3.2
[INFO] [stderr]   Downloaded cairo-rs v0.4.1
[INFO] [stderr]   Downloaded gtk-sys v0.6.0
[INFO] [stderr]   Downloaded atk-sys v0.6.0
[INFO] [stderr]   Downloaded env_logger v0.5.12
[INFO] [stderr]   Downloaded gdk v0.8.0
[INFO] [stderr]   Downloaded glib v0.5.0
[INFO] [stderr]   Downloaded inotify v0.5.1
[INFO] [stderr]   Downloaded gdk-sys v0.6.0
[INFO] [stderr]   Downloaded gio v0.4.1
[INFO] [stderr]   Downloaded pango v0.4.0
[INFO] [stderr]   Downloaded gio-sys v0.6.0
[INFO] [stderr]   Downloaded mashup-impl v0.1.5
[INFO] [stderr]   Downloaded gtk v0.4.1
[INFO] [stderr]   Downloaded gdk-pixbuf v0.4.0
[INFO] [stderr]   Downloaded spin v0.4.8
[INFO] [stderr]   Downloaded pyo3cls v0.4.0
[INFO] [stderr]   Downloaded range v0.3.1
[INFO] [stderr]   Downloaded mashup v0.1.5
[INFO] [stderr]   Downloaded pyo3-derive-backend v0.4.0
[INFO] [stderr]   Downloaded pyo3 v0.4.0
[INFO] running `Command { std: "docker" "create" "-v" "/var/lib/crater-agent-workspace/builds/worker-76/target:/opt/rustwide/target:rw,Z" "-v" "/var/lib/crater-agent-workspace/builds/worker-76/source:/opt/rustwide/workdir:ro,Z" "-v" "/var/lib/crater-agent-workspace/cargo-home:/opt/rustwide/cargo-home:ro,Z" "-v" "/var/lib/crater-agent-workspace/rustup-home:/opt/rustwide/rustup-home:ro,Z" "-e" "SOURCE_DIR=/opt/rustwide/workdir" "-e" "CARGO_TARGET_DIR=/opt/rustwide/target" "-e" "CARGO_HOME=/opt/rustwide/cargo-home" "-e" "RUSTUP_HOME=/opt/rustwide/rustup-home" "-w" "/opt/rustwide/workdir" "-m" "1610612736" "--user" "0:0" "--network" "none" "ghcr.io/rust-lang/crates-build-env/linux@sha256:34b6a614d2c27851fe6cbf88fbd1137609cefab8b10d0615aaeb6fd47975d74e" "/opt/rustwide/cargo-home/bin/cargo" "+beta-2021-08-01" "metadata" "--no-deps" "--format-version=1", kill_on_drop: false }`
[INFO] [stdout] 5bbe7adfea07aba49bb0564e3cf6e8af94300aeded3314a7c8adc64d24292448
[INFO] running `Command { std: "docker" "start" "-a" "5bbe7adfea07aba49bb0564e3cf6e8af94300aeded3314a7c8adc64d24292448", kill_on_drop: false }`
[INFO] running `Command { std: "docker" "inspect" "5bbe7adfea07aba49bb0564e3cf6e8af94300aeded3314a7c8adc64d24292448", kill_on_drop: false }`
[INFO] running `Command { std: "docker" "rm" "-f" "5bbe7adfea07aba49bb0564e3cf6e8af94300aeded3314a7c8adc64d24292448", kill_on_drop: false }`
[INFO] [stdout] 5bbe7adfea07aba49bb0564e3cf6e8af94300aeded3314a7c8adc64d24292448
[INFO] running `Command { std: "docker" "create" "-v" "/var/lib/crater-agent-workspace/builds/worker-76/target:/opt/rustwide/target:rw,Z" "-v" "/var/lib/crater-agent-workspace/builds/worker-76/source:/opt/rustwide/workdir:ro,Z" "-v" "/var/lib/crater-agent-workspace/cargo-home:/opt/rustwide/cargo-home:ro,Z" "-v" "/var/lib/crater-agent-workspace/rustup-home:/opt/rustwide/rustup-home:ro,Z" "-e" "SOURCE_DIR=/opt/rustwide/workdir" "-e" "CARGO_TARGET_DIR=/opt/rustwide/target" "-e" "CARGO_INCREMENTAL=0" "-e" "RUST_BACKTRACE=full" "-e" "RUSTFLAGS=--cap-lints=warn" "-e" "CARGO_HOME=/opt/rustwide/cargo-home" "-e" "RUSTUP_HOME=/opt/rustwide/rustup-home" "-w" "/opt/rustwide/workdir" "-m" "1610612736" "--user" "0:0" "--network" "none" "ghcr.io/rust-lang/crates-build-env/linux@sha256:34b6a614d2c27851fe6cbf88fbd1137609cefab8b10d0615aaeb6fd47975d74e" "/opt/rustwide/cargo-home/bin/cargo" "+beta-2021-08-01" "build" "--frozen" "--message-format=json", kill_on_drop: false }`
[INFO] [stdout] 08507a8e3f06e4316e7e1c89fcd4cf13b348532cde8a1d47c7da03f7407c2f5c
[INFO] running `Command { std: "docker" "start" "-a" "08507a8e3f06e4316e7e1c89fcd4cf13b348532cde8a1d47c7da03f7407c2f5c", kill_on_drop: false }`
[INFO] [stderr]     Blocking waiting for file lock on package cache
[INFO] [stderr]    Compiling pkg-config v0.3.13
[INFO] [stderr]    Compiling libc v0.2.43
[INFO] [stderr]    Compiling bitflags v1.0.3
[INFO] [stderr]    Compiling version_check v0.1.4
[INFO] [stderr]    Compiling proc-macro2 v0.4.11
[INFO] [stderr]    Compiling unicode-xid v0.1.0
[INFO] [stderr]    Compiling void v1.0.2
[INFO] [stderr]    Compiling ucd-util v0.1.1
[INFO] [stderr]    Compiling regex v1.0.2
[INFO] [stderr]    Compiling cfg-if v0.1.4
[INFO] [stderr]    Compiling gio v0.4.1
[INFO] [stderr]    Compiling num-traits v0.2.5
[INFO] [stderr]    Compiling utf8-ranges v1.0.0
[INFO] [stderr]    Compiling proc-macro-hack-impl v0.4.0
[INFO] [stderr]    Compiling gdk-pixbuf v0.4.0
[INFO] [stderr]    Compiling cairo-rs v0.4.1
[INFO] [stderr]    Compiling serde v1.0.71
[INFO] [stderr]    Compiling num-integer v0.1.39
[INFO] [stderr]    Compiling gdk v0.8.0
[INFO] [stderr]    Compiling c_vec v1.3.2
[INFO] [stderr]    Compiling gtk v0.4.1
[INFO] [stderr]    Compiling rand_core v0.2.1
[INFO] [stderr]    Compiling quick-error v1.2.2
[INFO] [stderr]    Compiling unicode-width v0.1.5
[INFO] [stderr]    Compiling futures v0.1.23
[INFO] [stderr]    Compiling strsim v0.7.0
[INFO] [stderr]    Compiling spin v0.4.8
[INFO] [stderr]    Compiling termcolor v1.0.1
[INFO] [stderr]    Compiling vec_map v0.8.1
[INFO] [stderr]    Compiling dtoa v0.4.3
[INFO] [stderr]    Compiling remove_dir_all v0.5.1
[INFO] [stderr]    Compiling itoa v0.4.2
[INFO] [stderr]    Compiling range v0.3.1
[INFO] [stdout] error[E0557]: feature has been removed
[INFO] [stdout]  --> /opt/rustwide/cargo-home/registry/src/github.com-1ecc6299db9ec823/spin-0.4.8/src/lib.rs:8:43
[INFO] [stdout]   |
[INFO] [stdout] 8 | #![cfg_attr(feature = "const_fn", feature(const_fn, const_unsafe_cell_new, const_atomic_usize_new))]
[INFO] [stdout]   |                                           ^^^^^^^^ feature has been removed
[INFO] [stdout]   |
[INFO] [stdout]   = note: split into finer-grained feature gates
[INFO] [stdout] 
[INFO] [stdout] 
[INFO] [stdout] error: the legacy LLVM-style asm! syntax is no longer supported
[INFO] [stdout]  --> /opt/rustwide/cargo-home/registry/src/github.com-1ecc6299db9ec823/spin-0.4.8/src/util.rs:8:14
[INFO] [stdout]   |
[INFO] [stdout] 8 |     unsafe { asm!("pause" :::: "volatile"); }
[INFO] [stdout]   |              ----^^^^^^^^^^^^^^^^^^^^^^^^^^
[INFO] [stdout]   |              |
[INFO] [stdout]   |              help: replace with: `llvm_asm!`
[INFO] [stdout]   |
[INFO] [stdout]   = note: consider migrating to the new asm! syntax specified in RFC 2873
[INFO] [stdout]   = note: alternatively, switch to llvm_asm! to keep your code working as it is
[INFO] [stdout] 
[INFO] [stdout] 
[INFO] [stdout] error[E0554]: `#![feature]` may not be used on the beta release channel
[INFO] [stdout]  --> /opt/rustwide/cargo-home/registry/src/github.com-1ecc6299db9ec823/spin-0.4.8/src/lib.rs:6:30
[INFO] [stdout]   |
[INFO] [stdout] 6 | #![cfg_attr(feature = "asm", feature(asm))]
[INFO] [stdout]   |                              ^^^^^^^^^^^^
[INFO] [stdout] 
[INFO] [stdout] 
[INFO] [stdout] error[E0554]: `#![feature]` may not be used on the beta release channel
[INFO] [stdout]  --> /opt/rustwide/cargo-home/registry/src/github.com-1ecc6299db9ec823/spin-0.4.8/src/lib.rs:7:42
[INFO] [stdout]   |
[INFO] [stdout] 7 | #![cfg_attr(feature = "core_intrinsics", feature(core_intrinsics))]
[INFO] [stdout]   |                                          ^^^^^^^^^^^^^^^^^^^^^^^^
[INFO] [stdout] 
[INFO] [stdout] 
[INFO] [stdout] error[E0554]: `#![feature]` may not be used on the beta release channel
[INFO] [stdout]  --> /opt/rustwide/cargo-home/registry/src/github.com-1ecc6299db9ec823/spin-0.4.8/src/lib.rs:8:35
[INFO] [stdout]   |
[INFO] [stdout] 8 | #![cfg_attr(feature = "const_fn", feature(const_fn, const_unsafe_cell_new, const_atomic_usize_new))]
[INFO] [stdout]   |                                   ^^^^^^^^^^^^^^^^^^^^^^^^^^^^^^^^^^^^^^^^^^^^^^^^^^^^^^^^^^^^^^^^
[INFO] [stdout] 
[INFO] [stdout] 
[INFO] [stdout] error: aborting due to 5 previous errors
[INFO] [stdout] 
[INFO] [stdout] 
[INFO] [stdout] Some errors have detailed explanations: E0554, E0557.
[INFO] [stdout] 
[INFO] [stdout] For more information about an error, try `rustc --explain E0554`.
[INFO] [stdout] 
[INFO] [stderr] error: could not compile `spin` due to 6 previous errors
[INFO] [stderr] warning: build failed, waiting for other jobs to finish...
[INFO] [stderr] error: build failed
[INFO] running `Command { std: "docker" "inspect" "08507a8e3f06e4316e7e1c89fcd4cf13b348532cde8a1d47c7da03f7407c2f5c", kill_on_drop: false }`
[INFO] running `Command { std: "docker" "rm" "-f" "08507a8e3f06e4316e7e1c89fcd4cf13b348532cde8a1d47c7da03f7407c2f5c", kill_on_drop: false }`
[INFO] [stdout] 08507a8e3f06e4316e7e1c89fcd4cf13b348532cde8a1d47c7da03f7407c2f5c
