[INFO] cloning repository https://github.com/rookie1024/epilog
[INFO] running `Command { std: "git" "-c" "credential.helper=" "-c" "credential.helper=/workspace/cargo-home/bin/git-credential-null" "clone" "--bare" "https://github.com/rookie1024/epilog" "/workspace/cache/git-repos/https%3A%2F%2Fgithub.com%2Frookie1024%2Fepilog", kill_on_drop: false }`
[INFO] [stderr] Cloning into bare repository '/workspace/cache/git-repos/https%3A%2F%2Fgithub.com%2Frookie1024%2Fepilog'...
[INFO] running `Command { std: "git" "rev-parse" "HEAD", kill_on_drop: false }`
[INFO] [stdout] bb6b38814e8d71ab8115f09053c0f8064f154983
[INFO] testing rookie1024/epilog against beta-2021-08-01 for beta-1.55-1
[INFO] running `Command { std: "git" "clone" "/workspace/cache/git-repos/https%3A%2F%2Fgithub.com%2Frookie1024%2Fepilog" "/workspace/builds/worker-113/source", kill_on_drop: false }`
[INFO] [stderr] Cloning into '/workspace/builds/worker-113/source'...
[INFO] [stderr] done.
[INFO] validating manifest of git repo https://github.com/rookie1024/epilog on toolchain beta-2021-08-01
[INFO] running `Command { std: "/workspace/cargo-home/bin/cargo" "+beta-2021-08-01" "metadata" "--manifest-path" "Cargo.toml" "--no-deps", kill_on_drop: false }`
[INFO] started tweaking git repo https://github.com/rookie1024/epilog
[INFO] finished tweaking git repo https://github.com/rookie1024/epilog
[INFO] tweaked toml for git repo https://github.com/rookie1024/epilog written to /workspace/builds/worker-113/source/Cargo.toml
[INFO] crate git repo https://github.com/rookie1024/epilog already has a lockfile, it will not be regenerated
[INFO] running `Command { std: "/workspace/cargo-home/bin/cargo" "+beta-2021-08-01" "fetch" "--manifest-path" "Cargo.toml", kill_on_drop: false }`
[INFO] [stderr]  Downloading crates ...
[INFO] [stderr]   Downloaded proptest v0.9.5
[INFO] running `Command { std: "docker" "create" "-v" "/var/lib/crater-agent-workspace/builds/worker-113/target:/opt/rustwide/target:rw,Z" "-v" "/var/lib/crater-agent-workspace/builds/worker-113/source:/opt/rustwide/workdir:ro,Z" "-v" "/var/lib/crater-agent-workspace/cargo-home:/opt/rustwide/cargo-home:ro,Z" "-v" "/var/lib/crater-agent-workspace/rustup-home:/opt/rustwide/rustup-home:ro,Z" "-e" "SOURCE_DIR=/opt/rustwide/workdir" "-e" "CARGO_TARGET_DIR=/opt/rustwide/target" "-e" "CARGO_HOME=/opt/rustwide/cargo-home" "-e" "RUSTUP_HOME=/opt/rustwide/rustup-home" "-w" "/opt/rustwide/workdir" "-m" "1610612736" "--user" "0:0" "--network" "none" "ghcr.io/rust-lang/crates-build-env/linux@sha256:34b6a614d2c27851fe6cbf88fbd1137609cefab8b10d0615aaeb6fd47975d74e" "/opt/rustwide/cargo-home/bin/cargo" "+beta-2021-08-01" "metadata" "--no-deps" "--format-version=1", kill_on_drop: false }`
[INFO] [stdout] 7e514436c3290b49b7ba6a33124d86256e57098133a5275844324b583b44eac9
[INFO] running `Command { std: "docker" "start" "-a" "7e514436c3290b49b7ba6a33124d86256e57098133a5275844324b583b44eac9", kill_on_drop: false }`
[INFO] running `Command { std: "docker" "inspect" "7e514436c3290b49b7ba6a33124d86256e57098133a5275844324b583b44eac9", kill_on_drop: false }`
[INFO] running `Command { std: "docker" "rm" "-f" "7e514436c3290b49b7ba6a33124d86256e57098133a5275844324b583b44eac9", kill_on_drop: false }`
[INFO] [stdout] 7e514436c3290b49b7ba6a33124d86256e57098133a5275844324b583b44eac9
[INFO] running `Command { std: "docker" "create" "-v" "/var/lib/crater-agent-workspace/builds/worker-113/target:/opt/rustwide/target:rw,Z" "-v" "/var/lib/crater-agent-workspace/builds/worker-113/source:/opt/rustwide/workdir:ro,Z" "-v" "/var/lib/crater-agent-workspace/cargo-home:/opt/rustwide/cargo-home:ro,Z" "-v" "/var/lib/crater-agent-workspace/rustup-home:/opt/rustwide/rustup-home:ro,Z" "-e" "SOURCE_DIR=/opt/rustwide/workdir" "-e" "CARGO_TARGET_DIR=/opt/rustwide/target" "-e" "CARGO_INCREMENTAL=0" "-e" "RUST_BACKTRACE=full" "-e" "RUSTFLAGS=--cap-lints=warn" "-e" "CARGO_HOME=/opt/rustwide/cargo-home" "-e" "RUSTUP_HOME=/opt/rustwide/rustup-home" "-w" "/opt/rustwide/workdir" "-m" "1610612736" "--user" "0:0" "--network" "none" "ghcr.io/rust-lang/crates-build-env/linux@sha256:34b6a614d2c27851fe6cbf88fbd1137609cefab8b10d0615aaeb6fd47975d74e" "/opt/rustwide/cargo-home/bin/cargo" "+beta-2021-08-01" "build" "--frozen" "--message-format=json", kill_on_drop: false }`
[INFO] [stdout] 99a9ef81290816a711521a7f3c1ebae6174243de7550c5056cd947c6ebcc3066
[INFO] running `Command { std: "docker" "start" "-a" "99a9ef81290816a711521a7f3c1ebae6174243de7550c5056cd947c6ebcc3066", kill_on_drop: false }`
[INFO] [stderr]    Compiling epilog v0.1.0 (/opt/rustwide/workdir)
[INFO] [stderr]     Finished dev [unoptimized + debuginfo] target(s) in 1.06s
[INFO] running `Command { std: "docker" "inspect" "99a9ef81290816a711521a7f3c1ebae6174243de7550c5056cd947c6ebcc3066", kill_on_drop: false }`
[INFO] running `Command { std: "docker" "rm" "-f" "99a9ef81290816a711521a7f3c1ebae6174243de7550c5056cd947c6ebcc3066", kill_on_drop: false }`
[INFO] [stdout] 99a9ef81290816a711521a7f3c1ebae6174243de7550c5056cd947c6ebcc3066
[INFO] running `Command { std: "docker" "create" "-v" "/var/lib/crater-agent-workspace/builds/worker-113/target:/opt/rustwide/target:rw,Z" "-v" "/var/lib/crater-agent-workspace/builds/worker-113/source:/opt/rustwide/workdir:ro,Z" "-v" "/var/lib/crater-agent-workspace/cargo-home:/opt/rustwide/cargo-home:ro,Z" "-v" "/var/lib/crater-agent-workspace/rustup-home:/opt/rustwide/rustup-home:ro,Z" "-e" "SOURCE_DIR=/opt/rustwide/workdir" "-e" "CARGO_TARGET_DIR=/opt/rustwide/target" "-e" "CARGO_INCREMENTAL=0" "-e" "RUST_BACKTRACE=full" "-e" "RUSTFLAGS=--cap-lints=warn" "-e" "CARGO_HOME=/opt/rustwide/cargo-home" "-e" "RUSTUP_HOME=/opt/rustwide/rustup-home" "-w" "/opt/rustwide/workdir" "-m" "1610612736" "--user" "0:0" "--network" "none" "ghcr.io/rust-lang/crates-build-env/linux@sha256:34b6a614d2c27851fe6cbf88fbd1137609cefab8b10d0615aaeb6fd47975d74e" "/opt/rustwide/cargo-home/bin/cargo" "+beta-2021-08-01" "test" "--frozen" "--no-run" "--message-format=json", kill_on_drop: false }`
[INFO] [stdout] 3389a79ec2c2d8e12eacaa939d7cd4af03c42b2aa3183e21a3c4587ebbaa0193
[INFO] running `Command { std: "docker" "start" "-a" "3389a79ec2c2d8e12eacaa939d7cd4af03c42b2aa3183e21a3c4587ebbaa0193", kill_on_drop: false }`
[INFO] [stderr]    Compiling libc v0.2.67
[INFO] [stderr]    Compiling autocfg v0.1.7
[INFO] [stderr]    Compiling rand_core v0.4.2
[INFO] [stderr]    Compiling getrandom v0.1.14
[INFO] [stderr]    Compiling ppv-lite86 v0.2.6
[INFO] [stderr]    Compiling autocfg v1.0.0
[INFO] [stderr]    Compiling remove_dir_all v0.5.2
[INFO] [stderr]    Compiling byteorder v1.3.4
[INFO] [stderr]    Compiling fnv v1.0.6
[INFO] [stderr]    Compiling quick-error v1.2.3
[INFO] [stderr]    Compiling bit-vec v0.5.1
[INFO] [stderr]    Compiling regex-syntax v0.6.14
[INFO] [stderr]    Compiling rand_core v0.3.1
[INFO] [stderr]    Compiling rand_jitter v0.1.4
[INFO] [stderr]    Compiling bit-set v0.5.1
[INFO] [stderr]    Compiling rand_xorshift v0.1.1
[INFO] [stderr]    Compiling rand_isaac v0.1.1
[INFO] [stderr]    Compiling rand_hc v0.1.0
[INFO] [stderr]    Compiling rand_pcg v0.1.2
[INFO] [stderr]    Compiling rand_chacha v0.1.1
[INFO] [stderr]    Compiling rand v0.6.5
[INFO] [stderr]    Compiling c2-chacha v0.2.3
[INFO] [stderr]    Compiling num-traits v0.2.11
[INFO] [stderr]    Compiling wait-timeout v0.2.0
[INFO] [stderr]    Compiling rand_os v0.1.3
[INFO] [stderr]    Compiling rand_core v0.5.1
[INFO] [stderr]    Compiling rand_chacha v0.2.1
[INFO] [stderr]    Compiling rand v0.7.3
[INFO] [stderr]    Compiling tempfile v3.1.0
[INFO] [stderr]    Compiling rusty-fork v0.2.2
[INFO] [stderr]    Compiling proptest v0.9.5
[INFO] [stderr]    Compiling epilog v0.1.0 (/opt/rustwide/workdir)
[INFO] [stdout] error[E0437]: type `Error` is not a member of trait `Try`
[INFO] [stdout]   --> src/uresult.rs:40:5
[INFO] [stdout]    |
[INFO] [stdout] 40 |     type Error = E;
[INFO] [stdout]    |     ^^^^^^^^^^^^^^^ not a member of trait `Try`
[INFO] [stdout] 
[INFO] [stdout] 
[INFO] [stdout] error[E0437]: type `Ok` is not a member of trait `Try`
[INFO] [stdout]   --> src/uresult.rs:41:5
[INFO] [stdout]    |
[INFO] [stdout] 41 |     type Ok = Option<CowSub<'a, K, V>>;
[INFO] [stdout]    |     ^^^^^^^^^^^^^^^^^^^^^^^^^^^^^^^^^^^ not a member of trait `Try`
[INFO] [stdout] 
[INFO] [stdout] 
[INFO] [stdout] error[E0407]: method `into_result` is not a member of trait `Try`
[INFO] [stdout]   --> src/uresult.rs:44:5
[INFO] [stdout]    |
[INFO] [stdout] 44 |     fn into_result(self) -> Result<<Self as Try>::Ok, Self::Error> { self.into() }
[INFO] [stdout]    |     ^^^^^^^^^^^^^^^^^^^^^^^^^^^^^^^^^^^^^^^^^^^^^^^^^^^^^^^^^^^^^^^^^^^^^^^^^^^^^^ not a member of trait `Try`
[INFO] [stdout] 
[INFO] [stdout] 
[INFO] [stdout] error[E0407]: method `from_ok` is not a member of trait `Try`
[INFO] [stdout]   --> src/uresult.rs:47:5
[INFO] [stdout]    |
[INFO] [stdout] 47 | /     fn from_ok(sub: <Self as Try>::Ok) -> Self {
[INFO] [stdout] 48 | |         match sub {
[INFO] [stdout] 49 | |             Some(s) => UOk(s),
[INFO] [stdout] 50 | |             None => Bottom,
[INFO] [stdout] 51 | |         }
[INFO] [stdout] 52 | |     }
[INFO] [stdout]    | |_____^ not a member of trait `Try`
[INFO] [stdout] 
[INFO] [stdout] 
[INFO] [stdout] error[E0407]: method `from_error` is not a member of trait `Try`
[INFO] [stdout]   --> src/uresult.rs:55:5
[INFO] [stdout]    |
[INFO] [stdout] 55 |     fn from_error(err: E) -> Self { UErr(err) }
[INFO] [stdout]    |     ^^^^^^^^^^^^^^^^^^^^^^^^^^^^^^^^^^^^^^^^^^^ not a member of trait `Try`
[INFO] [stdout] 
[INFO] [stdout] 
[INFO] [stdout] error[E0576]: cannot find associated type `Ok` in trait `Try`
[INFO] [stdout]   --> src/uresult.rs:44:51
[INFO] [stdout]    |
[INFO] [stdout] 44 |     fn into_result(self) -> Result<<Self as Try>::Ok, Self::Error> { self.into() }
[INFO] [stdout]    |                                                   ^^ not found in `Try`
[INFO] [stdout] 
[INFO] [stdout] 
[INFO] [stdout] error[E0576]: cannot find associated type `Ok` in trait `Try`
[INFO] [stdout]   --> src/uresult.rs:47:36
[INFO] [stdout]    |
[INFO] [stdout] 47 |     fn from_ok(sub: <Self as Try>::Ok) -> Self {
[INFO] [stdout]    |                                    ^^ not found in `Try`
[INFO] [stdout] 
[INFO] [stdout] 
[INFO] [stdout] error[E0554]: `#![feature]` may not be used on the beta release channel
[INFO] [stdout]  --> src/lib.rs:1:19
[INFO] [stdout]   |
[INFO] [stdout] 1 | #![cfg_attr(test, feature(try_trait))]
[INFO] [stdout]   |                   ^^^^^^^^^^^^^^^^^^
[INFO] [stdout] 
[INFO] [stdout] 
[INFO] [stdout] error[E0658]: use of unstable library feature 'try_trait_v2'
[INFO] [stdout]  --> src/uresult.rs:4:5
[INFO] [stdout]   |
[INFO] [stdout] 4 | use std::ops::Try;
[INFO] [stdout]   |     ^^^^^^^^^^^^^
[INFO] [stdout]   |
[INFO] [stdout]   = note: see issue #84277 <https://github.com/rust-lang/rust/issues/84277> for more information
[INFO] [stdout] 
[INFO] [stdout] 
[INFO] [stdout] error[E0658]: use of unstable library feature 'try_trait_v2'
[INFO] [stdout]   --> src/uresult.rs:39:33
[INFO] [stdout]    |
[INFO] [stdout] 39 | impl<'a, K: Clone, V: Clone, E> Try for UResult<'a, K, V, E> {
[INFO] [stdout]    |                                 ^^^
[INFO] [stdout]    |
[INFO] [stdout]    = note: see issue #84277 <https://github.com/rust-lang/rust/issues/84277> for more information
[INFO] [stdout] 
[INFO] [stdout] 
[INFO] [stdout] error[E0220]: associated type `Error` not found for `Self`
[INFO] [stdout]   --> src/uresult.rs:44:61
[INFO] [stdout]    |
[INFO] [stdout] 44 |     fn into_result(self) -> Result<<Self as Try>::Ok, Self::Error> { self.into() }
[INFO] [stdout]    |                                                             ^^^^^ associated type `Error` not found
[INFO] [stdout] 
[INFO] [stdout] 
[INFO] [stdout] error: aborting due to 11 previous errors
[INFO] [stdout] 
[INFO] [stdout] 
[INFO] [stdout] Some errors have detailed explanations: E0220, E0407, E0437, E0554, E0576, E0658.
[INFO] [stdout] 
[INFO] [stdout] For more information about an error, try `rustc --explain E0220`.
[INFO] [stdout] 
[INFO] [stderr] error: could not compile `epilog` due to 12 previous errors
[INFO] running `Command { std: "docker" "inspect" "3389a79ec2c2d8e12eacaa939d7cd4af03c42b2aa3183e21a3c4587ebbaa0193", kill_on_drop: false }`
[INFO] running `Command { std: "docker" "rm" "-f" "3389a79ec2c2d8e12eacaa939d7cd4af03c42b2aa3183e21a3c4587ebbaa0193", kill_on_drop: false }`
[INFO] [stdout] 3389a79ec2c2d8e12eacaa939d7cd4af03c42b2aa3183e21a3c4587ebbaa0193
