[INFO] cloning repository https://github.com/rogday/tictactoe_server
[INFO] running `Command { std: "git" "-c" "credential.helper=" "-c" "credential.helper=/workspace/cargo-home/bin/git-credential-null" "clone" "--bare" "https://github.com/rogday/tictactoe_server" "/workspace/cache/git-repos/https%3A%2F%2Fgithub.com%2Frogday%2Ftictactoe_server", kill_on_drop: false }`
[INFO] [stderr] Cloning into bare repository '/workspace/cache/git-repos/https%3A%2F%2Fgithub.com%2Frogday%2Ftictactoe_server'...
[INFO] running `Command { std: "git" "rev-parse" "HEAD", kill_on_drop: false }`
[INFO] [stdout] ff53e958505de461c2f1fb3bd0a76301494b4514
[INFO] testing rogday/tictactoe_server against beta-2021-08-01 for beta-1.55-1
[INFO] running `Command { std: "git" "clone" "/workspace/cache/git-repos/https%3A%2F%2Fgithub.com%2Frogday%2Ftictactoe_server" "/workspace/builds/worker-82/source", kill_on_drop: false }`
[INFO] [stderr] Cloning into '/workspace/builds/worker-82/source'...
[INFO] [stderr] done.
[INFO] validating manifest of git repo https://github.com/rogday/tictactoe_server on toolchain beta-2021-08-01
[INFO] running `Command { std: "/workspace/cargo-home/bin/cargo" "+beta-2021-08-01" "metadata" "--manifest-path" "Cargo.toml" "--no-deps", kill_on_drop: false }`
[INFO] started tweaking git repo https://github.com/rogday/tictactoe_server
[INFO] finished tweaking git repo https://github.com/rogday/tictactoe_server
[INFO] tweaked toml for git repo https://github.com/rogday/tictactoe_server written to /workspace/builds/worker-82/source/Cargo.toml
[INFO] crate git repo https://github.com/rogday/tictactoe_server already has a lockfile, it will not be regenerated
[INFO] running `Command { std: "/workspace/cargo-home/bin/cargo" "+beta-2021-08-01" "fetch" "--manifest-path" "Cargo.toml", kill_on_drop: false }`
[INFO] [stderr]  Downloading crates ...
[INFO] [stderr]   Downloaded bytes v0.5.2
[INFO] [stderr]   Downloaded tokio v0.2.15
[INFO] [stderr]   Downloaded staticvec v0.9.2
[INFO] running `Command { std: "docker" "create" "-v" "/var/lib/crater-agent-workspace/builds/worker-82/target:/opt/rustwide/target:rw,Z" "-v" "/var/lib/crater-agent-workspace/builds/worker-82/source:/opt/rustwide/workdir:ro,Z" "-v" "/var/lib/crater-agent-workspace/cargo-home:/opt/rustwide/cargo-home:ro,Z" "-v" "/var/lib/crater-agent-workspace/rustup-home:/opt/rustwide/rustup-home:ro,Z" "-e" "SOURCE_DIR=/opt/rustwide/workdir" "-e" "CARGO_TARGET_DIR=/opt/rustwide/target" "-e" "CARGO_HOME=/opt/rustwide/cargo-home" "-e" "RUSTUP_HOME=/opt/rustwide/rustup-home" "-w" "/opt/rustwide/workdir" "-m" "1610612736" "--user" "0:0" "--network" "none" "ghcr.io/rust-lang/crates-build-env/linux@sha256:34b6a614d2c27851fe6cbf88fbd1137609cefab8b10d0615aaeb6fd47975d74e" "/opt/rustwide/cargo-home/bin/cargo" "+beta-2021-08-01" "metadata" "--no-deps" "--format-version=1", kill_on_drop: false }`
[INFO] [stdout] ed333c4b24a8e8733a9c8f71ff3a565578da85d6d6707324eba8dc4c8766bac8
[INFO] running `Command { std: "docker" "start" "-a" "ed333c4b24a8e8733a9c8f71ff3a565578da85d6d6707324eba8dc4c8766bac8", kill_on_drop: false }`
[INFO] running `Command { std: "docker" "inspect" "ed333c4b24a8e8733a9c8f71ff3a565578da85d6d6707324eba8dc4c8766bac8", kill_on_drop: false }`
[INFO] running `Command { std: "docker" "rm" "-f" "ed333c4b24a8e8733a9c8f71ff3a565578da85d6d6707324eba8dc4c8766bac8", kill_on_drop: false }`
[INFO] [stdout] ed333c4b24a8e8733a9c8f71ff3a565578da85d6d6707324eba8dc4c8766bac8
[INFO] running `Command { std: "docker" "create" "-v" "/var/lib/crater-agent-workspace/builds/worker-82/target:/opt/rustwide/target:rw,Z" "-v" "/var/lib/crater-agent-workspace/builds/worker-82/source:/opt/rustwide/workdir:ro,Z" "-v" "/var/lib/crater-agent-workspace/cargo-home:/opt/rustwide/cargo-home:ro,Z" "-v" "/var/lib/crater-agent-workspace/rustup-home:/opt/rustwide/rustup-home:ro,Z" "-e" "SOURCE_DIR=/opt/rustwide/workdir" "-e" "CARGO_TARGET_DIR=/opt/rustwide/target" "-e" "CARGO_INCREMENTAL=0" "-e" "RUST_BACKTRACE=full" "-e" "RUSTFLAGS=--cap-lints=warn" "-e" "CARGO_HOME=/opt/rustwide/cargo-home" "-e" "RUSTUP_HOME=/opt/rustwide/rustup-home" "-w" "/opt/rustwide/workdir" "-m" "1610612736" "--user" "0:0" "--network" "none" "ghcr.io/rust-lang/crates-build-env/linux@sha256:34b6a614d2c27851fe6cbf88fbd1137609cefab8b10d0615aaeb6fd47975d74e" "/opt/rustwide/cargo-home/bin/cargo" "+beta-2021-08-01" "build" "--frozen" "--message-format=json", kill_on_drop: false }`
[INFO] [stdout] 46721d3c7d74da702a62358da1b16e7acc9eaeb5a82eb1adf1332f1d53970fc6
[INFO] running `Command { std: "docker" "start" "-a" "46721d3c7d74da702a62358da1b16e7acc9eaeb5a82eb1adf1332f1d53970fc6", kill_on_drop: false }`
[INFO] [stderr]     Blocking waiting for file lock on package cache
[INFO] [stderr]     Blocking waiting for file lock on package cache
[INFO] [stderr]    Compiling proc-macro2 v1.0.10
[INFO] [stderr]    Compiling unicode-xid v0.2.0
[INFO] [stderr]    Compiling syn v1.0.11
[INFO] [stderr]    Compiling libc v0.2.66
[INFO] [stderr]    Compiling memchr v2.2.1
[INFO] [stderr]    Compiling cfg-if v0.1.10
[INFO] [stderr]    Compiling slab v0.4.2
[INFO] [stderr]    Compiling log v0.4.8
[INFO] [stderr]    Compiling futures-core v0.3.4
[INFO] [stderr]    Compiling futures-sink v0.3.4
[INFO] [stderr]    Compiling proc-macro-nested v0.1.3
[INFO] [stderr]    Compiling futures-io v0.3.4
[INFO] [stderr]    Compiling futures-task v0.3.4
[INFO] [stderr]    Compiling serde v1.0.103
[INFO] [stderr]    Compiling ryu v1.0.2
[INFO] [stderr]    Compiling pin-utils v0.1.0-alpha.4
[INFO] [stderr]    Compiling arc-swap v0.4.4
[INFO] [stderr]    Compiling quick-error v1.2.3
[INFO] [stderr]    Compiling fnv v1.0.6
[INFO] [stderr]    Compiling regex-syntax v0.6.17
[INFO] [stderr]    Compiling pin-project-lite v0.1.4
[INFO] [stderr]    Compiling bytes v0.5.2
[INFO] [stderr]    Compiling termcolor v1.1.0
[INFO] [stderr]    Compiling itoa v0.4.4
[INFO] [stderr]    Compiling once_cell v1.3.1
[INFO] [stderr]    Compiling staticvec v0.9.2
[INFO] [stderr]    Compiling thread_local v1.0.1
[INFO] [stdout] error[E0557]: feature has been removed
[INFO] [stdout]   --> /opt/rustwide/cargo-home/registry/src/github.com-1ecc6299db9ec823/staticvec-0.9.2/src/lib.rs:31:3
[INFO] [stdout]    |
[INFO] [stdout] 31 |   const_compare_raw_pointers,
[INFO] [stdout]    |   ^^^^^^^^^^^^^^^^^^^^^^^^^^ feature has been removed
[INFO] [stdout]    |
[INFO] [stdout]    = note: cannot be allowed in const eval in any meaningful way
[INFO] [stdout] 
[INFO] [stdout] 
[INFO] [stdout] error[E0557]: feature has been removed
[INFO] [stdout]   --> /opt/rustwide/cargo-home/registry/src/github.com-1ecc6299db9ec823/staticvec-0.9.2/src/lib.rs:32:3
[INFO] [stdout]    |
[INFO] [stdout] 32 |   const_fn,
[INFO] [stdout]    |   ^^^^^^^^ feature has been removed
[INFO] [stdout]    |
[INFO] [stdout]    = note: split into finer-grained feature gates
[INFO] [stdout] 
[INFO] [stdout] 
[INFO] [stdout] error[E0557]: feature has been removed
[INFO] [stdout]   --> /opt/rustwide/cargo-home/registry/src/github.com-1ecc6299db9ec823/staticvec-0.9.2/src/lib.rs:41:3
[INFO] [stdout]    |
[INFO] [stdout] 41 |   const_raw_ptr_to_usize_cast,
[INFO] [stdout]    |   ^^^^^^^^^^^^^^^^^^^^^^^^^^^ feature has been removed
[INFO] [stdout]    |
[INFO] [stdout]    = note: at compile-time, pointers do not have an integer value, so these casts cannot be properly supported
[INFO] [stdout] 
[INFO] [stdout] 
[INFO] [stderr]    Compiling humantime v1.3.0
[INFO] [stdout] error[E0554]: `#![feature]` may not be used on the beta release channel
[INFO] [stdout]   --> /opt/rustwide/cargo-home/registry/src/github.com-1ecc6299db9ec823/staticvec-0.9.2/src/lib.rs:30:1
[INFO] [stdout]    |
[INFO] [stdout] 30 | / #![feature(
[INFO] [stdout] 31 | |   const_compare_raw_pointers,
[INFO] [stdout] 32 | |   const_fn,
[INFO] [stdout] 33 | |   const_fn_union,
[INFO] [stdout] ...  |
[INFO] [stdout] 53 | |   untagged_unions
[INFO] [stdout] 54 | | )]
[INFO] [stdout]    | |__^
[INFO] [stdout]    |
[INFO] [stdout]    = help: the feature `const_if_match` has been stable since 1.46.0 and no longer requires an attribute to enable
[INFO] [stdout]    = help: the feature `const_loop` has been stable since 1.46.0 and no longer requires an attribute to enable
[INFO] [stdout] 
[INFO] [stdout] 
[INFO] [stdout] error[E0554]: `#![feature]` may not be used on the beta release channel
[INFO] [stdout]   --> /opt/rustwide/cargo-home/registry/src/github.com-1ecc6299db9ec823/staticvec-0.9.2/src/lib.rs:55:30
[INFO] [stdout]    |
[INFO] [stdout] 55 | #![cfg_attr(feature = "std", feature(read_initializer))]
[INFO] [stdout]    |                              ^^^^^^^^^^^^^^^^^^^^^^^^^
[INFO] [stdout] 
[INFO] [stdout] 
[INFO] [stderr]    Compiling futures-channel v0.3.4
[INFO] [stdout] error: constant expression depends on a generic parameter
[INFO] [stdout]     --> /opt/rustwide/cargo-home/registry/src/github.com-1ecc6299db9ec823/staticvec-0.9.2/src/lib.rs:1470:70
[INFO] [stdout]      |
[INFO] [stdout] 1470 |   pub fn concat<const N2: usize>(&self, other: &StaticVec<T, N2>) -> StaticVec<T, { N + N2 }>
[INFO] [stdout]      |                                                                      ^^^^^^^^^^^^^^^^^^^^^^^^
[INFO] [stdout]      |
[INFO] [stdout]      = note: this may fail depending on what value the parameter takes
[INFO] [stdout] 
[INFO] [stdout] 
[INFO] [stdout] error: constant expression depends on a generic parameter
[INFO] [stdout]     --> /opt/rustwide/cargo-home/registry/src/github.com-1ecc6299db9ec823/staticvec-0.9.2/src/lib.rs:1510:8
[INFO] [stdout]      |
[INFO] [stdout] 1510 |   ) -> StaticVec<T, { N + N2 }>
[INFO] [stdout]      |        ^^^^^^^^^^^^^^^^^^^^^^^^
[INFO] [stdout]      |
[INFO] [stdout]      = note: this may fail depending on what value the parameter takes
[INFO] [stdout] 
[INFO] [stdout] 
[INFO] [stdout] error: constant expression depends on a generic parameter
[INFO] [stdout]     --> /opt/rustwide/cargo-home/registry/src/github.com-1ecc6299db9ec823/staticvec-0.9.2/src/lib.rs:1540:46
[INFO] [stdout]      |
[INFO] [stdout] 1540 |   pub fn intersperse(&self, separator: T) -> StaticVec<T, { N * 2 }>
[INFO] [stdout]      |                                              ^^^^^^^^^^^^^^^^^^^^^^^
[INFO] [stdout]      |
[INFO] [stdout]      = note: this may fail depending on what value the parameter takes
[INFO] [stdout] 
[INFO] [stdout] 
[INFO] [stdout] error: constant expression depends on a generic parameter
[INFO] [stdout]     --> /opt/rustwide/cargo-home/registry/src/github.com-1ecc6299db9ec823/staticvec-0.9.2/src/lib.rs:1587:52
[INFO] [stdout]      |
[INFO] [stdout] 1587 |   pub fn intersperse_clone(&self, separator: T) -> StaticVec<T, { N * 2 }>
[INFO] [stdout]      |                                                    ^^^^^^^^^^^^^^^^^^^^^^^
[INFO] [stdout]      |
[INFO] [stdout]      = note: this may fail depending on what value the parameter takes
[INFO] [stdout] 
[INFO] [stdout] 
[INFO] [stdout] error: constant expression depends on a generic parameter
[INFO] [stdout]     --> /opt/rustwide/cargo-home/registry/src/github.com-1ecc6299db9ec823/staticvec-0.9.2/src/lib.rs:2026:8
[INFO] [stdout]      |
[INFO] [stdout] 2026 |   ) -> StaticVec<T, { N + N2 }>
[INFO] [stdout]      |        ^^^^^^^^^^^^^^^^^^^^^^^^
[INFO] [stdout]      |
[INFO] [stdout]      = note: this may fail depending on what value the parameter takes
[INFO] [stdout] 
[INFO] [stdout] 
[INFO] [stdout] error: constant expression depends on a generic parameter
[INFO] [stdout]     --> /opt/rustwide/cargo-home/registry/src/github.com-1ecc6299db9ec823/staticvec-0.9.2/src/lib.rs:2115:69
[INFO] [stdout]      |
[INFO] [stdout] 2115 |   pub fn union<const N2: usize>(&self, other: &StaticVec<T, N2>) -> StaticVec<T, { N + N2 }>
[INFO] [stdout]      |                                                                     ^^^^^^^^^^^^^^^^^^^^^^^^
[INFO] [stdout]      |
[INFO] [stdout]      = note: this may fail depending on what value the parameter takes
[INFO] [stdout] 
[INFO] [stdout] 
[INFO] [stdout] error: aborting due to 11 previous errors
[INFO] [stdout] 
[INFO] [stdout] 
[INFO] [stdout] Some errors have detailed explanations: E0554, E0557.
[INFO] [stdout] 
[INFO] [stdout] For more information about an error, try `rustc --explain E0554`.
[INFO] [stdout] 
[INFO] [stderr] error: could not compile `staticvec` due to 12 previous errors
[INFO] [stderr] warning: build failed, waiting for other jobs to finish...
[INFO] [stderr] error: build failed
[INFO] running `Command { std: "docker" "inspect" "46721d3c7d74da702a62358da1b16e7acc9eaeb5a82eb1adf1332f1d53970fc6", kill_on_drop: false }`
[INFO] running `Command { std: "docker" "rm" "-f" "46721d3c7d74da702a62358da1b16e7acc9eaeb5a82eb1adf1332f1d53970fc6", kill_on_drop: false }`
[INFO] [stdout] 46721d3c7d74da702a62358da1b16e7acc9eaeb5a82eb1adf1332f1d53970fc6
