[INFO] cloning repository https://github.com/robinlinden/rust-project
[INFO] running `Command { std: "git" "-c" "credential.helper=" "-c" "credential.helper=/workspace/cargo-home/bin/git-credential-null" "clone" "--bare" "https://github.com/robinlinden/rust-project" "/workspace/cache/git-repos/https%3A%2F%2Fgithub.com%2Frobinlinden%2Frust-project", kill_on_drop: false }`
[INFO] [stderr] Cloning into bare repository '/workspace/cache/git-repos/https%3A%2F%2Fgithub.com%2Frobinlinden%2Frust-project'...
[INFO] running `Command { std: "git" "rev-parse" "HEAD", kill_on_drop: false }`
[INFO] [stdout] c8cc768f1e1a43eaea5c5d8eaaa8d5aac6baa4d4
[INFO] testing robinlinden/rust-project against beta-2021-08-01 for beta-1.55-1
[INFO] running `Command { std: "git" "clone" "/workspace/cache/git-repos/https%3A%2F%2Fgithub.com%2Frobinlinden%2Frust-project" "/workspace/builds/worker-62/source", kill_on_drop: false }`
[INFO] [stderr] Cloning into '/workspace/builds/worker-62/source'...
[INFO] [stderr] done.
[INFO] validating manifest of git repo https://github.com/robinlinden/rust-project on toolchain beta-2021-08-01
[INFO] running `Command { std: "/workspace/cargo-home/bin/cargo" "+beta-2021-08-01" "metadata" "--manifest-path" "Cargo.toml" "--no-deps", kill_on_drop: false }`
[INFO] started tweaking git repo https://github.com/robinlinden/rust-project
[INFO] finished tweaking git repo https://github.com/robinlinden/rust-project
[INFO] tweaked toml for git repo https://github.com/robinlinden/rust-project written to /workspace/builds/worker-62/source/Cargo.toml
[INFO] crate git repo https://github.com/robinlinden/rust-project already has a lockfile, it will not be regenerated
[INFO] running `Command { std: "/workspace/cargo-home/bin/cargo" "+beta-2021-08-01" "fetch" "--manifest-path" "Cargo.toml", kill_on_drop: false }`
[INFO] [stderr]     Blocking waiting for file lock on package cache
[INFO] [stderr]     Blocking waiting for file lock on package cache
[INFO] running `Command { std: "docker" "create" "-v" "/var/lib/crater-agent-workspace/builds/worker-62/target:/opt/rustwide/target:rw,Z" "-v" "/var/lib/crater-agent-workspace/builds/worker-62/source:/opt/rustwide/workdir:ro,Z" "-v" "/var/lib/crater-agent-workspace/cargo-home:/opt/rustwide/cargo-home:ro,Z" "-v" "/var/lib/crater-agent-workspace/rustup-home:/opt/rustwide/rustup-home:ro,Z" "-e" "SOURCE_DIR=/opt/rustwide/workdir" "-e" "CARGO_TARGET_DIR=/opt/rustwide/target" "-e" "CARGO_HOME=/opt/rustwide/cargo-home" "-e" "RUSTUP_HOME=/opt/rustwide/rustup-home" "-w" "/opt/rustwide/workdir" "-m" "1610612736" "--user" "0:0" "--network" "none" "ghcr.io/rust-lang/crates-build-env/linux@sha256:34b6a614d2c27851fe6cbf88fbd1137609cefab8b10d0615aaeb6fd47975d74e" "/opt/rustwide/cargo-home/bin/cargo" "+beta-2021-08-01" "metadata" "--no-deps" "--format-version=1", kill_on_drop: false }`
[INFO] [stdout] 69fc3efe88d27c7c3f7c06ed1531bcf1a80297139c3980002628d79846df86d1
[INFO] running `Command { std: "docker" "start" "-a" "69fc3efe88d27c7c3f7c06ed1531bcf1a80297139c3980002628d79846df86d1", kill_on_drop: false }`
[INFO] running `Command { std: "docker" "inspect" "69fc3efe88d27c7c3f7c06ed1531bcf1a80297139c3980002628d79846df86d1", kill_on_drop: false }`
[INFO] running `Command { std: "docker" "rm" "-f" "69fc3efe88d27c7c3f7c06ed1531bcf1a80297139c3980002628d79846df86d1", kill_on_drop: false }`
[INFO] [stdout] 69fc3efe88d27c7c3f7c06ed1531bcf1a80297139c3980002628d79846df86d1
[INFO] running `Command { std: "docker" "create" "-v" "/var/lib/crater-agent-workspace/builds/worker-62/target:/opt/rustwide/target:rw,Z" "-v" "/var/lib/crater-agent-workspace/builds/worker-62/source:/opt/rustwide/workdir:ro,Z" "-v" "/var/lib/crater-agent-workspace/cargo-home:/opt/rustwide/cargo-home:ro,Z" "-v" "/var/lib/crater-agent-workspace/rustup-home:/opt/rustwide/rustup-home:ro,Z" "-e" "SOURCE_DIR=/opt/rustwide/workdir" "-e" "CARGO_TARGET_DIR=/opt/rustwide/target" "-e" "CARGO_INCREMENTAL=0" "-e" "RUST_BACKTRACE=full" "-e" "RUSTFLAGS=--cap-lints=warn" "-e" "CARGO_HOME=/opt/rustwide/cargo-home" "-e" "RUSTUP_HOME=/opt/rustwide/rustup-home" "-w" "/opt/rustwide/workdir" "-m" "1610612736" "--user" "0:0" "--network" "none" "ghcr.io/rust-lang/crates-build-env/linux@sha256:34b6a614d2c27851fe6cbf88fbd1137609cefab8b10d0615aaeb6fd47975d74e" "/opt/rustwide/cargo-home/bin/cargo" "+beta-2021-08-01" "build" "--frozen" "--message-format=json", kill_on_drop: false }`
[INFO] [stdout] 38a70eaec265d65b733e37b6e43e5348ab8306161308cce0cfcd7ace3e8efee1
[INFO] running `Command { std: "docker" "start" "-a" "38a70eaec265d65b733e37b6e43e5348ab8306161308cce0cfcd7ace3e8efee1", kill_on_drop: false }`
[INFO] [stderr]     Blocking waiting for file lock on package cache
[INFO] [stderr]    Compiling winapi v0.1.0 (/opt/rustwide/workdir/winapi)
[INFO] [stderr]    Compiling unnamed v0.1.0 (/opt/rustwide/workdir/unnamed)
[INFO] [stdout] error[E0308]: mismatched types
[INFO] [stdout]   --> unnamed/src/window.rs:54:33
[INFO] [stdout]    |
[INFO] [stdout] 54 |                 x: GET_X_LPARAM(l_param as u32) as f32,
[INFO] [stdout]    |                                 ^^^^^^^^^^^^^^
[INFO] [stdout]    |                                 |
[INFO] [stdout]    |                                 expected `u64`, found `u32`
[INFO] [stdout]    |                                 help: you can convert a `u32` to a `u64`: `(l_param as u32).into()`
[INFO] [stdout] 
[INFO] [stdout] 
[INFO] [stdout] error[E0308]: mismatched types
[INFO] [stdout]   --> unnamed/src/window.rs:55:33
[INFO] [stdout]    |
[INFO] [stdout] 55 |                 y: GET_Y_LPARAM(l_param as u32) as f32,
[INFO] [stdout]    |                                 ^^^^^^^^^^^^^^
[INFO] [stdout]    |                                 |
[INFO] [stdout]    |                                 expected `u64`, found `u32`
[INFO] [stdout]    |                                 help: you can convert a `u32` to a `u64`: `(l_param as u32).into()`
[INFO] [stdout] 
[INFO] [stdout] 
[INFO] [stdout] error[E0308]: mismatched types
[INFO] [stdout]   --> unnamed/src/window.rs:62:33
[INFO] [stdout]    |
[INFO] [stdout] 62 |                 x: GET_X_LPARAM(l_param as u32) as f32,
[INFO] [stdout]    |                                 ^^^^^^^^^^^^^^
[INFO] [stdout]    |                                 |
[INFO] [stdout]    |                                 expected `u64`, found `u32`
[INFO] [stdout]    |                                 help: you can convert a `u32` to a `u64`: `(l_param as u32).into()`
[INFO] [stdout] 
[INFO] [stdout] 
[INFO] [stdout] error[E0308]: mismatched types
[INFO] [stdout]   --> unnamed/src/window.rs:63:33
[INFO] [stdout]    |
[INFO] [stdout] 63 |                 y: GET_Y_LPARAM(l_param as u32) as f32,
[INFO] [stdout]    |                                 ^^^^^^^^^^^^^^
[INFO] [stdout]    |                                 |
[INFO] [stdout]    |                                 expected `u64`, found `u32`
[INFO] [stdout]    |                                 help: you can convert a `u32` to a `u64`: `(l_param as u32).into()`
[INFO] [stdout] 
[INFO] [stdout] 
[INFO] [stdout] error[E0308]: mismatched types
[INFO] [stdout]   --> unnamed/src/window.rs:70:33
[INFO] [stdout]    |
[INFO] [stdout] 70 |                 x: GET_X_LPARAM(l_param as u32) as f32,
[INFO] [stdout]    |                                 ^^^^^^^^^^^^^^
[INFO] [stdout]    |                                 |
[INFO] [stdout]    |                                 expected `u64`, found `u32`
[INFO] [stdout]    |                                 help: you can convert a `u32` to a `u64`: `(l_param as u32).into()`
[INFO] [stdout] 
[INFO] [stdout] 
[INFO] [stdout] error[E0308]: mismatched types
[INFO] [stdout]   --> unnamed/src/window.rs:71:33
[INFO] [stdout]    |
[INFO] [stdout] 71 |                 y: GET_Y_LPARAM(l_param as u32) as f32,
[INFO] [stdout]    |                                 ^^^^^^^^^^^^^^
[INFO] [stdout]    |                                 |
[INFO] [stdout]    |                                 expected `u64`, found `u32`
[INFO] [stdout]    |                                 help: you can convert a `u32` to a `u64`: `(l_param as u32).into()`
[INFO] [stdout] 
[INFO] [stdout] 
[INFO] [stdout] error: aborting due to 6 previous errors
[INFO] [stdout] 
[INFO] [stdout] 
[INFO] [stdout] For more information about this error, try `rustc --explain E0308`.
[INFO] [stdout] 
[INFO] [stderr] error: could not compile `unnamed` due to 7 previous errors
[INFO] running `Command { std: "docker" "inspect" "38a70eaec265d65b733e37b6e43e5348ab8306161308cce0cfcd7ace3e8efee1", kill_on_drop: false }`
[INFO] running `Command { std: "docker" "rm" "-f" "38a70eaec265d65b733e37b6e43e5348ab8306161308cce0cfcd7ace3e8efee1", kill_on_drop: false }`
[INFO] [stdout] 38a70eaec265d65b733e37b6e43e5348ab8306161308cce0cfcd7ace3e8efee1
