[INFO] cloning repository https://github.com/riendegris/geo_finder
[INFO] running `Command { std: "git" "-c" "credential.helper=" "-c" "credential.helper=/workspace/cargo-home/bin/git-credential-null" "clone" "--bare" "https://github.com/riendegris/geo_finder" "/workspace/cache/git-repos/https%3A%2F%2Fgithub.com%2Friendegris%2Fgeo_finder", kill_on_drop: false }`
[INFO] [stderr] Cloning into bare repository '/workspace/cache/git-repos/https%3A%2F%2Fgithub.com%2Friendegris%2Fgeo_finder'...
[INFO] running `Command { std: "git" "rev-parse" "HEAD", kill_on_drop: false }`
[INFO] [stdout] ad6d38f6f737041ef392c6c0a60cb9b300c9033b
[INFO] testing riendegris/geo_finder against beta-2021-08-01 for beta-1.55-1
[INFO] running `Command { std: "git" "clone" "/workspace/cache/git-repos/https%3A%2F%2Fgithub.com%2Friendegris%2Fgeo_finder" "/workspace/builds/worker-4/source", kill_on_drop: false }`
[INFO] [stderr] Cloning into '/workspace/builds/worker-4/source'...
[INFO] [stderr] done.
[INFO] validating manifest of git repo https://github.com/riendegris/geo_finder on toolchain beta-2021-08-01
[INFO] running `Command { std: "/workspace/cargo-home/bin/cargo" "+beta-2021-08-01" "metadata" "--manifest-path" "Cargo.toml" "--no-deps", kill_on_drop: false }`
[INFO] started tweaking git repo https://github.com/riendegris/geo_finder
[INFO] finished tweaking git repo https://github.com/riendegris/geo_finder
[INFO] tweaked toml for git repo https://github.com/riendegris/geo_finder written to /workspace/builds/worker-4/source/Cargo.toml
[INFO] crate git repo https://github.com/riendegris/geo_finder already has a lockfile, it will not be regenerated
[INFO] running `Command { std: "/workspace/cargo-home/bin/cargo" "+beta-2021-08-01" "fetch" "--manifest-path" "Cargo.toml", kill_on_drop: false }`
[INFO] running `Command { std: "docker" "create" "-v" "/var/lib/crater-agent-workspace/builds/worker-4/target:/opt/rustwide/target:rw,Z" "-v" "/var/lib/crater-agent-workspace/builds/worker-4/source:/opt/rustwide/workdir:ro,Z" "-v" "/var/lib/crater-agent-workspace/cargo-home:/opt/rustwide/cargo-home:ro,Z" "-v" "/var/lib/crater-agent-workspace/rustup-home:/opt/rustwide/rustup-home:ro,Z" "-e" "SOURCE_DIR=/opt/rustwide/workdir" "-e" "CARGO_TARGET_DIR=/opt/rustwide/target" "-e" "CARGO_HOME=/opt/rustwide/cargo-home" "-e" "RUSTUP_HOME=/opt/rustwide/rustup-home" "-w" "/opt/rustwide/workdir" "-m" "1610612736" "--user" "0:0" "--network" "none" "ghcr.io/rust-lang/crates-build-env/linux@sha256:34b6a614d2c27851fe6cbf88fbd1137609cefab8b10d0615aaeb6fd47975d74e" "/opt/rustwide/cargo-home/bin/cargo" "+beta-2021-08-01" "metadata" "--no-deps" "--format-version=1", kill_on_drop: false }`
[INFO] [stdout] 76d4358d13ecfd91b1edd764a9961bed3f1c43bed96196f39cb6c59f969e5ca0
[INFO] [stderr] WARNING: Your kernel does not support swap limit capabilities or the cgroup is not mounted. Memory limited without swap.
[INFO] running `Command { std: "docker" "start" "-a" "76d4358d13ecfd91b1edd764a9961bed3f1c43bed96196f39cb6c59f969e5ca0", kill_on_drop: false }`
[INFO] running `Command { std: "docker" "inspect" "76d4358d13ecfd91b1edd764a9961bed3f1c43bed96196f39cb6c59f969e5ca0", kill_on_drop: false }`
[INFO] running `Command { std: "docker" "rm" "-f" "76d4358d13ecfd91b1edd764a9961bed3f1c43bed96196f39cb6c59f969e5ca0", kill_on_drop: false }`
[INFO] [stdout] 76d4358d13ecfd91b1edd764a9961bed3f1c43bed96196f39cb6c59f969e5ca0
[INFO] running `Command { std: "docker" "create" "-v" "/var/lib/crater-agent-workspace/builds/worker-4/target:/opt/rustwide/target:rw,Z" "-v" "/var/lib/crater-agent-workspace/builds/worker-4/source:/opt/rustwide/workdir:ro,Z" "-v" "/var/lib/crater-agent-workspace/cargo-home:/opt/rustwide/cargo-home:ro,Z" "-v" "/var/lib/crater-agent-workspace/rustup-home:/opt/rustwide/rustup-home:ro,Z" "-e" "SOURCE_DIR=/opt/rustwide/workdir" "-e" "CARGO_TARGET_DIR=/opt/rustwide/target" "-e" "CARGO_INCREMENTAL=0" "-e" "RUST_BACKTRACE=full" "-e" "RUSTFLAGS=--cap-lints=warn" "-e" "CARGO_HOME=/opt/rustwide/cargo-home" "-e" "RUSTUP_HOME=/opt/rustwide/rustup-home" "-w" "/opt/rustwide/workdir" "-m" "1610612736" "--user" "0:0" "--network" "none" "ghcr.io/rust-lang/crates-build-env/linux@sha256:34b6a614d2c27851fe6cbf88fbd1137609cefab8b10d0615aaeb6fd47975d74e" "/opt/rustwide/cargo-home/bin/cargo" "+beta-2021-08-01" "build" "--frozen" "--message-format=json", kill_on_drop: false }`
[INFO] [stderr] WARNING: Your kernel does not support swap limit capabilities or the cgroup is not mounted. Memory limited without swap.
[INFO] [stdout] 123541eb10ce82742d1a1d44c02f89d9debb3eb8b87218fcc6263349a9291789
[INFO] running `Command { std: "docker" "start" "-a" "123541eb10ce82742d1a1d44c02f89d9debb3eb8b87218fcc6263349a9291789", kill_on_drop: false }`
[INFO] [stderr]    Compiling cc v1.0.46
[INFO] [stderr]    Compiling syn v1.0.5
[INFO] [stderr]    Compiling serde v1.0.101
[INFO] [stderr]    Compiling rand_pcg v0.1.2
[INFO] [stderr]    Compiling rand_chacha v0.1.1
[INFO] [stderr]    Compiling rand v0.6.5
[INFO] [stderr]    Compiling num_cpus v1.10.1
[INFO] [stderr]    Compiling rand_os v0.1.3
[INFO] [stderr]    Compiling threadpool v1.7.1
[INFO] [stderr]    Compiling rstar v0.2.0
[INFO] [stderr]    Compiling backtrace-sys v0.1.32
[INFO] [stderr]    Compiling geo-types v0.4.3
[INFO] [stderr]    Compiling backtrace v0.3.40
[INFO] [stderr]    Compiling uuid v0.7.4
[INFO] [stderr]    Compiling synstructure v0.12.1
[INFO] [stderr]    Compiling failure_derive v0.1.6
[INFO] [stderr]    Compiling failure v0.1.6
[INFO] [stderr]    Compiling geo v0.12.2
[INFO] [stderr]    Compiling geo-finder v0.1.0 (/opt/rustwide/workdir)
[INFO] [stderr]     Finished dev [unoptimized + debuginfo] target(s) in 39.13s
[INFO] running `Command { std: "docker" "inspect" "123541eb10ce82742d1a1d44c02f89d9debb3eb8b87218fcc6263349a9291789", kill_on_drop: false }`
[INFO] running `Command { std: "docker" "rm" "-f" "123541eb10ce82742d1a1d44c02f89d9debb3eb8b87218fcc6263349a9291789", kill_on_drop: false }`
[INFO] [stdout] 123541eb10ce82742d1a1d44c02f89d9debb3eb8b87218fcc6263349a9291789
[INFO] running `Command { std: "docker" "create" "-v" "/var/lib/crater-agent-workspace/builds/worker-4/target:/opt/rustwide/target:rw,Z" "-v" "/var/lib/crater-agent-workspace/builds/worker-4/source:/opt/rustwide/workdir:ro,Z" "-v" "/var/lib/crater-agent-workspace/cargo-home:/opt/rustwide/cargo-home:ro,Z" "-v" "/var/lib/crater-agent-workspace/rustup-home:/opt/rustwide/rustup-home:ro,Z" "-e" "SOURCE_DIR=/opt/rustwide/workdir" "-e" "CARGO_TARGET_DIR=/opt/rustwide/target" "-e" "CARGO_INCREMENTAL=0" "-e" "RUST_BACKTRACE=full" "-e" "RUSTFLAGS=--cap-lints=warn" "-e" "CARGO_HOME=/opt/rustwide/cargo-home" "-e" "RUSTUP_HOME=/opt/rustwide/rustup-home" "-w" "/opt/rustwide/workdir" "-m" "1610612736" "--user" "0:0" "--network" "none" "ghcr.io/rust-lang/crates-build-env/linux@sha256:34b6a614d2c27851fe6cbf88fbd1137609cefab8b10d0615aaeb6fd47975d74e" "/opt/rustwide/cargo-home/bin/cargo" "+beta-2021-08-01" "test" "--frozen" "--no-run" "--message-format=json", kill_on_drop: false }`
[INFO] [stdout] a162326a3a83e3ea469a0d5bd46c5adea378c2bd16a7702db127f30ab066aa2e
[INFO] [stderr] WARNING: Your kernel does not support swap limit capabilities or the cgroup is not mounted. Memory limited without swap.
[INFO] running `Command { std: "docker" "start" "-a" "a162326a3a83e3ea469a0d5bd46c5adea378c2bd16a7702db127f30ab066aa2e", kill_on_drop: false }`
[INFO] [stderr]    Compiling geo-finder v0.1.0 (/opt/rustwide/workdir)
[INFO] [stdout] error[E0277]: the trait bound `AdminZone<T>: rstar::Point` is not satisfied
[INFO] [stdout]   --> tests/polygon.rs:89:5
[INFO] [stdout]    |
[INFO] [stdout] 89 |     type Zone = AdminZone<T>;
[INFO] [stdout]    |     ^^^^^^^^^^^^^^^^^^^^^^^^^ the trait `rstar::Point` is not implemented for `AdminZone<T>`
[INFO] [stdout]    | 
[INFO] [stdout]   ::: /opt/rustwide/workdir/src/geofinder.rs:27:11
[INFO] [stdout]    |
[INFO] [stdout] 27 |         + rstar::PointDistance
[INFO] [stdout]    |           -------------------- required by this bound in `geo_finder::Splitable::Zone`
[INFO] [stdout]    |
[INFO] [stdout]    = note: required because of the requirements on the impl of `PointDistance` for `AdminZone<T>`
[INFO] [stdout] 
[INFO] [stdout] 
[INFO] [stdout] error[E0599]: the method `size` exists for struct `GeoFinder<Admin<f64>>`, but its trait bounds were not satisfied
[INFO] [stdout]    --> tests/polygon.rs:101:27
[INFO] [stdout]     |
[INFO] [stdout] 10  | struct Admin<T: geo_types::CoordinateType> {
[INFO] [stdout]     | ------------------------------------------ doesn't satisfy `_: geo::algorithm::contains::Contains<geo_types::Point<f64>>`
[INFO] [stdout] ...
[INFO] [stdout] 101 |     assert_eq!(geo_finder.size(), 0);
[INFO] [stdout]     |                           ^^^^ method cannot be called on `GeoFinder<Admin<f64>>` due to unsatisfied trait bounds
[INFO] [stdout]     |
[INFO] [stdout]     = note: the following trait bounds were not satisfied:
[INFO] [stdout]             `Admin<f64>: geo::algorithm::contains::Contains<geo_types::Point<f64>>`
[INFO] [stdout] 
[INFO] [stdout] 
[INFO] [stdout] error[E0599]: the method `load` exists for struct `GeoFinder<Admin<f64>>`, but its trait bounds were not satisfied
[INFO] [stdout]    --> tests/polygon.rs:115:24
[INFO] [stdout]     |
[INFO] [stdout] 10  | struct Admin<T: geo_types::CoordinateType> {
[INFO] [stdout]     | ------------------------------------------ doesn't satisfy `_: geo::algorithm::contains::Contains<geo_types::Point<f64>>`
[INFO] [stdout] ...
[INFO] [stdout] 115 |     assert!(geo_finder.load(admin).is_some());
[INFO] [stdout]     |                        ^^^^ method cannot be called on `GeoFinder<Admin<f64>>` due to unsatisfied trait bounds
[INFO] [stdout]     |
[INFO] [stdout]     = note: the following trait bounds were not satisfied:
[INFO] [stdout]             `Admin<f64>: geo::algorithm::contains::Contains<geo_types::Point<f64>>`
[INFO] [stdout] 
[INFO] [stdout] 
[INFO] [stdout] error[E0599]: the method `size` exists for struct `GeoFinder<Admin<f64>>`, but its trait bounds were not satisfied
[INFO] [stdout]    --> tests/polygon.rs:116:27
[INFO] [stdout]     |
[INFO] [stdout] 10  | struct Admin<T: geo_types::CoordinateType> {
[INFO] [stdout]     | ------------------------------------------ doesn't satisfy `_: geo::algorithm::contains::Contains<geo_types::Point<f64>>`
[INFO] [stdout] ...
[INFO] [stdout] 116 |     assert_eq!(geo_finder.size(), 1);
[INFO] [stdout]     |                           ^^^^ method cannot be called on `GeoFinder<Admin<f64>>` due to unsatisfied trait bounds
[INFO] [stdout]     |
[INFO] [stdout]     = note: the following trait bounds were not satisfied:
[INFO] [stdout]             `Admin<f64>: geo::algorithm::contains::Contains<geo_types::Point<f64>>`
[INFO] [stdout] 
[INFO] [stdout] 
[INFO] [stdout] error: aborting due to 4 previous errors
[INFO] [stdout] 
[INFO] [stdout] 
[INFO] [stdout] Some errors have detailed explanations: E0277, E0599.
[INFO] [stdout] 
[INFO] [stdout] For more information about an error, try `rustc --explain E0277`.
[INFO] [stdout] 
[INFO] [stderr] error: could not compile `geo-finder` due to 5 previous errors
[INFO] [stderr] warning: build failed, waiting for other jobs to finish...
[INFO] [stderr] error: build failed
[INFO] running `Command { std: "docker" "inspect" "a162326a3a83e3ea469a0d5bd46c5adea378c2bd16a7702db127f30ab066aa2e", kill_on_drop: false }`
[INFO] running `Command { std: "docker" "rm" "-f" "a162326a3a83e3ea469a0d5bd46c5adea378c2bd16a7702db127f30ab066aa2e", kill_on_drop: false }`
[INFO] [stdout] a162326a3a83e3ea469a0d5bd46c5adea378c2bd16a7702db127f30ab066aa2e
