[INFO] cloning repository https://github.com/richchurcher/advent-of-code
[INFO] running `Command { std: "git" "-c" "credential.helper=" "-c" "credential.helper=/workspace/cargo-home/bin/git-credential-null" "clone" "--bare" "https://github.com/richchurcher/advent-of-code" "/workspace/cache/git-repos/https%3A%2F%2Fgithub.com%2Frichchurcher%2Fadvent-of-code", kill_on_drop: false }`
[INFO] [stderr] Cloning into bare repository '/workspace/cache/git-repos/https%3A%2F%2Fgithub.com%2Frichchurcher%2Fadvent-of-code'...
[INFO] running `Command { std: "git" "rev-parse" "HEAD", kill_on_drop: false }`
[INFO] [stdout] def70465b1480dbd32f6402f3ec014d93dcdc175
[INFO] testing richchurcher/advent-of-code against beta-2021-08-01 for beta-1.55-1
[INFO] running `Command { std: "git" "clone" "/workspace/cache/git-repos/https%3A%2F%2Fgithub.com%2Frichchurcher%2Fadvent-of-code" "/workspace/builds/worker-13/source", kill_on_drop: false }`
[INFO] [stderr] Cloning into '/workspace/builds/worker-13/source'...
[INFO] [stderr] done.
[INFO] validating manifest of git repo https://github.com/richchurcher/advent-of-code on toolchain beta-2021-08-01
[INFO] running `Command { std: "/workspace/cargo-home/bin/cargo" "+beta-2021-08-01" "metadata" "--manifest-path" "Cargo.toml" "--no-deps", kill_on_drop: false }`
[INFO] started tweaking git repo https://github.com/richchurcher/advent-of-code
[INFO] finished tweaking git repo https://github.com/richchurcher/advent-of-code
[INFO] tweaked toml for git repo https://github.com/richchurcher/advent-of-code written to /workspace/builds/worker-13/source/Cargo.toml
[INFO] crate git repo https://github.com/richchurcher/advent-of-code already has a lockfile, it will not be regenerated
[INFO] running `Command { std: "/workspace/cargo-home/bin/cargo" "+beta-2021-08-01" "fetch" "--manifest-path" "Cargo.toml", kill_on_drop: false }`
[INFO] running `Command { std: "docker" "create" "-v" "/var/lib/crater-agent-workspace/builds/worker-13/target:/opt/rustwide/target:rw,Z" "-v" "/var/lib/crater-agent-workspace/builds/worker-13/source:/opt/rustwide/workdir:ro,Z" "-v" "/var/lib/crater-agent-workspace/cargo-home:/opt/rustwide/cargo-home:ro,Z" "-v" "/var/lib/crater-agent-workspace/rustup-home:/opt/rustwide/rustup-home:ro,Z" "-e" "SOURCE_DIR=/opt/rustwide/workdir" "-e" "CARGO_TARGET_DIR=/opt/rustwide/target" "-e" "CARGO_HOME=/opt/rustwide/cargo-home" "-e" "RUSTUP_HOME=/opt/rustwide/rustup-home" "-w" "/opt/rustwide/workdir" "-m" "1610612736" "--user" "0:0" "--network" "none" "ghcr.io/rust-lang/crates-build-env/linux@sha256:34b6a614d2c27851fe6cbf88fbd1137609cefab8b10d0615aaeb6fd47975d74e" "/opt/rustwide/cargo-home/bin/cargo" "+beta-2021-08-01" "metadata" "--no-deps" "--format-version=1", kill_on_drop: false }`
[INFO] [stdout] 930266416f2928b0ddb6ee4101509fbb5572e4fcc9d3a8bf7fb4ef75b07e313a
[INFO] [stderr] WARNING: Your kernel does not support swap limit capabilities or the cgroup is not mounted. Memory limited without swap.
[INFO] running `Command { std: "docker" "start" "-a" "930266416f2928b0ddb6ee4101509fbb5572e4fcc9d3a8bf7fb4ef75b07e313a", kill_on_drop: false }`
[INFO] running `Command { std: "docker" "inspect" "930266416f2928b0ddb6ee4101509fbb5572e4fcc9d3a8bf7fb4ef75b07e313a", kill_on_drop: false }`
[INFO] running `Command { std: "docker" "rm" "-f" "930266416f2928b0ddb6ee4101509fbb5572e4fcc9d3a8bf7fb4ef75b07e313a", kill_on_drop: false }`
[INFO] [stdout] 930266416f2928b0ddb6ee4101509fbb5572e4fcc9d3a8bf7fb4ef75b07e313a
[INFO] running `Command { std: "docker" "create" "-v" "/var/lib/crater-agent-workspace/builds/worker-13/target:/opt/rustwide/target:rw,Z" "-v" "/var/lib/crater-agent-workspace/builds/worker-13/source:/opt/rustwide/workdir:ro,Z" "-v" "/var/lib/crater-agent-workspace/cargo-home:/opt/rustwide/cargo-home:ro,Z" "-v" "/var/lib/crater-agent-workspace/rustup-home:/opt/rustwide/rustup-home:ro,Z" "-e" "SOURCE_DIR=/opt/rustwide/workdir" "-e" "CARGO_TARGET_DIR=/opt/rustwide/target" "-e" "CARGO_INCREMENTAL=0" "-e" "RUST_BACKTRACE=full" "-e" "RUSTFLAGS=--cap-lints=warn" "-e" "CARGO_HOME=/opt/rustwide/cargo-home" "-e" "RUSTUP_HOME=/opt/rustwide/rustup-home" "-w" "/opt/rustwide/workdir" "-m" "1610612736" "--user" "0:0" "--network" "none" "ghcr.io/rust-lang/crates-build-env/linux@sha256:34b6a614d2c27851fe6cbf88fbd1137609cefab8b10d0615aaeb6fd47975d74e" "/opt/rustwide/cargo-home/bin/cargo" "+beta-2021-08-01" "build" "--frozen" "--message-format=json", kill_on_drop: false }`
[INFO] [stdout] 22b8ad2c413e4c4f9e388ea0ca9e6d85885bb0576a89aeb462ba98bd40eabfa6
[INFO] [stderr] WARNING: Your kernel does not support swap limit capabilities or the cgroup is not mounted. Memory limited without swap.
[INFO] running `Command { std: "docker" "start" "-a" "22b8ad2c413e4c4f9e388ea0ca9e6d85885bb0576a89aeb462ba98bd40eabfa6", kill_on_drop: false }`
[INFO] [stderr]    Compiling libc v0.2.45
[INFO] [stderr]    Compiling serde v1.0.82
[INFO] [stderr]    Compiling aoc-runner v0.2.2
[INFO] [stderr]    Compiling syn v0.15.23
[INFO] [stderr]    Compiling memchr v2.1.2
[INFO] [stderr]    Compiling aho-corasick v0.6.9
[INFO] [stderr]    Compiling regex v1.1.0
[INFO] [stderr]    Compiling serde_json v1.0.33
[INFO] [stderr]    Compiling serde_derive v1.0.82
[INFO] [stderr]    Compiling aoc-runner-internal v0.1.0
[INFO] [stderr]    Compiling aoc-runner-derive v0.2.2
[INFO] [stderr]    Compiling advent-of-code-2018 v0.1.0 (/opt/rustwide/workdir)
[INFO] [stdout] error: proc macro panicked
[INFO] [stdout]   --> src/lib.rs:14:1
[INFO] [stdout]    |
[INFO] [stdout] 14 | aoc_lib!{ year = 2018 }
[INFO] [stdout]    | ^^^^^^^^^^^^^^^^^^^^^^^
[INFO] [stdout]    |
[INFO] [stdout]    = help: message: failed to write infos from lib: Os { code: 30, kind: ReadOnlyFilesystem, message: "Read-only file system" }
[INFO] [stdout] 
[INFO] [stdout] 
[INFO] [stdout] error[E0432]: unresolved import `crate`
[INFO] [stdout]   --> src/day1.rs:11:1
[INFO] [stdout]    |
[INFO] [stdout] 11 | #[aoc(day1, part1)]
[INFO] [stdout]    | ^^^^^^^^^^^^^^^^^^^ no `Factory` in the root
[INFO] [stdout]    |
[INFO] [stdout]    = note: this error originates in the attribute macro `aoc` (in Nightly builds, run with -Z macro-backtrace for more info)
[INFO] [stdout] 
[INFO] [stdout] 
[INFO] [stdout] error[E0432]: unresolved import `crate`
[INFO] [stdout]   --> src/day1.rs:18:1
[INFO] [stdout]    |
[INFO] [stdout] 18 | #[aoc(day1, part2)]
[INFO] [stdout]    | ^^^^^^^^^^^^^^^^^^^ no `Factory` in the root
[INFO] [stdout]    |
[INFO] [stdout]    = note: this error originates in the attribute macro `aoc` (in Nightly builds, run with -Z macro-backtrace for more info)
[INFO] [stdout] 
[INFO] [stdout] 
[INFO] [stdout] error[E0432]: unresolved import `crate`
[INFO] [stdout]  --> src/day2.rs:3:1
[INFO] [stdout]   |
[INFO] [stdout] 3 | #[aoc(day2, part1)]
[INFO] [stdout]   | ^^^^^^^^^^^^^^^^^^^ no `Factory` in the root
[INFO] [stdout]   |
[INFO] [stdout]   = note: this error originates in the attribute macro `aoc` (in Nightly builds, run with -Z macro-backtrace for more info)
[INFO] [stdout] 
[INFO] [stdout] 
[INFO] [stdout] error[E0432]: unresolved import `crate`
[INFO] [stdout]   --> src/day2.rs:50:1
[INFO] [stdout]    |
[INFO] [stdout] 50 | #[aoc(day2, part2)]
[INFO] [stdout]    | ^^^^^^^^^^^^^^^^^^^ no `Factory` in the root
[INFO] [stdout]    |
[INFO] [stdout]    = note: this error originates in the attribute macro `aoc` (in Nightly builds, run with -Z macro-backtrace for more info)
[INFO] [stdout] 
[INFO] [stdout] 
[INFO] [stdout] error[E0432]: unresolved import `crate`
[INFO] [stdout]   --> src/day3.rs:58:1
[INFO] [stdout]    |
[INFO] [stdout] 58 | #[aoc(day3, part1)]
[INFO] [stdout]    | ^^^^^^^^^^^^^^^^^^^ no `Factory` in the root
[INFO] [stdout]    |
[INFO] [stdout]    = note: this error originates in the attribute macro `aoc` (in Nightly builds, run with -Z macro-backtrace for more info)
[INFO] [stdout] 
[INFO] [stdout] 
[INFO] [stdout] error[E0432]: unresolved import `crate`
[INFO] [stdout]   --> src/day3.rs:79:1
[INFO] [stdout]    |
[INFO] [stdout] 79 | #[aoc(day3, part2)]
[INFO] [stdout]    | ^^^^^^^^^^^^^^^^^^^ no `Factory` in the root
[INFO] [stdout]    |
[INFO] [stdout]    = note: this error originates in the attribute macro `aoc` (in Nightly builds, run with -Z macro-backtrace for more info)
[INFO] [stdout] 
[INFO] [stdout] 
[INFO] [stdout] error[E0432]: unresolved import `crate`
[INFO] [stdout]   --> src/day4.rs:58:1
[INFO] [stdout]    |
[INFO] [stdout] 58 | #[aoc(day4, part1)]
[INFO] [stdout]    | ^^^^^^^^^^^^^^^^^^^ no `Factory` in the root
[INFO] [stdout]    |
[INFO] [stdout]    = note: this error originates in the attribute macro `aoc` (in Nightly builds, run with -Z macro-backtrace for more info)
[INFO] [stdout] 
[INFO] [stdout] 
[INFO] [stdout] error[E0432]: unresolved import `crate`
[INFO] [stdout]   --> src/day4.rs:82:1
[INFO] [stdout]    |
[INFO] [stdout] 82 | #[aoc(day4, part2)]
[INFO] [stdout]    | ^^^^^^^^^^^^^^^^^^^ no `Factory` in the root
[INFO] [stdout]    |
[INFO] [stdout]    = note: this error originates in the attribute macro `aoc` (in Nightly builds, run with -Z macro-backtrace for more info)
[INFO] [stdout] 
[INFO] [stdout] 
[INFO] [stdout] error[E0432]: unresolved import `crate`
[INFO] [stdout]  --> src/day5.rs:5:1
[INFO] [stdout]   |
[INFO] [stdout] 5 | #[aoc(day5, part1)]
[INFO] [stdout]   | ^^^^^^^^^^^^^^^^^^^ no `Factory` in the root
[INFO] [stdout]   |
[INFO] [stdout]   = note: this error originates in the attribute macro `aoc` (in Nightly builds, run with -Z macro-backtrace for more info)
[INFO] [stdout] 
[INFO] [stdout] 
[INFO] [stdout] error[E0432]: unresolved import `crate`
[INFO] [stdout]   --> src/day5.rs:20:1
[INFO] [stdout]    |
[INFO] [stdout] 20 | #[aoc(day5, part2)]
[INFO] [stdout]    | ^^^^^^^^^^^^^^^^^^^ no `Factory` in the root
[INFO] [stdout]    |
[INFO] [stdout]    = note: this error originates in the attribute macro `aoc` (in Nightly builds, run with -Z macro-backtrace for more info)
[INFO] [stdout] 
[INFO] [stdout] 
[INFO] [stdout] error[E0432]: unresolved import `crate`
[INFO] [stdout]   --> src/day6.rs:35:1
[INFO] [stdout]    |
[INFO] [stdout] 35 | #[aoc(day6, part1)]
[INFO] [stdout]    | ^^^^^^^^^^^^^^^^^^^ no `Factory` in the root
[INFO] [stdout]    |
[INFO] [stdout]    = note: this error originates in the attribute macro `aoc` (in Nightly builds, run with -Z macro-backtrace for more info)
[INFO] [stdout] 
[INFO] [stdout] 
[INFO] [stdout] error: aborting due to 12 previous errors
[INFO] [stdout] 
[INFO] [stdout] 
[INFO] [stdout] For more information about this error, try `rustc --explain E0432`.
[INFO] [stdout] 
[INFO] [stderr] error: could not compile `advent-of-code-2018` due to 13 previous errors
[INFO] running `Command { std: "docker" "inspect" "22b8ad2c413e4c4f9e388ea0ca9e6d85885bb0576a89aeb462ba98bd40eabfa6", kill_on_drop: false }`
[INFO] running `Command { std: "docker" "rm" "-f" "22b8ad2c413e4c4f9e388ea0ca9e6d85885bb0576a89aeb462ba98bd40eabfa6", kill_on_drop: false }`
[INFO] [stdout] 22b8ad2c413e4c4f9e388ea0ca9e6d85885bb0576a89aeb462ba98bd40eabfa6
