[INFO] cloning repository https://github.com/richardfeynmanrocks/memex
[INFO] running `Command { std: "git" "-c" "credential.helper=" "-c" "credential.helper=/workspace/cargo-home/bin/git-credential-null" "clone" "--bare" "https://github.com/richardfeynmanrocks/memex" "/workspace/cache/git-repos/https%3A%2F%2Fgithub.com%2Frichardfeynmanrocks%2Fmemex", kill_on_drop: false }`
[INFO] [stderr] Cloning into bare repository '/workspace/cache/git-repos/https%3A%2F%2Fgithub.com%2Frichardfeynmanrocks%2Fmemex'...
[INFO] running `Command { std: "git" "rev-parse" "HEAD", kill_on_drop: false }`
[INFO] [stdout] 7babaf4fe17e11dd7228e6d6c0f0003f86fb6e06
[INFO] testing richardfeynmanrocks/memex against 1.54.0 for beta-1.55-1
[INFO] running `Command { std: "git" "clone" "/workspace/cache/git-repos/https%3A%2F%2Fgithub.com%2Frichardfeynmanrocks%2Fmemex" "/workspace/builds/worker-9/source", kill_on_drop: false }`
[INFO] [stderr] Cloning into '/workspace/builds/worker-9/source'...
[INFO] [stderr] done.
[INFO] validating manifest of git repo https://github.com/richardfeynmanrocks/memex on toolchain 1.54.0
[INFO] running `Command { std: "/workspace/cargo-home/bin/cargo" "+1.54.0" "metadata" "--manifest-path" "Cargo.toml" "--no-deps", kill_on_drop: false }`
[INFO] started tweaking git repo https://github.com/richardfeynmanrocks/memex
[INFO] finished tweaking git repo https://github.com/richardfeynmanrocks/memex
[INFO] tweaked toml for git repo https://github.com/richardfeynmanrocks/memex written to /workspace/builds/worker-9/source/Cargo.toml
[INFO] crate git repo https://github.com/richardfeynmanrocks/memex already has a lockfile, it will not be regenerated
[INFO] running `Command { std: "/workspace/cargo-home/bin/cargo" "+1.54.0" "fetch" "--manifest-path" "Cargo.toml", kill_on_drop: false }`
[INFO] [stderr]  Downloading crates ...
[INFO] [stderr]   Downloaded minimad v0.7.1
[INFO] [stderr]   Downloaded closure v0.3.0
[INFO] [stderr]   Downloaded minimad v0.8.0
[INFO] [stderr]   Downloaded termimad v0.10.3
[INFO] running `Command { std: "docker" "create" "-v" "/var/lib/crater-agent-workspace/builds/worker-9/target:/opt/rustwide/target:rw,Z" "-v" "/var/lib/crater-agent-workspace/builds/worker-9/source:/opt/rustwide/workdir:ro,Z" "-v" "/var/lib/crater-agent-workspace/cargo-home:/opt/rustwide/cargo-home:ro,Z" "-v" "/var/lib/crater-agent-workspace/rustup-home:/opt/rustwide/rustup-home:ro,Z" "-e" "SOURCE_DIR=/opt/rustwide/workdir" "-e" "CARGO_TARGET_DIR=/opt/rustwide/target" "-e" "CARGO_HOME=/opt/rustwide/cargo-home" "-e" "RUSTUP_HOME=/opt/rustwide/rustup-home" "-w" "/opt/rustwide/workdir" "-m" "1610612736" "--user" "0:0" "--network" "none" "ghcr.io/rust-lang/crates-build-env/linux@sha256:34b6a614d2c27851fe6cbf88fbd1137609cefab8b10d0615aaeb6fd47975d74e" "/opt/rustwide/cargo-home/bin/cargo" "+1.54.0" "metadata" "--no-deps" "--format-version=1", kill_on_drop: false }`
[INFO] [stdout] fa00ac2854db19a5601d0466f8268999c87fc2545b8c1f986c9faa5314253063
[INFO] [stderr] WARNING: Your kernel does not support swap limit capabilities or the cgroup is not mounted. Memory limited without swap.
[INFO] running `Command { std: "docker" "start" "-a" "fa00ac2854db19a5601d0466f8268999c87fc2545b8c1f986c9faa5314253063", kill_on_drop: false }`
[INFO] running `Command { std: "docker" "inspect" "fa00ac2854db19a5601d0466f8268999c87fc2545b8c1f986c9faa5314253063", kill_on_drop: false }`
[INFO] running `Command { std: "docker" "rm" "-f" "fa00ac2854db19a5601d0466f8268999c87fc2545b8c1f986c9faa5314253063", kill_on_drop: false }`
[INFO] [stdout] fa00ac2854db19a5601d0466f8268999c87fc2545b8c1f986c9faa5314253063
[INFO] running `Command { std: "docker" "create" "-v" "/var/lib/crater-agent-workspace/builds/worker-9/target:/opt/rustwide/target:rw,Z" "-v" "/var/lib/crater-agent-workspace/builds/worker-9/source:/opt/rustwide/workdir:ro,Z" "-v" "/var/lib/crater-agent-workspace/cargo-home:/opt/rustwide/cargo-home:ro,Z" "-v" "/var/lib/crater-agent-workspace/rustup-home:/opt/rustwide/rustup-home:ro,Z" "-e" "SOURCE_DIR=/opt/rustwide/workdir" "-e" "CARGO_TARGET_DIR=/opt/rustwide/target" "-e" "CARGO_INCREMENTAL=0" "-e" "RUST_BACKTRACE=full" "-e" "RUSTFLAGS=--cap-lints=warn" "-e" "CARGO_HOME=/opt/rustwide/cargo-home" "-e" "RUSTUP_HOME=/opt/rustwide/rustup-home" "-w" "/opt/rustwide/workdir" "-m" "1610612736" "--user" "0:0" "--network" "none" "ghcr.io/rust-lang/crates-build-env/linux@sha256:34b6a614d2c27851fe6cbf88fbd1137609cefab8b10d0615aaeb6fd47975d74e" "/opt/rustwide/cargo-home/bin/cargo" "+1.54.0" "build" "--frozen" "--message-format=json", kill_on_drop: false }`
[INFO] [stderr] WARNING: Your kernel does not support swap limit capabilities or the cgroup is not mounted. Memory limited without swap.
[INFO] [stdout] 6cf1b051f55f237bc90bb82411e596e337257730423aa8044c50817bd5fddd4e
[INFO] running `Command { std: "docker" "start" "-a" "6cf1b051f55f237bc90bb82411e596e337257730423aa8044c50817bd5fddd4e", kill_on_drop: false }`
[INFO] [stderr]     Blocking waiting for file lock on package cache
[INFO] [stderr]    Compiling libc v0.2.96
[INFO] [stderr]    Compiling crossbeam-queue v0.3.2
[INFO] [stderr]    Compiling closure v0.3.0
[INFO] [stderr]    Compiling tokio v1.8.1
[INFO] [stderr]    Compiling minimad v0.7.1
[INFO] [stderr]    Compiling minimad v0.8.0
[INFO] [stderr]    Compiling openssl-sys v0.9.65
[INFO] [stderr]    Compiling tracing v0.1.26
[INFO] [stderr]    Compiling futures-util v0.3.15
[INFO] [stderr]    Compiling crossbeam-channel v0.5.1
[INFO] [stderr]    Compiling num-traits v0.1.43
[INFO] [stderr]    Compiling num-integer v0.1.44
[INFO] [stderr]    Compiling tokio-macros v1.3.0
[INFO] [stderr]    Compiling crossbeam-epoch v0.9.5
[INFO] [stderr]    Compiling thiserror-impl v1.0.25
[INFO] [stderr]    Compiling serde v1.0.126
[INFO] [stderr]    Compiling proc-macro-error v1.0.4
[INFO] [stderr]    Compiling serde-hjson v0.9.1
[INFO] [stderr]    Compiling crossbeam-deque v0.8.0
[INFO] [stderr]    Compiling crossbeam v0.8.1
[INFO] [stderr]    Compiling clap_derive v3.0.0-beta.2
[INFO] [stderr]    Compiling openssl v0.10.35
[INFO] [stderr]    Compiling native-tls v0.2.7
[INFO] [stderr]    Compiling signal-hook-registry v1.4.0
[INFO] [stderr]    Compiling parking_lot_core v0.8.3
[INFO] [stderr]    Compiling mio v0.7.11
[INFO] [stderr]    Compiling num_cpus v1.13.0
[INFO] [stderr]    Compiling getrandom v0.2.3
[INFO] [stderr]    Compiling socket2 v0.4.0
[INFO] [stderr]    Compiling time v0.1.44
[INFO] [stderr]    Compiling atty v0.2.14
[INFO] [stderr]    Compiling parking_lot v0.11.1
[INFO] [stderr]    Compiling rand_core v0.6.2
[INFO] [stderr]    Compiling signal-hook v0.1.17
[INFO] [stderr]    Compiling rand_chacha v0.3.1
[INFO] [stderr]    Compiling crossterm v0.19.0
[INFO] [stderr]    Compiling thiserror v1.0.25
[INFO] [stderr]    Compiling rand v0.8.3
[INFO] [stderr]    Compiling serde_json v1.0.64
[INFO] [stderr]    Compiling serde_urlencoded v0.7.0
[INFO] [stderr]    Compiling chrono v0.4.19
[INFO] [stderr]    Compiling toml v0.5.8
[INFO] [stderr]    Compiling termimad v0.10.3
[INFO] [stderr]    Compiling clap v3.0.0-beta.2
[INFO] [stderr]    Compiling nanoid v0.4.0
[INFO] [stderr]    Compiling flexi_logger v0.18.0
[INFO] [stderr]    Compiling config v0.11.0
[INFO] [stderr]    Compiling tokio-util v0.6.7
[INFO] [stderr]    Compiling tokio-native-tls v0.3.0
[INFO] [stderr]    Compiling h2 v0.3.3
[INFO] [stderr]    Compiling hyper v0.14.10
[INFO] [stderr]    Compiling hyper-tls v0.5.0
[INFO] [stderr]    Compiling reqwest v0.11.4
[INFO] [stderr]    Compiling memex v0.1.0 (/opt/rustwide/workdir)
[INFO] [stdout] error[E0425]: cannot find function `get_projects` in this scope
[INFO] [stdout]    --> src/daemon.rs:181:14
[INFO] [stdout]     |
[INFO] [stdout] 181 |             let map = get_projects(token.clone(), self.settings.get::<u64>("toggl.default_workspace").unwrap()).await;
[INFO] [stdout]     |                       ^^^^^^^^^^^^ not found in this scope
[INFO] [stdout] 
[INFO] [stdout] 
[INFO] [stdout] error[E0425]: cannot find function `get_proj_id` in this scope
[INFO] [stdout]    --> src/daemon.rs:184:26
[INFO] [stdout]     |
[INFO] [stdout] 184 |                 Some(ref p) => pid = get_proj_id(token.clone(), map, p.name.clone()).await,
[INFO] [stdout]     |                                      ^^^^^^^^^^^ not found in this scope
[INFO] [stdout] 
[INFO] [stdout] 
[INFO] [stdout] error[E0425]: cannot find function `set_toggl` in this scope
[INFO] [stdout]     --> src/daemon.rs:187:4
[INFO] [stdout]      |
[INFO] [stdout] 187  |             set_toggl(token.clone(), tmp.name.clone(), pid).await;            
[INFO] [stdout]      |             ^^^^^^^^^ help: a function with a similar name exists: `set_logger`
[INFO] [stdout]      | 
[INFO] [stdout]     ::: /opt/rustwide/cargo-home/registry/src/github.com-1ecc6299db9ec823/log-0.4.14/src/lib.rs:1338:1
[INFO] [stdout]      |
[INFO] [stdout] 1338 | pub fn set_logger(logger: &'static dyn Log) -> Result<(), SetLoggerError> {
[INFO] [stdout]      | ------------------------------------------------------------------------- similarly named function `set_logger` defined here
[INFO] [stdout] 
[INFO] [stdout] 
[INFO] [stdout] error[E0425]: cannot find function `get_projects` in this scope
[INFO] [stdout]    --> src/daemon.rs:203:17
[INFO] [stdout]     |
[INFO] [stdout] 203 |                         let map = get_projects(token.clone(), self.settings.get::<u64>("toggl.default_workspace").unwrap()).await;
[INFO] [stdout]     |                                   ^^^^^^^^^^^^ not found in this scope
[INFO] [stdout] 
[INFO] [stdout] 
[INFO] [stdout] error[E0425]: cannot find function `get_proj_id` in this scope
[INFO] [stdout]    --> src/daemon.rs:206:25
[INFO] [stdout]     |
[INFO] [stdout] 206 | ...                   Some(p) => pid = get_proj_id(token.clone(), map, p.name.clone()).await,
[INFO] [stdout]     |                                        ^^^^^^^^^^^ not found in this scope
[INFO] [stdout] 
[INFO] [stdout] 
[INFO] [stdout] error[E0425]: cannot find function `update_toggl` in this scope
[INFO] [stdout]    --> src/daemon.rs:209:7
[INFO] [stdout]     |
[INFO] [stdout] 209 |                         update_toggl(token.clone(), i.name.clone(), i.tags.iter().map(|x| x.name.clone()).collect(), pid).await;
[INFO] [stdout]     |                         ^^^^^^^^^^^^ not found in this scope
[INFO] [stdout] 
[INFO] [stdout] 
[INFO] [stdout] error[E0425]: cannot find function `get_toggl` in this scope
[INFO] [stdout]    --> src/daemon.rs:293:11
[INFO] [stdout]     |
[INFO] [stdout] 293 |                 match get_toggl((*handler_wrapper.h).settings.get::<String>("toggl.api_token").unwrap()) {
[INFO] [stdout]     |                       ^^^^^^^^^ not found in this scope
[INFO] [stdout] 
[INFO] [stdout] 
[INFO] [stdout] error[E0425]: cannot find function `get_project` in this scope
[INFO] [stdout]    --> src/daemon.rs:306:18
[INFO] [stdout]     |
[INFO] [stdout] 306 | ...                   name: get_project((*handler_wrapper.h).settings.get::<String>("toggl.api_token").unwrap(), e)
[INFO] [stdout]     |                             ^^^^^^^^^^^ not found in this scope
[INFO] [stdout] 
[INFO] [stdout] 
[INFO] [stdout] warning: unnecessary trailing semicolon
[INFO] [stdout]    --> src/daemon.rs:285:42
[INFO] [stdout]     |
[INFO] [stdout] 285 |         struct HandlerWrapper {h: *mut Handler};
[INFO] [stdout]     |                                                ^ help: remove this semicolon
[INFO] [stdout]     |
[INFO] [stdout]     = note: `#[warn(redundant_semicolons)]` on by default
[INFO] [stdout] 
[INFO] [stdout] 
[INFO] [stdout] warning: variable does not need to be mutable
[INFO] [stdout]    --> src/daemon.rs:269:7
[INFO] [stdout]     |
[INFO] [stdout] 269 |         let mut reader = std::io::BufReader::new(
[INFO] [stdout]     |             ----^^^^^^
[INFO] [stdout]     |             |
[INFO] [stdout]     |             help: remove this `mut`
[INFO] [stdout]     |
[INFO] [stdout]     = note: `#[warn(unused_mut)]` on by default
[INFO] [stdout] 
[INFO] [stdout] 
[INFO] [stdout] error: aborting due to 8 previous errors; 2 warnings emitted
[INFO] [stdout] 
[INFO] [stdout] 
[INFO] [stdout] For more information about this error, try `rustc --explain E0425`.
[INFO] [stdout] 
[INFO] [stderr] error: could not compile `memex`
[INFO] [stderr] 
[INFO] [stderr] To learn more, run the command again with --verbose.
[INFO] [stderr] warning: build failed, waiting for other jobs to finish...
[INFO] [stderr] error: build failed
[INFO] running `Command { std: "docker" "inspect" "6cf1b051f55f237bc90bb82411e596e337257730423aa8044c50817bd5fddd4e", kill_on_drop: false }`
[INFO] running `Command { std: "docker" "rm" "-f" "6cf1b051f55f237bc90bb82411e596e337257730423aa8044c50817bd5fddd4e", kill_on_drop: false }`
[INFO] [stdout] 6cf1b051f55f237bc90bb82411e596e337257730423aa8044c50817bd5fddd4e
