[INFO] cloning repository https://github.com/rgrochowicz/rust-rocksdb-merge-oddity
[INFO] running `Command { std: "git" "-c" "credential.helper=" "-c" "credential.helper=/workspace/cargo-home/bin/git-credential-null" "clone" "--bare" "https://github.com/rgrochowicz/rust-rocksdb-merge-oddity" "/workspace/cache/git-repos/https%3A%2F%2Fgithub.com%2Frgrochowicz%2Frust-rocksdb-merge-oddity", kill_on_drop: false }`
[INFO] [stderr] Cloning into bare repository '/workspace/cache/git-repos/https%3A%2F%2Fgithub.com%2Frgrochowicz%2Frust-rocksdb-merge-oddity'...
[INFO] running `Command { std: "git" "rev-parse" "HEAD", kill_on_drop: false }`
[INFO] [stdout] 76a26ce731f6ba8c292fb00a1e91615741430ff7
[INFO] testing rgrochowicz/rust-rocksdb-merge-oddity against beta-2021-08-01 for beta-1.55-1
[INFO] running `Command { std: "git" "clone" "/workspace/cache/git-repos/https%3A%2F%2Fgithub.com%2Frgrochowicz%2Frust-rocksdb-merge-oddity" "/workspace/builds/worker-6/source", kill_on_drop: false }`
[INFO] [stderr] Cloning into '/workspace/builds/worker-6/source'...
[INFO] [stderr] done.
[INFO] validating manifest of git repo https://github.com/rgrochowicz/rust-rocksdb-merge-oddity on toolchain beta-2021-08-01
[INFO] running `Command { std: "/workspace/cargo-home/bin/cargo" "+beta-2021-08-01" "metadata" "--manifest-path" "Cargo.toml" "--no-deps", kill_on_drop: false }`
[INFO] started tweaking git repo https://github.com/rgrochowicz/rust-rocksdb-merge-oddity
[INFO] finished tweaking git repo https://github.com/rgrochowicz/rust-rocksdb-merge-oddity
[INFO] tweaked toml for git repo https://github.com/rgrochowicz/rust-rocksdb-merge-oddity written to /workspace/builds/worker-6/source/Cargo.toml
[INFO] crate git repo https://github.com/rgrochowicz/rust-rocksdb-merge-oddity already has a lockfile, it will not be regenerated
[INFO] running `Command { std: "/workspace/cargo-home/bin/cargo" "+beta-2021-08-01" "fetch" "--manifest-path" "Cargo.toml", kill_on_drop: false }`
[INFO] [stderr]     Updating git repository `https://github.com/busyjay/libz-sys.git`
[INFO] [stderr]     Updating git submodule `https://github.com/madler/zlib`
[INFO] [stderr]     Updating git submodule `https://github.com/google/snappy.git`
[INFO] [stderr]     Updating git submodule `https://github.com/facebook/zstd`
[INFO] [stderr]  Downloading crates ...
[INFO] [stderr]   Downloaded blob v0.2.0
[INFO] running `Command { std: "docker" "create" "-v" "/var/lib/crater-agent-workspace/builds/worker-6/target:/opt/rustwide/target:rw,Z" "-v" "/var/lib/crater-agent-workspace/builds/worker-6/source:/opt/rustwide/workdir:ro,Z" "-v" "/var/lib/crater-agent-workspace/cargo-home:/opt/rustwide/cargo-home:ro,Z" "-v" "/var/lib/crater-agent-workspace/rustup-home:/opt/rustwide/rustup-home:ro,Z" "-e" "SOURCE_DIR=/opt/rustwide/workdir" "-e" "CARGO_TARGET_DIR=/opt/rustwide/target" "-e" "CARGO_HOME=/opt/rustwide/cargo-home" "-e" "RUSTUP_HOME=/opt/rustwide/rustup-home" "-w" "/opt/rustwide/workdir" "-m" "1610612736" "--user" "0:0" "--network" "none" "ghcr.io/rust-lang/crates-build-env/linux@sha256:34b6a614d2c27851fe6cbf88fbd1137609cefab8b10d0615aaeb6fd47975d74e" "/opt/rustwide/cargo-home/bin/cargo" "+beta-2021-08-01" "metadata" "--no-deps" "--format-version=1", kill_on_drop: false }`
[INFO] [stdout] 7e031080c2c90089eb1246887f64c19444883bb01e9e5c210ce45bd6c9709441
[INFO] [stderr] WARNING: Your kernel does not support swap limit capabilities or the cgroup is not mounted. Memory limited without swap.
[INFO] running `Command { std: "docker" "start" "-a" "7e031080c2c90089eb1246887f64c19444883bb01e9e5c210ce45bd6c9709441", kill_on_drop: false }`
[INFO] running `Command { std: "docker" "inspect" "7e031080c2c90089eb1246887f64c19444883bb01e9e5c210ce45bd6c9709441", kill_on_drop: false }`
[INFO] running `Command { std: "docker" "rm" "-f" "7e031080c2c90089eb1246887f64c19444883bb01e9e5c210ce45bd6c9709441", kill_on_drop: false }`
[INFO] [stdout] 7e031080c2c90089eb1246887f64c19444883bb01e9e5c210ce45bd6c9709441
[INFO] running `Command { std: "docker" "create" "-v" "/var/lib/crater-agent-workspace/builds/worker-6/target:/opt/rustwide/target:rw,Z" "-v" "/var/lib/crater-agent-workspace/builds/worker-6/source:/opt/rustwide/workdir:ro,Z" "-v" "/var/lib/crater-agent-workspace/cargo-home:/opt/rustwide/cargo-home:ro,Z" "-v" "/var/lib/crater-agent-workspace/rustup-home:/opt/rustwide/rustup-home:ro,Z" "-e" "SOURCE_DIR=/opt/rustwide/workdir" "-e" "CARGO_TARGET_DIR=/opt/rustwide/target" "-e" "CARGO_INCREMENTAL=0" "-e" "RUST_BACKTRACE=full" "-e" "RUSTFLAGS=--cap-lints=warn" "-e" "CARGO_HOME=/opt/rustwide/cargo-home" "-e" "RUSTUP_HOME=/opt/rustwide/rustup-home" "-w" "/opt/rustwide/workdir" "-m" "1610612736" "--user" "0:0" "--network" "none" "ghcr.io/rust-lang/crates-build-env/linux@sha256:34b6a614d2c27851fe6cbf88fbd1137609cefab8b10d0615aaeb6fd47975d74e" "/opt/rustwide/cargo-home/bin/cargo" "+beta-2021-08-01" "build" "--frozen" "--message-format=json", kill_on_drop: false }`
[INFO] [stderr] WARNING: Your kernel does not support swap limit capabilities or the cgroup is not mounted. Memory limited without swap.
[INFO] [stdout] 012e85d2e76c37e106669d008144c78f0dc726e6687becbc7ed445322949b234
[INFO] running `Command { std: "docker" "start" "-a" "012e85d2e76c37e106669d008144c78f0dc726e6687becbc7ed445322949b234", kill_on_drop: false }`
[INFO] [stderr]    Compiling cmake v0.1.35
[INFO] [stderr]    Compiling lz4-sys v1.8.0 (https://github.com/busyjay/lz4-rs.git?branch=adjust-build#41509fea)
[INFO] [stderr]    Compiling bzip2-sys v0.1.6 (https://github.com/alexcrichton/bzip2-rs.git#54aef435)
[INFO] [stderr]    Compiling base64 v0.5.2
[INFO] [stderr]    Compiling libz-sys v1.0.18 (https://github.com/busyjay/libz-sys.git?branch=static-link#bb77b618)
[INFO] [stderr]    Compiling blob v0.2.0
[INFO] [stderr]    Compiling zstd-sys v1.4.5+zstd.1.3.6 (https://github.com/gyscos/zstd-rs.git#6e9fc3aa)
[INFO] [stderr]    Compiling snappy-sys v0.1.0 (https://github.com/busyjay/rust-snappy.git?branch=static-link#be021783)
[INFO] [stderr]    Compiling librocksdb_sys v0.1.0 (https://github.com/pingcap/rust-rocksdb.git?branch=master#f7205e63)
[INFO] [stderr] error: failed to run custom build command for `librocksdb_sys v0.1.0 (https://github.com/pingcap/rust-rocksdb.git?branch=master#f7205e63)`
[INFO] [stderr] 
[INFO] [stderr] Caused by:
[INFO] [stderr]   process didn't exit successfully: `/opt/rustwide/target/debug/build/librocksdb_sys-2e79549a372bb48e/build-script-build` (exit status: 101)
[INFO] [stderr]   --- stdout
[INFO] [stderr]   ("CARGO", "/opt/rustwide/rustup-home/toolchains/beta-2021-08-01-x86_64-unknown-linux-gnu/bin/cargo")
[INFO] [stderr]   ("CARGO_CFG_TARGET_ARCH", "x86_64")
[INFO] [stderr]   ("CARGO_CFG_TARGET_ENDIAN", "little")
[INFO] [stderr]   ("CARGO_CFG_TARGET_ENV", "gnu")
[INFO] [stderr]   ("CARGO_CFG_TARGET_FAMILY", "unix")
[INFO] [stderr]   ("CARGO_CFG_TARGET_FEATURE", "fxsr,sse,sse2")
[INFO] [stderr]   ("CARGO_CFG_TARGET_OS", "linux")
[INFO] [stderr]   ("CARGO_CFG_TARGET_POINTER_WIDTH", "64")
[INFO] [stderr]   ("CARGO_CFG_TARGET_VENDOR", "unknown")
[INFO] [stderr]   ("CARGO_CFG_UNIX", "")
[INFO] [stderr]   ("CARGO_ENCODED_RUSTFLAGS", "--cap-lints=warn")
[INFO] [stderr]   ("CARGO_FEATURE_DEFAULT", "1")
[INFO] [stderr]   ("CARGO_HOME", "/opt/rustwide/cargo-home")
[INFO] [stderr]   ("CARGO_INCREMENTAL", "0")
[INFO] [stderr]   ("CARGO_MAKEFLAGS", "-j --jobserver-fds=6,7 --jobserver-auth=6,7")
[INFO] [stderr]   ("CARGO_MANIFEST_DIR", "/opt/rustwide/cargo-home/git/checkouts/rust-rocksdb-82ef6e5337b3fbe6/f7205e6/librocksdb_sys")
[INFO] [stderr]   ("CARGO_MANIFEST_LINKS", "rocksdb")
[INFO] [stderr]   ("CARGO_PKG_AUTHORS", "Jay Lee <busyjaylee@gmail.com>")
[INFO] [stderr]   ("CARGO_PKG_DESCRIPTION", "")
[INFO] [stderr]   ("CARGO_PKG_HOMEPAGE", "")
[INFO] [stderr]   ("CARGO_PKG_LICENSE", "")
[INFO] [stderr]   ("CARGO_PKG_LICENSE_FILE", "")
[INFO] [stderr]   ("CARGO_PKG_NAME", "librocksdb_sys")
[INFO] [stderr]   ("CARGO_PKG_REPOSITORY", "")
[INFO] [stderr]   ("CARGO_PKG_VERSION", "0.1.0")
[INFO] [stderr]   ("CARGO_PKG_VERSION_MAJOR", "0")
[INFO] [stderr]   ("CARGO_PKG_VERSION_MINOR", "1")
[INFO] [stderr]   ("CARGO_PKG_VERSION_PATCH", "0")
[INFO] [stderr]   ("CARGO_PKG_VERSION_PRE", "")
[INFO] [stderr]   ("CARGO_TARGET_DIR", "/opt/rustwide/target")
[INFO] [stderr]   ("DEBUG", "true")
[INFO] [stderr]   ("DEP_BZIP2_ROOT", "/opt/rustwide/target/debug/build/bzip2-sys-9a6aba6385b76f40/out")
[INFO] [stderr]   ("DEP_LZ4_ROOT", "/opt/rustwide/target/debug/build/lz4-sys-97d43710ccce93d7/out")
[INFO] [stderr]   ("DEP_SNAPPY_ROOT", "/opt/rustwide/target/debug/build/snappy-sys-5c40511975d21bc0/out/build")
[INFO] [stderr]   ("DEP_ZSTD_ROOT", "/opt/rustwide/target/debug/build/zstd-sys-c48ae6cc9c7dce74/out")
[INFO] [stderr]   ("DEP_Z_INCLUDE", "/opt/rustwide/target/debug/build/libz-sys-32018c9cf158ea7b/out/include")
[INFO] [stderr]   ("DEP_Z_ROOT", "/opt/rustwide/target/debug/build/libz-sys-32018c9cf158ea7b/out")
[INFO] [stderr]   ("HOME", "/root")
[INFO] [stderr]   ("HOST", "x86_64-unknown-linux-gnu")
[INFO] [stderr]   ("HOSTNAME", "012e85d2e76c")
[INFO] [stderr]   ("LD_LIBRARY_PATH", "/opt/rustwide/target/debug/deps:/opt/rustwide/target/debug:/opt/rustwide/rustup-home/toolchains/beta-2021-08-01-x86_64-unknown-linux-gnu/lib/rustlib/x86_64-unknown-linux-gnu/lib:/opt/rustwide/rustup-home/toolchains/beta-2021-08-01-x86_64-unknown-linux-gnu/lib")
[INFO] [stderr]   ("NUM_JOBS", "16")
[INFO] [stderr]   ("OPT_LEVEL", "0")
[INFO] [stderr]   ("OUT_DIR", "/opt/rustwide/target/debug/build/librocksdb_sys-863a93e7c80a2485/out")
[INFO] [stderr]   ("PATH", "/opt/rustwide/cargo-home/bin:/usr/local/sbin:/usr/local/bin:/usr/sbin:/usr/bin:/sbin:/bin")
[INFO] [stderr]   ("PROFILE", "debug")
[INFO] [stderr]   ("RUSTC", "rustc")
[INFO] [stderr]   ("RUSTDOC", "rustdoc")
[INFO] [stderr]   ("RUSTUP_HOME", "/opt/rustwide/rustup-home")
[INFO] [stderr]   ("RUSTUP_TOOLCHAIN", "beta-2021-08-01-x86_64-unknown-linux-gnu")
[INFO] [stderr]   ("RUST_BACKTRACE", "full")
[INFO] [stderr]   ("RUST_RECURSION_COUNT", "1")
[INFO] [stderr]   ("SOURCE_DIR", "/opt/rustwide/workdir")
[INFO] [stderr]   ("SSL_CERT_DIR", "/usr/lib/ssl/certs")
[INFO] [stderr]   ("SSL_CERT_FILE", "/usr/lib/ssl/certs/ca-certificates.crt")
[INFO] [stderr]   ("TARGET", "x86_64-unknown-linux-gnu")
[INFO] [stderr]   running: "cmake" "/opt/rustwide/cargo-home/git/checkouts/rust-rocksdb-82ef6e5337b3fbe6/f7205e6/librocksdb_sys/rocksdb" "-DWITH_ZLIB=ON" "-DWITH_BZ2=ON" "-DWITH_LZ4=ON" "-DWITH_ZSTD=ON" "-DWITH_SNAPPY=ON" "-DCMAKE_INSTALL_PREFIX=/opt/rustwide/target/debug/build/librocksdb_sys-863a93e7c80a2485/out" "-DCMAKE_C_FLAGS= -ffunction-sections -fdata-sections -fPIC -m64" "-DCMAKE_C_COMPILER=/usr/bin/cc" "-DCMAKE_CXX_FLAGS= -ffunction-sections -fdata-sections -fPIC -m64" "-DCMAKE_CXX_COMPILER=/usr/bin/c++" "-DCMAKE_BUILD_TYPE=Debug"
[INFO] [stderr]   -- The C compiler identification is GNU 9.3.0
[INFO] [stderr]   -- The CXX compiler identification is GNU 9.3.0
[INFO] [stderr]   -- Check for working C compiler: /usr/bin/cc
[INFO] [stderr]   -- Check for working C compiler: /usr/bin/cc -- works
[INFO] [stderr]   -- Detecting C compiler ABI info
[INFO] [stderr]   -- Detecting C compiler ABI info - done
[INFO] [stderr]   -- Detecting C compile features
[INFO] [stderr]   -- Detecting C compile features - done
[INFO] [stderr]   -- Check for working CXX compiler: /usr/bin/c++
[INFO] [stderr]   -- Check for working CXX compiler: /usr/bin/c++ -- works
[INFO] [stderr]   -- Detecting CXX compiler ABI info
[INFO] [stderr]   -- Detecting CXX compiler ABI info - done
[INFO] [stderr]   -- Detecting CXX compile features
[INFO] [stderr]   -- Detecting CXX compile features - done
[INFO] [stderr]   -- Found snappy: /opt/rustwide/target/debug/build/snappy-sys-5c40511975d21bc0/out/build/libsnappy.a  
[INFO] [stderr]   -- Found zlib: /opt/rustwide/target/debug/build/libz-sys-32018c9cf158ea7b/out/lib/libz.a  
[INFO] [stderr]   -- Found bzip2: /opt/rustwide/target/debug/build/bzip2-sys-9a6aba6385b76f40/out/libbz2.a  
[INFO] [stderr]   -- Found lz4: /opt/rustwide/target/debug/build/lz4-sys-97d43710ccce93d7/out/liblz4.a  
[INFO] [stderr]   -- Found zstd: /opt/rustwide/target/debug/build/zstd-sys-c48ae6cc9c7dce74/out/libzstd.a  
[INFO] [stderr]   -- Found Git: /usr/bin/git (found version "2.25.1") 
[INFO] [stderr]   -- Performing Test HAVE_SSE42
[INFO] [stderr]   -- Performing Test HAVE_SSE42 - Success
[INFO] [stderr]   -- Performing Test HAVE_THREAD_LOCAL
[INFO] [stderr]   -- Performing Test HAVE_THREAD_LOCAL - Success
[INFO] [stderr]   -- Found NUMA: /usr/lib/x86_64-linux-gnu/libnuma.so  
[INFO] [stderr]   -- Could NOT find TBB (missing: TBB_LIBRARIES TBB_INCLUDE_DIR) 
[INFO] [stderr]   -- Performing Test HAVE_FALLOCATE
[INFO] [stderr]   -- Performing Test HAVE_FALLOCATE - Success
[INFO] [stderr]   -- Performing Test HAVE_SYNC_FILE_RANGE_WRITE
[INFO] [stderr]   -- Performing Test HAVE_SYNC_FILE_RANGE_WRITE - Success
[INFO] [stderr]   -- Performing Test HAVE_PTHREAD_MUTEX_ADAPTIVE_NP
[INFO] [stderr]   -- Performing Test HAVE_PTHREAD_MUTEX_ADAPTIVE_NP - Success
[INFO] [stderr]   -- Looking for malloc_usable_size
[INFO] [stderr]   -- Looking for malloc_usable_size - found
[INFO] [stderr]   -- Looking for sched_getcpu
[INFO] [stderr]   -- Looking for sched_getcpu - found
[INFO] [stderr]   -- Looking for pthread.h
[INFO] [stderr]   -- Looking for pthread.h - found
[INFO] [stderr]   -- Performing Test CMAKE_HAVE_LIBC_PTHREAD
[INFO] [stderr]   -- Performing Test CMAKE_HAVE_LIBC_PTHREAD - Failed
[INFO] [stderr]   -- Looking for pthread_create in pthreads
[INFO] [stderr]   -- Looking for pthread_create in pthreads - not found
[INFO] [stderr]   -- Looking for pthread_create in pthread
[INFO] [stderr]   -- Looking for pthread_create in pthread - found
[INFO] [stderr]   -- Found Threads: TRUE  
[INFO] [stderr]   -- JNI library is disabled
[INFO] [stderr]   -- Configuring done
[INFO] [stderr]   -- Generating done
[INFO] [stderr]   -- Build files have been written to: /opt/rustwide/target/debug/build/librocksdb_sys-863a93e7c80a2485/out/build
[INFO] [stderr]   running: "cmake" "--build" "." "--target" "rocksdb" "--config" "Debug" "--"
[INFO] [stderr]   Scanning dependencies of target build_version
[INFO] [stderr]   [  0%] Building CXX object CMakeFiles/build_version.dir/build_version.cc.o
[INFO] [stderr]   [  0%] Built target build_version
[INFO] [stderr]   Scanning dependencies of target rocksdb
[INFO] [stderr]   [  0%] Building CXX object CMakeFiles/rocksdb.dir/cache/clock_cache.cc.o
[INFO] [stderr]   [  0%] Building CXX object CMakeFiles/rocksdb.dir/cache/lru_cache.cc.o
[INFO] [stderr]   [  3%] Building CXX object CMakeFiles/rocksdb.dir/db/c.cc.o
[INFO] [stderr]   [  3%] Building CXX object CMakeFiles/rocksdb.dir/cache/sharded_cache.cc.o
[INFO] [stderr]   [  3%] Building CXX object CMakeFiles/rocksdb.dir/db/builder.cc.o
[INFO] [stderr]   [  3%] Building CXX object CMakeFiles/rocksdb.dir/db/compacted_db_impl.cc.o
[INFO] [stderr]   [  3%] Building CXX object CMakeFiles/rocksdb.dir/db/column_family.cc.o
[INFO] [stderr]   [  3%] Building CXX object CMakeFiles/rocksdb.dir/db/compaction.cc.o
[INFO] [stderr]   [  3%] Building CXX object CMakeFiles/rocksdb.dir/db/compaction_iterator.cc.o
[INFO] [stderr]   [  3%] Building CXX object CMakeFiles/rocksdb.dir/db/compaction_picker.cc.o
[INFO] [stderr]   [  3%] Building CXX object CMakeFiles/rocksdb.dir/db/compaction_job.cc.o
[INFO] [stderr]   [  6%] Building CXX object CMakeFiles/rocksdb.dir/db/convenience.cc.o
[INFO] [stderr]   [  6%] Building CXX object CMakeFiles/rocksdb.dir/db/compaction_picker_universal.cc.o
[INFO] [stderr]   [  6%] Building CXX object CMakeFiles/rocksdb.dir/db/db_impl.cc.o
[INFO] [stderr]   [  6%] Building CXX object CMakeFiles/rocksdb.dir/db/db_filesnapshot.cc.o
[INFO] [stderr]   [  6%] Building CXX object CMakeFiles/rocksdb.dir/db/db_impl_write.cc.o
[INFO] [stderr]   [  6%] Building CXX object CMakeFiles/rocksdb.dir/db/db_impl_compaction_flush.cc.o
[INFO] [stderr]   [  6%] Building CXX object CMakeFiles/rocksdb.dir/db/db_impl_files.cc.o
[INFO] [stderr] 
[INFO] [stderr]   --- stderr
[INFO] [stderr]   c++: fatal error: Killed signal terminated program cc1plus
[INFO] [stderr]   compilation terminated.
[INFO] [stderr]   make[3]: *** [CMakeFiles/rocksdb.dir/build.make:115: CMakeFiles/rocksdb.dir/db/c.cc.o] Error 1
[INFO] [stderr]   make[3]: *** Waiting for unfinished jobs....
[INFO] [stderr]   c++: fatal error: Killed signal terminated program cc1plus
[INFO] [stderr]   compilation terminated.
[INFO] [stderr]   make[3]: *** [CMakeFiles/rocksdb.dir/build.make:232: CMakeFiles/rocksdb.dir/db/db_filesnapshot.cc.o] Error 1
[INFO] [stderr]   c++: fatal error: Killed signal terminated program cc1plus
[INFO] [stderr]   compilation terminated.
[INFO] [stderr]   make[3]: *** [CMakeFiles/rocksdb.dir/build.make:245: CMakeFiles/rocksdb.dir/db/db_impl.cc.o] Error 1
[INFO] [stderr]   In file included from /opt/rustwide/cargo-home/git/checkouts/rust-rocksdb-82ef6e5337b3fbe6/f7205e6/librocksdb_sys/rocksdb/db/range_del_aggregator.h:15,
[INFO] [stderr]                    from /opt/rustwide/cargo-home/git/checkouts/rust-rocksdb-82ef6e5337b3fbe6/f7205e6/librocksdb_sys/rocksdb/db/memtable.h:19,
[INFO] [stderr]                    from /opt/rustwide/cargo-home/git/checkouts/rust-rocksdb-82ef6e5337b3fbe6/f7205e6/librocksdb_sys/rocksdb/db/memtable_list.h:15,
[INFO] [stderr]                    from /opt/rustwide/cargo-home/git/checkouts/rust-rocksdb-82ef6e5337b3fbe6/f7205e6/librocksdb_sys/rocksdb/db/column_family.h:17,
[INFO] [stderr]                    from /opt/rustwide/cargo-home/git/checkouts/rust-rocksdb-82ef6e5337b3fbe6/f7205e6/librocksdb_sys/rocksdb/db/db_impl.h:23,
[INFO] [stderr]                    from /opt/rustwide/cargo-home/git/checkouts/rust-rocksdb-82ef6e5337b3fbe6/f7205e6/librocksdb_sys/rocksdb/db/compacted_db_impl.h:8,
[INFO] [stderr]                    from /opt/rustwide/cargo-home/git/checkouts/rust-rocksdb-82ef6e5337b3fbe6/f7205e6/librocksdb_sys/rocksdb/db/compacted_db_impl.cc:7:
[INFO] [stderr]   /opt/rustwide/cargo-home/git/checkouts/rust-rocksdb-82ef6e5337b3fbe6/f7205e6/librocksdb_sys/rocksdb/db/version_edit.h: In constructor 'rocksdb::FdWithKeyRange::FdWithKeyRange(rocksdb::FileDescriptor, rocksdb::Slice, rocksdb::Slice, rocksdb::FileMetaData*)':
[INFO] [stderr]   /opt/rustwide/cargo-home/git/checkouts/rust-rocksdb-82ef6e5337b3fbe6/f7205e6/librocksdb_sys/rocksdb/db/version_edit.h:156:33: error: implicitly-declared 'constexpr rocksdb::FileDescriptor::FileDescriptor(const rocksdb::FileDescriptor&)' is deprecated [-Werror=deprecated-copy]
[INFO] [stderr]     156 |         largest_key(_largest_key) {}
[INFO] [stderr]         |                                 ^
[INFO] [stderr]   /opt/rustwide/cargo-home/git/checkouts/rust-rocksdb-82ef6e5337b3fbe6/f7205e6/librocksdb_sys/rocksdb/db/version_edit.h:47:19: note: because 'rocksdb::FileDescriptor' has user-provided 'rocksdb::FileDescriptor& rocksdb::FileDescriptor::operator=(const rocksdb::FileDescriptor&)'
[INFO] [stderr]      47 |   FileDescriptor& operator=(const FileDescriptor& fd) {
[INFO] [stderr]         |                   ^~~~~~~~
[INFO] [stderr]   In file included from /opt/rustwide/cargo-home/git/checkouts/rust-rocksdb-82ef6e5337b3fbe6/f7205e6/librocksdb_sys/rocksdb/db/range_del_aggregator.h:15,
[INFO] [stderr]                    from /opt/rustwide/cargo-home/git/checkouts/rust-rocksdb-82ef6e5337b3fbe6/f7205e6/librocksdb_sys/rocksdb/db/memtable.h:19,
[INFO] [stderr]                    from /opt/rustwide/cargo-home/git/checkouts/rust-rocksdb-82ef6e5337b3fbe6/f7205e6/librocksdb_sys/rocksdb/db/memtable_list.h:15,
[INFO] [stderr]                    from /opt/rustwide/cargo-home/git/checkouts/rust-rocksdb-82ef6e5337b3fbe6/f7205e6/librocksdb_sys/rocksdb/db/column_family.h:17,
[INFO] [stderr]                    from /opt/rustwide/cargo-home/git/checkouts/rust-rocksdb-82ef6e5337b3fbe6/f7205e6/librocksdb_sys/rocksdb/db/compaction_job.h:20,
[INFO] [stderr]                    from /opt/rustwide/cargo-home/git/checkouts/rust-rocksdb-82ef6e5337b3fbe6/f7205e6/librocksdb_sys/rocksdb/db/compaction_job.cc:10:
[INFO] [stderr]   /opt/rustwide/cargo-home/git/checkouts/rust-rocksdb-82ef6e5337b3fbe6/f7205e6/librocksdb_sys/rocksdb/db/version_edit.h: In constructor 'rocksdb::FdWithKeyRange::FdWithKeyRange(rocksdb::FileDescriptor, rocksdb::Slice, rocksdb::Slice, rocksdb::FileMetaData*)':
[INFO] [stderr]   /opt/rustwide/cargo-home/git/checkouts/rust-rocksdb-82ef6e5337b3fbe6/f7205e6/librocksdb_sys/rocksdb/db/version_edit.h:156:33: error: implicitly-declared 'constexpr rocksdb::FileDescriptor::FileDescriptor(const rocksdb::FileDescriptor&)' is deprecated [-Werror=deprecated-copy]
[INFO] [stderr]     156 |         largest_key(_largest_key) {}
[INFO] [stderr]         |                                 ^
[INFO] [stderr]   /opt/rustwide/cargo-home/git/checkouts/rust-rocksdb-82ef6e5337b3fbe6/f7205e6/librocksdb_sys/rocksdb/db/version_edit.h:47:19: note: because 'rocksdb::FileDescriptor' has user-provided 'rocksdb::FileDescriptor& rocksdb::FileDescriptor::operator=(const rocksdb::FileDescriptor&)'
[INFO] [stderr]      47 |   FileDescriptor& operator=(const FileDescriptor& fd) {
[INFO] [stderr]         |                   ^~~~~~~~
[INFO] [stderr]   In file included from /opt/rustwide/cargo-home/git/checkouts/rust-rocksdb-82ef6e5337b3fbe6/f7205e6/librocksdb_sys/rocksdb/db/range_del_aggregator.h:15,
[INFO] [stderr]                    from /opt/rustwide/cargo-home/git/checkouts/rust-rocksdb-82ef6e5337b3fbe6/f7205e6/librocksdb_sys/rocksdb/db/memtable.h:19,
[INFO] [stderr]                    from /opt/rustwide/cargo-home/git/checkouts/rust-rocksdb-82ef6e5337b3fbe6/f7205e6/librocksdb_sys/rocksdb/db/memtable_list.h:15,
[INFO] [stderr]                    from /opt/rustwide/cargo-home/git/checkouts/rust-rocksdb-82ef6e5337b3fbe6/f7205e6/librocksdb_sys/rocksdb/db/column_family.h:17,
[INFO] [stderr]                    from /opt/rustwide/cargo-home/git/checkouts/rust-rocksdb-82ef6e5337b3fbe6/f7205e6/librocksdb_sys/rocksdb/db/version_set.h:31,
[INFO] [stderr]                    from /opt/rustwide/cargo-home/git/checkouts/rust-rocksdb-82ef6e5337b3fbe6/f7205e6/librocksdb_sys/rocksdb/db/compaction.h:11,
[INFO] [stderr]                    from /opt/rustwide/cargo-home/git/checkouts/rust-rocksdb-82ef6e5337b3fbe6/f7205e6/librocksdb_sys/rocksdb/db/compaction.cc:10:
[INFO] [stderr]   /opt/rustwide/cargo-home/git/checkouts/rust-rocksdb-82ef6e5337b3fbe6/f7205e6/librocksdb_sys/rocksdb/db/version_edit.h: In constructor 'rocksdb::FdWithKeyRange::FdWithKeyRange(rocksdb::FileDescriptor, rocksdb::Slice, rocksdb::Slice, rocksdb::FileMetaData*)':
[INFO] [stderr]   /opt/rustwide/cargo-home/git/checkouts/rust-rocksdb-82ef6e5337b3fbe6/f7205e6/librocksdb_sys/rocksdb/db/version_edit.h:156:33: error: implicitly-declared 'constexpr rocksdb::FileDescriptor::FileDescriptor(const rocksdb::FileDescriptor&)' is deprecated [-Werror=deprecated-copy]
[INFO] [stderr]     156 |         largest_key(_largest_key) {}
[INFO] [stderr]         |                                 ^
[INFO] [stderr]   /opt/rustwide/cargo-home/git/checkouts/rust-rocksdb-82ef6e5337b3fbe6/f7205e6/librocksdb_sys/rocksdb/db/version_edit.h:47:19: note: because 'rocksdb::FileDescriptor' has user-provided 'rocksdb::FileDescriptor& rocksdb::FileDescriptor::operator=(const rocksdb::FileDescriptor&)'
[INFO] [stderr]      47 |   FileDescriptor& operator=(const FileDescriptor& fd) {
[INFO] [stderr]         |                   ^~~~~~~~
[INFO] [stderr]   In file included from /opt/rustwide/cargo-home/git/checkouts/rust-rocksdb-82ef6e5337b3fbe6/f7205e6/librocksdb_sys/rocksdb/db/range_del_aggregator.h:15,
[INFO] [stderr]                    from /opt/rustwide/cargo-home/git/checkouts/rust-rocksdb-82ef6e5337b3fbe6/f7205e6/librocksdb_sys/rocksdb/db/memtable.h:19,
[INFO] [stderr]                    from /opt/rustwide/cargo-home/git/checkouts/rust-rocksdb-82ef6e5337b3fbe6/f7205e6/librocksdb_sys/rocksdb/db/memtable_list.h:15,
[INFO] [stderr]                    from /opt/rustwide/cargo-home/git/checkouts/rust-rocksdb-82ef6e5337b3fbe6/f7205e6/librocksdb_sys/rocksdb/db/column_family.h:17,
[INFO] [stderr]                    from /opt/rustwide/cargo-home/git/checkouts/rust-rocksdb-82ef6e5337b3fbe6/f7205e6/librocksdb_sys/rocksdb/db/version_set.h:31,
[INFO] [stderr]                    from /opt/rustwide/cargo-home/git/checkouts/rust-rocksdb-82ef6e5337b3fbe6/f7205e6/librocksdb_sys/rocksdb/db/compaction.h:11,
[INFO] [stderr]                    from /opt/rustwide/cargo-home/git/checkouts/rust-rocksdb-82ef6e5337b3fbe6/f7205e6/librocksdb_sys/rocksdb/db/compaction_iterator.h:12,
[INFO] [stderr]                    from /opt/rustwide/cargo-home/git/checkouts/rust-rocksdb-82ef6e5337b3fbe6/f7205e6/librocksdb_sys/rocksdb/db/builder.cc:16:
[INFO] [stderr]   /opt/rustwide/cargo-home/git/checkouts/rust-rocksdb-82ef6e5337b3fbe6/f7205e6/librocksdb_sys/rocksdb/db/version_edit.h: In constructor 'rocksdb::FdWithKeyRange::FdWithKeyRange(rocksdb::FileDescriptor, rocksdb::Slice, rocksdb::Slice, rocksdb::FileMetaData*)':
[INFO] [stderr]   /opt/rustwide/cargo-home/git/checkouts/rust-rocksdb-82ef6e5337b3fbe6/f7205e6/librocksdb_sys/rocksdb/db/version_edit.h:156:33: error: implicitly-declared 'constexpr rocksdb::FileDescriptor::FileDescriptor(const rocksdb::FileDescriptor&)' is deprecated [-Werror=deprecated-copy]
[INFO] [stderr]     156 |         largest_key(_largest_key) {}
[INFO] [stderr]         |                                 ^
[INFO] [stderr]   /opt/rustwide/cargo-home/git/checkouts/rust-rocksdb-82ef6e5337b3fbe6/f7205e6/librocksdb_sys/rocksdb/db/version_edit.h:47:19: note: because 'rocksdb::FileDescriptor' has user-provided 'rocksdb::FileDescriptor& rocksdb::FileDescriptor::operator=(const rocksdb::FileDescriptor&)'
[INFO] [stderr]      47 |   FileDescriptor& operator=(const FileDescriptor& fd) {
[INFO] [stderr]         |                   ^~~~~~~~
[INFO] [stderr]   In file included from /opt/rustwide/cargo-home/git/checkouts/rust-rocksdb-82ef6e5337b3fbe6/f7205e6/librocksdb_sys/rocksdb/db/range_del_aggregator.h:15,
[INFO] [stderr]                    from /opt/rustwide/cargo-home/git/checkouts/rust-rocksdb-82ef6e5337b3fbe6/f7205e6/librocksdb_sys/rocksdb/db/memtable.h:19,
[INFO] [stderr]                    from /opt/rustwide/cargo-home/git/checkouts/rust-rocksdb-82ef6e5337b3fbe6/f7205e6/librocksdb_sys/rocksdb/db/memtable_list.h:15,
[INFO] [stderr]                    from /opt/rustwide/cargo-home/git/checkouts/rust-rocksdb-82ef6e5337b3fbe6/f7205e6/librocksdb_sys/rocksdb/db/column_family.h:17,
[INFO] [stderr]                    from /opt/rustwide/cargo-home/git/checkouts/rust-rocksdb-82ef6e5337b3fbe6/f7205e6/librocksdb_sys/rocksdb/db/column_family.cc:10:
[INFO] [stderr]   /opt/rustwide/cargo-home/git/checkouts/rust-rocksdb-82ef6e5337b3fbe6/f7205e6/librocksdb_sys/rocksdb/db/version_edit.h: In constructor 'rocksdb::FdWithKeyRange::FdWithKeyRange(rocksdb::FileDescriptor, rocksdb::Slice, rocksdb::Slice, rocksdb::FileMetaData*)':
[INFO] [stderr]   /opt/rustwide/cargo-home/git/checkouts/rust-rocksdb-82ef6e5337b3fbe6/f7205e6/librocksdb_sys/rocksdb/db/version_edit.h:156:33: error: implicitly-declared 'constexpr rocksdb::FileDescriptor::FileDescriptor(const rocksdb::FileDescriptor&)' is deprecated [-Werror=deprecated-copy]
[INFO] [stderr]     156 |         largest_key(_largest_key) {}
[INFO] [stderr]         |                                 ^
[INFO] [stderr]   /opt/rustwide/cargo-home/git/checkouts/rust-rocksdb-82ef6e5337b3fbe6/f7205e6/librocksdb_sys/rocksdb/db/version_edit.h:47:19: note: because 'rocksdb::FileDescriptor' has user-provided 'rocksdb::FileDescriptor& rocksdb::FileDescriptor::operator=(const rocksdb::FileDescriptor&)'
[INFO] [stderr]      47 |   FileDescriptor& operator=(const FileDescriptor& fd) {
[INFO] [stderr]         |                   ^~~~~~~~
[INFO] [stderr]   In file included from /opt/rustwide/cargo-home/git/checkouts/rust-rocksdb-82ef6e5337b3fbe6/f7205e6/librocksdb_sys/rocksdb/db/range_del_aggregator.h:15,
[INFO] [stderr]                    from /opt/rustwide/cargo-home/git/checkouts/rust-rocksdb-82ef6e5337b3fbe6/f7205e6/librocksdb_sys/rocksdb/db/memtable.h:19,
[INFO] [stderr]                    from /opt/rustwide/cargo-home/git/checkouts/rust-rocksdb-82ef6e5337b3fbe6/f7205e6/librocksdb_sys/rocksdb/db/memtable_list.h:15,
[INFO] [stderr]                    from /opt/rustwide/cargo-home/git/checkouts/rust-rocksdb-82ef6e5337b3fbe6/f7205e6/librocksdb_sys/rocksdb/db/column_family.h:17,
[INFO] [stderr]                    from /opt/rustwide/cargo-home/git/checkouts/rust-rocksdb-82ef6e5337b3fbe6/f7205e6/librocksdb_sys/rocksdb/db/version_set.h:31,
[INFO] [stderr]                    from /opt/rustwide/cargo-home/git/checkouts/rust-rocksdb-82ef6e5337b3fbe6/f7205e6/librocksdb_sys/rocksdb/db/compaction.h:11,
[INFO] [stderr]                    from /opt/rustwide/cargo-home/git/checkouts/rust-rocksdb-82ef6e5337b3fbe6/f7205e6/librocksdb_sys/rocksdb/db/compaction_picker.h:18,
[INFO] [stderr]                    from /opt/rustwide/cargo-home/git/checkouts/rust-rocksdb-82ef6e5337b3fbe6/f7205e6/librocksdb_sys/rocksdb/db/compaction_picker.cc:10:
[INFO] [stderr]   /opt/rustwide/cargo-home/git/checkouts/rust-rocksdb-82ef6e5337b3fbe6/f7205e6/librocksdb_sys/rocksdb/db/version_edit.h: In constructor 'rocksdb::FdWithKeyRange::FdWithKeyRange(rocksdb::FileDescriptor, rocksdb::Slice, rocksdb::Slice, rocksdb::FileMetaData*)':
[INFO] [stderr]   /opt/rustwide/cargo-home/git/checkouts/rust-rocksdb-82ef6e5337b3fbe6/f7205e6/librocksdb_sys/rocksdb/db/version_edit.h:156:33: error: implicitly-declared 'constexpr rocksdb::FileDescriptor::FileDescriptor(const rocksdb::FileDescriptor&)' is deprecated [-Werror=deprecated-copy]
[INFO] [stderr]     156 |         largest_key(_largest_key) {}
[INFO] [stderr]         |                                 ^
[INFO] [stderr]   /opt/rustwide/cargo-home/git/checkouts/rust-rocksdb-82ef6e5337b3fbe6/f7205e6/librocksdb_sys/rocksdb/db/version_edit.h:47:19: note: because 'rocksdb::FileDescriptor' has user-provided 'rocksdb::FileDescriptor& rocksdb::FileDescriptor::operator=(const rocksdb::FileDescriptor&)'
[INFO] [stderr]      47 |   FileDescriptor& operator=(const FileDescriptor& fd) {
[INFO] [stderr]         |                   ^~~~~~~~
[INFO] [stderr]   In file included from /opt/rustwide/cargo-home/git/checkouts/rust-rocksdb-82ef6e5337b3fbe6/f7205e6/librocksdb_sys/rocksdb/db/range_del_aggregator.h:15,
[INFO] [stderr]                    from /opt/rustwide/cargo-home/git/checkouts/rust-rocksdb-82ef6e5337b3fbe6/f7205e6/librocksdb_sys/rocksdb/db/memtable.h:19,
[INFO] [stderr]                    from /opt/rustwide/cargo-home/git/checkouts/rust-rocksdb-82ef6e5337b3fbe6/f7205e6/librocksdb_sys/rocksdb/db/memtable_list.h:15,
[INFO] [stderr]                    from /opt/rustwide/cargo-home/git/checkouts/rust-rocksdb-82ef6e5337b3fbe6/f7205e6/librocksdb_sys/rocksdb/db/column_family.h:17,
[INFO] [stderr]                    from /opt/rustwide/cargo-home/git/checkouts/rust-rocksdb-82ef6e5337b3fbe6/f7205e6/librocksdb_sys/rocksdb/db/db_impl.h:23,
[INFO] [stderr]                    from /opt/rustwide/cargo-home/git/checkouts/rust-rocksdb-82ef6e5337b3fbe6/f7205e6/librocksdb_sys/rocksdb/db/db_impl_write.cc:9:
[INFO] [stderr]   /opt/rustwide/cargo-home/git/checkouts/rust-rocksdb-82ef6e5337b3fbe6/f7205e6/librocksdb_sys/rocksdb/db/version_edit.h: In constructor 'rocksdb::FdWithKeyRange::FdWithKeyRange(rocksdb::FileDescriptor, rocksdb::Slice, rocksdb::Slice, rocksdb::FileMetaData*)':
[INFO] [stderr]   /opt/rustwide/cargo-home/git/checkouts/rust-rocksdb-82ef6e5337b3fbe6/f7205e6/librocksdb_sys/rocksdb/db/version_edit.h:156:33: error: implicitly-declared 'constexpr rocksdb::FileDescriptor::FileDescriptor(const rocksdb::FileDescriptor&)' is deprecated [-Werror=deprecated-copy]
[INFO] [stderr]     156 |         largest_key(_largest_key) {}
[INFO] [stderr]         |                                 ^
[INFO] [stderr]   /opt/rustwide/cargo-home/git/checkouts/rust-rocksdb-82ef6e5337b3fbe6/f7205e6/librocksdb_sys/rocksdb/db/version_edit.h:47:19: note: because 'rocksdb::FileDescriptor' has user-provided 'rocksdb::FileDescriptor& rocksdb::FileDescriptor::operator=(const rocksdb::FileDescriptor&)'
[INFO] [stderr]      47 |   FileDescriptor& operator=(const FileDescriptor& fd) {
[INFO] [stderr]         |                   ^~~~~~~~
[INFO] [stderr]   c++: fatal error: Killed signal terminated program cc1plus
[INFO] [stderr]   compilation terminated.
[INFO] [stderr]   make[3]: *** [CMakeFiles/rocksdb.dir/build.make:180: CMakeFiles/rocksdb.dir/db/compaction_job.cc.o] Error 1
[INFO] [stderr]   c++: fatal error: Killed signal terminated program cc1plus
[INFO] [stderr]   compilation terminated.
[INFO] [stderr]   make[3]: *** [CMakeFiles/rocksdb.dir/build.make:102: CMakeFiles/rocksdb.dir/db/builder.cc.o] Error 1
[INFO] [stderr]   c++: fatal error: Killed signal terminated program cc1plus
[INFO] [stderr]   compilation terminated.
[INFO] [stderr]   make[3]: *** [CMakeFiles/rocksdb.dir/build.make:141: CMakeFiles/rocksdb.dir/db/compacted_db_impl.cc.o] Error 1
[INFO] [stderr]   In file included from /opt/rustwide/cargo-home/git/checkouts/rust-rocksdb-82ef6e5337b3fbe6/f7205e6/librocksdb_sys/rocksdb/db/range_del_aggregator.h:15,
[INFO] [stderr]                    from /opt/rustwide/cargo-home/git/checkouts/rust-rocksdb-82ef6e5337b3fbe6/f7205e6/librocksdb_sys/rocksdb/db/memtable.h:19,
[INFO] [stderr]                    from /opt/rustwide/cargo-home/git/checkouts/rust-rocksdb-82ef6e5337b3fbe6/f7205e6/librocksdb_sys/rocksdb/db/memtable_list.h:15,
[INFO] [stderr]                    from /opt/rustwide/cargo-home/git/checkouts/rust-rocksdb-82ef6e5337b3fbe6/f7205e6/librocksdb_sys/rocksdb/db/column_family.h:17,
[INFO] [stderr]                    from /opt/rustwide/cargo-home/git/checkouts/rust-rocksdb-82ef6e5337b3fbe6/f7205e6/librocksdb_sys/rocksdb/db/version_set.h:31,
[INFO] [stderr]                    from /opt/rustwide/cargo-home/git/checkouts/rust-rocksdb-82ef6e5337b3fbe6/f7205e6/librocksdb_sys/rocksdb/db/compaction.h:11,
[INFO] [stderr]                    from /opt/rustwide/cargo-home/git/checkouts/rust-rocksdb-82ef6e5337b3fbe6/f7205e6/librocksdb_sys/rocksdb/db/compaction_picker.h:18,
[INFO] [stderr]                    from /opt/rustwide/cargo-home/git/checkouts/rust-rocksdb-82ef6e5337b3fbe6/f7205e6/librocksdb_sys/rocksdb/db/compaction_picker_universal.h:13,
[INFO] [stderr]                    from /opt/rustwide/cargo-home/git/checkouts/rust-rocksdb-82ef6e5337b3fbe6/f7205e6/librocksdb_sys/rocksdb/db/compaction_picker_universal.cc:10:
[INFO] [stderr]   /opt/rustwide/cargo-home/git/checkouts/rust-rocksdb-82ef6e5337b3fbe6/f7205e6/librocksdb_sys/rocksdb/db/version_edit.h: In constructor 'rocksdb::FdWithKeyRange::FdWithKeyRange(rocksdb::FileDescriptor, rocksdb::Slice, rocksdb::Slice, rocksdb::FileMetaData*)':
[INFO] [stderr]   /opt/rustwide/cargo-home/git/checkouts/rust-rocksdb-82ef6e5337b3fbe6/f7205e6/librocksdb_sys/rocksdb/db/version_edit.h:156:33: error: implicitly-declared 'constexpr rocksdb::FileDescriptor::FileDescriptor(const rocksdb::FileDescriptor&)' is deprecated [-Werror=deprecated-copy]
[INFO] [stderr]     156 |         largest_key(_largest_key) {}
[INFO] [stderr]         |                                 ^
[INFO] [stderr]   /opt/rustwide/cargo-home/git/checkouts/rust-rocksdb-82ef6e5337b3fbe6/f7205e6/librocksdb_sys/rocksdb/db/version_edit.h:47:19: note: because 'rocksdb::FileDescriptor' has user-provided 'rocksdb::FileDescriptor& rocksdb::FileDescriptor::operator=(const rocksdb::FileDescriptor&)'
[INFO] [stderr]      47 |   FileDescriptor& operator=(const FileDescriptor& fd) {
[INFO] [stderr]         |                   ^~~~~~~~
[INFO] [stderr]   In file included from /opt/rustwide/cargo-home/git/checkouts/rust-rocksdb-82ef6e5337b3fbe6/f7205e6/librocksdb_sys/rocksdb/db/range_del_aggregator.h:15,
[INFO] [stderr]                    from /opt/rustwide/cargo-home/git/checkouts/rust-rocksdb-82ef6e5337b3fbe6/f7205e6/librocksdb_sys/rocksdb/db/memtable.h:19,
[INFO] [stderr]                    from /opt/rustwide/cargo-home/git/checkouts/rust-rocksdb-82ef6e5337b3fbe6/f7205e6/librocksdb_sys/rocksdb/db/memtable_list.h:15,
[INFO] [stderr]                    from /opt/rustwide/cargo-home/git/checkouts/rust-rocksdb-82ef6e5337b3fbe6/f7205e6/librocksdb_sys/rocksdb/db/column_family.h:17,
[INFO] [stderr]                    from /opt/rustwide/cargo-home/git/checkouts/rust-rocksdb-82ef6e5337b3fbe6/f7205e6/librocksdb_sys/rocksdb/db/db_impl.h:23,
[INFO] [stderr]                    from /opt/rustwide/cargo-home/git/checkouts/rust-rocksdb-82ef6e5337b3fbe6/f7205e6/librocksdb_sys/rocksdb/db/convenience.cc:11:
[INFO] [stderr]   /opt/rustwide/cargo-home/git/checkouts/rust-rocksdb-82ef6e5337b3fbe6/f7205e6/librocksdb_sys/rocksdb/db/version_edit.h: In constructor 'rocksdb::FdWithKeyRange::FdWithKeyRange(rocksdb::FileDescriptor, rocksdb::Slice, rocksdb::Slice, rocksdb::FileMetaData*)':
[INFO] [stderr]   /opt/rustwide/cargo-home/git/checkouts/rust-rocksdb-82ef6e5337b3fbe6/f7205e6/librocksdb_sys/rocksdb/db/version_edit.h:156:33: error: implicitly-declared 'constexpr rocksdb::FileDescriptor::FileDescriptor(const rocksdb::FileDescriptor&)' is deprecated [-Werror=deprecated-copy]
[INFO] [stderr]     156 |         largest_key(_largest_key) {}
[INFO] [stderr]         |                                 ^
[INFO] [stderr]   /opt/rustwide/cargo-home/git/checkouts/rust-rocksdb-82ef6e5337b3fbe6/f7205e6/librocksdb_sys/rocksdb/db/version_edit.h:47:19: note: because 'rocksdb::FileDescriptor' has user-provided 'rocksdb::FileDescriptor& rocksdb::FileDescriptor::operator=(const rocksdb::FileDescriptor&)'
[INFO] [stderr]      47 |   FileDescriptor& operator=(const FileDescriptor& fd) {
[INFO] [stderr]         |                   ^~~~~~~~
[INFO] [stderr]   In file included from /opt/rustwide/cargo-home/git/checkouts/rust-rocksdb-82ef6e5337b3fbe6/f7205e6/librocksdb_sys/rocksdb/db/range_del_aggregator.h:15,
[INFO] [stderr]                    from /opt/rustwide/cargo-home/git/checkouts/rust-rocksdb-82ef6e5337b3fbe6/f7205e6/librocksdb_sys/rocksdb/db/memtable.h:19,
[INFO] [stderr]                    from /opt/rustwide/cargo-home/git/checkouts/rust-rocksdb-82ef6e5337b3fbe6/f7205e6/librocksdb_sys/rocksdb/db/memtable_list.h:15,
[INFO] [stderr]                    from /opt/rustwide/cargo-home/git/checkouts/rust-rocksdb-82ef6e5337b3fbe6/f7205e6/librocksdb_sys/rocksdb/db/column_family.h:17,
[INFO] [stderr]                    from /opt/rustwide/cargo-home/git/checkouts/rust-rocksdb-82ef6e5337b3fbe6/f7205e6/librocksdb_sys/rocksdb/db/version_set.h:31,
[INFO] [stderr]                    from /opt/rustwide/cargo-home/git/checkouts/rust-rocksdb-82ef6e5337b3fbe6/f7205e6/librocksdb_sys/rocksdb/db/compaction.h:11,
[INFO] [stderr]                    from /opt/rustwide/cargo-home/git/checkouts/rust-rocksdb-82ef6e5337b3fbe6/f7205e6/librocksdb_sys/rocksdb/db/compaction_iterator.h:12,
[INFO] [stderr]                    from /opt/rustwide/cargo-home/git/checkouts/rust-rocksdb-82ef6e5337b3fbe6/f7205e6/librocksdb_sys/rocksdb/db/compaction_iterator.cc:6:
[INFO] [stderr]   /opt/rustwide/cargo-home/git/checkouts/rust-rocksdb-82ef6e5337b3fbe6/f7205e6/librocksdb_sys/rocksdb/db/version_edit.h: In constructor 'rocksdb::FdWithKeyRange::FdWithKeyRange(rocksdb::FileDescriptor, rocksdb::Slice, rocksdb::Slice, rocksdb::FileMetaData*)':
[INFO] [stderr]   /opt/rustwide/cargo-home/git/checkouts/rust-rocksdb-82ef6e5337b3fbe6/f7205e6/librocksdb_sys/rocksdb/db/version_edit.h:156:33: error: implicitly-declared 'constexpr rocksdb::FileDescriptor::FileDescriptor(const rocksdb::FileDescriptor&)' is deprecated [-Werror=deprecated-copy]
[INFO] [stderr]     156 |         largest_key(_largest_key) {}
[INFO] [stderr]         |                                 ^
[INFO] [stderr]   /opt/rustwide/cargo-home/git/checkouts/rust-rocksdb-82ef6e5337b3fbe6/f7205e6/librocksdb_sys/rocksdb/db/version_edit.h:47:19: note: because 'rocksdb::FileDescriptor' has user-provided 'rocksdb::FileDescriptor& rocksdb::FileDescriptor::operator=(const rocksdb::FileDescriptor&)'
[INFO] [stderr]      47 |   FileDescriptor& operator=(const FileDescriptor& fd) {
[INFO] [stderr]         |                   ^~~~~~~~
[INFO] [stderr]   c++: fatal error: Killed signal terminated program cc1plus
[INFO] [stderr]   compilation terminated.
[INFO] [stderr]   make[3]: *** [CMakeFiles/rocksdb.dir/build.make:128: CMakeFiles/rocksdb.dir/db/column_family.cc.o] Error 1
[INFO] [stderr]   c++: fatal error: Killed signal terminated program cc1plus
[INFO] [stderr]   compilation terminated.
[INFO] [stderr]   make[3]: *** [CMakeFiles/rocksdb.dir/build.make:154: CMakeFiles/rocksdb.dir/db/compaction.cc.o] Error 1
[INFO] [stderr]   In file included from /opt/rustwide/cargo-home/git/checkouts/rust-rocksdb-82ef6e5337b3fbe6/f7205e6/librocksdb_sys/rocksdb/db/range_del_aggregator.h:15,
[INFO] [stderr]                    from /opt/rustwide/cargo-home/git/checkouts/rust-rocksdb-82ef6e5337b3fbe6/f7205e6/librocksdb_sys/rocksdb/db/memtable.h:19,
[INFO] [stderr]                    from /opt/rustwide/cargo-home/git/checkouts/rust-rocksdb-82ef6e5337b3fbe6/f7205e6/librocksdb_sys/rocksdb/db/memtable_list.h:15,
[INFO] [stderr]                    from /opt/rustwide/cargo-home/git/checkouts/rust-rocksdb-82ef6e5337b3fbe6/f7205e6/librocksdb_sys/rocksdb/db/column_family.h:17,
[INFO] [stderr]                    from /opt/rustwide/cargo-home/git/checkouts/rust-rocksdb-82ef6e5337b3fbe6/f7205e6/librocksdb_sys/rocksdb/db/db_impl.h:23,
[INFO] [stderr]                    from /opt/rustwide/cargo-home/git/checkouts/rust-rocksdb-82ef6e5337b3fbe6/f7205e6/librocksdb_sys/rocksdb/db/db_impl_compaction_flush.cc:9:
[INFO] [stderr]   /opt/rustwide/cargo-home/git/checkouts/rust-rocksdb-82ef6e5337b3fbe6/f7205e6/librocksdb_sys/rocksdb/db/version_edit.h: In constructor 'rocksdb::FdWithKeyRange::FdWithKeyRange(rocksdb::FileDescriptor, rocksdb::Slice, rocksdb::Slice, rocksdb::FileMetaData*)':
[INFO] [stderr]   /opt/rustwide/cargo-home/git/checkouts/rust-rocksdb-82ef6e5337b3fbe6/f7205e6/librocksdb_sys/rocksdb/db/version_edit.h:156:33: error: implicitly-declared 'constexpr rocksdb::FileDescriptor::FileDescriptor(const rocksdb::FileDescriptor&)' is deprecated [-Werror=deprecated-copy]
[INFO] [stderr]     156 |         largest_key(_largest_key) {}
[INFO] [stderr]         |                                 ^
[INFO] [stderr]   /opt/rustwide/cargo-home/git/checkouts/rust-rocksdb-82ef6e5337b3fbe6/f7205e6/librocksdb_sys/rocksdb/db/version_edit.h:47:19: note: because 'rocksdb::FileDescriptor' has user-provided 'rocksdb::FileDescriptor& rocksdb::FileDescriptor::operator=(const rocksdb::FileDescriptor&)'
[INFO] [stderr]      47 |   FileDescriptor& operator=(const FileDescriptor& fd) {
[INFO] [stderr]         |                   ^~~~~~~~
[INFO] [stderr]   In file included from /opt/rustwide/cargo-home/git/checkouts/rust-rocksdb-82ef6e5337b3fbe6/f7205e6/librocksdb_sys/rocksdb/db/range_del_aggregator.h:15,
[INFO] [stderr]                    from /opt/rustwide/cargo-home/git/checkouts/rust-rocksdb-82ef6e5337b3fbe6/f7205e6/librocksdb_sys/rocksdb/db/memtable.h:19,
[INFO] [stderr]                    from /opt/rustwide/cargo-home/git/checkouts/rust-rocksdb-82ef6e5337b3fbe6/f7205e6/librocksdb_sys/rocksdb/db/memtable_list.h:15,
[INFO] [stderr]                    from /opt/rustwide/cargo-home/git/checkouts/rust-rocksdb-82ef6e5337b3fbe6/f7205e6/librocksdb_sys/rocksdb/db/column_family.h:17,
[INFO] [stderr]                    from /opt/rustwide/cargo-home/git/checkouts/rust-rocksdb-82ef6e5337b3fbe6/f7205e6/librocksdb_sys/rocksdb/db/db_impl.h:23,
[INFO] [stderr]                    from /opt/rustwide/cargo-home/git/checkouts/rust-rocksdb-82ef6e5337b3fbe6/f7205e6/librocksdb_sys/rocksdb/db/db_impl_files.cc:9:
[INFO] [stderr]   /opt/rustwide/cargo-home/git/checkouts/rust-rocksdb-82ef6e5337b3fbe6/f7205e6/librocksdb_sys/rocksdb/db/version_edit.h: In constructor 'rocksdb::FdWithKeyRange::FdWithKeyRange(rocksdb::FileDescriptor, rocksdb::Slice, rocksdb::Slice, rocksdb::FileMetaData*)':
[INFO] [stderr]   /opt/rustwide/cargo-home/git/checkouts/rust-rocksdb-82ef6e5337b3fbe6/f7205e6/librocksdb_sys/rocksdb/db/version_edit.h:156:33: error: implicitly-declared 'constexpr rocksdb::FileDescriptor::FileDescriptor(const rocksdb::FileDescriptor&)' is deprecated [-Werror=deprecated-copy]
[INFO] [stderr]     156 |         largest_key(_largest_key) {}
[INFO] [stderr]         |                                 ^
[INFO] [stderr]   /opt/rustwide/cargo-home/git/checkouts/rust-rocksdb-82ef6e5337b3fbe6/f7205e6/librocksdb_sys/rocksdb/db/version_edit.h:47:19: note: because 'rocksdb::FileDescriptor' has user-provided 'rocksdb::FileDescriptor& rocksdb::FileDescriptor::operator=(const rocksdb::FileDescriptor&)'
[INFO] [stderr]      47 |   FileDescriptor& operator=(const FileDescriptor& fd) {
[INFO] [stderr]         |                   ^~~~~~~~
[INFO] [stderr]   c++: fatal error: Killed signal terminated program cc1plus
[INFO] [stderr]   compilation terminated.
[INFO] [stderr]   make[3]: *** [CMakeFiles/rocksdb.dir/build.make:193: CMakeFiles/rocksdb.dir/db/compaction_picker.cc.o] Error 1
[INFO] [stderr]   c++: fatal error: Killed signal terminated program cc1plus
[INFO] [stderr]   compilation terminated.
[INFO] [stderr]   make[3]: *** [CMakeFiles/rocksdb.dir/build.make:167: CMakeFiles/rocksdb.dir/db/compaction_iterator.cc.o] Error 1
[INFO] [stderr]   /opt/rustwide/cargo-home/git/checkouts/rust-rocksdb-82ef6e5337b3fbe6/f7205e6/librocksdb_sys/rocksdb/db/version_edit.h: In instantiation of 'constexpr std::pair<_T1, _T2>::pair(_U1&&, _U2&&) [with _U1 = int&; _U2 = rocksdb::FileMetaData; typename std::enable_if<(std::_PCC<true, _T1, _T2>::_MoveConstructiblePair<_U1, _U2>() && std::_PCC<true, _T1, _T2>::_ImplicitlyMoveConvertiblePair<_U1, _U2>()), bool>::type <anonymous> = true; _T1 = int; _T2 = rocksdb::FileMetaData]':
[INFO] [stderr]   /usr/include/c++/9/ext/new_allocator.h:147:4:   required from 'void __gnu_cxx::new_allocator<_Tp>::construct(_Up*, _Args&& ...) [with _Up = std::pair<int, rocksdb::FileMetaData>; _Args = {int&, rocksdb::FileMetaData}; _Tp = std::pair<int, rocksdb::FileMetaData>]'
[INFO] [stderr]   /usr/include/c++/9/bits/alloc_traits.h:484:4:   required from 'static void std::allocator_traits<std::allocator<_Tp1> >::construct(std::allocator_traits<std::allocator<_Tp1> >::allocator_type&, _Up*, _Args&& ...) [with _Up = std::pair<int, rocksdb::FileMetaData>; _Args = {int&, rocksdb::FileMetaData}; _Tp = std::pair<int, rocksdb::FileMetaData>; std::allocator_traits<std::allocator<_Tp1> >::allocator_type = std::allocator<std::pair<int, rocksdb::FileMetaData> >]'
[INFO] [stderr]   /usr/include/c++/9/bits/vector.tcc:115:30:   required from 'void std::vector<_Tp, _Alloc>::emplace_back(_Args&& ...) [with _Args = {int&, rocksdb::FileMetaData}; _Tp = std::pair<int, rocksdb::FileMetaData>; _Alloc = std::allocator<std::pair<int, rocksdb::FileMetaData> >]'
[INFO] [stderr]   /opt/rustwide/cargo-home/git/checkouts/rust-rocksdb-82ef6e5337b3fbe6/f7205e6/librocksdb_sys/rocksdb/db/version_edit.h:218:48:   required from here
[INFO] [stderr]   /opt/rustwide/cargo-home/git/checkouts/rust-rocksdb-82ef6e5337b3fbe6/f7205e6/librocksdb_sys/rocksdb/db/version_edit.h:76:8: error: implicitly-declared 'constexpr rocksdb::FileDescriptor::FileDescriptor(const rocksdb::FileDescriptor&)' is deprecated [-Werror=deprecated-copy]
[INFO] [stderr]      76 | struct FileMetaData {
[INFO] [stderr]         |        ^~~~~~~~~~~~
[INFO] [stderr]   /opt/rustwide/cargo-home/git/checkouts/rust-rocksdb-82ef6e5337b3fbe6/f7205e6/librocksdb_sys/rocksdb/db/version_edit.h:47:19: note: because 'rocksdb::FileDescriptor' has user-provided 'rocksdb::FileDescriptor& rocksdb::FileDescriptor::operator=(const rocksdb::FileDescriptor&)'
[INFO] [stderr]      47 |   FileDescriptor& operator=(const FileDescriptor& fd) {
[INFO] [stderr]         |                   ^~~~~~~~
[INFO] [stderr]   In file included from /usr/include/c++/9/bits/stl_algobase.h:64,
[INFO] [stderr]                    from /usr/include/c++/9/memory:62,
[INFO] [stderr]                    from /opt/rustwide/cargo-home/git/checkouts/rust-rocksdb-82ef6e5337b3fbe6/f7205e6/librocksdb_sys/rocksdb/db/compaction_picker.h:12,
[INFO] [stderr]                    from /opt/rustwide/cargo-home/git/checkouts/rust-rocksdb-82ef6e5337b3fbe6/f7205e6/librocksdb_sys/rocksdb/db/compaction_picker_universal.h:13,
[INFO] [stderr]                    from /opt/rustwide/cargo-home/git/checkouts/rust-rocksdb-82ef6e5337b3fbe6/f7205e6/librocksdb_sys/rocksdb/db/compaction_picker_universal.cc:10:
[INFO] [stderr]   /usr/include/c++/9/bits/stl_pair.h:342:64: note: synthesized method 'rocksdb::FileMetaData::FileMetaData(rocksdb::FileMetaData&&)' first required here
[INFO] [stderr]     342 |  : first(std::forward<_U1>(__x)), second(std::forward<_U2>(__y)) { }
[INFO] [stderr]         |                                                                ^
[INFO] [stderr]   In file included from /opt/rustwide/cargo-home/git/checkouts/rust-rocksdb-82ef6e5337b3fbe6/f7205e6/librocksdb_sys/rocksdb/db/range_del_aggregator.h:15,
[INFO] [stderr]                    from /opt/rustwide/cargo-home/git/checkouts/rust-rocksdb-82ef6e5337b3fbe6/f7205e6/librocksdb_sys/rocksdb/db/memtable.h:19,
[INFO] [stderr]                    from /opt/rustwide/cargo-home/git/checkouts/rust-rocksdb-82ef6e5337b3fbe6/f7205e6/librocksdb_sys/rocksdb/db/memtable_list.h:15,
[INFO] [stderr]                    from /opt/rustwide/cargo-home/git/checkouts/rust-rocksdb-82ef6e5337b3fbe6/f7205e6/librocksdb_sys/rocksdb/db/column_family.h:17,
[INFO] [stderr]                    from /opt/rustwide/cargo-home/git/checkouts/rust-rocksdb-82ef6e5337b3fbe6/f7205e6/librocksdb_sys/rocksdb/db/version_set.h:31,
[INFO] [stderr]                    from /opt/rustwide/cargo-home/git/checkouts/rust-rocksdb-82ef6e5337b3fbe6/f7205e6/librocksdb_sys/rocksdb/db/compaction.h:11,
[INFO] [stderr]                    from /opt/rustwide/cargo-home/git/checkouts/rust-rocksdb-82ef6e5337b3fbe6/f7205e6/librocksdb_sys/rocksdb/db/compaction_picker.h:18,
[INFO] [stderr]                    from /opt/rustwide/cargo-home/git/checkouts/rust-rocksdb-82ef6e5337b3fbe6/f7205e6/librocksdb_sys/rocksdb/db/compaction_picker_universal.h:13,
[INFO] [stderr]                    from /opt/rustwide/cargo-home/git/checkouts/rust-rocksdb-82ef6e5337b3fbe6/f7205e6/librocksdb_sys/rocksdb/db/compaction_picker_universal.cc:10:
[INFO] [stderr]   /opt/rustwide/cargo-home/git/checkouts/rust-rocksdb-82ef6e5337b3fbe6/f7205e6/librocksdb_sys/rocksdb/db/version_edit.h: In instantiation of 'constexpr std::pair<_T1, _T2>::pair(_U1&&, const _T2&) [with _U1 = int&; typename std::enable_if<std::_PCC<true, _T1, _T2>::_MoveCopyPair<true, _U1, _T2>(), bool>::type <anonymous> = true; _T1 = int; _T2 = rocksdb::FileMetaData]':
[INFO] [stderr]   /usr/include/c++/9/ext/new_allocator.h:147:4:   required from 'void __gnu_cxx::new_allocator<_Tp>::construct(_Up*, _Args&& ...) [with _Up = std::pair<int, rocksdb::FileMetaData>; _Args = {int&, const rocksdb::FileMetaData&}; _Tp = std::pair<int, rocksdb::FileMetaData>]'
[INFO] [stderr]   /usr/include/c++/9/bits/alloc_traits.h:484:4:   required from 'static void std::allocator_traits<std::allocator<_Tp1> >::construct(std::allocator_traits<std::allocator<_Tp1> >::allocator_type&, _Up*, _Args&& ...) [with _Up = std::pair<int, rocksdb::FileMetaData>; _Args = {int&, const rocksdb::FileMetaData&}; _Tp = std::pair<int, rocksdb::FileMetaData>; std::allocator_traits<std::allocator<_Tp1> >::allocator_type = std::allocator<std::pair<int, rocksdb::FileMetaData> >]'
[INFO] [stderr]   /usr/include/c++/9/bits/vector.tcc:115:30:   required from 'void std::vector<_Tp, _Alloc>::emplace_back(_Args&& ...) [with _Args = {int&, const rocksdb::FileMetaData&}; _Tp = std::pair<int, rocksdb::FileMetaData>; _Alloc = std::allocator<std::pair<int, rocksdb::FileMetaData> >]'
[INFO] [stderr]   /opt/rustwide/cargo-home/git/checkouts/rust-rocksdb-82ef6e5337b3fbe6/f7205e6/librocksdb_sys/rocksdb/db/version_edit.h:223:37:   required from here
[INFO] [stderr]   /opt/rustwide/cargo-home/git/checkouts/rust-rocksdb-82ef6e5337b3fbe6/f7205e6/librocksdb_sys/rocksdb/db/version_edit.h:76:8: error: implicitly-declared 'constexpr rocksdb::FileDescriptor::FileDescriptor(const rocksdb::FileDescriptor&)' is deprecated [-Werror=deprecated-copy]
[INFO] [stderr]      76 | struct FileMetaData {
[INFO] [stderr]         |        ^~~~~~~~~~~~
[INFO] [stderr]   /opt/rustwide/cargo-home/git/checkouts/rust-rocksdb-82ef6e5337b3fbe6/f7205e6/librocksdb_sys/rocksdb/db/version_edit.h:47:19: note: because 'rocksdb::FileDescriptor' has user-provided 'rocksdb::FileDescriptor& rocksdb::FileDescriptor::operator=(const rocksdb::FileDescriptor&)'
[INFO] [stderr]      47 |   FileDescriptor& operator=(const FileDescriptor& fd) {
[INFO] [stderr]         |                   ^~~~~~~~
[INFO] [stderr]   In file included from /usr/include/c++/9/bits/stl_algobase.h:64,
[INFO] [stderr]                    from /usr/include/c++/9/memory:62,
[INFO] [stderr]                    from /opt/rustwide/cargo-home/git/checkouts/rust-rocksdb-82ef6e5337b3fbe6/f7205e6/librocksdb_sys/rocksdb/db/compaction_picker.h:12,
[INFO] [stderr]                    from /opt/rustwide/cargo-home/git/checkouts/rust-rocksdb-82ef6e5337b3fbe6/f7205e6/librocksdb_sys/rocksdb/db/compaction_picker_universal.h:13,
[INFO] [stderr]                    from /opt/rustwide/cargo-home/git/checkouts/rust-rocksdb-82ef6e5337b3fbe6/f7205e6/librocksdb_sys/rocksdb/db/compaction_picker_universal.cc:10:
[INFO] [stderr]   /usr/include/c++/9/bits/stl_pair.h:312:51: note: synthesized method 'rocksdb::FileMetaData::FileMetaData(const rocksdb::FileMetaData&)' first required here
[INFO] [stderr]     312 |        : first(std::forward<_U1>(__x)), second(__y) { }
[INFO] [stderr]         |                                                   ^
[INFO] [stderr]   /opt/rustwide/cargo-home/git/checkouts/rust-rocksdb-82ef6e5337b3fbe6/f7205e6/librocksdb_sys/rocksdb/db/version_edit.h: In copy constructor 'rocksdb::FileMetaData::FileMetaData(const rocksdb::FileMetaData&)':
[INFO] [stderr]   /opt/rustwide/cargo-home/git/checkouts/rust-rocksdb-82ef6e5337b3fbe6/f7205e6/librocksdb_sys/rocksdb/db/version_edit.h:76:8: error: implicitly-declared 'constexpr rocksdb::FileDescriptor::FileDescriptor(const rocksdb::FileDescriptor&)' is deprecated [-Werror=deprecated-copy]
[INFO] [stderr]      76 | struct FileMetaData {
[INFO] [stderr]         |        ^~~~~~~~~~~~
[INFO] [stderr]   /opt/rustwide/cargo-home/git/checkouts/rust-rocksdb-82ef6e5337b3fbe6/f7205e6/librocksdb_sys/rocksdb/db/version_edit.h:47:19: note: because 'rocksdb::FileDescriptor' has user-provided 'rocksdb::FileDescriptor& rocksdb::FileDescriptor::operator=(const rocksdb::FileDescriptor&)'
[INFO] [stderr]      47 |   FileDescriptor& operator=(const FileDescriptor& fd) {
[INFO] [stderr]         |                   ^~~~~~~~
[INFO] [stderr]   In file included from /usr/include/c++/9/bits/stl_algobase.h:64,
[INFO] [stderr]                    from /usr/include/c++/9/deque:60,
[INFO] [stderr]                    from /opt/rustwide/cargo-home/git/checkouts/rust-rocksdb-82ef6e5337b3fbe6/f7205e6/librocksdb_sys/rocksdb/db/db_impl.h:12,
[INFO] [stderr]                    from /opt/rustwide/cargo-home/git/checkouts/rust-rocksdb-82ef6e5337b3fbe6/f7205e6/librocksdb_sys/rocksdb/db/db_impl_compaction_flush.cc:9:
[INFO] [stderr]   /usr/include/c++/9/bits/stl_pair.h: In copy constructor 'std::pair<_T1, _T2>::pair(const std::pair<_T1, _T2>&) [with _T1 = int; _T2 = rocksdb::FileMetaData]':
[INFO] [stderr]   /usr/include/c++/9/bits/stl_pair.h:303:17: note: synthesized method 'rocksdb::FileMetaData::FileMetaData(const rocksdb::FileMetaData&)' first required here
[INFO] [stderr]     303 |       constexpr pair(const pair&) = default;
[INFO] [stderr]         |                 ^~~~
[INFO] [stderr]   /opt/rustwide/cargo-home/git/checkouts/rust-rocksdb-82ef6e5337b3fbe6/f7205e6/librocksdb_sys/rocksdb/db/db_impl_compaction_flush.cc: In member function 'void rocksdb::DBImpl::NotifyOnCompactionCompleted(rocksdb::ColumnFamilyData*, rocksdb::Compaction*, const rocksdb::Status&, const rocksdb::CompactionJobStats&, int)':
[INFO] [stderr]   /opt/rustwide/cargo-home/git/checkouts/rust-rocksdb-82ef6e5337b3fbe6/f7205e6/librocksdb_sys/rocksdb/db/db_impl_compaction_flush.cc:682:51: note: synthesized method 'std::pair<_T1, _T2>::pair(const std::pair<_T1, _T2>&) [with _T1 = int; _T2 = rocksdb::FileMetaData]' first required here
[INFO] [stderr]     682 |     for (const auto newf : c->edit()->GetNewFiles()) {
[INFO] [stderr]         |                                                   ^
[INFO] [stderr]   /opt/rustwide/cargo-home/git/checkouts/rust-rocksdb-82ef6e5337b3fbe6/f7205e6/librocksdb_sys/rocksdb/db/version_edit.h: In instantiation of 'constexpr std::pair<_T1, _T2>::pair(_U1&&, _U2&&) [with _U1 = int&; _U2 = rocksdb::FileMetaData; typename std::enable_if<(std::_PCC<true, _T1, _T2>::_MoveConstructiblePair<_U1, _U2>() && std::_PCC<true, _T1, _T2>::_ImplicitlyMoveConvertiblePair<_U1, _U2>()), bool>::type <anonymous> = true; _T1 = int; _T2 = rocksdb::FileMetaData]':
[INFO] [stderr]   /usr/include/c++/9/ext/new_allocator.h:147:4:   required from 'void __gnu_cxx::new_allocator<_Tp>::construct(_Up*, _Args&& ...) [with _Up = std::pair<int, rocksdb::FileMetaData>; _Args = {int&, rocksdb::FileMetaData}; _Tp = std::pair<int, rocksdb::FileMetaData>]'
[INFO] [stderr]   /usr/include/c++/9/bits/alloc_traits.h:484:4:   required from 'static void std::allocator_traits<std::allocator<_CharT> >::construct(std::allocator_traits<std::allocator<_CharT> >::allocator_type&, _Up*, _Args&& ...) [with _Up = std::pair<int, rocksdb::FileMetaData>; _Args = {int&, rocksdb::FileMetaData}; _Tp = std::pair<int, rocksdb::FileMetaData>; std::allocator_traits<std::allocator<_CharT> >::allocator_type = std::allocator<std::pair<int, rocksdb::FileMetaData> >]'
[INFO] [stderr]   /usr/include/c++/9/bits/vector.tcc:115:30:   required from 'void std::vector<_Tp, _Alloc>::emplace_back(_Args&& ...) [with _Args = {int&, rocksdb::FileMetaData}; _Tp = std::pair<int, rocksdb::FileMetaData>; _Alloc = std::allocator<std::pair<int, rocksdb::FileMetaData> >]'
[INFO] [stderr]   /opt/rustwide/cargo-home/git/checkouts/rust-rocksdb-82ef6e5337b3fbe6/f7205e6/librocksdb_sys/rocksdb/db/version_edit.h:218:48:   required from here
[INFO] [stderr]   /opt/rustwide/cargo-home/git/checkouts/rust-rocksdb-82ef6e5337b3fbe6/f7205e6/librocksdb_sys/rocksdb/db/version_edit.h:76:8: error: implicitly-declared 'constexpr rocksdb::FileDescriptor::FileDescriptor(const rocksdb::FileDescriptor&)' is deprecated [-Werror=deprecated-copy]
[INFO] [stderr]      76 | struct FileMetaData {
[INFO] [stderr]         |        ^~~~~~~~~~~~
[INFO] [stderr]   /opt/rustwide/cargo-home/git/checkouts/rust-rocksdb-82ef6e5337b3fbe6/f7205e6/librocksdb_sys/rocksdb/db/version_edit.h:47:19: note: because 'rocksdb::FileDescriptor' has user-provided 'rocksdb::FileDescriptor& rocksdb::FileDescriptor::operator=(const rocksdb::FileDescriptor&)'
[INFO] [stderr]      47 |   FileDescriptor& operator=(const FileDescriptor& fd) {
[INFO] [stderr]         |                   ^~~~~~~~
[INFO] [stderr]   In file included from /usr/include/c++/9/bits/stl_algobase.h:64,
[INFO] [stderr]                    from /usr/include/c++/9/bits/char_traits.h:39,
[INFO] [stderr]                    from /usr/include/c++/9/string:40,
[INFO] [stderr]                    from /opt/rustwide/cargo-home/git/checkouts/rust-rocksdb-82ef6e5337b3fbe6/f7205e6/librocksdb_sys/rocksdb/include/rocksdb/convenience.h:8,
[INFO] [stderr]                    from /opt/rustwide/cargo-home/git/checkouts/rust-rocksdb-82ef6e5337b3fbe6/f7205e6/librocksdb_sys/rocksdb/db/convenience.cc:9:
[INFO] [stderr]   /usr/include/c++/9/bits/stl_pair.h:342:64: note: synthesized method 'rocksdb::FileMetaData::FileMetaData(rocksdb::FileMetaData&&)' first required here
[INFO] [stderr]     342 |  : first(std::forward<_U1>(__x)), second(std::forward<_U2>(__y)) { }
[INFO] [stderr]         |                                                                ^
[INFO] [stderr]   In file included from /opt/rustwide/cargo-home/git/checkouts/rust-rocksdb-82ef6e5337b3fbe6/f7205e6/librocksdb_sys/rocksdb/db/range_del_aggregator.h:15,
[INFO] [stderr]                    from /opt/rustwide/cargo-home/git/checkouts/rust-rocksdb-82ef6e5337b3fbe6/f7205e6/librocksdb_sys/rocksdb/db/memtable.h:19,
[INFO] [stderr]                    from /opt/rustwide/cargo-home/git/checkouts/rust-rocksdb-82ef6e5337b3fbe6/f7205e6/librocksdb_sys/rocksdb/db/memtable_list.h:15,
[INFO] [stderr]                    from /opt/rustwide/cargo-home/git/checkouts/rust-rocksdb-82ef6e5337b3fbe6/f7205e6/librocksdb_sys/rocksdb/db/column_family.h:17,
[INFO] [stderr]                    from /opt/rustwide/cargo-home/git/checkouts/rust-rocksdb-82ef6e5337b3fbe6/f7205e6/librocksdb_sys/rocksdb/db/db_impl.h:23,
[INFO] [stderr]                    from /opt/rustwide/cargo-home/git/checkouts/rust-rocksdb-82ef6e5337b3fbe6/f7205e6/librocksdb_sys/rocksdb/db/convenience.cc:11:
[INFO] [stderr]   /opt/rustwide/cargo-home/git/checkouts/rust-rocksdb-82ef6e5337b3fbe6/f7205e6/librocksdb_sys/rocksdb/db/version_edit.h: In instantiation of 'constexpr std::pair<_T1, _T2>::pair(_U1&&, const _T2&) [with _U1 = int&; typename std::enable_if<std::_PCC<true, _T1, _T2>::_MoveCopyPair<true, _U1, _T2>(), bool>::type <anonymous> = true; _T1 = int; _T2 = rocksdb::FileMetaData]':
[INFO] [stderr]   /usr/include/c++/9/ext/new_allocator.h:147:4:   required from 'void __gnu_cxx::new_allocator<_Tp>::construct(_Up*, _Args&& ...) [with _Up = std::pair<int, rocksdb::FileMetaData>; _Args = {int&, const rocksdb::FileMetaData&}; _Tp = std::pair<int, rocksdb::FileMetaData>]'
[INFO] [stderr]   /usr/include/c++/9/bits/alloc_traits.h:484:4:   required from 'static void std::allocator_traits<std::allocator<_CharT> >::construct(std::allocator_traits<std::allocator<_CharT> >::allocator_type&, _Up*, _Args&& ...) [with _Up = std::pair<int, rocksdb::FileMetaData>; _Args = {int&, const rocksdb::FileMetaData&}; _Tp = std::pair<int, rocksdb::FileMetaData>; std::allocator_traits<std::allocator<_CharT> >::allocator_type = std::allocator<std::pair<int, rocksdb::FileMetaData> >]'
[INFO] [stderr]   /usr/include/c++/9/bits/vector.tcc:115:30:   required from 'void std::vector<_Tp, _Alloc>::emplace_back(_Args&& ...) [with _Args = {int&, const rocksdb::FileMetaData&}; _Tp = std::pair<int, rocksdb::FileMetaData>; _Alloc = std::allocator<std::pair<int, rocksdb::FileMetaData> >]'
[INFO] [stderr]   /opt/rustwide/cargo-home/git/checkouts/rust-rocksdb-82ef6e5337b3fbe6/f7205e6/librocksdb_sys/rocksdb/db/version_edit.h:223:37:   required from here
[INFO] [stderr]   /opt/rustwide/cargo-home/git/checkouts/rust-rocksdb-82ef6e5337b3fbe6/f7205e6/librocksdb_sys/rocksdb/db/version_edit.h:76:8: error: implicitly-declared 'constexpr rocksdb::FileDescriptor::FileDescriptor(const rocksdb::FileDescriptor&)' is deprecated [-Werror=deprecated-copy]
[INFO] [stderr]      76 | struct FileMetaData {
[INFO] [stderr]         |        ^~~~~~~~~~~~
[INFO] [stderr]   /opt/rustwide/cargo-home/git/checkouts/rust-rocksdb-82ef6e5337b3fbe6/f7205e6/librocksdb_sys/rocksdb/db/version_edit.h:47:19: note: because 'rocksdb::FileDescriptor' has user-provided 'rocksdb::FileDescriptor& rocksdb::FileDescriptor::operator=(const rocksdb::FileDescriptor&)'
[INFO] [stderr]      47 |   FileDescriptor& operator=(const FileDescriptor& fd) {
[INFO] [stderr]         |                   ^~~~~~~~
[INFO] [stderr]   In file included from /usr/include/c++/9/bits/stl_algobase.h:64,
[INFO] [stderr]                    from /usr/include/c++/9/bits/char_traits.h:39,
[INFO] [stderr]                    from /usr/include/c++/9/string:40,
[INFO] [stderr]                    from /opt/rustwide/cargo-home/git/checkouts/rust-rocksdb-82ef6e5337b3fbe6/f7205e6/librocksdb_sys/rocksdb/include/rocksdb/convenience.h:8,
[INFO] [stderr]                    from /opt/rustwide/cargo-home/git/checkouts/rust-rocksdb-82ef6e5337b3fbe6/f7205e6/librocksdb_sys/rocksdb/db/convenience.cc:9:
[INFO] [stderr]   /usr/include/c++/9/bits/stl_pair.h:312:51: note: synthesized method 'rocksdb::FileMetaData::FileMetaData(const rocksdb::FileMetaData&)' first required here
[INFO] [stderr]     312 |        : first(std::forward<_U1>(__x)), second(__y) { }
[INFO] [stderr]         |                                                   ^
[INFO] [stderr]   In file included from /opt/rustwide/cargo-home/git/checkouts/rust-rocksdb-82ef6e5337b3fbe6/f7205e6/librocksdb_sys/rocksdb/db/range_del_aggregator.h:15,
[INFO] [stderr]                    from /opt/rustwide/cargo-home/git/checkouts/rust-rocksdb-82ef6e5337b3fbe6/f7205e6/librocksdb_sys/rocksdb/db/memtable.h:19,
[INFO] [stderr]                    from /opt/rustwide/cargo-home/git/checkouts/rust-rocksdb-82ef6e5337b3fbe6/f7205e6/librocksdb_sys/rocksdb/db/memtable_list.h:15,
[INFO] [stderr]                    from /opt/rustwide/cargo-home/git/checkouts/rust-rocksdb-82ef6e5337b3fbe6/f7205e6/librocksdb_sys/rocksdb/db/column_family.h:17,
[INFO] [stderr]                    from /opt/rustwide/cargo-home/git/checkouts/rust-rocksdb-82ef6e5337b3fbe6/f7205e6/librocksdb_sys/rocksdb/db/db_impl.h:23,
[INFO] [stderr]                    from /opt/rustwide/cargo-home/git/checkouts/rust-rocksdb-82ef6e5337b3fbe6/f7205e6/librocksdb_sys/rocksdb/db/db_impl_compaction_flush.cc:9:
[INFO] [stderr]   /opt/rustwide/cargo-home/git/checkouts/rust-rocksdb-82ef6e5337b3fbe6/f7205e6/librocksdb_sys/rocksdb/db/version_edit.h: In instantiation of 'constexpr std::pair<_T1, _T2>::pair(_U1&&, _U2&&) [with _U1 = int&; _U2 = rocksdb::FileMetaData; typename std::enable_if<(std::_PCC<true, _T1, _T2>::_MoveConstructiblePair<_U1, _U2>() && std::_PCC<true, _T1, _T2>::_ImplicitlyMoveConvertiblePair<_U1, _U2>()), bool>::type <anonymous> = true; _T1 = int; _T2 = rocksdb::FileMetaData]':
[INFO] [stderr]   /usr/include/c++/9/ext/new_allocator.h:147:4:   required from 'void __gnu_cxx::new_allocator<_Tp>::construct(_Up*, _Args&& ...) [with _Up = std::pair<int, rocksdb::FileMetaData>; _Args = {int&, rocksdb::FileMetaData}; _Tp = std::pair<int, rocksdb::FileMetaData>]'
[INFO] [stderr]   /usr/include/c++/9/bits/alloc_traits.h:484:4:   required from 'static void std::allocator_traits<std::allocator<_Tp1> >::construct(std::allocator_traits<std::allocator<_Tp1> >::allocator_type&, _Up*, _Args&& ...) [with _Up = std::pair<int, rocksdb::FileMetaData>; _Args = {int&, rocksdb::FileMetaData}; _Tp = std::pair<int, rocksdb::FileMetaData>; std::allocator_traits<std::allocator<_Tp1> >::allocator_type = std::allocator<std::pair<int, rocksdb::FileMetaData> >]'
[INFO] [stderr]   /usr/include/c++/9/bits/vector.tcc:115:30:   required from 'void std::vector<_Tp, _Alloc>::emplace_back(_Args&& ...) [with _Args = {int&, rocksdb::FileMetaData}; _Tp = std::pair<int, rocksdb::FileMetaData>; _Alloc = std::allocator<std::pair<int, rocksdb::FileMetaData> >]'
[INFO] [stderr]   /opt/rustwide/cargo-home/git/checkouts/rust-rocksdb-82ef6e5337b3fbe6/f7205e6/librocksdb_sys/rocksdb/db/version_edit.h:218:48:   required from here
[INFO] [stderr]   /opt/rustwide/cargo-home/git/checkouts/rust-rocksdb-82ef6e5337b3fbe6/f7205e6/librocksdb_sys/rocksdb/db/version_edit.h:76:8: error: implicitly-declared 'constexpr rocksdb::FileDescriptor::FileDescriptor(const rocksdb::FileDescriptor&)' is deprecated [-Werror=deprecated-copy]
[INFO] [stderr]      76 | struct FileMetaData {
[INFO] [stderr]         |        ^~~~~~~~~~~~
[INFO] [stderr]   /opt/rustwide/cargo-home/git/checkouts/rust-rocksdb-82ef6e5337b3fbe6/f7205e6/librocksdb_sys/rocksdb/db/version_edit.h:47:19: note: because 'rocksdb::FileDescriptor' has user-provided 'rocksdb::FileDescriptor& rocksdb::FileDescriptor::operator=(const rocksdb::FileDescriptor&)'
[INFO] [stderr]      47 |   FileDescriptor& operator=(const FileDescriptor& fd) {
[INFO] [stderr]         |                   ^~~~~~~~
[INFO] [stderr]   In file included from /usr/include/c++/9/bits/stl_algobase.h:64,
[INFO] [stderr]                    from /usr/include/c++/9/deque:60,
[INFO] [stderr]                    from /opt/rustwide/cargo-home/git/checkouts/rust-rocksdb-82ef6e5337b3fbe6/f7205e6/librocksdb_sys/rocksdb/db/db_impl.h:12,
[INFO] [stderr]                    from /opt/rustwide/cargo-home/git/checkouts/rust-rocksdb-82ef6e5337b3fbe6/f7205e6/librocksdb_sys/rocksdb/db/db_impl_compaction_flush.cc:9:
[INFO] [stderr]   /usr/include/c++/9/bits/stl_pair.h:342:64: note: synthesized method 'rocksdb::FileMetaData::FileMetaData(rocksdb::FileMetaData&&)' first required here
[INFO] [stderr]     342 |  : first(std::forward<_U1>(__x)), second(std::forward<_U2>(__y)) { }
[INFO] [stderr]         |                                                                ^
[INFO] [stderr]   /opt/rustwide/cargo-home/git/checkouts/rust-rocksdb-82ef6e5337b3fbe6/f7205e6/librocksdb_sys/rocksdb/db/version_edit.h: In instantiation of 'constexpr std::pair<_T1, _T2>::pair(_U1&&, _U2&&) [with _U1 = int&; _U2 = rocksdb::FileMetaData; typename std::enable_if<(std::_PCC<true, _T1, _T2>::_MoveConstructiblePair<_U1, _U2>() && std::_PCC<true, _T1, _T2>::_ImplicitlyMoveConvertiblePair<_U1, _U2>()), bool>::type <anonymous> = true; _T1 = int; _T2 = rocksdb::FileMetaData]':
[INFO] [stderr]   /usr/include/c++/9/ext/new_allocator.h:147:4:   required from 'void __gnu_cxx::new_allocator<_Tp>::construct(_Up*, _Args&& ...) [with _Up = std::pair<int, rocksdb::FileMetaData>; _Args = {int&, rocksdb::FileMetaData}; _Tp = std::pair<int, rocksdb::FileMetaData>]'
[INFO] [stderr]   /usr/include/c++/9/bits/alloc_traits.h:484:4:   required from 'static void std::allocator_traits<std::allocator<_Tp1> >::construct(std::allocator_traits<std::allocator<_Tp1> >::allocator_type&, _Up*, _Args&& ...) [with _Up = std::pair<int, rocksdb::FileMetaData>; _Args = {int&, rocksdb::FileMetaData}; _Tp = std::pair<int, rocksdb::FileMetaData>; std::allocator_traits<std::allocator<_Tp1> >::allocator_type = std::allocator<std::pair<int, rocksdb::FileMetaData> >]'
[INFO] [stderr]   /usr/include/c++/9/bits/vector.tcc:115:30:   required from 'void std::vector<_Tp, _Alloc>::emplace_back(_Args&& ...) [with _Args = {int&, rocksdb::FileMetaData}; _Tp = std::pair<int, rocksdb::FileMetaData>; _Alloc = std::allocator<std::pair<int, rocksdb::FileMetaData> >]'
[INFO] [stderr]   /opt/rustwide/cargo-home/git/checkouts/rust-rocksdb-82ef6e5337b3fbe6/f7205e6/librocksdb_sys/rocksdb/db/version_edit.h:218:48:   required from here
[INFO] [stderr]   /opt/rustwide/cargo-home/git/checkouts/rust-rocksdb-82ef6e5337b3fbe6/f7205e6/librocksdb_sys/rocksdb/db/version_edit.h:76:8: error: implicitly-declared 'constexpr rocksdb::FileDescriptor::FileDescriptor(const rocksdb::FileDescriptor&)' is deprecated [-Werror=deprecated-copy]
[INFO] [stderr]      76 | struct FileMetaData {
[INFO] [stderr]         |        ^~~~~~~~~~~~
[INFO] [stderr]   /opt/rustwide/cargo-home/git/checkouts/rust-rocksdb-82ef6e5337b3fbe6/f7205e6/librocksdb_sys/rocksdb/db/version_edit.h:47:19: note: because 'rocksdb::FileDescriptor' has user-provided 'rocksdb::FileDescriptor& rocksdb::FileDescriptor::operator=(const rocksdb::FileDescriptor&)'
[INFO] [stderr]      47 |   FileDescriptor& operator=(const FileDescriptor& fd) {
[INFO] [stderr]         |                   ^~~~~~~~
[INFO] [stderr]   In file included from /usr/include/c++/9/bits/stl_algobase.h:64,
[INFO] [stderr]                    from /usr/include/c++/9/deque:60,
[INFO] [stderr]                    from /opt/rustwide/cargo-home/git/checkouts/rust-rocksdb-82ef6e5337b3fbe6/f7205e6/librocksdb_sys/rocksdb/db/db_impl.h:12,
[INFO] [stderr]                    from /opt/rustwide/cargo-home/git/checkouts/rust-rocksdb-82ef6e5337b3fbe6/f7205e6/librocksdb_sys/rocksdb/db/db_impl_files.cc:9:
[INFO] [stderr]   /usr/include/c++/9/bits/stl_pair.h:342:64: note: synthesized method 'rocksdb::FileMetaData::FileMetaData(rocksdb::FileMetaData&&)' first required here
[INFO] [stderr]     342 |  : first(std::forward<_U1>(__x)), second(std::forward<_U2>(__y)) { }
[INFO] [stderr]         |                                                                ^
[INFO] [stderr]   In file included from /opt/rustwide/cargo-home/git/checkouts/rust-rocksdb-82ef6e5337b3fbe6/f7205e6/librocksdb_sys/rocksdb/db/range_del_aggregator.h:15,
[INFO] [stderr]                    from /opt/rustwide/cargo-home/git/checkouts/rust-rocksdb-82ef6e5337b3fbe6/f7205e6/librocksdb_sys/rocksdb/db/memtable.h:19,
[INFO] [stderr]                    from /opt/rustwide/cargo-home/git/checkouts/rust-rocksdb-82ef6e5337b3fbe6/f7205e6/librocksdb_sys/rocksdb/db/memtable_list.h:15,
[INFO] [stderr]                    from /opt/rustwide/cargo-home/git/checkouts/rust-rocksdb-82ef6e5337b3fbe6/f7205e6/librocksdb_sys/rocksdb/db/column_family.h:17,
[INFO] [stderr]                    from /opt/rustwide/cargo-home/git/checkouts/rust-rocksdb-82ef6e5337b3fbe6/f7205e6/librocksdb_sys/rocksdb/db/db_impl.h:23,
[INFO] [stderr]                    from /opt/rustwide/cargo-home/git/checkouts/rust-rocksdb-82ef6e5337b3fbe6/f7205e6/librocksdb_sys/rocksdb/db/db_impl_files.cc:9:
[INFO] [stderr]   /opt/rustwide/cargo-home/git/checkouts/rust-rocksdb-82ef6e5337b3fbe6/f7205e6/librocksdb_sys/rocksdb/db/version_edit.h: In instantiation of 'constexpr std::pair<_T1, _T2>::pair(_U1&&, const _T2&) [with _U1 = int&; typename std::enable_if<std::_PCC<true, _T1, _T2>::_MoveCopyPair<true, _U1, _T2>(), bool>::type <anonymous> = true; _T1 = int; _T2 = rocksdb::FileMetaData]':
[INFO] [stderr]   /usr/include/c++/9/ext/new_allocator.h:147:4:   required from 'void __gnu_cxx::new_allocator<_Tp>::construct(_Up*, _Args&& ...) [with _Up = std::pair<int, rocksdb::FileMetaData>; _Args = {int&, const rocksdb::FileMetaData&}; _Tp = std::pair<int, rocksdb::FileMetaData>]'
[INFO] [stderr]   /usr/include/c++/9/bits/alloc_traits.h:484:4:   required from 'static void std::allocator_traits<std::allocator<_Tp1> >::construct(std::allocator_traits<std::allocator<_Tp1> >::allocator_type&, _Up*, _Args&& ...) [with _Up = std::pair<int, rocksdb::FileMetaData>; _Args = {int&, const rocksdb::FileMetaData&}; _Tp = std::pair<int, rocksdb::FileMetaData>; std::allocator_traits<std::allocator<_Tp1> >::allocator_type = std::allocator<std::pair<int, rocksdb::FileMetaData> >]'
[INFO] [stderr]   /usr/include/c++/9/bits/vector.tcc:115:30:   required from 'void std::vector<_Tp, _Alloc>::emplace_back(_Args&& ...) [with _Args = {int&, const rocksdb::FileMetaData&}; _Tp = std::pair<int, rocksdb::FileMetaData>; _Alloc = std::allocator<std::pair<int, rocksdb::FileMetaData> >]'
[INFO] [stderr]   /opt/rustwide/cargo-home/git/checkouts/rust-rocksdb-82ef6e5337b3fbe6/f7205e6/librocksdb_sys/rocksdb/db/version_edit.h:223:37:   required from here
[INFO] [stderr]   /opt/rustwide/cargo-home/git/checkouts/rust-rocksdb-82ef6e5337b3fbe6/f7205e6/librocksdb_sys/rocksdb/db/version_edit.h:76:8: error: implicitly-declared 'constexpr rocksdb::FileDescriptor::FileDescriptor(const rocksdb::FileDescriptor&)' is deprecated [-Werror=deprecated-copy]
[INFO] [stderr]      76 | struct FileMetaData {
[INFO] [stderr]         |        ^~~~~~~~~~~~
[INFO] [stderr]   /opt/rustwide/cargo-home/git/checkouts/rust-rocksdb-82ef6e5337b3fbe6/f7205e6/librocksdb_sys/rocksdb/db/version_edit.h:47:19: note: because 'rocksdb::FileDescriptor' has user-provided 'rocksdb::FileDescriptor& rocksdb::FileDescriptor::operator=(const rocksdb::FileDescriptor&)'
[INFO] [stderr]      47 |   FileDescriptor& operator=(const FileDescriptor& fd) {
[INFO] [stderr]         |                   ^~~~~~~~
[INFO] [stderr]   In file included from /usr/include/c++/9/bits/stl_algobase.h:64,
[INFO] [stderr]                    from /usr/include/c++/9/deque:60,
[INFO] [stderr]                    from /opt/rustwide/cargo-home/git/checkouts/rust-rocksdb-82ef6e5337b3fbe6/f7205e6/librocksdb_sys/rocksdb/db/db_impl.h:12,
[INFO] [stderr]                    from /opt/rustwide/cargo-home/git/checkouts/rust-rocksdb-82ef6e5337b3fbe6/f7205e6/librocksdb_sys/rocksdb/db/db_impl_files.cc:9:
[INFO] [stderr]   /usr/include/c++/9/bits/stl_pair.h:312:51: note: synthesized method 'rocksdb::FileMetaData::FileMetaData(const rocksdb::FileMetaData&)' first required here
[INFO] [stderr]     312 |        : first(std::forward<_U1>(__x)), second(__y) { }
[INFO] [stderr]         |                                                   ^
[INFO] [stderr]   cc1plus: all warnings being treated as errors
[INFO] [stderr]   make[3]: *** [CMakeFiles/rocksdb.dir/build.make:219: CMakeFiles/rocksdb.dir/db/convenience.cc.o] Error 1
[INFO] [stderr]   cc1plus: all warnings being treated as errors
[INFO] [stderr]   make[3]: *** [CMakeFiles/rocksdb.dir/build.make:206: CMakeFiles/rocksdb.dir/db/compaction_picker_universal.cc.o] Error 1
[INFO] [stderr]   /opt/rustwide/cargo-home/git/checkouts/rust-rocksdb-82ef6e5337b3fbe6/f7205e6/librocksdb_sys/rocksdb/db/version_edit.h: In instantiation of 'constexpr std::pair<_T1, _T2>::pair(_U1&&, _U2&&) [with _U1 = int&; _U2 = rocksdb::FileMetaData; typename std::enable_if<(std::_PCC<true, _T1, _T2>::_MoveConstructiblePair<_U1, _U2>() && std::_PCC<true, _T1, _T2>::_ImplicitlyMoveConvertiblePair<_U1, _U2>()), bool>::type <anonymous> = true; _T1 = int; _T2 = rocksdb::FileMetaData]':
[INFO] [stderr]   /usr/include/c++/9/ext/new_allocator.h:147:4:   required from 'void __gnu_cxx::new_allocator<_Tp>::construct(_Up*, _Args&& ...) [with _Up = std::pair<int, rocksdb::FileMetaData>; _Args = {int&, rocksdb::FileMetaData}; _Tp = std::pair<int, rocksdb::FileMetaData>]'
[INFO] [stderr]   /usr/include/c++/9/bits/alloc_traits.h:484:4:   required from 'static void std::allocator_traits<std::allocator<_Tp1> >::construct(std::allocator_traits<std::allocator<_Tp1> >::allocator_type&, _Up*, _Args&& ...) [with _Up = std::pair<int, rocksdb::FileMetaData>; _Args = {int&, rocksdb::FileMetaData}; _Tp = std::pair<int, rocksdb::FileMetaData>; std::allocator_traits<std::allocator<_Tp1> >::allocator_type = std::allocator<std::pair<int, rocksdb::FileMetaData> >]'
[INFO] [stderr]   /usr/include/c++/9/bits/vector.tcc:115:30:   required from 'void std::vector<_Tp, _Alloc>::emplace_back(_Args&& ...) [with _Args = {int&, rocksdb::FileMetaData}; _Tp = std::pair<int, rocksdb::FileMetaData>; _Alloc = std::allocator<std::pair<int, rocksdb::FileMetaData> >]'
[INFO] [stderr]   /opt/rustwide/cargo-home/git/checkouts/rust-rocksdb-82ef6e5337b3fbe6/f7205e6/librocksdb_sys/rocksdb/db/version_edit.h:218:48:   required from here
[INFO] [stderr]   /opt/rustwide/cargo-home/git/checkouts/rust-rocksdb-82ef6e5337b3fbe6/f7205e6/librocksdb_sys/rocksdb/db/version_edit.h:76:8: error: implicitly-declared 'constexpr rocksdb::FileDescriptor::FileDescriptor(const rocksdb::FileDescriptor&)' is deprecated [-Werror=deprecated-copy]
[INFO] [stderr]      76 | struct FileMetaData {
[INFO] [stderr]         |        ^~~~~~~~~~~~
[INFO] [stderr]   /opt/rustwide/cargo-home/git/checkouts/rust-rocksdb-82ef6e5337b3fbe6/f7205e6/librocksdb_sys/rocksdb/db/version_edit.h:47:19: note: because 'rocksdb::FileDescriptor' has user-provided 'rocksdb::FileDescriptor& rocksdb::FileDescriptor::operator=(const rocksdb::FileDescriptor&)'
[INFO] [stderr]      47 |   FileDescriptor& operator=(const FileDescriptor& fd) {
[INFO] [stderr]         |                   ^~~~~~~~
[INFO] [stderr]   In file included from /usr/include/c++/9/bits/stl_algobase.h:64,
[INFO] [stderr]                    from /usr/include/c++/9/deque:60,
[INFO] [stderr]                    from /opt/rustwide/cargo-home/git/checkouts/rust-rocksdb-82ef6e5337b3fbe6/f7205e6/librocksdb_sys/rocksdb/db/db_impl.h:12,
[INFO] [stderr]                    from /opt/rustwide/cargo-home/git/checkouts/rust-rocksdb-82ef6e5337b3fbe6/f7205e6/librocksdb_sys/rocksdb/db/db_impl_write.cc:9:
[INFO] [stderr]   /usr/include/c++/9/bits/stl_pair.h:342:64: note: synthesized method 'rocksdb::FileMetaData::FileMetaData(rocksdb::FileMetaData&&)' first required here
[INFO] [stderr]     342 |  : first(std::forward<_U1>(__x)), second(std::forward<_U2>(__y)) { }
[INFO] [stderr]         |                                                                ^
[INFO] [stderr]   In file included from /opt/rustwide/cargo-home/git/checkouts/rust-rocksdb-82ef6e5337b3fbe6/f7205e6/librocksdb_sys/rocksdb/db/range_del_aggregator.h:15,
[INFO] [stderr]                    from /opt/rustwide/cargo-home/git/checkouts/rust-rocksdb-82ef6e5337b3fbe6/f7205e6/librocksdb_sys/rocksdb/db/memtable.h:19,
[INFO] [stderr]                    from /opt/rustwide/cargo-home/git/checkouts/rust-rocksdb-82ef6e5337b3fbe6/f7205e6/librocksdb_sys/rocksdb/db/memtable_list.h:15,
[INFO] [stderr]                    from /opt/rustwide/cargo-home/git/checkouts/rust-rocksdb-82ef6e5337b3fbe6/f7205e6/librocksdb_sys/rocksdb/db/column_family.h:17,
[INFO] [stderr]                    from /opt/rustwide/cargo-home/git/checkouts/rust-rocksdb-82ef6e5337b3fbe6/f7205e6/librocksdb_sys/rocksdb/db/db_impl.h:23,
[INFO] [stderr]                    from /opt/rustwide/cargo-home/git/checkouts/rust-rocksdb-82ef6e5337b3fbe6/f7205e6/librocksdb_sys/rocksdb/db/db_impl_write.cc:9:
[INFO] [stderr]   /opt/rustwide/cargo-home/git/checkouts/rust-rocksdb-82ef6e5337b3fbe6/f7205e6/librocksdb_sys/rocksdb/db/version_edit.h: In instantiation of 'constexpr std::pair<_T1, _T2>::pair(_U1&&, const _T2&) [with _U1 = int&; typename std::enable_if<std::_PCC<true, _T1, _T2>::_MoveCopyPair<true, _U1, _T2>(), bool>::type <anonymous> = true; _T1 = int; _T2 = rocksdb::FileMetaData]':
[INFO] [stderr]   /usr/include/c++/9/ext/new_allocator.h:147:4:   required from 'void __gnu_cxx::new_allocator<_Tp>::construct(_Up*, _Args&& ...) [with _Up = std::pair<int, rocksdb::FileMetaData>; _Args = {int&, const rocksdb::FileMetaData&}; _Tp = std::pair<int, rocksdb::FileMetaData>]'
[INFO] [stderr]   /usr/include/c++/9/bits/alloc_traits.h:484:4:   required from 'static void std::allocator_traits<std::allocator<_Tp1> >::construct(std::allocator_traits<std::allocator<_Tp1> >::allocator_type&, _Up*, _Args&& ...) [with _Up = std::pair<int, rocksdb::FileMetaData>; _Args = {int&, const rocksdb::FileMetaData&}; _Tp = std::pair<int, rocksdb::FileMetaData>; std::allocator_traits<std::allocator<_Tp1> >::allocator_type = std::allocator<std::pair<int, rocksdb::FileMetaData> >]'
[INFO] [stderr]   /usr/include/c++/9/bits/vector.tcc:115:30:   required from 'void std::vector<_Tp, _Alloc>::emplace_back(_Args&& ...) [with _Args = {int&, const rocksdb::FileMetaData&}; _Tp = std::pair<int, rocksdb::FileMetaData>; _Alloc = std::allocator<std::pair<int, rocksdb::FileMetaData> >]'
[INFO] [stderr]   /opt/rustwide/cargo-home/git/checkouts/rust-rocksdb-82ef6e5337b3fbe6/f7205e6/librocksdb_sys/rocksdb/db/version_edit.h:223:37:   required from here
[INFO] [stderr]   /opt/rustwide/cargo-home/git/checkouts/rust-rocksdb-82ef6e5337b3fbe6/f7205e6/librocksdb_sys/rocksdb/db/version_edit.h:76:8: error: implicitly-declared 'constexpr rocksdb::FileDescriptor::FileDescriptor(const rocksdb::FileDescriptor&)' is deprecated [-Werror=deprecated-copy]
[INFO] [stderr]      76 | struct FileMetaData {
[INFO] [stderr]         |        ^~~~~~~~~~~~
[INFO] [stderr]   /opt/rustwide/cargo-home/git/checkouts/rust-rocksdb-82ef6e5337b3fbe6/f7205e6/librocksdb_sys/rocksdb/db/version_edit.h:47:19: note: because 'rocksdb::FileDescriptor' has user-provided 'rocksdb::FileDescriptor& rocksdb::FileDescriptor::operator=(const rocksdb::FileDescriptor&)'
[INFO] [stderr]      47 |   FileDescriptor& operator=(const FileDescriptor& fd) {
[INFO] [stderr]         |                   ^~~~~~~~
[INFO] [stderr]   In file included from /usr/include/c++/9/bits/stl_algobase.h:64,
[INFO] [stderr]                    from /usr/include/c++/9/deque:60,
[INFO] [stderr]                    from /opt/rustwide/cargo-home/git/checkouts/rust-rocksdb-82ef6e5337b3fbe6/f7205e6/librocksdb_sys/rocksdb/db/db_impl.h:12,
[INFO] [stderr]                    from /opt/rustwide/cargo-home/git/checkouts/rust-rocksdb-82ef6e5337b3fbe6/f7205e6/librocksdb_sys/rocksdb/db/db_impl_write.cc:9:
[INFO] [stderr]   /usr/include/c++/9/bits/stl_pair.h:312:51: note: synthesized method 'rocksdb::FileMetaData::FileMetaData(const rocksdb::FileMetaData&)' first required here
[INFO] [stderr]     312 |        : first(std::forward<_U1>(__x)), second(__y) { }
[INFO] [stderr]         |                                                   ^
[INFO] [stderr]   cc1plus: all warnings being treated as errors
[INFO] [stderr]   make[3]: *** [CMakeFiles/rocksdb.dir/build.make:284: CMakeFiles/rocksdb.dir/db/db_impl_files.cc.o] Error 1
[INFO] [stderr]   cc1plus: all warnings being treated as errors
[INFO] [stderr]   make[3]: *** [CMakeFiles/rocksdb.dir/build.make:271: CMakeFiles/rocksdb.dir/db/db_impl_compaction_flush.cc.o] Error 1
[INFO] [stderr]   cc1plus: all warnings being treated as errors
[INFO] [stderr]   make[3]: *** [CMakeFiles/rocksdb.dir/build.make:258: CMakeFiles/rocksdb.dir/db/db_impl_write.cc.o] Error 1
[INFO] [stderr]   make[2]: *** [CMakeFiles/Makefile2:1259: CMakeFiles/rocksdb.dir/all] Error 2
[INFO] [stderr]   make[1]: *** [CMakeFiles/Makefile2:1266: CMakeFiles/rocksdb.dir/rule] Error 2
[INFO] [stderr]   make: *** [Makefile:539: rocksdb] Error 2
[INFO] [stderr]   thread 'main' panicked at '
[INFO] [stderr]   command did not execute successfully, got: exit status: 2
[INFO] [stderr] 
[INFO] [stderr]   build script failed, must exit now', /opt/rustwide/cargo-home/registry/src/github.com-1ecc6299db9ec823/cmake-0.1.35/src/lib.rs:778:5
[INFO] [stderr]   stack backtrace:
[INFO] [stderr]      0:     0x562d9cdee390 - std::backtrace_rs::backtrace::libunwind::trace::hff4d1766e93f64f1
[INFO] [stderr]                                  at /rustc/53fd98ca776cb875bc9e5514f56b52eb74f9e7a9/library/std/src/../../backtrace/src/backtrace/libunwind.rs:90:5
[INFO] [stderr]      1:     0x562d9cdee390 - std::backtrace_rs::backtrace::trace_unsynchronized::h56bbc8eb78770bcb
[INFO] [stderr]                                  at /rustc/53fd98ca776cb875bc9e5514f56b52eb74f9e7a9/library/std/src/../../backtrace/src/backtrace/mod.rs:66:5
[INFO] [stderr]      2:     0x562d9cdee390 - std::sys_common::backtrace::_print_fmt::h5c8e75464faca780
[INFO] [stderr]                                  at /rustc/53fd98ca776cb875bc9e5514f56b52eb74f9e7a9/library/std/src/sys_common/backtrace.rs:67:5
[INFO] [stderr]      3:     0x562d9cdee390 - <std::sys_common::backtrace::_print::DisplayBacktrace as core::fmt::Display>::fmt::h48b88277def8b362
[INFO] [stderr]                                  at /rustc/53fd98ca776cb875bc9e5514f56b52eb74f9e7a9/library/std/src/sys_common/backtrace.rs:46:22
[INFO] [stderr]      4:     0x562d9ce0ebdc - core::fmt::write::h3381b3176fe2b3d3
[INFO] [stderr]                                  at /rustc/53fd98ca776cb875bc9e5514f56b52eb74f9e7a9/library/core/src/fmt/mod.rs:1115:17
[INFO] [stderr]      5:     0x562d9cdeac15 - std::io::Write::write_fmt::hd42607e5d8e44db0
[INFO] [stderr]                                  at /rustc/53fd98ca776cb875bc9e5514f56b52eb74f9e7a9/library/std/src/io/mod.rs:1665:15
[INFO] [stderr]      6:     0x562d9cdf097b - std::sys_common::backtrace::_print::ha537687d6c17dd0d
[INFO] [stderr]                                  at /rustc/53fd98ca776cb875bc9e5514f56b52eb74f9e7a9/library/std/src/sys_common/backtrace.rs:49:5
[INFO] [stderr]      7:     0x562d9cdf097b - std::sys_common::backtrace::print::h61376ae57d131d72
[INFO] [stderr]                                  at /rustc/53fd98ca776cb875bc9e5514f56b52eb74f9e7a9/library/std/src/sys_common/backtrace.rs:36:9
[INFO] [stderr]      8:     0x562d9cdf097b - std::panicking::default_hook::{{closure}}::h0f7208c0b9644a54
[INFO] [stderr]                                  at /rustc/53fd98ca776cb875bc9e5514f56b52eb74f9e7a9/library/std/src/panicking.rs:208:50
[INFO] [stderr]      9:     0x562d9cdf0451 - std::panicking::default_hook::hdac7fc06578c14ce
[INFO] [stderr]                                  at /rustc/53fd98ca776cb875bc9e5514f56b52eb74f9e7a9/library/std/src/panicking.rs:225:9
[INFO] [stderr]     10:     0x562d9cdf1044 - std::panicking::rust_panic_with_hook::h72b21c283da3d1ef
[INFO] [stderr]                                  at /rustc/53fd98ca776cb875bc9e5514f56b52eb74f9e7a9/library/std/src/panicking.rs:622:17
[INFO] [stderr]     11:     0x562d9cdf0b27 - std::panicking::begin_panic_handler::{{closure}}::he5778f1729cff84a
[INFO] [stderr]                                  at /rustc/53fd98ca776cb875bc9e5514f56b52eb74f9e7a9/library/std/src/panicking.rs:519:13
[INFO] [stderr]     12:     0x562d9cdee86c - std::sys_common::backtrace::__rust_end_short_backtrace::h2d11ca8b453b4b1d
[INFO] [stderr]                                  at /rustc/53fd98ca776cb875bc9e5514f56b52eb74f9e7a9/library/std/src/sys_common/backtrace.rs:141:18
[INFO] [stderr]     13:     0x562d9cdf0a89 - rust_begin_unwind
[INFO] [stderr]                                  at /rustc/53fd98ca776cb875bc9e5514f56b52eb74f9e7a9/library/std/src/panicking.rs:515:5
[INFO] [stderr]     14:     0x562d9cd6dc1b - std::panicking::begin_panic_fmt::h746518bde832d259
[INFO] [stderr]                                  at /rustc/53fd98ca776cb875bc9e5514f56b52eb74f9e7a9/library/std/src/panicking.rs:457:5
[INFO] [stderr]     15:     0x562d9cd79b33 - cmake::fail::h7a8d638ed6b49824
[INFO] [stderr]                                  at /opt/rustwide/cargo-home/registry/src/github.com-1ecc6299db9ec823/cmake-0.1.35/src/lib.rs:778:5
[INFO] [stderr]     16:     0x562d9cd79541 - cmake::run::h40897dc1cb14a790
[INFO] [stderr]                                  at /opt/rustwide/cargo-home/registry/src/github.com-1ecc6299db9ec823/cmake-0.1.35/src/lib.rs:759:9
[INFO] [stderr]     17:     0x562d9cd76727 - cmake::Config::build::hac41fccc19f83215
[INFO] [stderr]                                  at /opt/rustwide/cargo-home/registry/src/github.com-1ecc6299db9ec823/cmake-0.1.35/src/lib.rs:671:9
[INFO] [stderr]     18:     0x562d9cd6f928 - build_script_build::build_rocksdb::hc0ebe9f83f26626f
[INFO] [stderr]                                  at /opt/rustwide/cargo-home/git/checkouts/rust-rocksdb-82ef6e5337b3fbe6/f7205e6/librocksdb_sys/build.rs:85:15
[INFO] [stderr]     19:     0x562d9cd6ec01 - build_script_build::main::h7d32e7e88065d603
[INFO] [stderr]                                  at /opt/rustwide/cargo-home/git/checkouts/rust-rocksdb-82ef6e5337b3fbe6/f7205e6/librocksdb_sys/build.rs:23:21
[INFO] [stderr]     20:     0x562d9cd70b1b - core::ops::function::FnOnce::call_once::he4d0626293797372
[INFO] [stderr]                                  at /rustc/53fd98ca776cb875bc9e5514f56b52eb74f9e7a9/library/core/src/ops/function.rs:227:5
[INFO] [stderr]     21:     0x562d9cd7067e - std::sys_common::backtrace::__rust_begin_short_backtrace::h72ed6a497218023a
[INFO] [stderr]                                  at /rustc/53fd98ca776cb875bc9e5514f56b52eb74f9e7a9/library/std/src/sys_common/backtrace.rs:125:18
[INFO] [stderr]     22:     0x562d9cd70f21 - std::rt::lang_start::{{closure}}::h4c9c659e75916fbf
[INFO] [stderr]                                  at /rustc/53fd98ca776cb875bc9e5514f56b52eb74f9e7a9/library/std/src/rt.rs:63:18
[INFO] [stderr]     23:     0x562d9cdf154a - core::ops::function::impls::<impl core::ops::function::FnOnce<A> for &F>::call_once::ha88a7d1a4d24e549
[INFO] [stderr]                                  at /rustc/53fd98ca776cb875bc9e5514f56b52eb74f9e7a9/library/core/src/ops/function.rs:259:13
[INFO] [stderr]     24:     0x562d9cdf154a - std::panicking::try::do_call::hd3b1d7740607ccc7
[INFO] [stderr]                                  at /rustc/53fd98ca776cb875bc9e5514f56b52eb74f9e7a9/library/std/src/panicking.rs:401:40
[INFO] [stderr]     25:     0x562d9cdf154a - std::panicking::try::h0ee8c65ac7461507
[INFO] [stderr]                                  at /rustc/53fd98ca776cb875bc9e5514f56b52eb74f9e7a9/library/std/src/panicking.rs:365:19
[INFO] [stderr]     26:     0x562d9cdf154a - std::panic::catch_unwind::head47f0de4ccd838
[INFO] [stderr]                                  at /rustc/53fd98ca776cb875bc9e5514f56b52eb74f9e7a9/library/std/src/panic.rs:434:14
[INFO] [stderr]     27:     0x562d9cdf154a - std::rt::lang_start_internal::{{closure}}::hbc7de8ec820ac085
[INFO] [stderr]                                  at /rustc/53fd98ca776cb875bc9e5514f56b52eb74f9e7a9/library/std/src/rt.rs:45:48
[INFO] [stderr]     28:     0x562d9cdf154a - std::panicking::try::do_call::h2609e52e8bad4a7b
[INFO] [stderr]                                  at /rustc/53fd98ca776cb875bc9e5514f56b52eb74f9e7a9/library/std/src/panicking.rs:401:40
[INFO] [stderr]     29:     0x562d9cdf154a - std::panicking::try::hd0929f0b603e0389
[INFO] [stderr]                                  at /rustc/53fd98ca776cb875bc9e5514f56b52eb74f9e7a9/library/std/src/panicking.rs:365:19
[INFO] [stderr]     30:     0x562d9cdf154a - std::panic::catch_unwind::h27902b81c3e47571
[INFO] [stderr]                                  at /rustc/53fd98ca776cb875bc9e5514f56b52eb74f9e7a9/library/std/src/panic.rs:434:14
[INFO] [stderr]     31:     0x562d9cdf154a - std::rt::lang_start_internal::h3fb2d794dd391e3e
[INFO] [stderr]                                  at /rustc/53fd98ca776cb875bc9e5514f56b52eb74f9e7a9/library/std/src/rt.rs:45:20
[INFO] [stderr]     32:     0x562d9cd70ef0 - std::rt::lang_start::h0e27891840e7a889
[INFO] [stderr]                                  at /rustc/53fd98ca776cb875bc9e5514f56b52eb74f9e7a9/library/std/src/rt.rs:62:5
[INFO] [stderr]     33:     0x562d9cd6ff0c - main
[INFO] [stderr]     34:     0x7ff55aae00b3 - __libc_start_main
[INFO] [stderr]     35:     0x562d9cd6eb2e - _start
[INFO] [stderr]     36:                0x0 - <unknown>
[INFO] running `Command { std: "docker" "inspect" "012e85d2e76c37e106669d008144c78f0dc726e6687becbc7ed445322949b234", kill_on_drop: false }`
[INFO] running `Command { std: "docker" "rm" "-f" "012e85d2e76c37e106669d008144c78f0dc726e6687becbc7ed445322949b234", kill_on_drop: false }`
[INFO] [stdout] 012e85d2e76c37e106669d008144c78f0dc726e6687becbc7ed445322949b234
