[INFO] cloning repository https://github.com/rfbigelow/game-of-life
[INFO] running `Command { std: "git" "-c" "credential.helper=" "-c" "credential.helper=/workspace/cargo-home/bin/git-credential-null" "clone" "--bare" "https://github.com/rfbigelow/game-of-life" "/workspace/cache/git-repos/https%3A%2F%2Fgithub.com%2Frfbigelow%2Fgame-of-life", kill_on_drop: false }`
[INFO] [stderr] Cloning into bare repository '/workspace/cache/git-repos/https%3A%2F%2Fgithub.com%2Frfbigelow%2Fgame-of-life'...
[INFO] running `Command { std: "git" "rev-parse" "HEAD", kill_on_drop: false }`
[INFO] [stdout] f2db00c69e56fc66639925124d927079b6c2b45a
[INFO] testing rfbigelow/game-of-life against 1.54.0 for beta-1.55-1
[INFO] running `Command { std: "git" "clone" "/workspace/cache/git-repos/https%3A%2F%2Fgithub.com%2Frfbigelow%2Fgame-of-life" "/workspace/builds/worker-7/source", kill_on_drop: false }`
[INFO] [stderr] Cloning into '/workspace/builds/worker-7/source'...
[INFO] [stderr] done.
[INFO] validating manifest of git repo https://github.com/rfbigelow/game-of-life on toolchain 1.54.0
[INFO] running `Command { std: "/workspace/cargo-home/bin/cargo" "+1.54.0" "metadata" "--manifest-path" "Cargo.toml" "--no-deps", kill_on_drop: false }`
[INFO] started tweaking git repo https://github.com/rfbigelow/game-of-life
[INFO] finished tweaking git repo https://github.com/rfbigelow/game-of-life
[INFO] tweaked toml for git repo https://github.com/rfbigelow/game-of-life written to /workspace/builds/worker-7/source/Cargo.toml
[INFO] crate git repo https://github.com/rfbigelow/game-of-life already has a lockfile, it will not be regenerated
[INFO] running `Command { std: "/workspace/cargo-home/bin/cargo" "+1.54.0" "fetch" "--manifest-path" "Cargo.toml", kill_on_drop: false }`
[INFO] running `Command { std: "docker" "create" "-v" "/var/lib/crater-agent-workspace/builds/worker-7/target:/opt/rustwide/target:rw,Z" "-v" "/var/lib/crater-agent-workspace/builds/worker-7/source:/opt/rustwide/workdir:ro,Z" "-v" "/var/lib/crater-agent-workspace/cargo-home:/opt/rustwide/cargo-home:ro,Z" "-v" "/var/lib/crater-agent-workspace/rustup-home:/opt/rustwide/rustup-home:ro,Z" "-e" "SOURCE_DIR=/opt/rustwide/workdir" "-e" "CARGO_TARGET_DIR=/opt/rustwide/target" "-e" "CARGO_HOME=/opt/rustwide/cargo-home" "-e" "RUSTUP_HOME=/opt/rustwide/rustup-home" "-w" "/opt/rustwide/workdir" "-m" "1610612736" "--user" "0:0" "--network" "none" "ghcr.io/rust-lang/crates-build-env/linux@sha256:34b6a614d2c27851fe6cbf88fbd1137609cefab8b10d0615aaeb6fd47975d74e" "/opt/rustwide/cargo-home/bin/cargo" "+1.54.0" "metadata" "--no-deps" "--format-version=1", kill_on_drop: false }`
[INFO] [stdout] 13d281849e5c4156c0a300c18b7cc92e5051a25269792d28fbc58a2a7f66dfd4
[INFO] [stderr] WARNING: Your kernel does not support swap limit capabilities or the cgroup is not mounted. Memory limited without swap.
[INFO] running `Command { std: "docker" "start" "-a" "13d281849e5c4156c0a300c18b7cc92e5051a25269792d28fbc58a2a7f66dfd4", kill_on_drop: false }`
[INFO] running `Command { std: "docker" "inspect" "13d281849e5c4156c0a300c18b7cc92e5051a25269792d28fbc58a2a7f66dfd4", kill_on_drop: false }`
[INFO] running `Command { std: "docker" "rm" "-f" "13d281849e5c4156c0a300c18b7cc92e5051a25269792d28fbc58a2a7f66dfd4", kill_on_drop: false }`
[INFO] [stdout] 13d281849e5c4156c0a300c18b7cc92e5051a25269792d28fbc58a2a7f66dfd4
[INFO] running `Command { std: "docker" "create" "-v" "/var/lib/crater-agent-workspace/builds/worker-7/target:/opt/rustwide/target:rw,Z" "-v" "/var/lib/crater-agent-workspace/builds/worker-7/source:/opt/rustwide/workdir:ro,Z" "-v" "/var/lib/crater-agent-workspace/cargo-home:/opt/rustwide/cargo-home:ro,Z" "-v" "/var/lib/crater-agent-workspace/rustup-home:/opt/rustwide/rustup-home:ro,Z" "-e" "SOURCE_DIR=/opt/rustwide/workdir" "-e" "CARGO_TARGET_DIR=/opt/rustwide/target" "-e" "CARGO_INCREMENTAL=0" "-e" "RUST_BACKTRACE=full" "-e" "RUSTFLAGS=--cap-lints=warn" "-e" "CARGO_HOME=/opt/rustwide/cargo-home" "-e" "RUSTUP_HOME=/opt/rustwide/rustup-home" "-w" "/opt/rustwide/workdir" "-m" "1610612736" "--user" "0:0" "--network" "none" "ghcr.io/rust-lang/crates-build-env/linux@sha256:34b6a614d2c27851fe6cbf88fbd1137609cefab8b10d0615aaeb6fd47975d74e" "/opt/rustwide/cargo-home/bin/cargo" "+1.54.0" "build" "--frozen" "--message-format=json", kill_on_drop: false }`
[INFO] [stdout] d8c186574f3eb739bed342d0ef09969fdb0fb00efcec3610c852518b2fa58518
[INFO] [stderr] WARNING: Your kernel does not support swap limit capabilities or the cgroup is not mounted. Memory limited without swap.
[INFO] running `Command { std: "docker" "start" "-a" "d8c186574f3eb739bed342d0ef09969fdb0fb00efcec3610c852518b2fa58518", kill_on_drop: false }`
[INFO] [stderr]    Compiling serde_derive v1.0.126
[INFO] [stderr]    Compiling thiserror-impl v1.0.25
[INFO] [stderr]    Compiling tracing-attributes v0.1.15
[INFO] [stderr]    Compiling chrono v0.4.19
[INFO] [stderr]    Compiling gltf-derive v0.15.2
[INFO] [stderr]    Compiling spirv-reflect v0.2.3
[INFO] [stderr]    Compiling image v0.23.14
[INFO] [stderr]    Compiling spirv_cross v0.23.1
[INFO] [stderr]    Compiling minimp3-sys v0.3.2
[INFO] [stderr]    Compiling alsa v0.5.0
[INFO] [stderr] error: could not compile `chrono`
[INFO] [stderr] 
[INFO] [stderr] Caused by:
[INFO] [stderr]   process didn't exit successfully: `rustc --crate-name chrono /opt/rustwide/cargo-home/registry/src/github.com-1ecc6299db9ec823/chrono-0.4.19/src/lib.rs --error-format=json --json=diagnostic-rendered-ansi,artifacts --crate-type lib --emit=dep-info,metadata,link -C embed-bitcode=no -C debuginfo=2 --cfg 'feature="clock"' --cfg 'feature="libc"' --cfg 'feature="std"' --cfg 'feature="winapi"' -C metadata=550dd996f183150c -C extra-filename=-550dd996f183150c --out-dir /opt/rustwide/target/debug/deps -L dependency=/opt/rustwide/target/debug/deps --extern libc=/opt/rustwide/target/debug/deps/liblibc-030addb8fa9ae3bd.rmeta --extern num_integer=/opt/rustwide/target/debug/deps/libnum_integer-8232a6a02a9c4dc9.rmeta --extern num_traits=/opt/rustwide/target/debug/deps/libnum_traits-8b8fb36780cef8d0.rmeta --cap-lints allow --cap-lints=warn` (signal: 9, SIGKILL: kill)
[INFO] [stderr] warning: build failed, waiting for other jobs to finish...
[INFO] [stderr] The following warnings were emitted during compilation:
[INFO] [stderr] 
[INFO] [stderr] warning: src/wrapper.cpp:2: warning: ignoring #pragma warning  [-Wunknown-pragmas]
[INFO] [stderr] warning:     2 | #pragma warning(disable : 4996 4101)
[INFO] [stderr] warning:       | 
[INFO] [stderr] warning: c++: fatal error: Killed signal terminated program cc1plus
[INFO] [stderr] warning: compilation terminated.
[INFO] [stderr] warning: c++: fatal error: Killed signal terminated program cc1plus
[INFO] [stderr] warning: compilation terminated.
[INFO] [stderr] warning: c++: fatal error: Killed signal terminated program cc1plus
[INFO] [stderr] warning: compilation terminated.
[INFO] [stderr] 
[INFO] [stderr] error: build failed
[INFO] running `Command { std: "docker" "inspect" "d8c186574f3eb739bed342d0ef09969fdb0fb00efcec3610c852518b2fa58518", kill_on_drop: false }`
[INFO] running `Command { std: "docker" "rm" "-f" "d8c186574f3eb739bed342d0ef09969fdb0fb00efcec3610c852518b2fa58518", kill_on_drop: false }`
[INFO] [stdout] d8c186574f3eb739bed342d0ef09969fdb0fb00efcec3610c852518b2fa58518
