[INFO] cloning repository https://github.com/renovate-tests/cargo3
[INFO] running `Command { std: "git" "-c" "credential.helper=" "-c" "credential.helper=/workspace/cargo-home/bin/git-credential-null" "clone" "--bare" "https://github.com/renovate-tests/cargo3" "/workspace/cache/git-repos/https%3A%2F%2Fgithub.com%2Frenovate-tests%2Fcargo3", kill_on_drop: false }`
[INFO] [stderr] Cloning into bare repository '/workspace/cache/git-repos/https%3A%2F%2Fgithub.com%2Frenovate-tests%2Fcargo3'...
[INFO] running `Command { std: "git" "rev-parse" "HEAD", kill_on_drop: false }`
[INFO] [stdout] dfcb36cc24b259bea69a214664470a593151e7f1
[INFO] testing renovate-tests/cargo3 against beta-2021-08-01 for beta-1.55-1
[INFO] running `Command { std: "git" "clone" "/workspace/cache/git-repos/https%3A%2F%2Fgithub.com%2Frenovate-tests%2Fcargo3" "/workspace/builds/worker-1/source", kill_on_drop: false }`
[INFO] [stderr] Cloning into '/workspace/builds/worker-1/source'...
[INFO] [stderr] done.
[INFO] validating manifest of git repo https://github.com/renovate-tests/cargo3 on toolchain beta-2021-08-01
[INFO] running `Command { std: "/workspace/cargo-home/bin/cargo" "+beta-2021-08-01" "metadata" "--manifest-path" "Cargo.toml" "--no-deps", kill_on_drop: false }`
[INFO] started tweaking git repo https://github.com/renovate-tests/cargo3
[INFO] finished tweaking git repo https://github.com/renovate-tests/cargo3
[INFO] tweaked toml for git repo https://github.com/renovate-tests/cargo3 written to /workspace/builds/worker-1/source/Cargo.toml
[INFO] crate git repo https://github.com/renovate-tests/cargo3 already has a lockfile, it will not be regenerated
[INFO] running `Command { std: "/workspace/cargo-home/bin/cargo" "+beta-2021-08-01" "fetch" "--manifest-path" "Cargo.toml", kill_on_drop: false }`
[INFO] [stderr]  Downloading crates ...
[INFO] [stderr]   Downloaded log v0.1.10
[INFO] running `Command { std: "docker" "create" "-v" "/var/lib/crater-agent-workspace/builds/worker-1/target:/opt/rustwide/target:rw,Z" "-v" "/var/lib/crater-agent-workspace/builds/worker-1/source:/opt/rustwide/workdir:ro,Z" "-v" "/var/lib/crater-agent-workspace/cargo-home:/opt/rustwide/cargo-home:ro,Z" "-v" "/var/lib/crater-agent-workspace/rustup-home:/opt/rustwide/rustup-home:ro,Z" "-e" "SOURCE_DIR=/opt/rustwide/workdir" "-e" "CARGO_TARGET_DIR=/opt/rustwide/target" "-e" "CARGO_HOME=/opt/rustwide/cargo-home" "-e" "RUSTUP_HOME=/opt/rustwide/rustup-home" "-w" "/opt/rustwide/workdir" "-m" "1610612736" "--user" "0:0" "--network" "none" "ghcr.io/rust-lang/crates-build-env/linux@sha256:34b6a614d2c27851fe6cbf88fbd1137609cefab8b10d0615aaeb6fd47975d74e" "/opt/rustwide/cargo-home/bin/cargo" "+beta-2021-08-01" "metadata" "--no-deps" "--format-version=1", kill_on_drop: false }`
[INFO] [stdout] b703d3838bfd70344e9be8129b9f91f92ff5d2230f44628c9c52af9e15abc40d
[INFO] [stderr] WARNING: Your kernel does not support swap limit capabilities or the cgroup is not mounted. Memory limited without swap.
[INFO] running `Command { std: "docker" "start" "-a" "b703d3838bfd70344e9be8129b9f91f92ff5d2230f44628c9c52af9e15abc40d", kill_on_drop: false }`
[INFO] running `Command { std: "docker" "inspect" "b703d3838bfd70344e9be8129b9f91f92ff5d2230f44628c9c52af9e15abc40d", kill_on_drop: false }`
[INFO] running `Command { std: "docker" "rm" "-f" "b703d3838bfd70344e9be8129b9f91f92ff5d2230f44628c9c52af9e15abc40d", kill_on_drop: false }`
[INFO] [stdout] b703d3838bfd70344e9be8129b9f91f92ff5d2230f44628c9c52af9e15abc40d
[INFO] running `Command { std: "docker" "create" "-v" "/var/lib/crater-agent-workspace/builds/worker-1/target:/opt/rustwide/target:rw,Z" "-v" "/var/lib/crater-agent-workspace/builds/worker-1/source:/opt/rustwide/workdir:ro,Z" "-v" "/var/lib/crater-agent-workspace/cargo-home:/opt/rustwide/cargo-home:ro,Z" "-v" "/var/lib/crater-agent-workspace/rustup-home:/opt/rustwide/rustup-home:ro,Z" "-e" "SOURCE_DIR=/opt/rustwide/workdir" "-e" "CARGO_TARGET_DIR=/opt/rustwide/target" "-e" "CARGO_INCREMENTAL=0" "-e" "RUST_BACKTRACE=full" "-e" "RUSTFLAGS=--cap-lints=warn" "-e" "CARGO_HOME=/opt/rustwide/cargo-home" "-e" "RUSTUP_HOME=/opt/rustwide/rustup-home" "-w" "/opt/rustwide/workdir" "-m" "1610612736" "--user" "0:0" "--network" "none" "ghcr.io/rust-lang/crates-build-env/linux@sha256:34b6a614d2c27851fe6cbf88fbd1137609cefab8b10d0615aaeb6fd47975d74e" "/opt/rustwide/cargo-home/bin/cargo" "+beta-2021-08-01" "build" "--frozen" "--message-format=json", kill_on_drop: false }`
[INFO] [stderr] WARNING: Your kernel does not support swap limit capabilities or the cgroup is not mounted. Memory limited without swap.
[INFO] [stdout] dbac879f4f3bb4a827d94862f0b02d22a9d16ace4f429caf84065b6ee87a53dd
[INFO] running `Command { std: "docker" "start" "-a" "dbac879f4f3bb4a827d94862f0b02d22a9d16ace4f429caf84065b6ee87a53dd", kill_on_drop: false }`
[INFO] [stderr]    Compiling memchr v0.1.11
[INFO] [stderr]    Compiling thread-id v2.0.0
[INFO] [stderr]    Compiling thread_local v0.2.7
[INFO] [stderr]    Compiling aho-corasick v0.5.3
[INFO] [stderr]    Compiling regex v0.1.80
[INFO] [stderr]    Compiling env_logger v0.3.5
[INFO] [stderr]    Compiling log v0.1.10
[INFO] [stdout] error[E0432]: unresolved import `std::io::LineBufferedWriter`
[INFO] [stdout]    --> /opt/rustwide/cargo-home/registry/src/github.com-1ecc6299db9ec823/log-0.1.10/src/lib.rs:170:5
[INFO] [stdout]     |
[INFO] [stdout] 170 | use std::io::LineBufferedWriter;
[INFO] [stdout]     |     ^^^^^^^^^^^^^^^^^^^^^^^^^^^ no `LineBufferedWriter` in `io`
[INFO] [stdout] 
[INFO] [stdout] 
[INFO] [stdout] error: cannot find derive macro `Show` in this scope
[INFO] [stdout]   --> /opt/rustwide/cargo-home/registry/src/github.com-1ecc6299db9ec823/log-0.1.10/src/directive.rs:15:10
[INFO] [stdout]    |
[INFO] [stdout] 15 | #[derive(Show, Clone)]
[INFO] [stdout]    |          ^^^^
[INFO] [stdout] 
[INFO] [stdout] 
[INFO] [stdout] error: cannot find derive macro `Show` in this scope
[INFO] [stdout]    --> /opt/rustwide/cargo-home/registry/src/github.com-1ecc6299db9ec823/log-0.1.10/src/lib.rs:230:33
[INFO] [stdout]     |
[INFO] [stdout] 230 | #[derive(PartialEq, PartialOrd, Show)]
[INFO] [stdout]     |                                 ^^^^
[INFO] [stdout] 
[INFO] [stdout] 
[INFO] [stdout] error: cannot find derive macro `Show` in this scope
[INFO] [stdout]    --> /opt/rustwide/cargo-home/registry/src/github.com-1ecc6299db9ec823/log-0.1.10/src/lib.rs:319:10
[INFO] [stdout]     |
[INFO] [stdout] 319 | #[derive(Show)]
[INFO] [stdout]     |          ^^^^
[INFO] [stdout] 
[INFO] [stdout] 
[INFO] [stdout] error[E0412]: cannot find type `StdWriter` in `io::stdio`
[INFO] [stdout]    --> /opt/rustwide/cargo-home/registry/src/github.com-1ecc6299db9ec823/log-0.1.10/src/lib.rs:226:43
[INFO] [stdout]     |
[INFO] [stdout] 226 |     handle: LineBufferedWriter<io::stdio::StdWriter>,
[INFO] [stdout]     |                                           ^^^^^^^^^ not found in `io::stdio`
[INFO] [stdout] 
[INFO] [stdout] 
[INFO] [stdout] error[E0425]: cannot find function `getenv` in module `os`
[INFO] [stdout]    --> /opt/rustwide/cargo-home/registry/src/github.com-1ecc6299db9ec823/log-0.1.10/src/lib.rs:390:46
[INFO] [stdout]     |
[INFO] [stdout] 390 |     let (mut directives, filter) = match os::getenv("RUST_LOG") {
[INFO] [stdout]     |                                              ^^^^^^ not found in `os`
[INFO] [stdout] 
[INFO] [stdout] 
[INFO] [stdout] error[E0425]: cannot find function `at_exit` in module `rt`
[INFO] [stdout]    --> /opt/rustwide/cargo-home/registry/src/github.com-1ecc6299db9ec823/log-0.1.10/src/lib.rs:421:13
[INFO] [stdout]     |
[INFO] [stdout] 421 |         rt::at_exit(|| {
[INFO] [stdout]     |             ^^^^^^^ not found in `rt`
[INFO] [stdout] 
[INFO] [stdout] 
[INFO] [stdout] error[E0603]: module `stdio` is private
[INFO] [stdout]    --> /opt/rustwide/cargo-home/registry/src/github.com-1ecc6299db9ec823/log-0.1.10/src/lib.rs:226:36
[INFO] [stdout]     |
[INFO] [stdout] 226 |     handle: LineBufferedWriter<io::stdio::StdWriter>,
[INFO] [stdout]     |                                    ^^^^^ private module
[INFO] [stdout]     |
[INFO] [stdout] note: the module `stdio` is defined here
[INFO] [stdout] 
[INFO] [stdout] 
[INFO] [stdout] error[E0658]: use of unstable library feature 'rt': this public module should not exist and is highly likely to disappear
[INFO] [stdout]    --> /opt/rustwide/cargo-home/registry/src/github.com-1ecc6299db9ec823/log-0.1.10/src/lib.rs:174:5
[INFO] [stdout]     |
[INFO] [stdout] 174 | use std::rt;
[INFO] [stdout]     |     ^^^^^^^
[INFO] [stdout] 
[INFO] [stdout] 
[INFO] [stdout] error[E0277]: the trait bound `LogLevel: Clone` is not satisfied
[INFO] [stdout]    --> /opt/rustwide/cargo-home/registry/src/github.com-1ecc6299db9ec823/log-0.1.10/src/lib.rs:233:6
[INFO] [stdout]     |
[INFO] [stdout] 233 | impl Copy for LogLevel {}
[INFO] [stdout]     |      ^^^^ the trait `Clone` is not implemented for `LogLevel`
[INFO] [stdout] 
[INFO] [stdout] 
[INFO] [stdout] error[E0277]: the trait bound `LogLocation: Clone` is not satisfied
[INFO] [stdout]    --> /opt/rustwide/cargo-home/registry/src/github.com-1ecc6299db9ec823/log-0.1.10/src/lib.rs:345:6
[INFO] [stdout]     |
[INFO] [stdout] 345 | impl Copy for LogLocation {}
[INFO] [stdout]     |      ^^^^ the trait `Clone` is not implemented for `LogLocation`
[INFO] [stdout] 
[INFO] [stdout] 
[INFO] [stdout] error: aborting due to 11 previous errors
[INFO] [stdout] 
[INFO] [stdout] 
[INFO] [stdout] Some errors have detailed explanations: E0277, E0412, E0425, E0432, E0603, E0658.
[INFO] [stdout] 
[INFO] [stdout] For more information about an error, try `rustc --explain E0277`.
[INFO] [stdout] 
[INFO] [stderr] error: could not compile `log` due to 12 previous errors
[INFO] [stderr] warning: build failed, waiting for other jobs to finish...
[INFO] [stderr] error: build failed
[INFO] running `Command { std: "docker" "inspect" "dbac879f4f3bb4a827d94862f0b02d22a9d16ace4f429caf84065b6ee87a53dd", kill_on_drop: false }`
[INFO] running `Command { std: "docker" "rm" "-f" "dbac879f4f3bb4a827d94862f0b02d22a9d16ace4f429caf84065b6ee87a53dd", kill_on_drop: false }`
[INFO] [stdout] dbac879f4f3bb4a827d94862f0b02d22a9d16ace4f429caf84065b6ee87a53dd
