[INFO] cloning repository https://github.com/rdelfin/zeromq_test
[INFO] running `Command { std: "git" "-c" "credential.helper=" "-c" "credential.helper=/workspace/cargo-home/bin/git-credential-null" "clone" "--bare" "https://github.com/rdelfin/zeromq_test" "/workspace/cache/git-repos/https%3A%2F%2Fgithub.com%2Frdelfin%2Fzeromq_test", kill_on_drop: false }`
[INFO] [stderr] Cloning into bare repository '/workspace/cache/git-repos/https%3A%2F%2Fgithub.com%2Frdelfin%2Fzeromq_test'...
[INFO] running `Command { std: "git" "rev-parse" "HEAD", kill_on_drop: false }`
[INFO] [stdout] b075ba977fd5c2b535d7166c77787b0923b85b02
[INFO] testing rdelfin/zeromq_test against beta-2021-08-01 for beta-1.55-1
[INFO] running `Command { std: "git" "clone" "/workspace/cache/git-repos/https%3A%2F%2Fgithub.com%2Frdelfin%2Fzeromq_test" "/workspace/builds/worker-24/source", kill_on_drop: false }`
[INFO] [stderr] Cloning into '/workspace/builds/worker-24/source'...
[INFO] [stderr] done.
[INFO] validating manifest of git repo https://github.com/rdelfin/zeromq_test on toolchain beta-2021-08-01
[INFO] running `Command { std: "/workspace/cargo-home/bin/cargo" "+beta-2021-08-01" "metadata" "--manifest-path" "Cargo.toml" "--no-deps", kill_on_drop: false }`
[INFO] started tweaking git repo https://github.com/rdelfin/zeromq_test
[INFO] finished tweaking git repo https://github.com/rdelfin/zeromq_test
[INFO] tweaked toml for git repo https://github.com/rdelfin/zeromq_test written to /workspace/builds/worker-24/source/Cargo.toml
[INFO] crate git repo https://github.com/rdelfin/zeromq_test already has a lockfile, it will not be regenerated
[INFO] running `Command { std: "/workspace/cargo-home/bin/cargo" "+beta-2021-08-01" "fetch" "--manifest-path" "Cargo.toml", kill_on_drop: false }`
[INFO] [stderr]     Updating git repository `https://github.com/erickt/rust-zmq`
[INFO] [stderr]     Blocking waiting for file lock on package cache
[INFO] [stderr]  Downloading crates ...
[INFO] [stderr]   Downloaded prost v0.7.0
[INFO] [stderr]   Downloaded ctrlc v3.1.7
[INFO] [stderr]   Downloaded quick-error v2.0.1
[INFO] [stderr]   Downloaded capnp v0.14.0
[INFO] [stderr]   Downloaded shared_memory v0.11.4
[INFO] [stderr]   Downloaded capnpc v0.14.2
[INFO] [stderr]   Downloaded prost-derive v0.7.0
[INFO] [stderr]   Downloaded prost-types v0.7.0
[INFO] [stderr]   Downloaded raw_sync v0.1.5
[INFO] [stderr]   Downloaded zeromq-src v0.1.10+4.3.2
[INFO] [stderr]   Downloaded prost-build v0.7.0
[INFO] running `Command { std: "docker" "create" "-v" "/var/lib/crater-agent-workspace/builds/worker-24/target:/opt/rustwide/target:rw,Z" "-v" "/var/lib/crater-agent-workspace/builds/worker-24/source:/opt/rustwide/workdir:ro,Z" "-v" "/var/lib/crater-agent-workspace/cargo-home:/opt/rustwide/cargo-home:ro,Z" "-v" "/var/lib/crater-agent-workspace/rustup-home:/opt/rustwide/rustup-home:ro,Z" "-e" "SOURCE_DIR=/opt/rustwide/workdir" "-e" "CARGO_TARGET_DIR=/opt/rustwide/target" "-e" "CARGO_HOME=/opt/rustwide/cargo-home" "-e" "RUSTUP_HOME=/opt/rustwide/rustup-home" "-w" "/opt/rustwide/workdir" "-m" "1610612736" "--user" "0:0" "--network" "none" "ghcr.io/rust-lang/crates-build-env/linux@sha256:34b6a614d2c27851fe6cbf88fbd1137609cefab8b10d0615aaeb6fd47975d74e" "/opt/rustwide/cargo-home/bin/cargo" "+beta-2021-08-01" "metadata" "--no-deps" "--format-version=1", kill_on_drop: false }`
[INFO] [stdout] 333a92f295376b10120a3ddf139b6e3670b539ec47706a075a512ed80d69553b
[INFO] running `Command { std: "docker" "start" "-a" "333a92f295376b10120a3ddf139b6e3670b539ec47706a075a512ed80d69553b", kill_on_drop: false }`
[INFO] running `Command { std: "docker" "inspect" "333a92f295376b10120a3ddf139b6e3670b539ec47706a075a512ed80d69553b", kill_on_drop: false }`
[INFO] running `Command { std: "docker" "rm" "-f" "333a92f295376b10120a3ddf139b6e3670b539ec47706a075a512ed80d69553b", kill_on_drop: false }`
[INFO] [stdout] 333a92f295376b10120a3ddf139b6e3670b539ec47706a075a512ed80d69553b
[INFO] running `Command { std: "docker" "create" "-v" "/var/lib/crater-agent-workspace/builds/worker-24/target:/opt/rustwide/target:rw,Z" "-v" "/var/lib/crater-agent-workspace/builds/worker-24/source:/opt/rustwide/workdir:ro,Z" "-v" "/var/lib/crater-agent-workspace/cargo-home:/opt/rustwide/cargo-home:ro,Z" "-v" "/var/lib/crater-agent-workspace/rustup-home:/opt/rustwide/rustup-home:ro,Z" "-e" "SOURCE_DIR=/opt/rustwide/workdir" "-e" "CARGO_TARGET_DIR=/opt/rustwide/target" "-e" "CARGO_INCREMENTAL=0" "-e" "RUST_BACKTRACE=full" "-e" "RUSTFLAGS=--cap-lints=warn" "-e" "CARGO_HOME=/opt/rustwide/cargo-home" "-e" "RUSTUP_HOME=/opt/rustwide/rustup-home" "-w" "/opt/rustwide/workdir" "-m" "1610612736" "--user" "0:0" "--network" "none" "ghcr.io/rust-lang/crates-build-env/linux@sha256:34b6a614d2c27851fe6cbf88fbd1137609cefab8b10d0615aaeb6fd47975d74e" "/opt/rustwide/cargo-home/bin/cargo" "+beta-2021-08-01" "build" "--frozen" "--message-format=json", kill_on_drop: false }`
[INFO] [stdout] aa886362e6793694175d3094740fab0a5c20bce2064508be91f7afb9cee5f475
[INFO] running `Command { std: "docker" "start" "-a" "aa886362e6793694175d3094740fab0a5c20bce2064508be91f7afb9cee5f475", kill_on_drop: false }`
[INFO] [stderr]    Compiling libc v0.2.86
[INFO] [stderr]    Compiling syn v1.0.60
[INFO] [stderr]    Compiling version_check v0.9.2
[INFO] [stderr]    Compiling cc v1.0.66
[INFO] [stderr]    Compiling toml v0.2.1
[INFO] [stderr]    Compiling error-chain v0.10.0
[INFO] [stderr]    Compiling bytes v1.0.1
[INFO] [stderr]    Compiling nix v0.18.0
[INFO] [stderr]    Compiling fixedbitset v0.2.0
[INFO] [stderr]    Compiling multimap v0.8.2
[INFO] [stderr]    Compiling capnp v0.14.0
[INFO] [stderr]    Compiling zmq v0.9.2 (https://github.com/erickt/rust-zmq?rev=eede4315e10eccddec4348561c42ded534e6001e#eede4315)
[INFO] [stderr]    Compiling quick-error v2.0.1
[INFO] [stderr]    Compiling spin_sleep v1.0.0
[INFO] [stderr]    Compiling itertools v0.9.0
[INFO] [stderr]    Compiling indexmap v1.6.1
[INFO] [stderr]    Compiling proc-macro-error-attr v1.0.4
[INFO] [stderr]    Compiling proc-macro-error v1.0.4
[INFO] [stderr]    Compiling metadeps v1.1.2
[INFO] [stderr]    Compiling cmake v0.1.45
[INFO] [stderr]    Compiling capnpc v0.14.2
[INFO] [stderr]    Compiling zeromq-src v0.1.10+4.3.2
[INFO] [stderr]    Compiling petgraph v0.5.1
[INFO] [stderr]    Compiling getrandom v0.2.2
[INFO] [stderr]    Compiling atty v0.2.14
[INFO] [stderr]    Compiling zmq-sys v0.11.0 (https://github.com/erickt/rust-zmq?rev=eede4315e10eccddec4348561c42ded534e6001e#eede4315)
[INFO] [stderr]    Compiling clap v2.33.3
[INFO] [stderr]    Compiling rand_core v0.6.2
[INFO] [stderr]    Compiling thiserror-impl v1.0.23
[INFO] [stderr]    Compiling prost-derive v0.7.0
[INFO] [stderr]    Compiling rand_chacha v0.3.0
[INFO] [stderr]    Compiling raw_sync v0.1.5
[INFO] [stderr]    Compiling ctrlc v3.1.7
[INFO] [stderr]    Compiling rand v0.8.3
[INFO] [stderr]    Compiling structopt-derive v0.4.14
[INFO] [stderr]    Compiling tempfile v3.2.0
[INFO] [stderr]    Compiling shared_memory v0.11.4
[INFO] [stderr]    Compiling thiserror v1.0.23
[INFO] [stderr]    Compiling which v4.0.2
[INFO] [stderr]    Compiling prost v0.7.0
[INFO] [stderr]    Compiling prost-build v0.7.0
[INFO] [stderr]    Compiling prost-types v0.7.0
[INFO] [stderr]    Compiling structopt v0.3.21
[INFO] [stderr]    Compiling zeromq_test v0.1.0 (/opt/rustwide/workdir)
[INFO] [stderr] error: failed to run custom build command for `zmq-sys v0.11.0 (https://github.com/erickt/rust-zmq?rev=eede4315e10eccddec4348561c42ded534e6001e#eede4315)`
[INFO] [stderr] 
[INFO] [stderr] Caused by:
[INFO] [stderr]   process didn't exit successfully: `/opt/rustwide/target/debug/build/zmq-sys-30cec7b7ce62bca2/build-script-main` (exit status: 101)
[INFO] [stderr]   --- stdout
[INFO] [stderr]   cargo:rerun-if-changed=build/main.rs
[INFO] [stderr]   cargo:rerun-if-env-changed=PROFILE
[INFO] [stderr]   running: "cmake" "/opt/rustwide/cargo-home/registry/src/github.com-1ecc6299db9ec823/zeromq-src-0.1.10+4.3.2/vendor" "-DCMAKE_INSTALL_LIBDIR=lib" "-DCMAKE_C_STANDARD=99" "-DZMQ_BUILD_TESTS=OFF" "-DENABLE_DRAFTS=OFF" "-DENABLE_CURVE=ON" "-DCMAKE_BUILD_TYPE=Debug" "-DWITH_PERF_TOOL=OFF" "-DBUILD_SHARED=OFF" "-DBUILD_STATIC=ON" "-DWITH_LIBSODIUM=OFF" "-DCMAKE_INSTALL_PREFIX=/opt/rustwide/target/debug/build/zmq-sys-e1607f2568c26517/out" "-DCMAKE_C_FLAGS= -ffunction-sections -fdata-sections -fPIC -m64" "-DCMAKE_C_COMPILER=/usr/bin/cc" "-DCMAKE_CXX_FLAGS= -ffunction-sections -fdata-sections -fPIC -m64" "-DCMAKE_CXX_COMPILER=/usr/bin/c++" "-DCMAKE_ASM_FLAGS= -ffunction-sections -fdata-sections -fPIC -m64" "-DCMAKE_ASM_COMPILER=/usr/bin/cc"
[INFO] [stderr]   -- The C compiler identification is GNU 9.3.0
[INFO] [stderr]   -- The CXX compiler identification is GNU 9.3.0
[INFO] [stderr]   -- Check for working C compiler: /usr/bin/cc
[INFO] [stderr]   -- Check for working C compiler: /usr/bin/cc -- works
[INFO] [stderr]   -- Detecting C compiler ABI info
[INFO] [stderr]   -- Detecting C compiler ABI info - done
[INFO] [stderr]   -- Detecting C compile features
[INFO] [stderr]   -- Detecting C compile features - done
[INFO] [stderr]   -- Check for working CXX compiler: /usr/bin/c++
[INFO] [stderr]   -- Check for working CXX compiler: /usr/bin/c++ -- works
[INFO] [stderr]   -- Detecting CXX compiler ABI info
[INFO] [stderr]   -- Detecting CXX compiler ABI info - done
[INFO] [stderr]   -- Detecting CXX compile features
[INFO] [stderr]   -- Detecting CXX compile features - done
[INFO] [stderr]   -- Looking for pthread.h
[INFO] [stderr]   -- Looking for pthread.h - found
[INFO] [stderr]   -- Performing Test CMAKE_HAVE_LIBC_PTHREAD
[INFO] [stderr]   -- Performing Test CMAKE_HAVE_LIBC_PTHREAD - Failed
[INFO] [stderr]   -- Looking for pthread_create in pthreads
[INFO] [stderr]   -- Looking for pthread_create in pthreads - not found
[INFO] [stderr]   -- Looking for pthread_create in pthread
[INFO] [stderr]   -- Looking for pthread_create in pthread - found
[INFO] [stderr]   -- Found Threads: TRUE  
[INFO] [stderr]   -- Detected ZMQ Version - 4.3.2
[INFO] [stderr]   -- Performing Test COMPILER_SUPPORTS_CXX11
[INFO] [stderr]   -- Performing Test COMPILER_SUPPORTS_CXX11 - Success
[INFO] [stderr]   -- Performing Test COMPILER_SUPPORTS_C11
[INFO] [stderr]   -- Performing Test COMPILER_SUPPORTS_C11 - Success
[INFO] [stderr]   -- Performing Test CXX_HAS_TAUT_WARNING
[INFO] [stderr]   -- Performing Test CXX_HAS_TAUT_WARNING - Success
[INFO] [stderr]   -- Performing Test CC_HAS_TAUT_WARNING
[INFO] [stderr]   -- Performing Test CC_HAS_TAUT_WARNING - Success
[INFO] [stderr]   -- Using tweetnacl for CURVE security
[INFO] [stderr]   -- Looking for kqueue
[INFO] [stderr]   -- Looking for kqueue - not found
[INFO] [stderr]   -- Looking for epoll_create
[INFO] [stderr]   -- Looking for epoll_create - found
[INFO] [stderr]   -- Looking for epoll_create1
[INFO] [stderr]   -- Looking for epoll_create1 - found
[INFO] [stderr]   -- Using polling method in I/O threads: epoll
[INFO] [stderr]   -- Using polling method in zmq_poll(er)_* API: poll
[INFO] [stderr]   -- Using 64 bytes alignment for lock-free data structures
[INFO] [stderr]   -- Looking for include file windows.h
[INFO] [stderr]   -- Looking for include file windows.h - not found
[INFO] [stderr]   -- Looking for include file condition_variable
[INFO] [stderr]   -- Looking for include file condition_variable - found
[INFO] [stderr]   -- Using condition_variable_t implementation: stl11
[INFO] [stderr]   -- Looking for include file ifaddrs.h
[INFO] [stderr]   -- Looking for include file ifaddrs.h - found
[INFO] [stderr]   -- Looking for include file sys/uio.h
[INFO] [stderr]   -- Looking for include file sys/uio.h - found
[INFO] [stderr]   -- Looking for include file sys/eventfd.h
[INFO] [stderr]   -- Looking for include file sys/eventfd.h - found
[INFO] [stderr]   -- Checking whether EFD_CLOEXEC is supported
[INFO] [stderr]   -- Performing Test ZMQ_HAVE_EVENTFD_CLOEXEC
[INFO] [stderr]   -- Performing Test ZMQ_HAVE_EVENTFD_CLOEXEC - Success
[INFO] [stderr]   -- Looking for SO_PEERCRED
[INFO] [stderr]   -- Looking for SO_PEERCRED - found
[INFO] [stderr]   -- Looking for LOCAL_PEERCRED
[INFO] [stderr]   -- Looking for LOCAL_PEERCRED - not found
[INFO] [stderr]   -- Looking for clock_gettime
[INFO] [stderr]   -- Looking for clock_gettime - found
[INFO] [stderr]   -- Looking for fork
[INFO] [stderr]   -- Looking for fork - found
[INFO] [stderr]   -- Looking for gethrtimei
[INFO] [stderr]   -- Looking for gethrtimei - not found
[INFO] [stderr]   -- Looking for mkdtemp
[INFO] [stderr]   -- Looking for mkdtemp - found
[INFO] [stderr]   -- Looking for accept4
[INFO] [stderr]   -- Looking for accept4 - found
[INFO] [stderr]   -- Looking for strnlen
[INFO] [stderr]   -- Looking for strnlen - found
[INFO] [stderr]   -- Performing Test HAVE_FLAG_-Wall
[INFO] [stderr]   -- Performing Test HAVE_FLAG_-Wall - Failed
[INFO] [stderr]   -- Performing Test HAVE_FLAG_-Wextra
[INFO] [stderr]   -- Performing Test HAVE_FLAG_-Wextra - Failed
[INFO] [stderr]   -- Performing Test HAVE_FLAG_-Wno-long-long
[INFO] [stderr]   -- Performing Test HAVE_FLAG_-Wno-long-long - Failed
[INFO] [stderr]   -- Performing Test HAVE_FLAG_-Wno-uninitialized
[INFO] [stderr]   -- Performing Test HAVE_FLAG_-Wno-uninitialized - Failed
[INFO] [stderr]   -- Performing Test HAVE_FLAG_-pedantic
[INFO] [stderr]   -- Performing Test HAVE_FLAG_-pedantic - Failed
[INFO] [stderr]   -- Checking whether noexcept is supported
[INFO] [stderr]   -- Performing Test ZMQ_HAVE_NOEXCEPT
[INFO] [stderr]   -- Performing Test ZMQ_HAVE_NOEXCEPT - Success
[INFO] [stderr]   -- Checking whether SOCK_CLOEXEC is supported
[INFO] [stderr]   -- Performing Test ZMQ_HAVE_SOCK_CLOEXEC
[INFO] [stderr]   -- Performing Test ZMQ_HAVE_SOCK_CLOEXEC - Success
[INFO] [stderr]   -- Checking whether O_CLOEXEC is supported
[INFO] [stderr]   -- Performing Test ZMQ_HAVE_O_CLOEXEC
[INFO] [stderr]   -- Performing Test ZMQ_HAVE_O_CLOEXEC - Success
[INFO] [stderr]   -- Checking whether SO_BINDTODEVICE is supported
[INFO] [stderr]   -- Performing Test ZMQ_HAVE_SO_BINDTODEVICE
[INFO] [stderr]   -- Performing Test ZMQ_HAVE_SO_BINDTODEVICE - Success
[INFO] [stderr]   -- Checking whether SO_KEEPALIVE is supported
[INFO] [stderr]   -- Performing Test ZMQ_HAVE_SO_KEEPALIVE
[INFO] [stderr]   -- Performing Test ZMQ_HAVE_SO_KEEPALIVE - Success
[INFO] [stderr]   -- Checking whether TCP_KEEPCNT is supported
[INFO] [stderr]   -- Performing Test ZMQ_HAVE_TCP_KEEPCNT
[INFO] [stderr]   -- Performing Test ZMQ_HAVE_TCP_KEEPCNT - Success
[INFO] [stderr]   -- Checking whether TCP_KEEPIDLE is supported
[INFO] [stderr]   -- Performing Test ZMQ_HAVE_TCP_KEEPIDLE
[INFO] [stderr]   -- Performing Test ZMQ_HAVE_TCP_KEEPIDLE - Success
[INFO] [stderr]   -- Checking whether TCP_KEEPINTVL is supported
[INFO] [stderr]   -- Performing Test ZMQ_HAVE_TCP_KEEPINTVL
[INFO] [stderr]   -- Performing Test ZMQ_HAVE_TCP_KEEPINTVL - Success
[INFO] [stderr]   -- Checking whether TCP_KEEPALIVE is supported
[INFO] [stderr]   -- Performing Test ZMQ_HAVE_TCP_KEEPALIVE
[INFO] [stderr]   -- Performing Test ZMQ_HAVE_TCP_KEEPALIVE - Failed
[INFO] [stderr]   -- Checking whether TIPC is supported
[INFO] [stderr]   -- Performing Test ZMQ_HAVE_TIPC
[INFO] [stderr]   -- Performing Test ZMQ_HAVE_TIPC - Success
[INFO] [stderr]   -- Checking pthread_setname signature
[INFO] [stderr]   -- Performing Test ZMQ_HAVE_PTHREAD_SETNAME_1
[INFO] [stderr]   -- Performing Test ZMQ_HAVE_PTHREAD_SETNAME_1 - Failed
[INFO] [stderr]   -- Performing Test ZMQ_HAVE_PTHREAD_SETNAME_2
[INFO] [stderr]   -- Performing Test ZMQ_HAVE_PTHREAD_SETNAME_2 - Success
[INFO] [stderr]   -- Performing Test ZMQ_HAVE_PTHREAD_SETNAME_3
[INFO] [stderr]   -- Performing Test ZMQ_HAVE_PTHREAD_SETNAME_3 - Failed
[INFO] [stderr]   -- Performing Test ZMQ_HAVE_PTHREAD_SET_NAME
[INFO] [stderr]   -- Performing Test ZMQ_HAVE_PTHREAD_SET_NAME - Failed
[INFO] [stderr]   -- Checking pthread_setaffinity signature
[INFO] [stderr]   -- Performing Test ZMQ_HAVE_PTHREAD_SETAFFINITY
[INFO] [stderr]   -- Performing Test ZMQ_HAVE_PTHREAD_SETAFFINITY - Success
[INFO] [stderr]   -- Checking whether getrandom is supported
[INFO] [stderr]   -- Performing Test ZMQ_HAVE_GETRANDOM
[INFO] [stderr]   -- Performing Test ZMQ_HAVE_GETRANDOM - Success
[INFO] [stderr]   -- Could NOT find AsciiDoc (missing: ASCIIDOC_EXECUTABLE) 
[INFO] [stderr]   -- Configuring done
[INFO] [stderr]   -- Generating done
[INFO] [stderr]   -- Build files have been written to: /opt/rustwide/target/debug/build/zmq-sys-e1607f2568c26517/out/build
[INFO] [stderr]   running: "cmake" "--build" "." "--target" "install" "--config" "Debug" "--"
[INFO] [stderr]   Scanning dependencies of target objects
[INFO] [stderr]   [  1%] Building C object CMakeFiles/objects.dir/src/tweetnacl.c.o
[INFO] [stderr]   [  2%] Building CXX object CMakeFiles/objects.dir/src/address.cpp.o
[INFO] [stderr]   [  3%] Building CXX object CMakeFiles/objects.dir/src/precompiled.cpp.o
[INFO] [stderr]   [  4%] Building CXX object CMakeFiles/objects.dir/src/client.cpp.o
[INFO] [stderr]   [  5%] Building CXX object CMakeFiles/objects.dir/src/clock.cpp.o
[INFO] [stderr]   [  6%] Building CXX object CMakeFiles/objects.dir/src/ctx.cpp.o
[INFO] [stderr]   [  7%] Building CXX object CMakeFiles/objects.dir/src/curve_mechanism_base.cpp.o
[INFO] [stderr]   [  8%] Building CXX object CMakeFiles/objects.dir/src/curve_server.cpp.o
[INFO] [stderr]   [  9%] Building CXX object CMakeFiles/objects.dir/src/curve_client.cpp.o
[INFO] [stderr]   [ 11%] Building CXX object CMakeFiles/objects.dir/src/dealer.cpp.o
[INFO] [stderr]   [ 11%] Building CXX object CMakeFiles/objects.dir/src/devpoll.cpp.o
[INFO] [stderr]   [ 12%] Building CXX object CMakeFiles/objects.dir/src/dgram.cpp.o
[INFO] [stderr]   [ 13%] Building CXX object CMakeFiles/objects.dir/src/dist.cpp.o
[INFO] [stderr]   [ 14%] Building CXX object CMakeFiles/objects.dir/src/epoll.cpp.o
[INFO] [stderr]   [ 15%] Building CXX object CMakeFiles/objects.dir/src/endpoint.cpp.o
[INFO] [stderr]   [ 16%] Building CXX object CMakeFiles/objects.dir/src/err.cpp.o
[INFO] [stderr]   [ 17%] Building CXX object CMakeFiles/objects.dir/src/fq.cpp.o
[INFO] [stderr]   [ 18%] Building CXX object CMakeFiles/objects.dir/src/io_object.cpp.o
[INFO] [stderr]   [ 19%] Building CXX object CMakeFiles/objects.dir/src/io_thread.cpp.o
[INFO] [stderr]   [ 20%] Building CXX object CMakeFiles/objects.dir/src/ip.cpp.o
[INFO] [stderr]   [ 21%] Building CXX object CMakeFiles/objects.dir/src/ipc_address.cpp.o
[INFO] [stderr]   [ 23%] Building CXX object CMakeFiles/objects.dir/src/ipc_connecter.cpp.o
[INFO] [stderr]   [ 23%] Building CXX object CMakeFiles/objects.dir/src/ipc_listener.cpp.o
[INFO] [stderr]   [ 24%] Building CXX object CMakeFiles/objects.dir/src/kqueue.cpp.o
[INFO] [stderr]   [ 26%] Building CXX object CMakeFiles/objects.dir/src/lb.cpp.o
[INFO] [stderr]   [ 26%] Building CXX object CMakeFiles/objects.dir/src/mailbox.cpp.o
[INFO] [stderr]   [ 27%] Building CXX object CMakeFiles/objects.dir/src/mailbox_safe.cpp.o
[INFO] [stderr]   [ 28%] Building CXX object CMakeFiles/objects.dir/src/metadata.cpp.o
[INFO] [stderr]   [ 29%] Building CXX object CMakeFiles/objects.dir/src/msg.cpp.o
[INFO] [stderr]   [ 29%] Building CXX object CMakeFiles/objects.dir/src/mtrie.cpp.o
[INFO] [stderr]   [ 30%] Building CXX object CMakeFiles/objects.dir/src/mechanism.cpp.o
[INFO] [stderr]   [ 31%] Building CXX object CMakeFiles/objects.dir/src/norm_engine.cpp.o
[INFO] [stderr]   [ 32%] Building CXX object CMakeFiles/objects.dir/src/object.cpp.o
[INFO] [stderr]   [ 33%] Building CXX object CMakeFiles/objects.dir/src/options.cpp.o
[INFO] [stderr]   [ 34%] Building CXX object CMakeFiles/objects.dir/src/mechanism_base.cpp.o
[INFO] [stderr]   [ 35%] Building CXX object CMakeFiles/objects.dir/src/own.cpp.o
[INFO] [stderr]   [ 36%] Building CXX object CMakeFiles/objects.dir/src/null_mechanism.cpp.o
[INFO] [stderr]   [ 37%] Building CXX object CMakeFiles/objects.dir/src/pgm_receiver.cpp.o
[INFO] [stderr]   [ 38%] Building CXX object CMakeFiles/objects.dir/src/pair.cpp.o
[INFO] [stderr]   [ 39%] Building CXX object CMakeFiles/objects.dir/src/pgm_sender.cpp.o
[INFO] [stderr]   [ 40%] Building CXX object CMakeFiles/objects.dir/src/pgm_socket.cpp.o
[INFO] [stderr]   [ 41%] Building CXX object CMakeFiles/objects.dir/src/pipe.cpp.o
[INFO] [stderr]   [ 42%] Building CXX object CMakeFiles/objects.dir/src/plain_server.cpp.o
[INFO] [stderr]   [ 43%] Building CXX object CMakeFiles/objects.dir/src/polling_util.cpp.o
[INFO] [stderr]   [ 44%] Building CXX object CMakeFiles/objects.dir/src/poll.cpp.o
[INFO] [stderr]   [ 45%] Building CXX object CMakeFiles/objects.dir/src/pub.cpp.o
[INFO] [stderr]   [ 47%] Building CXX object CMakeFiles/objects.dir/src/pull.cpp.o
[INFO] [stderr]   [ 47%] Building CXX object CMakeFiles/objects.dir/src/proxy.cpp.o
[INFO] [stderr]   [ 48%] Building CXX object CMakeFiles/objects.dir/src/push.cpp.o
[INFO] [stderr]   [ 50%] Building CXX object CMakeFiles/objects.dir/src/random.cpp.o
[INFO] [stderr]   [ 51%] Building CXX object CMakeFiles/objects.dir/src/pollset.cpp.o
[INFO] [stderr]   [ 51%] Building CXX object CMakeFiles/objects.dir/src/poller_base.cpp.o
[INFO] [stderr]   [ 52%] Building CXX object CMakeFiles/objects.dir/src/plain_client.cpp.o
[INFO] [stderr]   [ 53%] Building CXX object CMakeFiles/objects.dir/src/raw_encoder.cpp.o
[INFO] [stderr]   [ 58%] Building CXX object CMakeFiles/objects.dir/src/select.cpp.o
[INFO] [stderr]   [ 59%] Building CXX object CMakeFiles/objects.dir/src/server.cpp.o
[INFO] [stderr]   [ 62%] Building CXX object CMakeFiles/objects.dir/src/signaler.cpp.o
[INFO] [stderr]   [ 60%] Building CXX object CMakeFiles/objects.dir/src/req.cpp.o
[INFO] [stderr]   [ 58%] Building CXX object CMakeFiles/objects.dir/src/session_base.cpp.o
[INFO] [stderr]   [ 58%] Building CXX object CMakeFiles/objects.dir/src/reaper.cpp.o
[INFO] [stderr]   [ 58%] Building CXX object CMakeFiles/objects.dir/src/router.cpp.o
[INFO] [stderr]   [ 58%] Building CXX object CMakeFiles/objects.dir/src/raw_decoder.cpp.o
[INFO] [stderr]   [ 61%] Building CXX object CMakeFiles/objects.dir/src/rep.cpp.o
[INFO] [stderr]   [ 63%] Building CXX object CMakeFiles/objects.dir/src/socket_base.cpp.o
[INFO] [stderr]   [ 64%] Building CXX object CMakeFiles/objects.dir/src/socks.cpp.o
[INFO] [stderr]   [ 65%] Building CXX object CMakeFiles/objects.dir/src/stream.cpp.o
[INFO] [stderr]   [ 65%] Building CXX object CMakeFiles/objects.dir/src/socks_connecter.cpp.o
[INFO] [stderr]   [ 66%] Building CXX object CMakeFiles/objects.dir/src/stream_engine.cpp.o
[INFO] [stderr]   [ 67%] Building CXX object CMakeFiles/objects.dir/src/sub.cpp.o
[INFO] [stderr]   [ 68%] Building CXX object CMakeFiles/objects.dir/src/tcp.cpp.o
[INFO] [stderr] 
[INFO] [stderr]   --- stderr
[INFO] [stderr]   CMake Warning:
[INFO] [stderr]     Manually-specified variables were not used by the project:
[INFO] [stderr] 
[INFO] [stderr]       CMAKE_ASM_COMPILER
[INFO] [stderr]       CMAKE_ASM_FLAGS
[INFO] [stderr] 
[INFO] [stderr] 
[INFO] [stderr]   c++: fatal error: Killed signal terminated program cc1plus
[INFO] [stderr]   compilation terminated.
[INFO] [stderr]   c++: fatal error: Killed signal terminated program cc1plus
[INFO] [stderr]   compilation terminated.
[INFO] [stderr]   c++: fatal error: Killed signal terminated program cc1plus
[INFO] [stderr]   compilation terminated.
[INFO] [stderr]   make[2]: *** [CMakeFiles/objects.dir/build.make:141: CMakeFiles/objects.dir/src/curve_mechanism_base.cpp.o] Error 1
[INFO] [stderr]   make[2]: *** Waiting for unfinished jobs....
[INFO] [stderr]   make[2]: *** [CMakeFiles/objects.dir/build.make:297: CMakeFiles/objects.dir/src/io_thread.cpp.o] Error 1
[INFO] [stderr]   c++: fatal error: Killed signal terminated program cc1plus
[INFO] [stderr]   compilation terminated.
[INFO] [stderr]   make[2]: *** [CMakeFiles/objects.dir/build.make:206: CMakeFiles/objects.dir/src/dgram.cpp.o] Error 1
[INFO] [stderr]   make[2]: *** [CMakeFiles/objects.dir/build.make:102: CMakeFiles/objects.dir/src/client.cpp.o] Error 1
[INFO] [stderr]   c++: fatal error: Killed signal terminated program cc1plus
[INFO] [stderr]   compilation terminated.
[INFO] [stderr]   make[2]: *** [CMakeFiles/objects.dir/build.make:167: CMakeFiles/objects.dir/src/curve_server.cpp.o] Error 1
[INFO] [stderr]   c++: fatal error: Killed signal terminated program cc1plus
[INFO] [stderr]   compilation terminated.
[INFO] [stderr]   make[2]: *** [CMakeFiles/objects.dir/build.make:245: CMakeFiles/objects.dir/src/epoll.cpp.o] Error 1
[INFO] [stderr]   c++: fatal error: Killed signal terminated program cc1plus
[INFO] [stderr]   compilation terminated.
[INFO] [stderr]   make[2]: *** [CMakeFiles/objects.dir/build.make:128: CMakeFiles/objects.dir/src/ctx.cpp.o] Error 1
[INFO] [stderr]   c++: fatal error: Killed signal terminated program cc1plus
[INFO] [stderr]   compilation terminated.
[INFO] [stderr]   make[2]: *** [CMakeFiles/objects.dir/build.make:154: CMakeFiles/objects.dir/src/curve_client.cpp.o] Error 1
[INFO] [stderr]   c++: fatal error: Killed signal terminated program cc1plus
[INFO] [stderr]   compilation terminated.
[INFO] [stderr]   make[2]: *** [CMakeFiles/objects.dir/build.make:531: CMakeFiles/objects.dir/src/null_mechanism.cpp.o] Error 1
[INFO] [stderr]   c++: fatal error: Killed signal terminated program cc1plus
[INFO] [stderr]   compilation terminated.
[INFO] [stderr]   make[2]: *** [CMakeFiles/objects.dir/build.make:89: CMakeFiles/objects.dir/src/address.cpp.o] Error 1
[INFO] [stderr]   c++: fatal error: Killed signal terminated program cc1plus
[INFO] [stderr]   compilation terminated.
[INFO] [stderr]   make[2]: *** [CMakeFiles/objects.dir/build.make:648: CMakeFiles/objects.dir/src/poller_base.cpp.o] Error 1
[INFO] [stderr]   make[1]: *** [CMakeFiles/Makefile2:189: CMakeFiles/objects.dir/all] Error 2
[INFO] [stderr]   make: *** [Makefile:130: all] Error 2
[INFO] [stderr]   thread 'main' panicked at '
[INFO] [stderr]   command did not execute successfully, got: exit status: 2
[INFO] [stderr] 
[INFO] [stderr]   build script failed, must exit now', /opt/rustwide/cargo-home/registry/src/github.com-1ecc6299db9ec823/cmake-0.1.45/src/lib.rs:894:5
[INFO] [stderr]   stack backtrace:
[INFO] [stderr]      0:     0x55be8c7d0960 - std::backtrace_rs::backtrace::libunwind::trace::hff4d1766e93f64f1
[INFO] [stderr]                                  at /rustc/53fd98ca776cb875bc9e5514f56b52eb74f9e7a9/library/std/src/../../backtrace/src/backtrace/libunwind.rs:90:5
[INFO] [stderr]      1:     0x55be8c7d0960 - std::backtrace_rs::backtrace::trace_unsynchronized::h56bbc8eb78770bcb
[INFO] [stderr]                                  at /rustc/53fd98ca776cb875bc9e5514f56b52eb74f9e7a9/library/std/src/../../backtrace/src/backtrace/mod.rs:66:5
[INFO] [stderr]      2:     0x55be8c7d0960 - std::sys_common::backtrace::_print_fmt::h5c8e75464faca780
[INFO] [stderr]                                  at /rustc/53fd98ca776cb875bc9e5514f56b52eb74f9e7a9/library/std/src/sys_common/backtrace.rs:67:5
[INFO] [stderr]      3:     0x55be8c7d0960 - <std::sys_common::backtrace::_print::DisplayBacktrace as core::fmt::Display>::fmt::h48b88277def8b362
[INFO] [stderr]                                  at /rustc/53fd98ca776cb875bc9e5514f56b52eb74f9e7a9/library/std/src/sys_common/backtrace.rs:46:22
[INFO] [stderr]      4:     0x55be8c7f0b1c - core::fmt::write::h3381b3176fe2b3d3
[INFO] [stderr]                                  at /rustc/53fd98ca776cb875bc9e5514f56b52eb74f9e7a9/library/core/src/fmt/mod.rs:1115:17
[INFO] [stderr]      5:     0x55be8c7cd775 - std::io::Write::write_fmt::hd42607e5d8e44db0
[INFO] [stderr]                                  at /rustc/53fd98ca776cb875bc9e5514f56b52eb74f9e7a9/library/std/src/io/mod.rs:1665:15
[INFO] [stderr]      6:     0x55be8c7d2f9b - std::sys_common::backtrace::_print::ha537687d6c17dd0d
[INFO] [stderr]                                  at /rustc/53fd98ca776cb875bc9e5514f56b52eb74f9e7a9/library/std/src/sys_common/backtrace.rs:49:5
[INFO] [stderr]      7:     0x55be8c7d2f9b - std::sys_common::backtrace::print::h61376ae57d131d72
[INFO] [stderr]                                  at /rustc/53fd98ca776cb875bc9e5514f56b52eb74f9e7a9/library/std/src/sys_common/backtrace.rs:36:9
[INFO] [stderr]      8:     0x55be8c7d2f9b - std::panicking::default_hook::{{closure}}::h0f7208c0b9644a54
[INFO] [stderr]                                  at /rustc/53fd98ca776cb875bc9e5514f56b52eb74f9e7a9/library/std/src/panicking.rs:208:50
[INFO] [stderr]      9:     0x55be8c7d2a71 - std::panicking::default_hook::hdac7fc06578c14ce
[INFO] [stderr]                                  at /rustc/53fd98ca776cb875bc9e5514f56b52eb74f9e7a9/library/std/src/panicking.rs:225:9
[INFO] [stderr]     10:     0x55be8c7d3664 - std::panicking::rust_panic_with_hook::h72b21c283da3d1ef
[INFO] [stderr]                                  at /rustc/53fd98ca776cb875bc9e5514f56b52eb74f9e7a9/library/std/src/panicking.rs:622:17
[INFO] [stderr]     11:     0x55be8c7d3147 - std::panicking::begin_panic_handler::{{closure}}::he5778f1729cff84a
[INFO] [stderr]                                  at /rustc/53fd98ca776cb875bc9e5514f56b52eb74f9e7a9/library/std/src/panicking.rs:519:13
[INFO] [stderr]     12:     0x55be8c7d0e3c - std::sys_common::backtrace::__rust_end_short_backtrace::h2d11ca8b453b4b1d
[INFO] [stderr]                                  at /rustc/53fd98ca776cb875bc9e5514f56b52eb74f9e7a9/library/std/src/sys_common/backtrace.rs:141:18
[INFO] [stderr]     13:     0x55be8c7d30a9 - rust_begin_unwind
[INFO] [stderr]                                  at /rustc/53fd98ca776cb875bc9e5514f56b52eb74f9e7a9/library/std/src/panicking.rs:515:5
[INFO] [stderr]     14:     0x55be8c74dbbb - std::panicking::begin_panic_fmt::h746518bde832d259
[INFO] [stderr]                                  at /rustc/53fd98ca776cb875bc9e5514f56b52eb74f9e7a9/library/std/src/panicking.rs:457:5
[INFO] [stderr]     15:     0x55be8c75c253 - cmake::fail::h4cda36ca1fcdfea5
[INFO] [stderr]                                  at /opt/rustwide/cargo-home/registry/src/github.com-1ecc6299db9ec823/cmake-0.1.45/src/lib.rs:894:5
[INFO] [stderr]     16:     0x55be8c75bc61 - cmake::run::h7d0ef8ba9439e35d
[INFO] [stderr]                                  at /opt/rustwide/cargo-home/registry/src/github.com-1ecc6299db9ec823/cmake-0.1.45/src/lib.rs:872:9
[INFO] [stderr]     17:     0x55be8c7596a1 - cmake::Config::build::hd31d925887ffe078
[INFO] [stderr]                                  at /opt/rustwide/cargo-home/registry/src/github.com-1ecc6299db9ec823/cmake-0.1.45/src/lib.rs:778:9
[INFO] [stderr]     18:     0x55be8c750d4e - zeromq_src::Build::build::hd82e39f95d172718
[INFO] [stderr]                                  at /opt/rustwide/cargo-home/registry/src/github.com-1ecc6299db9ec823/zeromq-src-0.1.10+4.3.2/src/lib.rs:314:23
[INFO] [stderr]     19:     0x55be8c74ecb3 - build_script_main::find::configure::hafe10e39e30e5f5e
[INFO] [stderr]                                  at /opt/rustwide/cargo-home/git/checkouts/rust-zmq-171537f0d9cec03c/eede431/zmq-sys/build/vendored.rs:9:21
[INFO] [stderr]     20:     0x55be8c74eeb6 - build_script_main::main::hf7f80ab44daf18d4
[INFO] [stderr]                                  at /opt/rustwide/cargo-home/git/checkouts/rust-zmq-171537f0d9cec03c/eede431/zmq-sys/build/main.rs:6:5
[INFO] [stderr]     21:     0x55be8c74ef5b - core::ops::function::FnOnce::call_once::h74d7dc0023d4cdc6
[INFO] [stderr]                                  at /rustc/53fd98ca776cb875bc9e5514f56b52eb74f9e7a9/library/core/src/ops/function.rs:227:5
[INFO] [stderr]     22:     0x55be8c74ed6e - std::sys_common::backtrace::__rust_begin_short_backtrace::h4e991a597f90720c
[INFO] [stderr]                                  at /rustc/53fd98ca776cb875bc9e5514f56b52eb74f9e7a9/library/std/src/sys_common/backtrace.rs:125:18
[INFO] [stderr]     23:     0x55be8c74f241 - std::rt::lang_start::{{closure}}::hf685fc0c0a692f52
[INFO] [stderr]                                  at /rustc/53fd98ca776cb875bc9e5514f56b52eb74f9e7a9/library/std/src/rt.rs:63:18
[INFO] [stderr]     24:     0x55be8c7d3b6a - core::ops::function::impls::<impl core::ops::function::FnOnce<A> for &F>::call_once::ha88a7d1a4d24e549
[INFO] [stderr]                                  at /rustc/53fd98ca776cb875bc9e5514f56b52eb74f9e7a9/library/core/src/ops/function.rs:259:13
[INFO] [stderr]     25:     0x55be8c7d3b6a - std::panicking::try::do_call::hd3b1d7740607ccc7
[INFO] [stderr]                                  at /rustc/53fd98ca776cb875bc9e5514f56b52eb74f9e7a9/library/std/src/panicking.rs:401:40
[INFO] [stderr]     26:     0x55be8c7d3b6a - std::panicking::try::h0ee8c65ac7461507
[INFO] [stderr]                                  at /rustc/53fd98ca776cb875bc9e5514f56b52eb74f9e7a9/library/std/src/panicking.rs:365:19
[INFO] [stderr]     27:     0x55be8c7d3b6a - std::panic::catch_unwind::head47f0de4ccd838
[INFO] [stderr]                                  at /rustc/53fd98ca776cb875bc9e5514f56b52eb74f9e7a9/library/std/src/panic.rs:434:14
[INFO] [stderr]     28:     0x55be8c7d3b6a - std::rt::lang_start_internal::{{closure}}::hbc7de8ec820ac085
[INFO] [stderr]                                  at /rustc/53fd98ca776cb875bc9e5514f56b52eb74f9e7a9/library/std/src/rt.rs:45:48
[INFO] [stderr]     29:     0x55be8c7d3b6a - std::panicking::try::do_call::h2609e52e8bad4a7b
[INFO] [stderr]                                  at /rustc/53fd98ca776cb875bc9e5514f56b52eb74f9e7a9/library/std/src/panicking.rs:401:40
[INFO] [stderr]     30:     0x55be8c7d3b6a - std::panicking::try::hd0929f0b603e0389
[INFO] [stderr]                                  at /rustc/53fd98ca776cb875bc9e5514f56b52eb74f9e7a9/library/std/src/panicking.rs:365:19
[INFO] [stderr]     31:     0x55be8c7d3b6a - std::panic::catch_unwind::h27902b81c3e47571
[INFO] [stderr]                                  at /rustc/53fd98ca776cb875bc9e5514f56b52eb74f9e7a9/library/std/src/panic.rs:434:14
[INFO] [stderr]     32:     0x55be8c7d3b6a - std::rt::lang_start_internal::h3fb2d794dd391e3e
[INFO] [stderr]                                  at /rustc/53fd98ca776cb875bc9e5514f56b52eb74f9e7a9/library/std/src/rt.rs:45:20
[INFO] [stderr]     33:     0x55be8c74f210 - std::rt::lang_start::hee75ab4b542467bc
[INFO] [stderr]                                  at /rustc/53fd98ca776cb875bc9e5514f56b52eb74f9e7a9/library/std/src/rt.rs:62:5
[INFO] [stderr]     34:     0x55be8c74eedc - main
[INFO] [stderr]     35:     0x7f4ca008c0b3 - __libc_start_main
[INFO] [stderr]     36:     0x55be8c74ea5e - _start
[INFO] [stderr]     37:                0x0 - <unknown>
[INFO] running `Command { std: "docker" "inspect" "aa886362e6793694175d3094740fab0a5c20bce2064508be91f7afb9cee5f475", kill_on_drop: false }`
[INFO] running `Command { std: "docker" "rm" "-f" "aa886362e6793694175d3094740fab0a5c20bce2064508be91f7afb9cee5f475", kill_on_drop: false }`
[INFO] [stdout] aa886362e6793694175d3094740fab0a5c20bce2064508be91f7afb9cee5f475
