[INFO] cloning repository https://github.com/rbuckley/hilltop
[INFO] running `Command { std: "git" "-c" "credential.helper=" "-c" "credential.helper=/workspace/cargo-home/bin/git-credential-null" "clone" "--bare" "https://github.com/rbuckley/hilltop" "/workspace/cache/git-repos/https%3A%2F%2Fgithub.com%2Frbuckley%2Fhilltop", kill_on_drop: false }`
[INFO] [stderr] Cloning into bare repository '/workspace/cache/git-repos/https%3A%2F%2Fgithub.com%2Frbuckley%2Fhilltop'...
[INFO] running `Command { std: "git" "rev-parse" "HEAD", kill_on_drop: false }`
[INFO] [stdout] 738c011911ee67cd7ed78a85085d2a41f03e5100
[INFO] testing rbuckley/hilltop against beta-2021-08-01 for beta-1.55-1
[INFO] running `Command { std: "git" "clone" "/workspace/cache/git-repos/https%3A%2F%2Fgithub.com%2Frbuckley%2Fhilltop" "/workspace/builds/worker-113/source", kill_on_drop: false }`
[INFO] [stderr] Cloning into '/workspace/builds/worker-113/source'...
[INFO] [stderr] done.
[INFO] validating manifest of git repo https://github.com/rbuckley/hilltop on toolchain beta-2021-08-01
[INFO] running `Command { std: "/workspace/cargo-home/bin/cargo" "+beta-2021-08-01" "metadata" "--manifest-path" "Cargo.toml" "--no-deps", kill_on_drop: false }`
[INFO] started tweaking git repo https://github.com/rbuckley/hilltop
[INFO] finished tweaking git repo https://github.com/rbuckley/hilltop
[INFO] tweaked toml for git repo https://github.com/rbuckley/hilltop written to /workspace/builds/worker-113/source/Cargo.toml
[INFO] crate git repo https://github.com/rbuckley/hilltop already has a lockfile, it will not be regenerated
[INFO] running `Command { std: "/workspace/cargo-home/bin/cargo" "+beta-2021-08-01" "fetch" "--manifest-path" "Cargo.toml", kill_on_drop: false }`
[INFO] [stderr]  Downloading crates ...
[INFO] [stderr]   Downloaded date_time v2.1.0
[INFO] running `Command { std: "docker" "create" "-v" "/var/lib/crater-agent-workspace/builds/worker-113/target:/opt/rustwide/target:rw,Z" "-v" "/var/lib/crater-agent-workspace/builds/worker-113/source:/opt/rustwide/workdir:ro,Z" "-v" "/var/lib/crater-agent-workspace/cargo-home:/opt/rustwide/cargo-home:ro,Z" "-v" "/var/lib/crater-agent-workspace/rustup-home:/opt/rustwide/rustup-home:ro,Z" "-e" "SOURCE_DIR=/opt/rustwide/workdir" "-e" "CARGO_TARGET_DIR=/opt/rustwide/target" "-e" "CARGO_HOME=/opt/rustwide/cargo-home" "-e" "RUSTUP_HOME=/opt/rustwide/rustup-home" "-w" "/opt/rustwide/workdir" "-m" "1610612736" "--user" "0:0" "--network" "none" "ghcr.io/rust-lang/crates-build-env/linux@sha256:34b6a614d2c27851fe6cbf88fbd1137609cefab8b10d0615aaeb6fd47975d74e" "/opt/rustwide/cargo-home/bin/cargo" "+beta-2021-08-01" "metadata" "--no-deps" "--format-version=1", kill_on_drop: false }`
[INFO] [stdout] 77f7efac31add442504f82eab00bc53e72d2dfdbcb55508b04f5908bb5aab045
[INFO] running `Command { std: "docker" "start" "-a" "77f7efac31add442504f82eab00bc53e72d2dfdbcb55508b04f5908bb5aab045", kill_on_drop: false }`
[INFO] running `Command { std: "docker" "inspect" "77f7efac31add442504f82eab00bc53e72d2dfdbcb55508b04f5908bb5aab045", kill_on_drop: false }`
[INFO] running `Command { std: "docker" "rm" "-f" "77f7efac31add442504f82eab00bc53e72d2dfdbcb55508b04f5908bb5aab045", kill_on_drop: false }`
[INFO] [stdout] 77f7efac31add442504f82eab00bc53e72d2dfdbcb55508b04f5908bb5aab045
[INFO] running `Command { std: "docker" "create" "-v" "/var/lib/crater-agent-workspace/builds/worker-113/target:/opt/rustwide/target:rw,Z" "-v" "/var/lib/crater-agent-workspace/builds/worker-113/source:/opt/rustwide/workdir:ro,Z" "-v" "/var/lib/crater-agent-workspace/cargo-home:/opt/rustwide/cargo-home:ro,Z" "-v" "/var/lib/crater-agent-workspace/rustup-home:/opt/rustwide/rustup-home:ro,Z" "-e" "SOURCE_DIR=/opt/rustwide/workdir" "-e" "CARGO_TARGET_DIR=/opt/rustwide/target" "-e" "CARGO_INCREMENTAL=0" "-e" "RUST_BACKTRACE=full" "-e" "RUSTFLAGS=--cap-lints=warn" "-e" "CARGO_HOME=/opt/rustwide/cargo-home" "-e" "RUSTUP_HOME=/opt/rustwide/rustup-home" "-w" "/opt/rustwide/workdir" "-m" "1610612736" "--user" "0:0" "--network" "none" "ghcr.io/rust-lang/crates-build-env/linux@sha256:34b6a614d2c27851fe6cbf88fbd1137609cefab8b10d0615aaeb6fd47975d74e" "/opt/rustwide/cargo-home/bin/cargo" "+beta-2021-08-01" "build" "--frozen" "--message-format=json", kill_on_drop: false }`
[INFO] [stdout] 804d6bc15c3d38443700e282efee3d5eb846d86f699e5eed894a39d6e9094c69
[INFO] running `Command { std: "docker" "start" "-a" "804d6bc15c3d38443700e282efee3d5eb846d86f699e5eed894a39d6e9094c69", kill_on_drop: false }`
[INFO] [stderr]    Compiling memchr v2.3.3
[INFO] [stderr]    Compiling lazy_static v1.4.0
[INFO] [stderr]    Compiling regex-syntax v0.6.14
[INFO] [stderr]    Compiling thread_local v1.0.1
[INFO] [stderr]    Compiling aho-corasick v0.7.9
[INFO] [stderr]    Compiling regex v1.3.4
[INFO] [stderr]    Compiling date_time v2.1.0
[INFO] [stderr]    Compiling hilltop_clients v0.1.0 (/opt/rustwide/workdir)
[INFO] [stdout] error[E0425]: cannot find value `roster` in this scope
[INFO] [stdout]   --> src/lib.rs:39:9
[INFO] [stdout]    |
[INFO] [stdout] 39 |         roster.insert(c);
[INFO] [stdout]    |         ^^^^^^ a field by this name exists in `Self`
[INFO] [stdout] 
[INFO] [stdout] 
[INFO] [stdout] error[E0425]: cannot find value `roster` in this scope
[INFO] [stdout]   --> src/lib.rs:43:9
[INFO] [stdout]    |
[INFO] [stdout] 43 |         roster.remove(&c);
[INFO] [stdout]    |         ^^^^^^ a field by this name exists in `Self`
[INFO] [stdout] 
[INFO] [stdout] 
[INFO] [stdout] error[E0277]: the trait bound `DateTuple: Hash` is not satisfied
[INFO] [stdout]    --> src/lib.rs:8:21
[INFO] [stdout]     |
[INFO] [stdout] 6   | #[derive(Debug, Hash, PartialEq)]
[INFO] [stdout]     |                 ---- in this derive macro expansion
[INFO] [stdout] 7   | enum Status {
[INFO] [stdout] 8   |     Waitlisted(i32, Date),
[INFO] [stdout]     |                     ^^^^ the trait `Hash` is not implemented for `DateTuple`
[INFO] [stdout]     |
[INFO] [stdout]     = note: this error originates in the derive macro `Hash` (in Nightly builds, run with -Z macro-backtrace for more info)
[INFO] [stdout] 
[INFO] [stdout] 
[INFO] [stdout] error[E0277]: the trait bound `DateTuple: Hash` is not satisfied
[INFO] [stdout]    --> src/lib.rs:9:14
[INFO] [stdout]     |
[INFO] [stdout] 6   | #[derive(Debug, Hash, PartialEq)]
[INFO] [stdout]     |                 ---- in this derive macro expansion
[INFO] [stdout] ...
[INFO] [stdout] 9   |     Enrolled(Date),
[INFO] [stdout]     |              ^^^^ the trait `Hash` is not implemented for `DateTuple`
[INFO] [stdout]     |
[INFO] [stdout]     = note: this error originates in the derive macro `Hash` (in Nightly builds, run with -Z macro-backtrace for more info)
[INFO] [stdout] 
[INFO] [stdout] 
[INFO] [stdout] error[E0277]: the trait bound `DateTuple: Hash` is not satisfied
[INFO] [stdout]    --> src/lib.rs:10:15
[INFO] [stdout]     |
[INFO] [stdout] 6   | #[derive(Debug, Hash, PartialEq)]
[INFO] [stdout]     |                 ---- in this derive macro expansion
[INFO] [stdout] ...
[INFO] [stdout] 10  |     Withdrawn(Date),
[INFO] [stdout]     |               ^^^^ the trait `Hash` is not implemented for `DateTuple`
[INFO] [stdout]     |
[INFO] [stdout]     = note: this error originates in the derive macro `Hash` (in Nightly builds, run with -Z macro-backtrace for more info)
[INFO] [stdout] 
[INFO] [stdout] 
[INFO] [stdout] error[E0277]: the trait bound `DateTuple: Hash` is not satisfied
[INFO] [stdout]    --> src/lib.rs:11:16
[INFO] [stdout]     |
[INFO] [stdout] 6   | #[derive(Debug, Hash, PartialEq)]
[INFO] [stdout]     |                 ---- in this derive macro expansion
[INFO] [stdout] ...
[INFO] [stdout] 11  |     Interested(Date),
[INFO] [stdout]     |                ^^^^ the trait `Hash` is not implemented for `DateTuple`
[INFO] [stdout]     |
[INFO] [stdout]     = note: this error originates in the derive macro `Hash` (in Nightly builds, run with -Z macro-backtrace for more info)
[INFO] [stdout] 
[INFO] [stdout] 
[INFO] [stdout] error[E0277]: the trait bound `DateTuple: Hash` is not satisfied
[INFO] [stdout]    --> src/lib.rs:18:5
[INFO] [stdout]     |
[INFO] [stdout] 14  | #[derive(Debug, Hash, PartialEq)] 
[INFO] [stdout]     |                 ---- in this derive macro expansion
[INFO] [stdout] ...
[INFO] [stdout] 18  |     dob: Date,
[INFO] [stdout]     |     ^^^^^^^^^ the trait `Hash` is not implemented for `DateTuple`
[INFO] [stdout]     |
[INFO] [stdout]     = note: this error originates in the derive macro `Hash` (in Nightly builds, run with -Z macro-backtrace for more info)
[INFO] [stdout] 
[INFO] [stdout] 
[INFO] [stdout] error[E0277]: the trait bound `DateTuple: Hash` is not satisfied
[INFO] [stdout]    --> src/lib.rs:19:5
[INFO] [stdout]     |
[INFO] [stdout] 14  | #[derive(Debug, Hash, PartialEq)] 
[INFO] [stdout]     |                 ---- in this derive macro expansion
[INFO] [stdout] ...
[INFO] [stdout] 19  |     start_date: Option<Date>,
[INFO] [stdout]     |     ^^^^^^^^^^^^^^^^^^^^^^^^ the trait `Hash` is not implemented for `DateTuple`
[INFO] [stdout]     |
[INFO] [stdout]     = note: required because of the requirements on the impl of `Hash` for `Option<DateTuple>`
[INFO] [stdout]     = note: this error originates in the derive macro `Hash` (in Nightly builds, run with -Z macro-backtrace for more info)
[INFO] [stdout] 
[INFO] [stdout] 
[INFO] [stdout] error[E0277]: the trait bound `DateTuple: Hash` is not satisfied
[INFO] [stdout]    --> src/lib.rs:20:5
[INFO] [stdout]     |
[INFO] [stdout] 14  | #[derive(Debug, Hash, PartialEq)] 
[INFO] [stdout]     |                 ---- in this derive macro expansion
[INFO] [stdout] ...
[INFO] [stdout] 20  |     end_date: Option<Date>,
[INFO] [stdout]     |     ^^^^^^^^^^^^^^^^^^^^^^ the trait `Hash` is not implemented for `DateTuple`
[INFO] [stdout]     |
[INFO] [stdout]     = note: required because of the requirements on the impl of `Hash` for `Option<DateTuple>`
[INFO] [stdout]     = note: this error originates in the derive macro `Hash` (in Nightly builds, run with -Z macro-backtrace for more info)
[INFO] [stdout] 
[INFO] [stdout] 
[INFO] [stdout] error[E0277]: the trait bound `TimeTuple: Hash` is not satisfied
[INFO] [stdout]    --> src/lib.rs:21:5
[INFO] [stdout]     |
[INFO] [stdout] 14  | #[derive(Debug, Hash, PartialEq)] 
[INFO] [stdout]     |                 ---- in this derive macro expansion
[INFO] [stdout] ...
[INFO] [stdout] 21  |     start_time: Option<TimeOfDay>,
[INFO] [stdout]     |     ^^^^^^^^^^^^^^^^^^^^^^^^^^^^^ the trait `Hash` is not implemented for `TimeTuple`
[INFO] [stdout]     |
[INFO] [stdout]     = note: required because of the requirements on the impl of `Hash` for `Option<TimeTuple>`
[INFO] [stdout]     = note: this error originates in the derive macro `Hash` (in Nightly builds, run with -Z macro-backtrace for more info)
[INFO] [stdout] 
[INFO] [stdout] 
[INFO] [stdout] error[E0277]: the trait bound `TimeTuple: Hash` is not satisfied
[INFO] [stdout]    --> src/lib.rs:22:5
[INFO] [stdout]     |
[INFO] [stdout] 14  | #[derive(Debug, Hash, PartialEq)] 
[INFO] [stdout]     |                 ---- in this derive macro expansion
[INFO] [stdout] ...
[INFO] [stdout] 22  |     end_time: Option<TimeOfDay>,
[INFO] [stdout]     |     ^^^^^^^^^^^^^^^^^^^^^^^^^^^ the trait `Hash` is not implemented for `TimeTuple`
[INFO] [stdout]     |
[INFO] [stdout]     = note: required because of the requirements on the impl of `Hash` for `Option<TimeTuple>`
[INFO] [stdout]     = note: this error originates in the derive macro `Hash` (in Nightly builds, run with -Z macro-backtrace for more info)
[INFO] [stdout] 
[INFO] [stdout] 
[INFO] [stdout] error[E0308]: mismatched types
[INFO] [stdout]   --> src/lib.rs:42:16
[INFO] [stdout]    |
[INFO] [stdout] 42 |     fn remove (&c: Child) {
[INFO] [stdout]    |                ^^-------
[INFO] [stdout]    |                |   |
[INFO] [stdout]    |                |   expected due to this
[INFO] [stdout]    |                expected struct `Child`, found reference
[INFO] [stdout]    |                help: did you mean `c`: `&Child`
[INFO] [stdout]    |
[INFO] [stdout]    = note: expected struct `Child`
[INFO] [stdout]            found reference `&_`
[INFO] [stdout] 
[INFO] [stdout] 
[INFO] [stdout] error: aborting due to 12 previous errors
[INFO] [stdout] 
[INFO] [stdout] 
[INFO] [stdout] Some errors have detailed explanations: E0277, E0308, E0425.
[INFO] [stdout] 
[INFO] [stdout] For more information about an error, try `rustc --explain E0277`.
[INFO] [stdout] 
[INFO] [stderr] error: could not compile `hilltop_clients` due to 13 previous errors
[INFO] [stderr] warning: build failed, waiting for other jobs to finish...
[INFO] [stderr] error: build failed
[INFO] running `Command { std: "docker" "inspect" "804d6bc15c3d38443700e282efee3d5eb846d86f699e5eed894a39d6e9094c69", kill_on_drop: false }`
[INFO] running `Command { std: "docker" "rm" "-f" "804d6bc15c3d38443700e282efee3d5eb846d86f699e5eed894a39d6e9094c69", kill_on_drop: false }`
[INFO] [stdout] 804d6bc15c3d38443700e282efee3d5eb846d86f699e5eed894a39d6e9094c69
