[INFO] cloning repository https://github.com/raphlinus/interp-toy
[INFO] running `Command { std: "git" "-c" "credential.helper=" "-c" "credential.helper=/workspace/cargo-home/bin/git-credential-null" "clone" "--bare" "https://github.com/raphlinus/interp-toy" "/workspace/cache/git-repos/https%3A%2F%2Fgithub.com%2Fraphlinus%2Finterp-toy", kill_on_drop: false }`
[INFO] [stderr] Cloning into bare repository '/workspace/cache/git-repos/https%3A%2F%2Fgithub.com%2Fraphlinus%2Finterp-toy'...
[INFO] running `Command { std: "git" "rev-parse" "HEAD", kill_on_drop: false }`
[INFO] [stdout] e87f62c0922ce04ea0cee83d624bd9b7d8eafbd8
[INFO] testing raphlinus/interp-toy against beta-2021-08-01 for beta-1.55-1
[INFO] running `Command { std: "git" "clone" "/workspace/cache/git-repos/https%3A%2F%2Fgithub.com%2Fraphlinus%2Finterp-toy" "/workspace/builds/worker-109/source", kill_on_drop: false }`
[INFO] [stderr] Cloning into '/workspace/builds/worker-109/source'...
[INFO] [stderr] done.
[INFO] validating manifest of git repo https://github.com/raphlinus/interp-toy on toolchain beta-2021-08-01
[INFO] running `Command { std: "/workspace/cargo-home/bin/cargo" "+beta-2021-08-01" "metadata" "--manifest-path" "Cargo.toml" "--no-deps", kill_on_drop: false }`
[INFO] started tweaking git repo https://github.com/raphlinus/interp-toy
[INFO] finished tweaking git repo https://github.com/raphlinus/interp-toy
[INFO] tweaked toml for git repo https://github.com/raphlinus/interp-toy written to /workspace/builds/worker-109/source/Cargo.toml
[INFO] crate git repo https://github.com/raphlinus/interp-toy already has a lockfile, it will not be regenerated
[INFO] running `Command { std: "/workspace/cargo-home/bin/cargo" "+beta-2021-08-01" "fetch" "--manifest-path" "Cargo.toml", kill_on_drop: false }`
[INFO] [stderr]     Blocking waiting for file lock on package cache
[INFO] [stderr]     Updating git repository `https://github.com/xi-editor/druid`
[INFO] [stderr]     Blocking waiting for file lock on package cache
[INFO] [stderr]  Downloading crates ...
[INFO] [stderr]   Downloaded direct3d11 v0.1.7
[INFO] [stderr]   Downloaded matrixmultiply v0.2.2
[INFO] [stderr]   Downloaded cairo-rs v0.7.1
[INFO] [stderr]   Downloaded objc v0.2.6
[INFO] [stderr]   Downloaded unic-langid v0.4.2
[INFO] [stderr]   Downloaded cocoa v0.18.4
[INFO] [stderr]   Downloaded unic-langid-macros v0.3.0
[INFO] [stderr]   Downloaded cairo-sys-rs v0.9.0
[INFO] [stderr]   Downloaded direct2d v0.2.0
[INFO] [stderr]   Downloaded directwrite v0.1.4
[INFO] [stderr]   Downloaded boolinator v2.4.0
[INFO] [stderr]   Downloaded piet-direct2d v0.0.6
[INFO] [stderr]   Downloaded piet-common v0.0.6
[INFO] [stderr]   Downloaded alga v0.9.1
[INFO] [stderr]   Downloaded dxgi v0.1.7
[INFO] [stderr]   Downloaded unic-langid-macros-impl v0.3.0
[INFO] [stderr]   Downloaded nalgebra v0.18.0
[INFO] [stderr]   Downloaded piet v0.0.6
[INFO] [stderr]   Downloaded piet-cairo v0.0.6
[INFO] [stderr]   Downloaded piet-web v0.0.6
[INFO] [stderr]   Downloaded kurbo v0.5.1
[INFO] [stderr]   Downloaded rbf-interp v0.1.3
[INFO] running `Command { std: "docker" "create" "-v" "/var/lib/crater-agent-workspace/builds/worker-109/target:/opt/rustwide/target:rw,Z" "-v" "/var/lib/crater-agent-workspace/builds/worker-109/source:/opt/rustwide/workdir:ro,Z" "-v" "/var/lib/crater-agent-workspace/cargo-home:/opt/rustwide/cargo-home:ro,Z" "-v" "/var/lib/crater-agent-workspace/rustup-home:/opt/rustwide/rustup-home:ro,Z" "-e" "SOURCE_DIR=/opt/rustwide/workdir" "-e" "CARGO_TARGET_DIR=/opt/rustwide/target" "-e" "CARGO_HOME=/opt/rustwide/cargo-home" "-e" "RUSTUP_HOME=/opt/rustwide/rustup-home" "-w" "/opt/rustwide/workdir" "-m" "1610612736" "--user" "0:0" "--network" "none" "ghcr.io/rust-lang/crates-build-env/linux@sha256:34b6a614d2c27851fe6cbf88fbd1137609cefab8b10d0615aaeb6fd47975d74e" "/opt/rustwide/cargo-home/bin/cargo" "+beta-2021-08-01" "metadata" "--no-deps" "--format-version=1", kill_on_drop: false }`
[INFO] [stdout] d9179a6d6b72f22ca1936bf2237a6e935bed90c84e4a3a411474a882a0d85dac
[INFO] running `Command { std: "docker" "start" "-a" "d9179a6d6b72f22ca1936bf2237a6e935bed90c84e4a3a411474a882a0d85dac", kill_on_drop: false }`
[INFO] running `Command { std: "docker" "inspect" "d9179a6d6b72f22ca1936bf2237a6e935bed90c84e4a3a411474a882a0d85dac", kill_on_drop: false }`
[INFO] running `Command { std: "docker" "rm" "-f" "d9179a6d6b72f22ca1936bf2237a6e935bed90c84e4a3a411474a882a0d85dac", kill_on_drop: false }`
[INFO] [stdout] d9179a6d6b72f22ca1936bf2237a6e935bed90c84e4a3a411474a882a0d85dac
[INFO] running `Command { std: "docker" "create" "-v" "/var/lib/crater-agent-workspace/builds/worker-109/target:/opt/rustwide/target:rw,Z" "-v" "/var/lib/crater-agent-workspace/builds/worker-109/source:/opt/rustwide/workdir:ro,Z" "-v" "/var/lib/crater-agent-workspace/cargo-home:/opt/rustwide/cargo-home:ro,Z" "-v" "/var/lib/crater-agent-workspace/rustup-home:/opt/rustwide/rustup-home:ro,Z" "-e" "SOURCE_DIR=/opt/rustwide/workdir" "-e" "CARGO_TARGET_DIR=/opt/rustwide/target" "-e" "CARGO_INCREMENTAL=0" "-e" "RUST_BACKTRACE=full" "-e" "RUSTFLAGS=--cap-lints=warn" "-e" "CARGO_HOME=/opt/rustwide/cargo-home" "-e" "RUSTUP_HOME=/opt/rustwide/rustup-home" "-w" "/opt/rustwide/workdir" "-m" "1610612736" "--user" "0:0" "--network" "none" "ghcr.io/rust-lang/crates-build-env/linux@sha256:34b6a614d2c27851fe6cbf88fbd1137609cefab8b10d0615aaeb6fd47975d74e" "/opt/rustwide/cargo-home/bin/cargo" "+beta-2021-08-01" "build" "--frozen" "--message-format=json", kill_on_drop: false }`
[INFO] [stdout] c15c4b61c3b184cc03cb7ac176e0a3eac42c75f7aa5201336b47475a44fbe5f5
[INFO] running `Command { std: "docker" "start" "-a" "c15c4b61c3b184cc03cb7ac176e0a3eac42c75f7aa5201336b47475a44fbe5f5", kill_on_drop: false }`
[INFO] [stderr]    Compiling autocfg v0.1.5
[INFO] [stderr]    Compiling libc v0.2.60
[INFO] [stderr]    Compiling proc-macro2 v1.0.2
[INFO] [stderr]    Compiling proc-macro2 v0.4.30
[INFO] [stderr]    Compiling unicode-xid v0.1.0
[INFO] [stderr]    Compiling syn v1.0.5
[INFO] [stderr]    Compiling syn v0.15.42
[INFO] [stderr]    Compiling rand_core v0.4.0
[INFO] [stderr]    Compiling bitflags v1.1.0
[INFO] [stderr]    Compiling pkg-config v0.3.15
[INFO] [stderr]    Compiling arrayvec v0.4.11
[INFO] [stderr]    Compiling nodrop v0.1.13
[INFO] [stderr]    Compiling cc v1.0.38
[INFO] [stderr]    Compiling unic-langid-impl v0.4.0
[INFO] [stderr]    Compiling cfg-if v0.1.9
[INFO] [stderr]    Compiling cairo-rs v0.7.1
[INFO] [stderr]    Compiling typenum v1.10.0
[INFO] [stderr]    Compiling libm v0.1.4
[INFO] [stderr]    Compiling failure_derive v0.1.5
[INFO] [stderr]    Compiling unicode-segmentation v1.3.0
[INFO] [stderr]    Compiling unicode-width v0.1.6
[INFO] [stderr]    Compiling rustc-demangle v0.1.15
[INFO] [stderr]    Compiling rawpointer v0.1.0
[INFO] [stderr]    Compiling stable_deref_trait v1.1.1
[INFO] [stderr]    Compiling strsim v0.8.0
[INFO] [stderr]    Compiling ansi_term v0.11.0
[INFO] [stderr]    Compiling vec_map v0.8.1
[INFO] [stderr]    Compiling fluent-syntax v0.9.0
[INFO] [stderr]    Compiling smallvec v0.6.10
[INFO] [stderr]    Compiling lazy_static v1.3.0
[INFO] [stderr]    Compiling phf_shared v0.7.24
[INFO] [stderr]    Compiling log v0.4.8
[INFO] [stderr]    Compiling textwrap v0.11.0
[INFO] [stderr]    Compiling rand_core v0.3.1
[INFO] [stderr]    Compiling rand_jitter v0.1.4
[INFO] [stderr]    Compiling rand_isaac v0.1.1
[INFO] [stderr]    Compiling rand_xorshift v0.1.1
[INFO] [stderr]    Compiling rand_hc v0.1.0
[INFO] [stderr]    Compiling matrixmultiply v0.2.2
[INFO] [stderr]    Compiling heck v0.3.1
[INFO] [stderr]    Compiling phf v0.7.24
[INFO] [stderr]    Compiling num-traits v0.2.8
[INFO] [stderr]    Compiling num-complex v0.2.3
[INFO] [stderr]    Compiling num-integer v0.1.41
[INFO] [stderr]    Compiling rand_chacha v0.1.1
[INFO] [stderr]    Compiling rand_pcg v0.1.2
[INFO] [stderr]    Compiling rand v0.6.5
[INFO] [stderr]    Compiling cairo-sys-rs v0.9.0
[INFO] [stderr]    Compiling backtrace-sys v0.1.31
[INFO] [stderr]    Compiling kurbo v0.5.1
[INFO] [stderr]    Compiling quote v0.6.13
[INFO] [stderr]    Compiling quote v1.0.2
[INFO] [stderr]    Compiling time v0.1.42
[INFO] [stderr]    Compiling atty v0.2.13
[INFO] [stderr]    Compiling rand_os v0.1.3
[INFO] [stderr]    Compiling generic-array v0.12.3
[INFO] [stderr]    Compiling clap v2.33.0
[INFO] [stderr]    Compiling piet v0.0.6
[INFO] [stderr]    Compiling backtrace v0.3.33
[INFO] [stderr]    Compiling piet-cairo v0.0.6
[INFO] [stderr]    Compiling piet-common v0.0.6
[INFO] [stderr]    Compiling approx v0.3.2
[INFO] [stderr]    Compiling druid-shell v0.3.0 (https://github.com/xi-editor/druid?rev=cfbde68ca16c67b20268a5999da469ed76999b82#cfbde68c)
[INFO] [stdout] error[E0432]: unresolved import `crate::platform`
[INFO] [stdout]   --> /opt/rustwide/cargo-home/git/checkouts/druid-1a6b6c4d20db75fe/cfbde68/druid-shell/src/window.rs:22:5
[INFO] [stdout]    |
[INFO] [stdout] 22 | use crate::platform;
[INFO] [stdout]    |     ^^^^^^^^^^^^^^^ no `platform` in the root
[INFO] [stdout] 
[INFO] [stdout] 
[INFO] [stdout] error[E0432]: unresolved import `platform`
[INFO] [stdout]   --> /opt/rustwide/cargo-home/git/checkouts/druid-1a6b6c4d20db75fe/cfbde68/druid-shell/src/lib.rs:51:9
[INFO] [stdout]    |
[INFO] [stdout] 51 | pub use platform::application;
[INFO] [stdout]    |         ^^^^^^^^ use of undeclared crate or module `platform`
[INFO] [stdout] 
[INFO] [stdout] 
[INFO] [stdout] error[E0432]: unresolved import `platform`
[INFO] [stdout]   --> /opt/rustwide/cargo-home/git/checkouts/druid-1a6b6c4d20db75fe/cfbde68/druid-shell/src/lib.rs:52:9
[INFO] [stdout]    |
[INFO] [stdout] 52 | pub use platform::dialog;
[INFO] [stdout]    |         ^^^^^^^^ use of undeclared crate or module `platform`
[INFO] [stdout] 
[INFO] [stdout] 
[INFO] [stdout] error[E0432]: unresolved import `platform`
[INFO] [stdout]   --> /opt/rustwide/cargo-home/git/checkouts/druid-1a6b6c4d20db75fe/cfbde68/druid-shell/src/lib.rs:53:9
[INFO] [stdout]    |
[INFO] [stdout] 53 | pub use platform::menu;
[INFO] [stdout]    |         ^^^^^^^^ use of undeclared crate or module `platform`
[INFO] [stdout] 
[INFO] [stdout] 
[INFO] [stdout] error[E0432]: unresolved import `platform`
[INFO] [stdout]   --> /opt/rustwide/cargo-home/git/checkouts/druid-1a6b6c4d20db75fe/cfbde68/druid-shell/src/lib.rs:54:9
[INFO] [stdout]    |
[INFO] [stdout] 54 | pub use platform::util;
[INFO] [stdout]    |         ^^^^^^^^ use of undeclared crate or module `platform`
[INFO] [stdout] 
[INFO] [stdout] 
[INFO] [stdout] error[E0432]: unresolved import `platform`
[INFO] [stdout]   --> /opt/rustwide/cargo-home/git/checkouts/druid-1a6b6c4d20db75fe/cfbde68/druid-shell/src/lib.rs:55:9
[INFO] [stdout]    |
[INFO] [stdout] 55 | pub use platform::win_main as runloop; // TODO: rename to "runloop"
[INFO] [stdout]    |         ^^^^^^^^ use of undeclared crate or module `platform`
[INFO] [stdout] 
[INFO] [stdout] 
[INFO] [stdout] error[E0432]: unresolved imports `platform`, `util::get_locale`, `util::init`
[INFO] [stdout]   --> /opt/rustwide/cargo-home/git/checkouts/druid-1a6b6c4d20db75fe/cfbde68/druid-shell/src/lib.rs:56:9
[INFO] [stdout]    |
[INFO] [stdout] 56 | pub use platform::WindowBuilder;
[INFO] [stdout]    |         ^^^^^^^^ use of undeclared crate or module `platform`
[INFO] [stdout] 57 | pub use util::{get_locale, init};
[INFO] [stdout]    |                ^^^^^^^^^^  ^^^^
[INFO] [stdout] 
[INFO] [stdout] 
[INFO] [stdout] error[E0283]: type annotations needed
[INFO] [stdout]    --> /opt/rustwide/cargo-home/git/checkouts/druid-1a6b6c4d20db75fe/cfbde68/druid-shell/src/window.rs:49:5
[INFO] [stdout]     |
[INFO] [stdout] 47  | #[derive(Clone, Default)]
[INFO] [stdout]     |                 ------- in this derive macro expansion
[INFO] [stdout] 48  | pub struct WindowHandle {
[INFO] [stdout] 49  |     pub inner: platform::WindowHandle,
[INFO] [stdout]     |     ^^^^^^^^^^^^^^^^^^^^^^^^^^^^^^^^^ cannot infer type
[INFO] [stdout]     |
[INFO] [stdout]     = note: cannot satisfy `_: Default`
[INFO] [stdout] note: required by `std::default::Default::default`
[INFO] [stdout]     = note: this error originates in the derive macro `Default` (in Nightly builds, run with -Z macro-backtrace for more info)
[INFO] [stdout] 
[INFO] [stdout] 
[INFO] [stdout] error: aborting due to 8 previous errors
[INFO] [stdout] 
[INFO] [stdout] 
[INFO] [stdout] Some errors have detailed explanations: E0283, E0432.
[INFO] [stdout] 
[INFO] [stdout] For more information about an error, try `rustc --explain E0283`.
[INFO] [stdout] 
[INFO] [stderr] error: could not compile `druid-shell` due to 9 previous errors
[INFO] [stderr] warning: build failed, waiting for other jobs to finish...
[INFO] [stderr] error: build failed
[INFO] running `Command { std: "docker" "inspect" "c15c4b61c3b184cc03cb7ac176e0a3eac42c75f7aa5201336b47475a44fbe5f5", kill_on_drop: false }`
[INFO] running `Command { std: "docker" "rm" "-f" "c15c4b61c3b184cc03cb7ac176e0a3eac42c75f7aa5201336b47475a44fbe5f5", kill_on_drop: false }`
[INFO] [stdout] c15c4b61c3b184cc03cb7ac176e0a3eac42c75f7aa5201336b47475a44fbe5f5
