[INFO] cloning repository https://github.com/ranmaru22/minirc
[INFO] running `Command { std: "git" "-c" "credential.helper=" "-c" "credential.helper=/workspace/cargo-home/bin/git-credential-null" "clone" "--bare" "https://github.com/ranmaru22/minirc" "/workspace/cache/git-repos/https%3A%2F%2Fgithub.com%2Franmaru22%2Fminirc", kill_on_drop: false }`
[INFO] [stderr] Cloning into bare repository '/workspace/cache/git-repos/https%3A%2F%2Fgithub.com%2Franmaru22%2Fminirc'...
[INFO] running `Command { std: "git" "rev-parse" "HEAD", kill_on_drop: false }`
[INFO] [stdout] cbb352f49fb87442147a3781dcc963ea5a380acc
[INFO] testing ranmaru22/minirc against beta-2021-08-01 for beta-1.55-1
[INFO] running `Command { std: "git" "clone" "/workspace/cache/git-repos/https%3A%2F%2Fgithub.com%2Franmaru22%2Fminirc" "/workspace/builds/worker-43/source", kill_on_drop: false }`
[INFO] [stderr] Cloning into '/workspace/builds/worker-43/source'...
[INFO] [stderr] done.
[INFO] validating manifest of git repo https://github.com/ranmaru22/minirc on toolchain beta-2021-08-01
[INFO] running `Command { std: "/workspace/cargo-home/bin/cargo" "+beta-2021-08-01" "metadata" "--manifest-path" "Cargo.toml" "--no-deps", kill_on_drop: false }`
[INFO] started tweaking git repo https://github.com/ranmaru22/minirc
[INFO] finished tweaking git repo https://github.com/ranmaru22/minirc
[INFO] tweaked toml for git repo https://github.com/ranmaru22/minirc written to /workspace/builds/worker-43/source/Cargo.toml
[INFO] crate git repo https://github.com/ranmaru22/minirc already has a lockfile, it will not be regenerated
[INFO] running `Command { std: "/workspace/cargo-home/bin/cargo" "+beta-2021-08-01" "fetch" "--manifest-path" "Cargo.toml", kill_on_drop: false }`
[INFO] [stderr]     Blocking waiting for file lock on package cache
[INFO] [stderr]     Blocking waiting for file lock on package cache
[INFO] running `Command { std: "docker" "create" "-v" "/var/lib/crater-agent-workspace/builds/worker-43/target:/opt/rustwide/target:rw,Z" "-v" "/var/lib/crater-agent-workspace/builds/worker-43/source:/opt/rustwide/workdir:ro,Z" "-v" "/var/lib/crater-agent-workspace/cargo-home:/opt/rustwide/cargo-home:ro,Z" "-v" "/var/lib/crater-agent-workspace/rustup-home:/opt/rustwide/rustup-home:ro,Z" "-e" "SOURCE_DIR=/opt/rustwide/workdir" "-e" "CARGO_TARGET_DIR=/opt/rustwide/target" "-e" "CARGO_HOME=/opt/rustwide/cargo-home" "-e" "RUSTUP_HOME=/opt/rustwide/rustup-home" "-w" "/opt/rustwide/workdir" "-m" "1610612736" "--user" "0:0" "--network" "none" "ghcr.io/rust-lang/crates-build-env/linux@sha256:34b6a614d2c27851fe6cbf88fbd1137609cefab8b10d0615aaeb6fd47975d74e" "/opt/rustwide/cargo-home/bin/cargo" "+beta-2021-08-01" "metadata" "--no-deps" "--format-version=1", kill_on_drop: false }`
[INFO] [stdout] de1a49f483362af633779fc76419bb4a637d465e42877e8e98682c9dfd19efac
[INFO] running `Command { std: "docker" "start" "-a" "de1a49f483362af633779fc76419bb4a637d465e42877e8e98682c9dfd19efac", kill_on_drop: false }`
[INFO] running `Command { std: "docker" "inspect" "de1a49f483362af633779fc76419bb4a637d465e42877e8e98682c9dfd19efac", kill_on_drop: false }`
[INFO] running `Command { std: "docker" "rm" "-f" "de1a49f483362af633779fc76419bb4a637d465e42877e8e98682c9dfd19efac", kill_on_drop: false }`
[INFO] [stdout] de1a49f483362af633779fc76419bb4a637d465e42877e8e98682c9dfd19efac
[INFO] running `Command { std: "docker" "create" "-v" "/var/lib/crater-agent-workspace/builds/worker-43/target:/opt/rustwide/target:rw,Z" "-v" "/var/lib/crater-agent-workspace/builds/worker-43/source:/opt/rustwide/workdir:ro,Z" "-v" "/var/lib/crater-agent-workspace/cargo-home:/opt/rustwide/cargo-home:ro,Z" "-v" "/var/lib/crater-agent-workspace/rustup-home:/opt/rustwide/rustup-home:ro,Z" "-e" "SOURCE_DIR=/opt/rustwide/workdir" "-e" "CARGO_TARGET_DIR=/opt/rustwide/target" "-e" "CARGO_INCREMENTAL=0" "-e" "RUST_BACKTRACE=full" "-e" "RUSTFLAGS=--cap-lints=warn" "-e" "CARGO_HOME=/opt/rustwide/cargo-home" "-e" "RUSTUP_HOME=/opt/rustwide/rustup-home" "-w" "/opt/rustwide/workdir" "-m" "1610612736" "--user" "0:0" "--network" "none" "ghcr.io/rust-lang/crates-build-env/linux@sha256:34b6a614d2c27851fe6cbf88fbd1137609cefab8b10d0615aaeb6fd47975d74e" "/opt/rustwide/cargo-home/bin/cargo" "+beta-2021-08-01" "build" "--frozen" "--message-format=json", kill_on_drop: false }`
[INFO] [stdout] 45d962636af588a252d6e7632827a3629c9afe376a52b5b9baf416876e3d5a0d
[INFO] running `Command { std: "docker" "start" "-a" "45d962636af588a252d6e7632827a3629c9afe376a52b5b9baf416876e3d5a0d", kill_on_drop: false }`
[INFO] [stderr]     Blocking waiting for file lock on package cache
[INFO] [stderr]    Compiling libc v0.2.77
[INFO] [stderr]    Compiling cc v1.0.60
[INFO] [stderr]    Compiling pkg-config v0.3.18
[INFO] [stderr]    Compiling log v0.4.11
[INFO] [stderr]    Compiling argparse v0.2.2
[INFO] [stderr]    Compiling ncurses v5.99.0
[INFO] [stderr]    Compiling pancurses v0.16.1
[INFO] [stderr]    Compiling minirc v0.1.0 (/opt/rustwide/workdir)
[INFO] [stderr]     Finished dev [unoptimized + debuginfo] target(s) in 14.93s
[INFO] running `Command { std: "docker" "inspect" "45d962636af588a252d6e7632827a3629c9afe376a52b5b9baf416876e3d5a0d", kill_on_drop: false }`
[INFO] running `Command { std: "docker" "rm" "-f" "45d962636af588a252d6e7632827a3629c9afe376a52b5b9baf416876e3d5a0d", kill_on_drop: false }`
[INFO] [stdout] 45d962636af588a252d6e7632827a3629c9afe376a52b5b9baf416876e3d5a0d
[INFO] running `Command { std: "docker" "create" "-v" "/var/lib/crater-agent-workspace/builds/worker-43/target:/opt/rustwide/target:rw,Z" "-v" "/var/lib/crater-agent-workspace/builds/worker-43/source:/opt/rustwide/workdir:ro,Z" "-v" "/var/lib/crater-agent-workspace/cargo-home:/opt/rustwide/cargo-home:ro,Z" "-v" "/var/lib/crater-agent-workspace/rustup-home:/opt/rustwide/rustup-home:ro,Z" "-e" "SOURCE_DIR=/opt/rustwide/workdir" "-e" "CARGO_TARGET_DIR=/opt/rustwide/target" "-e" "CARGO_INCREMENTAL=0" "-e" "RUST_BACKTRACE=full" "-e" "RUSTFLAGS=--cap-lints=warn" "-e" "CARGO_HOME=/opt/rustwide/cargo-home" "-e" "RUSTUP_HOME=/opt/rustwide/rustup-home" "-w" "/opt/rustwide/workdir" "-m" "1610612736" "--user" "0:0" "--network" "none" "ghcr.io/rust-lang/crates-build-env/linux@sha256:34b6a614d2c27851fe6cbf88fbd1137609cefab8b10d0615aaeb6fd47975d74e" "/opt/rustwide/cargo-home/bin/cargo" "+beta-2021-08-01" "test" "--frozen" "--no-run" "--message-format=json", kill_on_drop: false }`
[INFO] [stdout] 0d301eb58ffccca7c19d5ae4ea470dcfb0f56088792cfddd9de4cf55c8a4deba
[INFO] running `Command { std: "docker" "start" "-a" "0d301eb58ffccca7c19d5ae4ea470dcfb0f56088792cfddd9de4cf55c8a4deba", kill_on_drop: false }`
[INFO] [stderr]     Blocking waiting for file lock on package cache
[INFO] [stderr]    Compiling minirc v0.1.0 (/opt/rustwide/workdir)
[INFO] [stdout] error[E0599]: no variant or associated item named `from_str` found for enum `libminirc::command::Command` in the current scope
[INFO] [stdout]  --> tests/command_test.rs:8:25
[INFO] [stdout]   |
[INFO] [stdout] 8 |     assert_eq!(Command::from_str(test_str), expected);
[INFO] [stdout]   |                         ^^^^^^^^ variant or associated item not found in `libminirc::command::Command<'_>`
[INFO] [stdout] 
[INFO] [stdout] 
[INFO] [stdout] error[E0599]: no variant or associated item named `from_str` found for enum `libminirc::command::Command` in the current scope
[INFO] [stdout]   --> tests/command_test.rs:17:25
[INFO] [stdout]    |
[INFO] [stdout] 17 |     assert_eq!(Command::from_str(test_str), expected);
[INFO] [stdout]    |                         ^^^^^^^^ variant or associated item not found in `libminirc::command::Command<'_>`
[INFO] [stdout] 
[INFO] [stdout] 
[INFO] [stdout] error[E0599]: no variant or associated item named `from_str` found for enum `libminirc::command::Command` in the current scope
[INFO] [stdout]   --> tests/command_test.rs:26:25
[INFO] [stdout]    |
[INFO] [stdout] 26 |     assert_eq!(Command::from_str(test_str), expected);
[INFO] [stdout]    |                         ^^^^^^^^ variant or associated item not found in `libminirc::command::Command<'_>`
[INFO] [stdout] 
[INFO] [stdout] 
[INFO] [stdout] error[E0599]: no variant or associated item named `from_str` found for enum `libminirc::command::Command` in the current scope
[INFO] [stdout]   --> tests/command_test.rs:35:25
[INFO] [stdout]    |
[INFO] [stdout] 35 |     assert_eq!(Command::from_str(test_str), expected);
[INFO] [stdout]    |                         ^^^^^^^^ variant or associated item not found in `libminirc::command::Command<'_>`
[INFO] [stdout] 
[INFO] [stdout] 
[INFO] [stdout] error: aborting due to 4 previous errors
[INFO] [stdout] 
[INFO] [stdout] 
[INFO] [stdout] For more information about this error, try `rustc --explain E0599`.
[INFO] [stdout] 
[INFO] [stderr] error: could not compile `minirc` due to 5 previous errors
[INFO] [stderr] warning: build failed, waiting for other jobs to finish...
[INFO] [stderr] error: build failed
[INFO] running `Command { std: "docker" "inspect" "0d301eb58ffccca7c19d5ae4ea470dcfb0f56088792cfddd9de4cf55c8a4deba", kill_on_drop: false }`
[INFO] running `Command { std: "docker" "rm" "-f" "0d301eb58ffccca7c19d5ae4ea470dcfb0f56088792cfddd9de4cf55c8a4deba", kill_on_drop: false }`
[INFO] [stdout] 0d301eb58ffccca7c19d5ae4ea470dcfb0f56088792cfddd9de4cf55c8a4deba
