[INFO] cloning repository https://github.com/qsib-cbie/external-analysis-lib-rs
[INFO] running `Command { std: "git" "-c" "credential.helper=" "-c" "credential.helper=/workspace/cargo-home/bin/git-credential-null" "clone" "--bare" "https://github.com/qsib-cbie/external-analysis-lib-rs" "/workspace/cache/git-repos/https%3A%2F%2Fgithub.com%2Fqsib-cbie%2Fexternal-analysis-lib-rs", kill_on_drop: false }`
[INFO] [stderr] Cloning into bare repository '/workspace/cache/git-repos/https%3A%2F%2Fgithub.com%2Fqsib-cbie%2Fexternal-analysis-lib-rs'...
[INFO] running `Command { std: "git" "rev-parse" "HEAD", kill_on_drop: false }`
[INFO] [stdout] 51ab2e22fbe9a1658588d07b8bb73e662d467e59
[INFO] testing qsib-cbie/external-analysis-lib-rs against beta-2021-08-01 for beta-1.55-1
[INFO] running `Command { std: "git" "clone" "/workspace/cache/git-repos/https%3A%2F%2Fgithub.com%2Fqsib-cbie%2Fexternal-analysis-lib-rs" "/workspace/builds/worker-15/source", kill_on_drop: false }`
[INFO] [stderr] Cloning into '/workspace/builds/worker-15/source'...
[INFO] [stderr] done.
[INFO] validating manifest of git repo https://github.com/qsib-cbie/external-analysis-lib-rs on toolchain beta-2021-08-01
[INFO] running `Command { std: "/workspace/cargo-home/bin/cargo" "+beta-2021-08-01" "metadata" "--manifest-path" "Cargo.toml" "--no-deps", kill_on_drop: false }`
[INFO] started tweaking git repo https://github.com/qsib-cbie/external-analysis-lib-rs
[INFO] finished tweaking git repo https://github.com/qsib-cbie/external-analysis-lib-rs
[INFO] tweaked toml for git repo https://github.com/qsib-cbie/external-analysis-lib-rs written to /workspace/builds/worker-15/source/Cargo.toml
[INFO] crate git repo https://github.com/qsib-cbie/external-analysis-lib-rs already has a lockfile, it will not be regenerated
[INFO] running `Command { std: "/workspace/cargo-home/bin/cargo" "+beta-2021-08-01" "fetch" "--manifest-path" "Cargo.toml", kill_on_drop: false }`
[INFO] [stderr]     Blocking waiting for file lock on package cache
[INFO] running `Command { std: "docker" "create" "-v" "/var/lib/crater-agent-workspace/builds/worker-15/target:/opt/rustwide/target:rw,Z" "-v" "/var/lib/crater-agent-workspace/builds/worker-15/source:/opt/rustwide/workdir:ro,Z" "-v" "/var/lib/crater-agent-workspace/cargo-home:/opt/rustwide/cargo-home:ro,Z" "-v" "/var/lib/crater-agent-workspace/rustup-home:/opt/rustwide/rustup-home:ro,Z" "-e" "SOURCE_DIR=/opt/rustwide/workdir" "-e" "CARGO_TARGET_DIR=/opt/rustwide/target" "-e" "CARGO_HOME=/opt/rustwide/cargo-home" "-e" "RUSTUP_HOME=/opt/rustwide/rustup-home" "-w" "/opt/rustwide/workdir" "-m" "1610612736" "--user" "0:0" "--network" "none" "ghcr.io/rust-lang/crates-build-env/linux@sha256:34b6a614d2c27851fe6cbf88fbd1137609cefab8b10d0615aaeb6fd47975d74e" "/opt/rustwide/cargo-home/bin/cargo" "+beta-2021-08-01" "metadata" "--no-deps" "--format-version=1", kill_on_drop: false }`
[INFO] [stdout] 1ef755b00105bb6a76e153384e143a798f466897ab8dda1d7fd723b9fa945cd9
[INFO] running `Command { std: "docker" "start" "-a" "1ef755b00105bb6a76e153384e143a798f466897ab8dda1d7fd723b9fa945cd9", kill_on_drop: false }`
[INFO] running `Command { std: "docker" "inspect" "1ef755b00105bb6a76e153384e143a798f466897ab8dda1d7fd723b9fa945cd9", kill_on_drop: false }`
[INFO] running `Command { std: "docker" "rm" "-f" "1ef755b00105bb6a76e153384e143a798f466897ab8dda1d7fd723b9fa945cd9", kill_on_drop: false }`
[INFO] [stdout] 1ef755b00105bb6a76e153384e143a798f466897ab8dda1d7fd723b9fa945cd9
[INFO] running `Command { std: "docker" "create" "-v" "/var/lib/crater-agent-workspace/builds/worker-15/target:/opt/rustwide/target:rw,Z" "-v" "/var/lib/crater-agent-workspace/builds/worker-15/source:/opt/rustwide/workdir:ro,Z" "-v" "/var/lib/crater-agent-workspace/cargo-home:/opt/rustwide/cargo-home:ro,Z" "-v" "/var/lib/crater-agent-workspace/rustup-home:/opt/rustwide/rustup-home:ro,Z" "-e" "SOURCE_DIR=/opt/rustwide/workdir" "-e" "CARGO_TARGET_DIR=/opt/rustwide/target" "-e" "CARGO_INCREMENTAL=0" "-e" "RUST_BACKTRACE=full" "-e" "RUSTFLAGS=--cap-lints=warn" "-e" "CARGO_HOME=/opt/rustwide/cargo-home" "-e" "RUSTUP_HOME=/opt/rustwide/rustup-home" "-w" "/opt/rustwide/workdir" "-m" "1610612736" "--user" "0:0" "--network" "none" "ghcr.io/rust-lang/crates-build-env/linux@sha256:34b6a614d2c27851fe6cbf88fbd1137609cefab8b10d0615aaeb6fd47975d74e" "/opt/rustwide/cargo-home/bin/cargo" "+beta-2021-08-01" "build" "--frozen" "--message-format=json", kill_on_drop: false }`
[INFO] [stdout] 7233fb0b37be6960003d3cfa7a791d31322ec0bd42370d5d6cba8651646fe1cc
[INFO] running `Command { std: "docker" "start" "-a" "7233fb0b37be6960003d3cfa7a791d31322ec0bd42370d5d6cba8651646fe1cc", kill_on_drop: false }`
[INFO] [stderr]     Blocking waiting for file lock on package cache
[INFO] [stderr]    Compiling libc v0.2.86
[INFO] [stderr]    Compiling getrandom v0.2.2
[INFO] [stderr]    Compiling fs_extra v1.2.0
[INFO] [stderr]    Compiling cc v1.0.66
[INFO] [stderr]    Compiling log v0.4.14
[INFO] [stderr]    Compiling regex-syntax v0.6.22
[INFO] [stderr]    Compiling byteorder v1.4.2
[INFO] [stderr]    Compiling stable_deref_trait v1.2.0
[INFO] [stderr]    Compiling heapless v0.6.0
[INFO] [stderr]    Compiling external-analysis-lib-rs v0.1.0 (/opt/rustwide/workdir)
[INFO] [stderr]    Compiling humantime v2.1.0
[INFO] [stderr]    Compiling spin v0.7.1
[INFO] [stderr]    Compiling dotenv v0.15.0
[INFO] [stderr]    Compiling thread_local v1.1.3
[INFO] [stderr]    Compiling generic-array v0.13.2
[INFO] [stderr]    Compiling cstr_core v0.2.2
[INFO] [stderr]    Compiling hash32 v0.1.1
[INFO] [stderr]    Compiling as-slice v0.1.4
[INFO] [stderr]    Compiling jemalloc-sys v0.3.2
[INFO] [stderr]    Compiling atty v0.2.14
[INFO] [stderr]    Compiling rand_core v0.6.1
[INFO] [stderr]    Compiling regex v1.4.3
[INFO] [stderr]    Compiling rand_xorshift v0.3.0
[INFO] [stderr]    Compiling env_logger v0.8.3
[INFO] [stderr]    Compiling jemallocator v0.3.2
[INFO] [stdout] error[E0583]: file not found for module `version`
[INFO] [stdout]   --> src/lib.rs:24:1
[INFO] [stdout]    |
[INFO] [stdout] 24 | mod version;
[INFO] [stdout]    | ^^^^^^^^^^^^
[INFO] [stdout]    |
[INFO] [stdout]    = help: to create the module `version`, create file "src/version.rs" or "src/version/mod.rs"
[INFO] [stdout] 
[INFO] [stdout] 
[INFO] [stdout] error[E0425]: cannot find function `get_BUILD_VERSION` in module `version`
[INFO] [stdout]    --> src/lib.rs:133:41
[INFO] [stdout]     |
[INFO] [stdout] 133 |     CString::new(format!("{}", version::get_BUILD_VERSION()))
[INFO] [stdout]     |                                         ^^^^^^^^^^^^^^^^^ not found in `version`
[INFO] [stdout] 
[INFO] [stdout] 
[INFO] [stdout] error[E0554]: `#![feature]` may not be used on the beta release channel
[INFO] [stdout]  --> src/lib.rs:1:1
[INFO] [stdout]   |
[INFO] [stdout] 1 | #![feature(default_alloc_error_handler)]
[INFO] [stdout]   | ^^^^^^^^^^^^^^^^^^^^^^^^^^^^^^^^^^^^^^^^
[INFO] [stdout] 
[INFO] [stdout] 
[INFO] [stdout] error[E0554]: `#![feature]` may not be used on the beta release channel
[INFO] [stdout]  --> src/lib.rs:2:1
[INFO] [stdout]   |
[INFO] [stdout] 2 | #![feature(lang_items)]
[INFO] [stdout]   | ^^^^^^^^^^^^^^^^^^^^^^^
[INFO] [stdout] 
[INFO] [stdout] 
[INFO] [stdout] error[E0554]: `#![feature]` may not be used on the beta release channel
[INFO] [stdout]  --> src/lib.rs:3:1
[INFO] [stdout]   |
[INFO] [stdout] 3 | #![feature(integer_atomics)]
[INFO] [stdout]   | ^^^^^^^^^^^^^^^^^^^^^^^^^^^^
[INFO] [stdout] 
[INFO] [stdout] 
[INFO] [stdout] error[E0554]: `#![feature]` may not be used on the beta release channel
[INFO] [stdout]  --> src/lib.rs:4:1
[INFO] [stdout]   |
[INFO] [stdout] 4 | #![feature(drain_filter)]
[INFO] [stdout]   | ^^^^^^^^^^^^^^^^^^^^^^^^^
[INFO] [stdout] 
[INFO] [stdout] 
[INFO] [stdout] error[E0554]: `#![feature]` may not be used on the beta release channel
[INFO] [stdout]  --> src/lib.rs:5:1
[INFO] [stdout]   |
[INFO] [stdout] 5 | #![feature(test)]
[INFO] [stdout]   | ^^^^^^^^^^^^^^^^^
[INFO] [stdout] 
[INFO] [stdout] 
[INFO] [stdout] error: aborting due to 7 previous errors
[INFO] [stdout] 
[INFO] [stdout] 
[INFO] [stdout] Some errors have detailed explanations: E0425, E0554, E0583.
[INFO] [stdout] 
[INFO] [stdout] For more information about an error, try `rustc --explain E0425`.
[INFO] [stdout] 
[INFO] [stderr] error: could not compile `external-analysis-lib-rs` due to 8 previous errors
[INFO] running `Command { std: "docker" "inspect" "7233fb0b37be6960003d3cfa7a791d31322ec0bd42370d5d6cba8651646fe1cc", kill_on_drop: false }`
[INFO] running `Command { std: "docker" "rm" "-f" "7233fb0b37be6960003d3cfa7a791d31322ec0bd42370d5d6cba8651646fe1cc", kill_on_drop: false }`
[INFO] [stdout] 7233fb0b37be6960003d3cfa7a791d31322ec0bd42370d5d6cba8651646fe1cc
