[INFO] cloning repository https://github.com/qezz/comnotbot
[INFO] running `Command { std: "git" "-c" "credential.helper=" "-c" "credential.helper=/workspace/cargo-home/bin/git-credential-null" "clone" "--bare" "https://github.com/qezz/comnotbot" "/workspace/cache/git-repos/https%3A%2F%2Fgithub.com%2Fqezz%2Fcomnotbot", kill_on_drop: false }`
[INFO] [stderr] Cloning into bare repository '/workspace/cache/git-repos/https%3A%2F%2Fgithub.com%2Fqezz%2Fcomnotbot'...
[INFO] running `Command { std: "git" "rev-parse" "HEAD", kill_on_drop: false }`
[INFO] [stdout] b74a712eac559d4d9b0604fb1597419b91ed5700
[INFO] testing qezz/comnotbot against beta-2021-08-01 for beta-1.55-1
[INFO] running `Command { std: "git" "clone" "/workspace/cache/git-repos/https%3A%2F%2Fgithub.com%2Fqezz%2Fcomnotbot" "/workspace/builds/worker-6/source", kill_on_drop: false }`
[INFO] [stderr] Cloning into '/workspace/builds/worker-6/source'...
[INFO] [stderr] done.
[INFO] validating manifest of git repo https://github.com/qezz/comnotbot on toolchain beta-2021-08-01
[INFO] running `Command { std: "/workspace/cargo-home/bin/cargo" "+beta-2021-08-01" "metadata" "--manifest-path" "Cargo.toml" "--no-deps", kill_on_drop: false }`
[INFO] started tweaking git repo https://github.com/qezz/comnotbot
[INFO] finished tweaking git repo https://github.com/qezz/comnotbot
[INFO] tweaked toml for git repo https://github.com/qezz/comnotbot written to /workspace/builds/worker-6/source/Cargo.toml
[INFO] crate git repo https://github.com/qezz/comnotbot already has a lockfile, it will not be regenerated
[INFO] running `Command { std: "/workspace/cargo-home/bin/cargo" "+beta-2021-08-01" "fetch" "--manifest-path" "Cargo.toml", kill_on_drop: false }`
[INFO] [stderr]     Updating git repository `https://github.com/mehcode/config-rs.git`
[INFO] [stderr]     Updating git repository `https://github.com/qezz/teleborg.git`
[INFO] [stderr]  Downloading crates ...
[INFO] [stderr]   Downloaded serde_json v1.0.21
[INFO] [stderr]   Downloaded futures-retry v0.1.4
[INFO] [stderr]   Downloaded reqwest v0.7.3
[INFO] running `Command { std: "docker" "create" "-v" "/var/lib/crater-agent-workspace/builds/worker-6/target:/opt/rustwide/target:rw,Z" "-v" "/var/lib/crater-agent-workspace/builds/worker-6/source:/opt/rustwide/workdir:ro,Z" "-v" "/var/lib/crater-agent-workspace/cargo-home:/opt/rustwide/cargo-home:ro,Z" "-v" "/var/lib/crater-agent-workspace/rustup-home:/opt/rustwide/rustup-home:ro,Z" "-e" "SOURCE_DIR=/opt/rustwide/workdir" "-e" "CARGO_TARGET_DIR=/opt/rustwide/target" "-e" "CARGO_HOME=/opt/rustwide/cargo-home" "-e" "RUSTUP_HOME=/opt/rustwide/rustup-home" "-w" "/opt/rustwide/workdir" "-m" "1610612736" "--user" "0:0" "--network" "none" "ghcr.io/rust-lang/crates-build-env/linux@sha256:34b6a614d2c27851fe6cbf88fbd1137609cefab8b10d0615aaeb6fd47975d74e" "/opt/rustwide/cargo-home/bin/cargo" "+beta-2021-08-01" "metadata" "--no-deps" "--format-version=1", kill_on_drop: false }`
[INFO] [stdout] 7627d379ddecd0ee2f7ca943ea5c9434562b79663857fdd3a785eb01c755cfa4
[INFO] running `Command { std: "docker" "start" "-a" "7627d379ddecd0ee2f7ca943ea5c9434562b79663857fdd3a785eb01c755cfa4", kill_on_drop: false }`
[INFO] running `Command { std: "docker" "inspect" "7627d379ddecd0ee2f7ca943ea5c9434562b79663857fdd3a785eb01c755cfa4", kill_on_drop: false }`
[INFO] running `Command { std: "docker" "rm" "-f" "7627d379ddecd0ee2f7ca943ea5c9434562b79663857fdd3a785eb01c755cfa4", kill_on_drop: false }`
[INFO] [stdout] 7627d379ddecd0ee2f7ca943ea5c9434562b79663857fdd3a785eb01c755cfa4
[INFO] running `Command { std: "docker" "create" "-v" "/var/lib/crater-agent-workspace/builds/worker-6/target:/opt/rustwide/target:rw,Z" "-v" "/var/lib/crater-agent-workspace/builds/worker-6/source:/opt/rustwide/workdir:ro,Z" "-v" "/var/lib/crater-agent-workspace/cargo-home:/opt/rustwide/cargo-home:ro,Z" "-v" "/var/lib/crater-agent-workspace/rustup-home:/opt/rustwide/rustup-home:ro,Z" "-e" "SOURCE_DIR=/opt/rustwide/workdir" "-e" "CARGO_TARGET_DIR=/opt/rustwide/target" "-e" "CARGO_INCREMENTAL=0" "-e" "RUST_BACKTRACE=full" "-e" "RUSTFLAGS=--cap-lints=warn" "-e" "CARGO_HOME=/opt/rustwide/cargo-home" "-e" "RUSTUP_HOME=/opt/rustwide/rustup-home" "-w" "/opt/rustwide/workdir" "-m" "1610612736" "--user" "0:0" "--network" "none" "ghcr.io/rust-lang/crates-build-env/linux@sha256:34b6a614d2c27851fe6cbf88fbd1137609cefab8b10d0615aaeb6fd47975d74e" "/opt/rustwide/cargo-home/bin/cargo" "+beta-2021-08-01" "build" "--frozen" "--message-format=json", kill_on_drop: false }`
[INFO] [stdout] a79bebc53786b7027f7686026dbe34a25bdeab908b92fdc42e5fc79abe7f465d
[INFO] running `Command { std: "docker" "start" "-a" "a79bebc53786b7027f7686026dbe34a25bdeab908b92fdc42e5fc79abe7f465d", kill_on_drop: false }`
[INFO] [stderr]    Compiling cfg-if v0.1.3
[INFO] [stderr]    Compiling futures v0.1.21
[INFO] [stderr]    Compiling byteorder v1.2.3
[INFO] [stderr]    Compiling cc v1.0.17
[INFO] [stderr]    Compiling slab v0.4.0
[INFO] [stderr]    Compiling lazycell v0.6.0
[INFO] [stderr]    Compiling serde v1.0.66
[INFO] [stderr]    Compiling openssl v0.9.24
[INFO] [stderr]    Compiling scoped-tls v0.1.2
[INFO] [stderr]    Compiling build_const v0.2.1
[INFO] [stderr]    Compiling safemem v0.2.0
[INFO] [stderr]    Compiling dtoa v0.4.2
[INFO] [stderr]    Compiling smallvec v0.2.1
[INFO] [stderr]    Compiling num-traits v0.2.4
[INFO] [stderr]    Compiling unicode-normalization v0.1.7
[INFO] [stderr]    Compiling slab v0.3.0
[INFO] [stderr]    Compiling try-lock v0.1.0
[INFO] [stderr]    Compiling take v0.1.0
[INFO] [stderr]    Compiling itoa v0.4.1
[INFO] [stderr]    Compiling gcc v0.3.54
[INFO] [stderr]    Compiling httparse v1.2.4
[INFO] [stderr]    Compiling serde v0.8.23
[INFO] [stderr]    Compiling regex-syntax v0.3.9
[INFO] [stderr]    Compiling rustc-demangle v0.1.8
[INFO] [stderr]    Compiling linked-hash-map v0.5.1
[INFO] [stderr]    Compiling futures-await-await-macro v0.1.1
[INFO] [stderr]    Compiling termcolor v0.3.6
[INFO] [stderr]    Compiling iovec v0.1.2
[INFO] [stderr]    Compiling num_cpus v1.8.0
[INFO] [stderr]    Compiling memchr v0.1.11
[INFO] [stderr]    Compiling time v0.1.40
[INFO] [stderr]    Compiling memchr v1.0.2
[INFO] [stderr]    Compiling atty v0.2.10
[INFO] [stderr]    Compiling unicase v2.1.0
[INFO] [stderr]    Compiling kernel32-sys v0.2.2
[INFO] [stderr]    Compiling proc-macro2 v0.4.6
[INFO] [stderr]    Compiling rand v0.3.22
[INFO] [stderr]    Compiling humantime v1.1.1
[INFO] [stderr]    Compiling aho-corasick v0.6.5
[INFO] [stderr]    Compiling log v0.4.2
[INFO] [stderr]    Compiling net2 v0.2.32
[INFO] [stderr]    Compiling crossbeam-utils v0.3.2
[INFO] [stderr]    Compiling syn v0.11.11
[INFO] [stderr]    Compiling aho-corasick v0.5.3
[INFO] [stderr]    Compiling nom v3.2.1
[INFO] [stderr]    Compiling bytes v0.4.8
[INFO] [stderr]    Compiling base64 v0.9.2
[INFO] [stderr]    Compiling crc v1.8.1
[INFO] [stdout] error[E0554]: `#![feature]` may not be used on the beta release channel
[INFO] [stdout]   --> /opt/rustwide/cargo-home/registry/src/github.com-1ecc6299db9ec823/proc-macro2-0.4.6/src/lib.rs:47:34
[INFO] [stdout]    |
[INFO] [stdout] 47 | #![cfg_attr(feature = "nightly", feature(proc_macro))]
[INFO] [stdout]    |                                  ^^^^^^^^^^^^^^^^^^^ help: remove the attribute
[INFO] [stdout]    |
[INFO] [stdout]    = help: the feature `proc_macro` has been stable since 1.29.0 and no longer requires an attribute to enable
[INFO] [stdout] 
[INFO] [stdout] 
[INFO] [stderr]    Compiling yaml-rust v0.4.0
[INFO] [stdout] error[E0658]: use of unstable library feature 'proc_macro_span'
[INFO] [stdout]    --> /opt/rustwide/cargo-home/registry/src/github.com-1ecc6299db9ec823/proc-macro2-0.4.6/src/unstable.rs:284:13
[INFO] [stdout]     |
[INFO] [stdout] 284 |     Nightly(proc_macro::SourceFile, FileName),
[INFO] [stdout]     |             ^^^^^^^^^^^^^^^^^^^^^^
[INFO] [stdout]     |
[INFO] [stdout]     = note: see issue #54725 <https://github.com/rust-lang/rust/issues/54725> for more information
[INFO] [stdout] 
[INFO] [stdout] 
[INFO] [stdout] error[E0658]: use of unstable library feature 'proc_macro_span'
[INFO] [stdout]    --> /opt/rustwide/cargo-home/registry/src/github.com-1ecc6299db9ec823/proc-macro2-0.4.6/src/unstable.rs:289:20
[INFO] [stdout]     |
[INFO] [stdout] 289 |     fn nightly(sf: proc_macro::SourceFile) -> Self {
[INFO] [stdout]     |                    ^^^^^^^^^^^^^^^^^^^^^^
[INFO] [stdout]     |
[INFO] [stdout]     = note: see issue #54725 <https://github.com/rust-lang/rust/issues/54725> for more information
[INFO] [stdout] 
[INFO] [stdout] 
[INFO] [stderr]    Compiling crossbeam-epoch v0.4.3
[INFO] [stderr]    Compiling log v0.3.9
[INFO] [stdout] error[E0658]: use of unstable library feature 'proc_macro_span'
[INFO] [stdout]    --> /opt/rustwide/cargo-home/registry/src/github.com-1ecc6299db9ec823/proc-macro2-0.4.6/src/unstable.rs:290:45
[INFO] [stdout]     |
[INFO] [stdout] 290 |         let filename = stable::file_name(sf.path().to_string());
[INFO] [stdout]     |                                             ^^^^
[INFO] [stdout]     |
[INFO] [stdout]     = note: see issue #54725 <https://github.com/rust-lang/rust/issues/54725> for more information
[INFO] [stdout] 
[INFO] [stdout] 
[INFO] [stderr]    Compiling regex v1.0.1
[INFO] [stderr]    Compiling mio v0.6.14
[INFO] [stdout] error[E0599]: the method `to_string` exists for struct `PathBuf`, but its trait bounds were not satisfied
[INFO] [stdout]     --> /opt/rustwide/cargo-home/registry/src/github.com-1ecc6299db9ec823/proc-macro2-0.4.6/src/unstable.rs:290:52
[INFO] [stdout]      |
[INFO] [stdout] 290  |           let filename = stable::file_name(sf.path().to_string());
[INFO] [stdout]      |                                                      ^^^^^^^^^
[INFO] [stdout]      |
[INFO] [stdout]      = note: the following trait bounds were not satisfied:
[INFO] [stdout]              `PathBuf: std::fmt::Display`
[INFO] [stdout]              which is required by `PathBuf: ToString`
[INFO] [stdout]              `Path: std::fmt::Display`
[INFO] [stdout]              which is required by `Path: ToString`
[INFO] [stdout] 
[INFO] [stdout] 
[INFO] [stdout] error[E0658]: use of unstable library feature 'proc_macro_span'
[INFO] [stdout]    --> /opt/rustwide/cargo-home/registry/src/github.com-1ecc6299db9ec823/proc-macro2-0.4.6/src/unstable.rs:304:44
[INFO] [stdout]     |
[INFO] [stdout] 304 |             SourceFile::Nightly(a, _) => a.is_real(),
[INFO] [stdout]     |                                            ^^^^^^^
[INFO] [stdout]     |
[INFO] [stdout]     = note: see issue #54725 <https://github.com/rust-lang/rust/issues/54725> for more information
[INFO] [stdout] 
[INFO] [stdout] 
[INFO] [stdout] error[E0658]: use of unstable library feature 'proc_macro_def_site'
[INFO] [stdout]    --> /opt/rustwide/cargo-home/registry/src/github.com-1ecc6299db9ec823/proc-macro2-0.4.6/src/unstable.rs:347:27
[INFO] [stdout]     |
[INFO] [stdout] 347 |             Span::Nightly(proc_macro::Span::def_site())
[INFO] [stdout]     |                           ^^^^^^^^^^^^^^^^^^^^^^^^^^
[INFO] [stdout]     |
[INFO] [stdout]     = note: see issue #54724 <https://github.com/rust-lang/rust/issues/54724> for more information
[INFO] [stdout] 
[INFO] [stdout] 
[INFO] [stdout] error[E0658]: use of unstable library feature 'proc_macro_span'
[INFO] [stdout]    --> /opt/rustwide/cargo-home/registry/src/github.com-1ecc6299db9ec823/proc-macro2-0.4.6/src/unstable.rs:424:55
[INFO] [stdout]     |
[INFO] [stdout] 424 |             (Span::Nightly(a), Span::Nightly(b)) => a.eq(b),
[INFO] [stdout]     |                                                       ^^
[INFO] [stdout]     |
[INFO] [stdout]     = note: see issue #54725 <https://github.com/rust-lang/rust/issues/54725> for more information
[INFO] [stdout] 
[INFO] [stdout] 
[INFO] [stdout] error: aborting due to 8 previous errors
[INFO] [stdout] 
[INFO] [stdout] 
[INFO] [stdout] Some errors have detailed explanations: E0554, E0599, E0658.
[INFO] [stdout] 
[INFO] [stdout] For more information about an error, try `rustc --explain E0554`.
[INFO] [stdout] 
[INFO] [stderr] error: could not compile `proc-macro2` due to 9 previous errors
[INFO] [stderr] warning: build failed, waiting for other jobs to finish...
[INFO] [stderr] error: build failed
[INFO] running `Command { std: "docker" "inspect" "a79bebc53786b7027f7686026dbe34a25bdeab908b92fdc42e5fc79abe7f465d", kill_on_drop: false }`
[INFO] running `Command { std: "docker" "rm" "-f" "a79bebc53786b7027f7686026dbe34a25bdeab908b92fdc42e5fc79abe7f465d", kill_on_drop: false }`
[INFO] [stdout] a79bebc53786b7027f7686026dbe34a25bdeab908b92fdc42e5fc79abe7f465d
