[INFO] cloning repository https://github.com/pzmarzly/kiosk-miarka
[INFO] running `Command { std: "git" "-c" "credential.helper=" "-c" "credential.helper=/workspace/cargo-home/bin/git-credential-null" "clone" "--bare" "https://github.com/pzmarzly/kiosk-miarka" "/workspace/cache/git-repos/https%3A%2F%2Fgithub.com%2Fpzmarzly%2Fkiosk-miarka", kill_on_drop: false }`
[INFO] [stderr] Cloning into bare repository '/workspace/cache/git-repos/https%3A%2F%2Fgithub.com%2Fpzmarzly%2Fkiosk-miarka'...
[INFO] running `Command { std: "git" "rev-parse" "HEAD", kill_on_drop: false }`
[INFO] [stdout] 94537cc8a043ec9e3e19aa5fd0d226f29f3e4358
[INFO] testing pzmarzly/kiosk-miarka against beta-2021-08-01 for beta-1.55-1
[INFO] running `Command { std: "git" "clone" "/workspace/cache/git-repos/https%3A%2F%2Fgithub.com%2Fpzmarzly%2Fkiosk-miarka" "/workspace/builds/worker-8/source", kill_on_drop: false }`
[INFO] [stderr] Cloning into '/workspace/builds/worker-8/source'...
[INFO] [stderr] done.
[INFO] validating manifest of git repo https://github.com/pzmarzly/kiosk-miarka on toolchain beta-2021-08-01
[INFO] running `Command { std: "/workspace/cargo-home/bin/cargo" "+beta-2021-08-01" "metadata" "--manifest-path" "Cargo.toml" "--no-deps", kill_on_drop: false }`
[INFO] started tweaking git repo https://github.com/pzmarzly/kiosk-miarka
[INFO] finished tweaking git repo https://github.com/pzmarzly/kiosk-miarka
[INFO] tweaked toml for git repo https://github.com/pzmarzly/kiosk-miarka written to /workspace/builds/worker-8/source/Cargo.toml
[INFO] crate git repo https://github.com/pzmarzly/kiosk-miarka already has a lockfile, it will not be regenerated
[INFO] running `Command { std: "/workspace/cargo-home/bin/cargo" "+beta-2021-08-01" "fetch" "--manifest-path" "Cargo.toml", kill_on_drop: false }`
[INFO] [stderr]     Blocking waiting for file lock on package cache
[INFO] [stderr]  Downloading crates ...
[INFO] [stderr]   Downloaded gio v0.5.1
[INFO] [stderr]   Downloaded javascriptcore-rs-sys v0.1.1
[INFO] [stderr]   Downloaded webkit2gtk v0.5.1
[INFO] [stderr]   Downloaded encoding_rs v0.8.11
[INFO] [stderr]   Downloaded webkit2gtk-sys v0.7.0
[INFO] [stderr]   Downloaded soup-sys v0.7.0
[INFO] [stderr]   Downloaded javascriptcore-rs v0.5.0
[INFO] running `Command { std: "docker" "create" "-v" "/var/lib/crater-agent-workspace/builds/worker-8/target:/opt/rustwide/target:rw,Z" "-v" "/var/lib/crater-agent-workspace/builds/worker-8/source:/opt/rustwide/workdir:ro,Z" "-v" "/var/lib/crater-agent-workspace/cargo-home:/opt/rustwide/cargo-home:ro,Z" "-v" "/var/lib/crater-agent-workspace/rustup-home:/opt/rustwide/rustup-home:ro,Z" "-e" "SOURCE_DIR=/opt/rustwide/workdir" "-e" "CARGO_TARGET_DIR=/opt/rustwide/target" "-e" "CARGO_HOME=/opt/rustwide/cargo-home" "-e" "RUSTUP_HOME=/opt/rustwide/rustup-home" "-w" "/opt/rustwide/workdir" "-m" "1610612736" "--user" "0:0" "--network" "none" "ghcr.io/rust-lang/crates-build-env/linux@sha256:34b6a614d2c27851fe6cbf88fbd1137609cefab8b10d0615aaeb6fd47975d74e" "/opt/rustwide/cargo-home/bin/cargo" "+beta-2021-08-01" "metadata" "--no-deps" "--format-version=1", kill_on_drop: false }`
[INFO] [stdout] 3232a74840833d64c198a5f9364e71df5473561d89faab077bf4a3747741bbaf
[INFO] running `Command { std: "docker" "start" "-a" "3232a74840833d64c198a5f9364e71df5473561d89faab077bf4a3747741bbaf", kill_on_drop: false }`
[INFO] running `Command { std: "docker" "inspect" "3232a74840833d64c198a5f9364e71df5473561d89faab077bf4a3747741bbaf", kill_on_drop: false }`
[INFO] running `Command { std: "docker" "rm" "-f" "3232a74840833d64c198a5f9364e71df5473561d89faab077bf4a3747741bbaf", kill_on_drop: false }`
[INFO] [stdout] 3232a74840833d64c198a5f9364e71df5473561d89faab077bf4a3747741bbaf
[INFO] running `Command { std: "docker" "create" "-v" "/var/lib/crater-agent-workspace/builds/worker-8/target:/opt/rustwide/target:rw,Z" "-v" "/var/lib/crater-agent-workspace/builds/worker-8/source:/opt/rustwide/workdir:ro,Z" "-v" "/var/lib/crater-agent-workspace/cargo-home:/opt/rustwide/cargo-home:ro,Z" "-v" "/var/lib/crater-agent-workspace/rustup-home:/opt/rustwide/rustup-home:ro,Z" "-e" "SOURCE_DIR=/opt/rustwide/workdir" "-e" "CARGO_TARGET_DIR=/opt/rustwide/target" "-e" "CARGO_INCREMENTAL=0" "-e" "RUST_BACKTRACE=full" "-e" "RUSTFLAGS=--cap-lints=warn" "-e" "CARGO_HOME=/opt/rustwide/cargo-home" "-e" "RUSTUP_HOME=/opt/rustwide/rustup-home" "-w" "/opt/rustwide/workdir" "-m" "1610612736" "--user" "0:0" "--network" "none" "ghcr.io/rust-lang/crates-build-env/linux@sha256:34b6a614d2c27851fe6cbf88fbd1137609cefab8b10d0615aaeb6fd47975d74e" "/opt/rustwide/cargo-home/bin/cargo" "+beta-2021-08-01" "build" "--frozen" "--message-format=json", kill_on_drop: false }`
[INFO] [stdout] f0693846385b06a9d2eb27088c74cbe7ddc98daea625f6a3b2eeec338f9e8de8
[INFO] running `Command { std: "docker" "start" "-a" "f0693846385b06a9d2eb27088c74cbe7ddc98daea625f6a3b2eeec338f9e8de8", kill_on_drop: false }`
[INFO] [stderr]     Blocking waiting for file lock on package cache
[INFO] [stderr]    Compiling crossbeam-utils v0.5.0
[INFO] [stderr]    Compiling lazycell v1.2.0
[INFO] [stderr]    Compiling gio v0.5.1
[INFO] [stderr]    Compiling cairo-rs v0.5.0
[INFO] [stderr]    Compiling build_const v0.2.1
[INFO] [stderr]    Compiling serde v1.0.80
[INFO] [stderr]    Compiling fragile v0.3.0
[INFO] [stderr]    Compiling gdk-pixbuf v0.5.0
[INFO] [stderr]    Compiling gdk v0.9.0
[INFO] [stderr]    Compiling string v0.1.1
[INFO] [stderr]    Compiling gtk v0.5.0
[INFO] [stderr]    Compiling encoding_rs v0.8.11
[INFO] [stderr]    Compiling glib-sys v0.7.0
[INFO] [stderr]    Compiling gobject-sys v0.7.0
[INFO] [stderr]    Compiling gio-sys v0.7.0
[INFO] [stderr]    Compiling gdk-pixbuf-sys v0.7.0
[INFO] [stderr]    Compiling cairo-sys-rs v0.7.0
[INFO] [stderr]    Compiling pango-sys v0.7.0
[INFO] [stderr]    Compiling gdk-sys v0.7.0
[INFO] [stderr]    Compiling atk-sys v0.7.0
[INFO] [stderr]    Compiling gtk-sys v0.7.0
[INFO] [stderr]    Compiling soup-sys v0.7.0
[INFO] [stderr]    Compiling webkit2gtk-sys v0.7.0
[INFO] [stderr]    Compiling iovec v0.1.2
[INFO] [stderr]    Compiling net2 v0.2.33
[INFO] [stderr]    Compiling crossbeam-utils v0.6.1
[INFO] [stderr]    Compiling arrayvec v0.4.7
[INFO] [stderr]    Compiling javascriptcore-rs-sys v0.1.1
[INFO] [stderr]    Compiling rand v0.5.5
[INFO] [stderr]    Compiling smallvec v0.6.6
[INFO] [stderr]    Compiling lock_api v0.1.4
[INFO] [stderr]    Compiling tokio-current-thread v0.1.3
[INFO] [stderr]    Compiling futures-cpupool v0.1.8
[INFO] [stderr]    Compiling bytes v0.4.10
[INFO] [stderr]    Compiling tokio-timer v0.2.7
[INFO] [stderr]    Compiling openssl-sys v0.9.39
[INFO] [stderr]    Compiling crossbeam-epoch v0.6.1
[INFO] [stderr]    Compiling crc v1.8.1
[INFO] [stderr]    Compiling mio v0.6.16
[INFO] [stderr]    Compiling tokio-io v0.1.10
[INFO] [stderr]    Compiling http v0.1.13
[INFO] [stderr]    Compiling crossbeam-deque v0.6.2
[INFO] [stderr]    Compiling parking_lot_core v0.3.1
[INFO] [stderr]    Compiling phf_generator v0.7.23
[INFO] [stderr]    Compiling uuid v0.7.1
[INFO] [stderr]    Compiling openssl v0.10.15
[INFO] [stderr]    Compiling parking_lot v0.6.4
[INFO] [stderr]    Compiling phf_codegen v0.7.23
[INFO] [stderr]    Compiling tokio-threadpool v0.1.8
[INFO] [stderr]    Compiling libflate v0.1.18
[INFO] [stderr]    Compiling mime_guess v2.0.0-alpha.6
[INFO] [stderr]    Compiling tokio-codec v0.1.1
[INFO] [stderr]    Compiling tokio-reactor v0.1.6
[INFO] [stderr]    Compiling mio-uds v0.6.7
[INFO] [stderr]    Compiling glib v0.6.0
[INFO] [stderr]    Compiling tokio-fs v0.1.4
[INFO] [stderr]    Compiling native-tls v0.2.2
[INFO] [stderr]    Compiling tokio-udp v0.1.2
[INFO] [stderr]    Compiling tokio-tcp v0.1.2
[INFO] [stderr]    Compiling tokio-uds v0.2.3
[INFO] [stderr]    Compiling tokio v0.1.11
[INFO] [stderr]    Compiling h2 v0.1.13
[INFO] [stderr]    Compiling serde_json v1.0.33
[INFO] [stderr]    Compiling serde_urlencoded v0.5.3
[INFO] [stderr]    Compiling pango v0.5.0
[INFO] [stderr]    Compiling javascriptcore-rs v0.5.0
[INFO] [stderr]    Compiling hyper v0.12.14
[INFO] [stderr]    Compiling hyper-tls v0.3.1
[INFO] [stderr]    Compiling reqwest v0.9.5
[INFO] [stderr]    Compiling webkit2gtk v0.5.1
[INFO] [stderr]    Compiling kiosk-miarka v0.1.0 (/opt/rustwide/workdir)
[INFO] [stdout] warning: trait objects without an explicit `dyn` are deprecated
[INFO] [stdout]   --> src/miarka.rs:20:40
[INFO] [stdout]    |
[INFO] [stdout] 20 |     pub fn fetch() -> Result<Self, Box<Error>> {
[INFO] [stdout]    |                                        ^^^^^ help: use `dyn`: `dyn Error`
[INFO] [stdout]    |
[INFO] [stdout]    = note: `#[warn(bare_trait_objects)]` on by default
[INFO] [stdout]    = warning: this is accepted in the current edition (Rust 2018) but is a hard error in Rust 2021!
[INFO] [stdout]    = note: for more information, see issue #80165 <https://github.com/rust-lang/rust/issues/80165>
[INFO] [stdout] 
[INFO] [stdout] 
[INFO] [stdout] warning: unused imports: `Orientation`, `WindowType`
[INFO] [stdout]  --> src/main.rs:6:39
[INFO] [stdout]   |
[INFO] [stdout] 6 | use gtk::{Box, Builder, Image, Label, Orientation, Window, WindowType};
[INFO] [stdout]   |                                       ^^^^^^^^^^^          ^^^^^^^^^^
[INFO] [stdout]   |
[INFO] [stdout]   = note: `#[warn(unused_imports)]` on by default
[INFO] [stdout] 
[INFO] [stdout] 
[INFO] [stdout] warning: unused import: `std::sync::atomic::AtomicPtr`
[INFO] [stdout]  --> src/main.rs:7:5
[INFO] [stdout]   |
[INFO] [stdout] 7 | use std::sync::atomic::AtomicPtr;
[INFO] [stdout]   |     ^^^^^^^^^^^^^^^^^^^^^^^^^^^^
[INFO] [stdout] 
[INFO] [stdout] 
[INFO] [stdout] warning: unused import: `std::sync::atomic::Ordering`
[INFO] [stdout]  --> src/main.rs:8:5
[INFO] [stdout]   |
[INFO] [stdout] 8 | use std::sync::atomic::Ordering;
[INFO] [stdout]   |     ^^^^^^^^^^^^^^^^^^^^^^^^^^^
[INFO] [stdout] 
[INFO] [stdout] 
[INFO] [stdout] error[E0277]: the trait bound `Option<&cairo::Surface>: From<Option<cairo::Surface>>` is not satisfied
[INFO] [stdout]   --> src/main.rs:73:18
[INFO] [stdout]    |
[INFO] [stdout] 73 |             img1.set_from_surface(Some(ptr));
[INFO] [stdout]    |                  ^^^^^^^^^^^^^^^^ the trait `From<Option<cairo::Surface>>` is not implemented for `Option<&cairo::Surface>`
[INFO] [stdout]    |
[INFO] [stdout]    = help: the following implementations were found:
[INFO] [stdout]              <Option<&'a T> as From<&'a Option<T>>>
[INFO] [stdout]              <Option<&'a mut T> as From<&'a mut Option<T>>>
[INFO] [stdout]              <Option<T> as From<T>>
[INFO] [stdout]    = note: required because of the requirements on the impl of `Into<Option<&cairo::Surface>>` for `Option<cairo::Surface>`
[INFO] [stdout] 
[INFO] [stdout] 
[INFO] [stdout] error[E0277]: the trait bound `Option<&cairo::Surface>: From<Option<cairo::Surface>>` is not satisfied
[INFO] [stdout]   --> src/main.rs:78:18
[INFO] [stdout]    |
[INFO] [stdout] 78 |             img2.set_from_surface(Some(ptr));
[INFO] [stdout]    |                  ^^^^^^^^^^^^^^^^ the trait `From<Option<cairo::Surface>>` is not implemented for `Option<&cairo::Surface>`
[INFO] [stdout]    |
[INFO] [stdout]    = help: the following implementations were found:
[INFO] [stdout]              <Option<&'a T> as From<&'a Option<T>>>
[INFO] [stdout]              <Option<&'a mut T> as From<&'a mut Option<T>>>
[INFO] [stdout]              <Option<T> as From<T>>
[INFO] [stdout]    = note: required because of the requirements on the impl of `Into<Option<&cairo::Surface>>` for `Option<cairo::Surface>`
[INFO] [stdout] 
[INFO] [stdout] 
[INFO] [stdout] error[E0277]: `*mut cairo_sys::cairo_surface_t` cannot be sent between threads safely
[INFO] [stdout]    --> src/main.rs:123:16
[INFO] [stdout]     |
[INFO] [stdout] 123 |             wv.get_snapshot(
[INFO] [stdout]     |                ^^^^^^^^^^^^ `*mut cairo_sys::cairo_surface_t` cannot be sent between threads safely
[INFO] [stdout]     |
[INFO] [stdout]     = help: within `cairo::Surface`, the trait `Send` is not implemented for `*mut cairo_sys::cairo_surface_t`
[INFO] [stdout]     = note: required because it appears within the type `cairo::Surface`
[INFO] [stdout]     = note: required because of the requirements on the impl of `Send` for `Sender<cairo::Surface>`
[INFO] [stdout]     = note: required because it appears within the type `[closure@src/main.rs:127:17: 135:18]`
[INFO] [stdout] 
[INFO] [stdout] 
[INFO] [stdout] error[E0277]: `NonNull<gobject_sys::GObject>` cannot be sent between threads safely
[INFO] [stdout]    --> src/main.rs:123:16
[INFO] [stdout]     |
[INFO] [stdout] 123 |               wv.get_snapshot(
[INFO] [stdout]     |                  ^^^^^^^^^^^^ `NonNull<gobject_sys::GObject>` cannot be sent between threads safely
[INFO] [stdout] ...
[INFO] [stdout] 127 | /                 move |res| {
[INFO] [stdout] 128 | |                     let pstx = pstx.clone();
[INFO] [stdout] 129 | |                     if let Ok(surface) = res {
[INFO] [stdout] 130 | |                         img.set_from_surface(Some(&surface));
[INFO] [stdout] ...   |
[INFO] [stdout] 134 | |                     }
[INFO] [stdout] 135 | |                 },
[INFO] [stdout]     | |_________________- within this `[closure@src/main.rs:127:17: 135:18]`
[INFO] [stdout]     |
[INFO] [stdout]     = help: within `[closure@src/main.rs:127:17: 135:18]`, the trait `Send` is not implemented for `NonNull<gobject_sys::GObject>`
[INFO] [stdout]     = note: required because it appears within the type `glib::shared::Shared<gobject_sys::GObject, glib::object::MemoryManager>`
[INFO] [stdout]     = note: required because it appears within the type `glib::object::ObjectRef`
[INFO] [stdout]     = note: required because it appears within the type `gtk::Image`
[INFO] [stdout]     = note: required because it appears within the type `[closure@src/main.rs:127:17: 135:18]`
[INFO] [stdout] 
[INFO] [stdout] 
[INFO] [stdout] error[E0277]: `*mut gtk_sys::GtkImagePrivate` cannot be sent between threads safely
[INFO] [stdout]    --> src/main.rs:123:16
[INFO] [stdout]     |
[INFO] [stdout] 123 |               wv.get_snapshot(
[INFO] [stdout]     |                  ^^^^^^^^^^^^ `*mut gtk_sys::GtkImagePrivate` cannot be sent between threads safely
[INFO] [stdout] ...
[INFO] [stdout] 127 | /                 move |res| {
[INFO] [stdout] 128 | |                     let pstx = pstx.clone();
[INFO] [stdout] 129 | |                     if let Ok(surface) = res {
[INFO] [stdout] 130 | |                         img.set_from_surface(Some(&surface));
[INFO] [stdout] ...   |
[INFO] [stdout] 134 | |                     }
[INFO] [stdout] 135 | |                 },
[INFO] [stdout]     | |_________________- within this `[closure@src/main.rs:127:17: 135:18]`
[INFO] [stdout]     |
[INFO] [stdout]     = help: within `[closure@src/main.rs:127:17: 135:18]`, the trait `Send` is not implemented for `*mut gtk_sys::GtkImagePrivate`
[INFO] [stdout]     = note: required because it appears within the type `gtk_sys::GtkImage`
[INFO] [stdout]     = note: required because it appears within the type `PhantomData<gtk_sys::GtkImage>`
[INFO] [stdout]     = note: required because it appears within the type `gtk::Image`
[INFO] [stdout]     = note: required because it appears within the type `[closure@src/main.rs:127:17: 135:18]`
[INFO] [stdout] 
[INFO] [stdout] 
[INFO] [stdout] error[E0277]: `*const glib::object::MemoryManager` cannot be sent between threads safely
[INFO] [stdout]    --> src/main.rs:123:16
[INFO] [stdout]     |
[INFO] [stdout] 123 |               wv.get_snapshot(
[INFO] [stdout]     |                  ^^^^^^^^^^^^ `*const glib::object::MemoryManager` cannot be sent between threads safely
[INFO] [stdout] ...
[INFO] [stdout] 127 | /                 move |res| {
[INFO] [stdout] 128 | |                     let pstx = pstx.clone();
[INFO] [stdout] 129 | |                     if let Ok(surface) = res {
[INFO] [stdout] 130 | |                         img.set_from_surface(Some(&surface));
[INFO] [stdout] ...   |
[INFO] [stdout] 134 | |                     }
[INFO] [stdout] 135 | |                 },
[INFO] [stdout]     | |_________________- within this `[closure@src/main.rs:127:17: 135:18]`
[INFO] [stdout]     |
[INFO] [stdout]     = help: within `[closure@src/main.rs:127:17: 135:18]`, the trait `Send` is not implemented for `*const glib::object::MemoryManager`
[INFO] [stdout]     = note: required because it appears within the type `PhantomData<*const glib::object::MemoryManager>`
[INFO] [stdout]     = note: required because it appears within the type `glib::shared::Shared<gobject_sys::GObject, glib::object::MemoryManager>`
[INFO] [stdout]     = note: required because it appears within the type `glib::object::ObjectRef`
[INFO] [stdout]     = note: required because it appears within the type `gtk::Image`
[INFO] [stdout]     = note: required because it appears within the type `[closure@src/main.rs:127:17: 135:18]`
[INFO] [stdout] 
[INFO] [stdout] 
[INFO] [stdout] error[E0277]: `*mut gtk_sys::GtkMiscPrivate` cannot be sent between threads safely
[INFO] [stdout]    --> src/main.rs:123:16
[INFO] [stdout]     |
[INFO] [stdout] 123 |               wv.get_snapshot(
[INFO] [stdout]     |                  ^^^^^^^^^^^^ `*mut gtk_sys::GtkMiscPrivate` cannot be sent between threads safely
[INFO] [stdout] ...
[INFO] [stdout] 127 | /                 move |res| {
[INFO] [stdout] 128 | |                     let pstx = pstx.clone();
[INFO] [stdout] 129 | |                     if let Ok(surface) = res {
[INFO] [stdout] 130 | |                         img.set_from_surface(Some(&surface));
[INFO] [stdout] ...   |
[INFO] [stdout] 134 | |                     }
[INFO] [stdout] 135 | |                 },
[INFO] [stdout]     | |_________________- within this `[closure@src/main.rs:127:17: 135:18]`
[INFO] [stdout]     |
[INFO] [stdout]     = help: within `[closure@src/main.rs:127:17: 135:18]`, the trait `Send` is not implemented for `*mut gtk_sys::GtkMiscPrivate`
[INFO] [stdout]     = note: required because it appears within the type `gtk_sys::GtkMisc`
[INFO] [stdout]     = note: required because it appears within the type `gtk_sys::GtkImage`
[INFO] [stdout]     = note: required because it appears within the type `PhantomData<gtk_sys::GtkImage>`
[INFO] [stdout]     = note: required because it appears within the type `gtk::Image`
[INFO] [stdout]     = note: required because it appears within the type `[closure@src/main.rs:127:17: 135:18]`
[INFO] [stdout] 
[INFO] [stdout] 
[INFO] [stdout] error[E0277]: `*mut gtk_sys::GtkWidgetPrivate` cannot be sent between threads safely
[INFO] [stdout]    --> src/main.rs:123:16
[INFO] [stdout]     |
[INFO] [stdout] 123 |               wv.get_snapshot(
[INFO] [stdout]     |                  ^^^^^^^^^^^^ `*mut gtk_sys::GtkWidgetPrivate` cannot be sent between threads safely
[INFO] [stdout] ...
[INFO] [stdout] 127 | /                 move |res| {
[INFO] [stdout] 128 | |                     let pstx = pstx.clone();
[INFO] [stdout] 129 | |                     if let Ok(surface) = res {
[INFO] [stdout] 130 | |                         img.set_from_surface(Some(&surface));
[INFO] [stdout] ...   |
[INFO] [stdout] 134 | |                     }
[INFO] [stdout] 135 | |                 },
[INFO] [stdout]     | |_________________- within this `[closure@src/main.rs:127:17: 135:18]`
[INFO] [stdout]     |
[INFO] [stdout]     = help: within `[closure@src/main.rs:127:17: 135:18]`, the trait `Send` is not implemented for `*mut gtk_sys::GtkWidgetPrivate`
[INFO] [stdout]     = note: required because it appears within the type `gtk_sys::GtkWidget`
[INFO] [stdout]     = note: required because it appears within the type `gtk_sys::GtkMisc`
[INFO] [stdout]     = note: required because it appears within the type `gtk_sys::GtkImage`
[INFO] [stdout]     = note: required because it appears within the type `PhantomData<gtk_sys::GtkImage>`
[INFO] [stdout]     = note: required because it appears within the type `gtk::Image`
[INFO] [stdout]     = note: required because it appears within the type `[closure@src/main.rs:127:17: 135:18]`
[INFO] [stdout] 
[INFO] [stdout] 
[INFO] [stdout] error[E0277]: `*mut glib_sys::GData` cannot be sent between threads safely
[INFO] [stdout]    --> src/main.rs:123:16
[INFO] [stdout]     |
[INFO] [stdout] 123 |               wv.get_snapshot(
[INFO] [stdout]     |                  ^^^^^^^^^^^^ `*mut glib_sys::GData` cannot be sent between threads safely
[INFO] [stdout] ...
[INFO] [stdout] 127 | /                 move |res| {
[INFO] [stdout] 128 | |                     let pstx = pstx.clone();
[INFO] [stdout] 129 | |                     if let Ok(surface) = res {
[INFO] [stdout] 130 | |                         img.set_from_surface(Some(&surface));
[INFO] [stdout] ...   |
[INFO] [stdout] 134 | |                     }
[INFO] [stdout] 135 | |                 },
[INFO] [stdout]     | |_________________- within this `[closure@src/main.rs:127:17: 135:18]`
[INFO] [stdout]     |
[INFO] [stdout]     = help: within `[closure@src/main.rs:127:17: 135:18]`, the trait `Send` is not implemented for `*mut glib_sys::GData`
[INFO] [stdout]     = note: required because it appears within the type `gobject_sys::GInitiallyUnowned`
[INFO] [stdout]     = note: required because it appears within the type `gtk_sys::GtkWidget`
[INFO] [stdout]     = note: required because it appears within the type `gtk_sys::GtkMisc`
[INFO] [stdout]     = note: required because it appears within the type `gtk_sys::GtkImage`
[INFO] [stdout]     = note: required because it appears within the type `PhantomData<gtk_sys::GtkImage>`
[INFO] [stdout]     = note: required because it appears within the type `gtk::Image`
[INFO] [stdout]     = note: required because it appears within the type `[closure@src/main.rs:127:17: 135:18]`
[INFO] [stdout] 
[INFO] [stdout] 
[INFO] [stdout] error[E0277]: `*mut gobject_sys::GTypeClass` cannot be sent between threads safely
[INFO] [stdout]    --> src/main.rs:123:16
[INFO] [stdout]     |
[INFO] [stdout] 123 |               wv.get_snapshot(
[INFO] [stdout]     |                  ^^^^^^^^^^^^ `*mut gobject_sys::GTypeClass` cannot be sent between threads safely
[INFO] [stdout] ...
[INFO] [stdout] 127 | /                 move |res| {
[INFO] [stdout] 128 | |                     let pstx = pstx.clone();
[INFO] [stdout] 129 | |                     if let Ok(surface) = res {
[INFO] [stdout] 130 | |                         img.set_from_surface(Some(&surface));
[INFO] [stdout] ...   |
[INFO] [stdout] 134 | |                     }
[INFO] [stdout] 135 | |                 },
[INFO] [stdout]     | |_________________- within this `[closure@src/main.rs:127:17: 135:18]`
[INFO] [stdout]     |
[INFO] [stdout]     = help: within `[closure@src/main.rs:127:17: 135:18]`, the trait `Send` is not implemented for `*mut gobject_sys::GTypeClass`
[INFO] [stdout]     = note: required because it appears within the type `gobject_sys::GTypeInstance`
[INFO] [stdout]     = note: required because it appears within the type `gobject_sys::GInitiallyUnowned`
[INFO] [stdout]     = note: required because it appears within the type `gtk_sys::GtkWidget`
[INFO] [stdout]     = note: required because it appears within the type `gtk_sys::GtkMisc`
[INFO] [stdout]     = note: required because it appears within the type `gtk_sys::GtkImage`
[INFO] [stdout]     = note: required because it appears within the type `PhantomData<gtk_sys::GtkImage>`
[INFO] [stdout]     = note: required because it appears within the type `gtk::Image`
[INFO] [stdout]     = note: required because it appears within the type `[closure@src/main.rs:127:17: 135:18]`
[INFO] [stdout] 
[INFO] [stdout] 
[INFO] [stdout] error: aborting due to 10 previous errors; 4 warnings emitted
[INFO] [stdout] 
[INFO] [stdout] 
[INFO] [stdout] For more information about this error, try `rustc --explain E0277`.
[INFO] [stdout] 
[INFO] [stderr] error: could not compile `kiosk-miarka` due to 11 previous errors; 4 warnings emitted
[INFO] running `Command { std: "docker" "inspect" "f0693846385b06a9d2eb27088c74cbe7ddc98daea625f6a3b2eeec338f9e8de8", kill_on_drop: false }`
[INFO] running `Command { std: "docker" "rm" "-f" "f0693846385b06a9d2eb27088c74cbe7ddc98daea625f6a3b2eeec338f9e8de8", kill_on_drop: false }`
[INFO] [stdout] f0693846385b06a9d2eb27088c74cbe7ddc98daea625f6a3b2eeec338f9e8de8
